05-20 10:22:37.788   579   579 W UserSystemPackageInstaller: com.android.theme.icon_pack.filled.systemui is allowlisted but not present.
05-20 10:22:37.788   579   579 W UserSystemPackageInstaller: com.android.theme.icon_pack.sam.android is allowlisted but not present.
05-20 10:22:37.788   579   579 W UserSystemPackageInstaller: com.android.theme.icon_pack.filled.android is allowlisted but not present.
05-20 10:22:37.788   579   579 W UserSystemPackageInstaller: com.android.theme.icon_pack.circular.systemui is allowlisted but not present.
05-20 10:22:37.788   579   579 W UserSystemPackageInstaller: com.android.inputmethod.latin is allowlisted but not present.
05-20 10:22:37.788   579   579 W UserSystemPackageInstaller: com.android.theme.icon_pack.kai.android is allowlisted but not present.
05-20 10:22:37.788   579   579 W UserSystemPackageInstaller: com.android.theme.icon_pack.kai.launcher is allowlisted but not present.
05-20 10:22:37.788   579   579 W UserSystemPackageInstaller: com.android.theme.icon_pack.sam.launcher is allowlisted but not present.
05-20 10:22:37.788   579   579 W UserSystemPackageInstaller: com.android.theme.icon.squircle is allowlisted but not present.
05-20 10:22:37.788   579   579 W UserSystemPackageInstaller: com.android.theme.icon_pack.victor.android is allowlisted but not present.
05-20 10:22:37.788   579   579 W UserSystemPackageInstaller: com.android.theme.color.palette is allowlisted but not present.
05-20 10:22:37.788   579   579 W UserSystemPackageInstaller: com.android.theme.icon_pack.filled.launcher is allowlisted but not present.
05-20 10:22:37.788   579   579 W UserSystemPackageInstaller: com.android.theme.color.carbon is allowlisted but not present.
05-20 10:22:37.788   579   579 W UserSystemPackageInstaller: com.android.theme.icon_pack.circular.launcher is allowlisted but not present.
05-20 10:22:37.788   579   579 W UserSystemPackageInstaller: com.android.theme.icon_pack.filled.themepicker is allowlisted but not present.
05-20 10:22:37.788   579   579 W UserSystemPackageInstaller: com.android.theme.icon_pack.victor.themepicker is allowlisted but not present.
05-20 10:22:37.788   579   579 W UserSystemPackageInstaller: com.android.theme.color.orchid is allowlisted but not present.
05-20 10:22:37.788   579   579 W UserSystemPackageInstaller: com.android.deskclock is allowlisted but not present.
05-20 10:22:37.788   579   579 W UserSystemPackageInstaller: com.android.theme.color.purple is allowlisted but not present.
05-20 10:22:37.788   579   579 W UserSystemPackageInstaller: com.android.theme.icon_pack.sam.themepicker is allowlisted but not present.
05-20 10:22:37.788   579   579 W UserSystemPackageInstaller: com.android.wallpaperpicker is allowlisted but not present.
05-20 10:22:37.788   579   579 W UserSystemPackageInstaller: com.android.theme.icon.roundedrect is allowlisted but not present.
05-20 10:22:37.788   579   579 W UserSystemPackageInstaller: com.android.internal.systemui.navbar.gestural_narrow_back is allowlisted but not present.
05-20 10:22:37.788   579   579 W UserSystemPackageInstaller: com.android.theme.icon_pack.rounded.settings is allowlisted but not present.
05-20 10:22:37.788   579   579 W UserSystemPackageInstaller: com.android.theme.icon_pack.circular.android is allowlisted but not present.
05-20 10:22:37.789   579   579 I Watchdog: Resuming HandlerChecker: main thread for reason: packagemanagermain. Pause count: 0
05-20 10:22:37.789   579   579 D SystemServerTiming: DexUseManagerLocal
05-20 10:22:37.802   579   579 D SystemServerTiming: StartOtaDexOptService
05-20 10:22:37.802   579   579 I Watchdog: Pausing HandlerChecker: main thread for reason: moveab. Pause count: 1
05-20 10:22:37.803   579   579 D OTADexopt: No upgrade, skipping A/B artifacts check.
05-20 10:22:37.803   579   579 I Watchdog: Resuming HandlerChecker: main thread for reason: moveab. Pause count: 0
05-20 10:22:37.803   579   579 D SystemServerTiming: StartUserManagerService
05-20 10:22:37.803   579   579 I SystemServiceManager: Starting com.android.server.pm.UserManagerService$LifeCycle
05-20 10:22:37.803   579   579 D SystemServerTiming: InitAttributerCache
05-20 10:22:37.803   579   579 D SystemServerTiming: SetSystemProcess
05-20 10:22:37.805   579   649 V HistoricalRegistry: Interaction before persistence initialized
05-20 10:22:37.817   579   579 D ActivityManager: StatsPullAtomService not ready yet
05-20 10:22:37.818   579   614 I ActivityManager: Connection with lmkd established
05-20 10:22:37.819   579   579 D ActivityManager: StatsPullAtomService not ready yet
05-20 10:22:37.822   579   579 D SystemServerTiming: InitWatchdog
05-20 10:22:37.822   579   579 D SystemServerTiming: StartOverlayManagerService
05-20 10:22:37.828   579   579 I OverlayManager: Updating overlays for starting user 0
05-20 10:22:37.856   579   647 W PackageManager: Skipping preparing app data for com.google.android.devicelock
05-20 10:22:37.856   579   647 W PackageManager: Skipping preparing app data for com.google.android.tzdata6
05-20 10:22:37.856   579   647 W PackageManager: Skipping preparing app data for com.google.android.ondevicepersonalization
05-20 10:22:37.856   579   647 W PackageManager: Skipping preparing app data for com.android.hardware.authsecret
05-20 10:22:37.856   579   647 W PackageManager: Skipping preparing app data for com.google.android.media.swcodec
05-20 10:22:37.856   579   647 W PackageManager: Skipping preparing app data for com.google.android.os.statsd
05-20 10:22:37.856   579   647 W PackageManager: Skipping preparing app data for com.google.android.widevine.nonupdatable
05-20 10:22:37.856   579   647 W PackageManager: Skipping preparing app data for com.google.mainline.primary.libs
05-20 10:22:37.856   579   647 W PackageManager: Skipping preparing app data for com.google.android.extservices
05-20 10:22:37.857   579   647 W PackageManager: Skipping preparing app data for com.android.hardware.rebootescrow
05-20 10:22:37.857   579   647 W PackageManager: Skipping preparing app data for com.google.android.sdksandbox
05-20 10:22:37.857   579   647 W PackageManager: Skipping preparing app data for com.google.android.healthfitness
05-20 10:22:37.857   579   647 W PackageManager: Skipping preparing app data for com.google.android.ipsec
05-20 10:22:37.857   579   647 W PackageManager: Skipping preparing app data for com.google.android.media
05-20 10:22:37.857   579   647 W PackageManager: Skipping preparing app data for com.android.i18n
05-20 10:22:37.857   579   647 W PackageManager: Skipping preparing app data for com.android.virt
05-20 10:22:37.857   579   647 W PackageManager: Skipping preparing app data for com.google.android.appsearch
05-20 10:22:37.857   579   647 W PackageManager: Skipping preparing app data for com.google.android.configinfrastructure
05-20 10:22:37.857   579   647 W PackageManager: Skipping preparing app data for com.google.android.cellbroadcast
05-20 10:22:37.857   579   647 W PackageManager: Skipping preparing app data for com.android.apex.cts.shim
05-20 10:22:37.857   579   647 W PackageManager: Skipping preparing app data for com.google.android.resolv
05-20 10:22:37.857   579   647 W PackageManager: Skipping preparing app data for com.google.android.sdkext
05-20 10:22:37.857   579   647 W PackageManager: Skipping preparing app data for com.google.android.art
05-20 10:22:37.857   579   647 W PackageManager: Skipping preparing app data for com.google.android.uwb
05-20 10:22:37.857   579   647 W PackageManager: Skipping preparing app data for com.google.android.runtime
05-20 10:22:37.857   579   647 W PackageManager: Skipping preparing app data for com.android.hardware.cas
05-20 10:22:37.857   579   647 W PackageManager: Skipping preparing app data for com.google.android.adservices
05-20 10:22:37.857   579   647 W PackageManager: Skipping preparing app data for com.google.android.scheduling
05-20 10:22:37.857   579   647 W PackageManager: Skipping preparing app data for com.google.android.mediaprovider
05-20 10:22:37.857   579   647 W PackageManager: Skipping preparing app data for com.android.hardware.neuralnetworks
05-20 10:22:37.857   579   647 W PackageManager: Skipping preparing app data for com.google.android.permission
05-20 10:22:37.857   579   647 W PackageManager: Skipping preparing app data for com.google.android.profiling
05-20 10:22:37.857   579   647 W PackageManager: Skipping preparing app data for com.google.android.neuralnetworks
05-20 10:22:37.857   579   647 W PackageManager: Skipping preparing app data for com.google.android.tethering
05-20 10:22:37.857   579   647 W PackageManager: Skipping preparing app data for com.google.android.btservices
05-20 10:22:37.857   579   647 W PackageManager: Skipping preparing app data for com.google.android.adbd
05-20 10:22:37.857   579   647 W PackageManager: Skipping preparing app data for com.google.android.rkpd
05-20 10:22:37.857   579   647 W PackageManager: Skipping preparing app data for com.google.android.wifi
05-20 10:22:37.858   579   647 W PackageManager: Skipping preparing app data for com.google.android.conscrypt
05-20 10:22:37.858   579   647 W PackageManager: Skipping preparing app data for com.android.nfcservices
05-20 10:22:37.876   487   656 I storaged: storaged: Start
05-20 10:22:37.889   579   647 I PackageManager: Deferred reconcileAppsData finished 261 packages
05-20 10:22:37.908   579   579 D SystemServerTiming: StartResourcesManagerService
05-20 10:22:37.908   579   579 D SystemServerTiming: StartSensorPrivacyService
05-20 10:22:37.910   579   600 W ActivityTaskManager: Skip updateConfiguration because mWindowManager isn't set
05-20 10:22:37.911   579   600 W BroadcastLoopers: Found previously unknown looper Thread[android.fg,5,main]
05-20 10:22:37.912   579   579 D SystemServerTiming: StartSensorService
05-20 10:22:37.912   579   579 I SystemServiceManager: Starting com.android.server.sensors.SensorService
05-20 10:22:37.912   579   579 D SystemServerTiming: startCoreServices
05-20 10:22:37.912   579   579 D SystemServerTiming: StartSystemConfigService
05-20 10:22:37.912   579   579 I SystemServiceManager: Starting com.android.server.SystemConfigService
05-20 10:22:37.912   579   659 D SystemServerTimingAsync: InitThreadPoolExec:StartNativeSensorService
05-20 10:22:37.912   579   659 D SystemServerTimingAsync: StartNativeSensorService
05-20 10:22:37.913   579   579 D SystemServerTiming: StartBatteryService
05-20 10:22:37.913   579   579 I SystemServiceManager: Starting com.android.server.BatteryService
05-20 10:22:37.920   579   579 I HealthServiceWrapperAidl: health: HealthServiceWrapper listening to AIDL HAL
05-20 10:22:37.920   579   579 I BatteryService: health: Waited 0ms and received the update.
05-20 10:22:37.920   579   579 D SystemServerTiming: StartUsageService
05-20 10:22:37.921   579   579 I SystemServiceManager: Starting com.android.server.usage.UsageStatsService
05-20 10:22:37.931   579   659 V HistoricalRegistry: Interaction before persistence initialized
05-20 10:22:37.931   579   579 D SystemServerTiming: StartWebViewUpdateService
05-20 10:22:37.932   579   579 I SystemServiceManager: Starting com.android.server.webkit.WebViewUpdateService
05-20 10:22:37.933   579   579 D SystemServerTiming: StartCachedDeviceStateService
05-20 10:22:37.933   579   579 I SystemServiceManager: Starting com.android.server.CachedDeviceStateService
05-20 10:22:37.934   579   579 D SystemServerTiming: StartBinderCallsStatsService
05-20 10:22:37.934   579   579 I SystemServiceManager: Starting com.android.server.BinderCallsStatsService$LifeCycle
05-20 10:22:37.934   579   579 D SystemServerTiming: StartLooperStatsService
05-20 10:22:37.934   579   579 I SystemServiceManager: Starting com.android.server.LooperStatsService$Lifecycle
05-20 10:22:37.934   579   579 D SystemServerTiming: StartRollbackManagerService
05-20 10:22:37.934   579   579 I SystemServiceManager: Starting com.android.server.rollback.RollbackManagerService
05-20 10:22:37.935   579   620 W BroadcastLoopers: Found previously unknown looper Thread[batterystats-handler,5,main]
05-20 10:22:37.936   579   579 I PackageWatchdog: Syncing state, reason: added new observer
05-20 10:22:37.936   579   579 I PackageWatchdog: Not pruning observers, elapsed time: 0ms
05-20 10:22:37.936   579   611 I PackageWatchdog: Saving observer state to file
05-20 10:22:37.938   579   579 D SystemServerTiming: StartNativeTombstoneManagerService
05-20 10:22:37.938   579   579 I SystemServiceManager: Starting com.android.server.os.NativeTombstoneManagerService
05-20 10:22:37.939   579   579 D SystemServerTiming: StartBugreportManagerService
05-20 10:22:37.939   579   579 I SystemServiceManager: Starting com.android.server.os.BugreportManagerService
05-20 10:22:37.939   579   579 D SystemServerTiming: GpuService
05-20 10:22:37.939   579   579 I SystemServiceManager: Starting com.android.server.gpu.GpuService
05-20 10:22:37.939   579   579 D SystemServerTiming: StartRemoteProvisioningService
05-20 10:22:37.939   579   579 I SystemServiceManager: Starting com.android.server.security.rkp.RemoteProvisioningService
05-20 10:22:37.939   579   579 D SystemServerTiming: startOtherServices
05-20 10:22:37.940   579   579 D SystemServerTiming: StartKeyAttestationApplicationIdProviderService
05-20 10:22:37.940   579   579 D SystemServerTiming: StartKeyChainSystemService
05-20 10:22:37.940   579   579 I SystemServiceManager: Starting com.android.server.security.KeyChainSystemService
05-20 10:22:37.940   579   579 D SystemServerTiming: StartBinaryTransparencyService
05-20 10:22:37.940   579   671 D SystemServerTimingAsync: InitThreadPoolExec:SecondaryZygotePreload
05-20 10:22:37.940   579   579 I SystemServiceManager: Starting com.android.server.BinaryTransparencyService
05-20 10:22:37.940   579   671 I SystemServer: SecondaryZygotePreload
05-20 10:22:37.940   579   671 D SystemServerTimingAsync: SecondaryZygotePreload
05-20 10:22:37.940   579   579 I TransparencyService: Started BinaryTransparencyService
05-20 10:22:37.940   579   579 D SystemServerTiming: StartSchedulingPolicyService
05-20 10:22:37.940   579   607 D SystemServerTimingAsync: InitThreadPoolExec:SchedulingPolicyService.<init>
05-20 10:22:37.940   579   579 D SystemServerTiming: StartTelecomLoaderService
05-20 10:22:37.940   579   579 I SystemServiceManager: Starting com.android.server.telecom.TelecomLoaderService
05-20 10:22:37.940   579   579 D SystemServerTiming: StartTelephonyRegistry
05-20 10:22:37.941   579   579 D SystemServerTiming: StartEntropyMixer
05-20 10:22:37.941   579   579 I EntropyMixer: Loaded existing seed file
05-20 10:22:37.942   579   579 I EntropyMixer: Updated seed file
05-20 10:22:37.942   579   579 D SystemServerTiming: StartAccountManagerService
05-20 10:22:37.943   579   579 I SystemServiceManager: Starting com.android.server.accounts.AccountManagerService$Lifecycle
05-20 10:22:37.945   579   579 D SystemServerTiming: StartContentService
05-20 10:22:37.945   579   579 I SystemServiceManager: Starting com.android.server.content.ContentService$Lifecycle
05-20 10:22:37.945   579   579 D SystemServerTiming: InstallSystemProviders
05-20 10:22:38.025   579   579 D ActivityManager: Checking cgroup freezer: /sys/fs/cgroup/uid_1000/pid_579/cgroup.freeze
05-20 10:22:38.026   579   579 D ActivityManager: Checking binder freezer ioctl
05-20 10:22:38.026   579   579 D ActivityManager: Checking freezer profiles
05-20 10:22:38.026   579   579 D ActivityManager: Freezer supported: true
05-20 10:22:38.026   579   579 D ActivityManager: Freezer timeout set to 10000
05-20 10:22:38.026   579   579 D ActivityManager: Freezer exemption set to false
05-20 10:22:38.026   579   612 D ActivityManager: Freezer enabled
05-20 10:22:38.026   579   612 D ActivityManager: freezer override set to false
05-20 10:22:38.026   579   579 I SystemServiceManager: Starting com.android.server.deviceconfig.DeviceConfigInit$Lifecycle
05-20 10:22:38.027   579   579 I DeviceConfig: Bootstrap values not found
05-20 10:22:38.027   579   579 D SystemServerTiming: StartDropBoxManager
05-20 10:22:38.027   579   579 I SystemServiceManager: Starting com.android.server.DropBoxManagerService
05-20 10:22:38.027   579   579 D SystemServerTiming: StartEnhancedConfirmationService
05-20 10:22:38.027   579   579 I SystemServiceManager: Starting com.android.ecm.EnhancedConfirmationService
05-20 10:22:38.028   579   579 D SystemServerTiming: StartHintManager
05-20 10:22:38.028   579   579 I SystemServiceManager: Starting com.android.server.power.hint.HintManagerService
05-20 10:22:38.030   579   579 D SystemServerTiming: StartRoleManagerService
05-20 10:22:38.030   579   579 I SystemServiceManager: Starting com.android.role.RoleService
05-20 10:22:38.031   579   579 D SystemServerTiming: StartVibratorManagerService
05-20 10:22:38.031   579   579 I SystemServiceManager: Starting com.android.server.vibrator.VibratorManagerService$Lifecycle
05-20 10:22:38.039   579   579 D SystemServerTiming: StartDynamicSystemService
05-20 10:22:38.039   579   579 D SystemServerTiming: StartAlarmManagerService
05-20 10:22:38.039   579   579 I SystemServiceManager: Starting com.android.server.alarm.AlarmManagerService
05-20 10:22:38.044   579   579 D SystemServerTiming: StartInputManagerService
05-20 10:22:38.050   579   579 I InputManager: Initializing input manager, mUseDevInputEventForAudioJack=true
05-20 10:22:38.051   579   579 D SystemServerTiming: DeviceStateManagerService
05-20 10:22:38.051   579   579 I SystemServiceManager: Starting com.android.server.devicestate.DeviceStateManagerService
05-20 10:22:38.053   579   579 E DeviceStateManagerService: Cannot notify device state info change before the initial state has been committed.
05-20 10:22:38.053   579   579 I DeviceStateManagerService: Cannot notify device state info change when pending state is present.
05-20 10:22:38.053   579   579 D SystemServerTiming: StartCameraServiceProxy
05-20 10:22:38.053   579   579 I SystemServiceManager: Starting com.android.server.camera.CameraServiceProxy
05-20 10:22:38.054   579   579 D SystemServerTiming: StartWindowManagerService
05-20 10:22:38.054   579   579 I SystemServiceManager: Starting phase 200
05-20 10:22:38.054   579   579 D SystemServerTiming: OnBootPhase_200
05-20 10:22:38.054   579   579 D SystemServerTiming: OnBootPhase_200_com.android.server.security.FileIntegrityService
05-20 10:22:38.054   579   579 D SystemServerTiming: OnBootPhase_200_com.android.server.pm.Installer
05-20 10:22:38.054   579   579 D SystemServerTiming: OnBootPhase_200_com.android.server.os.DeviceIdentifiersPolicyService
05-20 10:22:38.054   579   579 D SystemServerTiming: OnBootPhase_200_com.android.server.flags.FeatureFlagsService
05-20 10:22:38.054   579   579 D SystemServerTiming: OnBootPhase_200_com.android.server.uri.UriGrantsManagerService$Lifecycle
05-20 10:22:38.054   579   579 D SystemServerTiming: OnBootPhase_200_com.android.server.powerstats.PowerStatsService
05-20 10:22:38.054   579   579 D SystemServerTiming: OnBootPhase_200_com.android.server.permission.access.AccessCheckingService
05-20 10:22:38.054   579   579 D SystemServerTiming: OnBootPhase_200_com.android.server.wm.ActivityTaskManagerService$Lifecycle
05-20 10:22:38.054   579   579 D SystemServerTiming: OnBootPhase_200_com.android.server.am.ActivityManagerService$Lifecycle
05-20 10:22:38.054   579   579 D SystemServerTiming: OnBootPhase_200_com.android.server.pm.DataLoaderManagerService
05-20 10:22:38.054   579   579 D SystemServerTiming: OnBootPhase_200_com.android.server.power.PowerManagerService
05-20 10:22:38.054   579   579 D SystemServerTiming: OnBootPhase_200_com.android.server.power.ThermalManagerService
05-20 10:22:38.054   579   579 D SystemServerTiming: OnBootPhase_200_com.android.server.recoverysystem.RecoverySystemService$Lifecycle
05-20 10:22:38.054   579   579 D SystemServerTiming: OnBootPhase_200_com.android.server.lights.LightsService
05-20 10:22:38.054   579   579 D SystemServerTiming: OnBootPhase_200_com.android.server.display.DisplayManagerService
05-20 10:22:38.054   579   579 D SystemServerTiming: OnBootPhase_200_com.android.server.pm.verify.domain.DomainVerificationService
05-20 10:22:38.054   579   579 D SystemServerTiming: OnBootPhase_200_com.android.server.pm.PackageInstallerService$Lifecycle
05-20 10:22:38.054   579   579 D SystemServerTiming: OnBootPhase_200_com.android.server.pm.UserManagerService$LifeCycle
05-20 10:22:38.054   579   579 D SystemServerTiming: OnBootPhase_200_com.android.server.om.OverlayManagerService
05-20 10:22:38.054   579   579 D SystemServerTiming: OnBootPhase_200_com.android.server.resources.ResourcesManagerService
05-20 10:22:38.054   579   579 D SystemServerTiming: OnBootPhase_200_com.android.server.sensorprivacy.SensorPrivacyService
05-20 10:22:38.054   579   579 D SystemServerTiming: OnBootPhase_200_com.android.server.sensors.SensorService
05-20 10:22:38.054   579   579 D SystemServerTiming: OnBootPhase_200_com.android.server.SystemConfigService
05-20 10:22:38.054   579   579 D SystemServerTiming: OnBootPhase_200_com.android.server.BatteryService
05-20 10:22:38.054   579   579 D SystemServerTiming: OnBootPhase_200_com.android.server.usage.UsageStatsService
05-20 10:22:38.054   579   579 D SystemServerTiming: OnBootPhase_200_com.android.server.webkit.WebViewUpdateService
05-20 10:22:38.054   579   579 D SystemServerTiming: OnBootPhase_200_com.android.server.CachedDeviceStateService
05-20 10:22:38.054   579   579 D SystemServerTiming: OnBootPhase_200_com.android.server.BinderCallsStatsService$LifeCycle
05-20 10:22:38.054   579   579 D SystemServerTiming: OnBootPhase_200_com.android.server.LooperStatsService$Lifecycle
05-20 10:22:38.054   579   579 D SystemServerTiming: OnBootPhase_200_com.android.server.rollback.RollbackManagerService
05-20 10:22:38.054   579   579 D SystemServerTiming: OnBootPhase_200_com.android.server.os.NativeTombstoneManagerService
05-20 10:22:38.054   579   579 D SystemServerTiming: OnBootPhase_200_com.android.server.os.BugreportManagerService
05-20 10:22:38.054   579   579 D SystemServerTiming: OnBootPhase_200_com.android.server.gpu.GpuService
05-20 10:22:38.054   579   579 D SystemServerTiming: OnBootPhase_200_com.android.server.security.rkp.RemoteProvisioningService
05-20 10:22:38.054   579   579 D SystemServerTiming: OnBootPhase_200_com.android.server.security.KeyChainSystemService
05-20 10:22:38.054   579   579 D SystemServerTiming: OnBootPhase_200_com.android.server.BinaryTransparencyService
05-20 10:22:38.054   579   579 D SystemServerTiming: OnBootPhase_200_com.android.server.telecom.TelecomLoaderService
05-20 10:22:38.054   579   579 D SystemServerTiming: OnBootPhase_200_com.android.server.accounts.AccountManagerService$Lifecycle
05-20 10:22:38.054   579   579 D SystemServerTiming: OnBootPhase_200_com.android.server.content.ContentService$Lifecycle
05-20 10:22:38.054   579   579 D SystemServerTiming: OnBootPhase_200_com.android.server.deviceconfig.DeviceConfigInit$Lifecycle
05-20 10:22:38.054   579   579 D SystemServerTiming: OnBootPhase_200_com.android.server.DropBoxManagerService
05-20 10:22:38.054   579   579 D SystemServerTiming: OnBootPhase_200_com.android.ecm.EnhancedConfirmationService
05-20 10:22:38.054   579   579 D SystemServerTiming: OnBootPhase_200_com.android.server.power.hint.HintManagerService
05-20 10:22:38.054   579   579 D SystemServerTiming: OnBootPhase_200_com.android.role.RoleService
05-20 10:22:38.054   579   579 D SystemServerTiming: OnBootPhase_200_com.android.server.vibrator.VibratorManagerService$Lifecycle
05-20 10:22:38.054   579   579 D SystemServerTiming: OnBootPhase_200_com.android.server.alarm.AlarmManagerService
05-20 10:22:38.054   579   579 D SystemServerTiming: OnBootPhase_200_com.android.server.devicestate.DeviceStateManagerService
05-20 10:22:38.054   579   579 D SystemServerTiming: OnBootPhase_200_com.android.server.camera.CameraServiceProxy
05-20 10:22:38.063   579   579 D SystemServerTiming: SetWindowManagerService
05-20 10:22:38.078   579   579 D SystemServerTiming: WindowManagerServiceOnInitReady
05-20 10:22:38.081   579   601 D HapticFeedbackCustomization: Customization file not configured.
05-20 10:22:38.082   579   601 W BroadcastLoopers: Found previously unknown looper Thread[android.ui,5,main]
05-20 10:22:38.083   579   579 D SystemServerTiming: StartInputManager
05-20 10:22:38.083   579   647 D SystemServerTimingAsync: InitThreadPoolExec:StartISensorManagerService
05-20 10:22:38.083   579   659 D SystemServerTimingAsync: InitThreadPoolExec:StartHidlServices
05-20 10:22:38.083   579   647 D SystemServerTimingAsync: StartISensorManagerService
05-20 10:22:38.083   579   659 D SystemServerTimingAsync: StartHidlServices
05-20 10:22:38.084   579   579 I InputManager: Starting input manager
05-20 10:22:38.085   579   579 D SystemServerTiming: DisplayManagerWindowManagerAndInputReady
05-20 10:22:38.085   579   579 V HistoricalRegistry: Interaction before persistence initialized
05-20 10:22:38.085   579   579 D SystemServerTiming: StartBluetoothService
05-20 10:22:38.086   579   579 I SystemServiceManager: Starting com.android.server.bluetooth.BluetoothService
05-20 10:22:38.091   579   579 D SystemServerTiming: IpConnectivityMetrics
05-20 10:22:38.091   579   579 I SystemServiceManager: Starting com.android.server.connectivity.IpConnectivityMetrics
05-20 10:22:38.092   579   579 D SystemServerTiming: NetworkWatchlistService
05-20 10:22:38.092   579   579 I SystemServiceManager: Starting com.android.server.net.watchlist.NetworkWatchlistService$Lifecycle
05-20 10:22:38.093   579   579 I WatchlistSettings: Reload watchlist settings done
05-20 10:22:38.093   579   689 I WatchlistLoggingHandler: Start aggregating watchlist records.
05-20 10:22:38.093   579   579 D SystemServerTiming: PinnerService
05-20 10:22:38.093   579   579 I SystemServiceManager: Starting com.android.server.PinnerService
05-20 10:22:38.094   579   579 V HistoricalRegistry: Interaction before persistence initialized
05-20 10:22:38.094   579   579 D SystemServerTiming: SignedConfigService
05-20 10:22:38.094   579   579 D SystemServerTiming: AppIntegrityService
05-20 10:22:38.094   579   579 I SystemServiceManager: Starting com.android.server.integrity.AppIntegrityManagerService
05-20 10:22:38.094   579   579 E IntegrityFileManager: Error creating staging and rules directory
05-20 10:22:38.095   579   673 I SyncManager: No initial accounts
05-20 10:22:38.097   579   579 D SystemServerTiming: StartLogcatManager
05-20 10:22:38.097   579   579 I SystemServiceManager: Starting com.android.server.logcat.LogcatManagerService
05-20 10:22:38.098   579   579 I WindowManager: SAFE MODE not enabled
05-20 10:22:38.098   579   579 D SystemServerTiming: StartInputMethodManagerLifecycle
05-20 10:22:38.098   579   579 I SystemServiceManager: Starting com.android.server.inputmethod.InputMethodManagerService$Lifecycle
05-20 10:22:38.100   579   673 E SystemServiceRegistry: Manager wrapper not available: jobscheduler
05-20 10:22:38.103   579   579 W InputMethodSubtypeSwitchingController: Enabled input method list is empty.
05-20 10:22:38.105   579   579 D SystemServerTiming: StartAccessibilityManagerService
05-20 10:22:38.105   579   579 I SystemServiceManager: Starting com.android.server.accessibility.AccessibilityManagerService$Lifecycle
05-20 10:22:38.110   579   579 D SystemServerTiming: MakeDisplayReady
05-20 10:22:38.112   579   579 I ActivityTaskManager: Config changes=20005df8 {1.0 ?mcc0mnc [en_US] ldltr sw800dp w1280dp h800dp 320dpi xlrg land ?uimode ?night finger qwerty/v/v dpad/v winConfig={ mBounds=Rect(0, 0 - 2560, 1600) mAppBounds=Rect(0, 0 - 2560, 1600) mMaxBounds=Rect(0, 0 - 2560, 1600) mDisplayRotation=ROTATION_0 mWindowingMode=fullscreen mActivityType=undefined mAlwaysOnTop=undefined mRotation=ROTATION_0} s.2 ?fontWeightAdjustment}
05-20 10:22:38.112   579   579 D CompatChangeReporter: Compat change id reported: 151861875; UID 1000; state: ENABLED
05-20 10:22:38.112   579   579 I WindowManager: Override config changes=60007dfc {1.0 ?mcc0mnc [en_US] ldltr sw800dp w1280dp h800dp 320dpi xlrg land ?uimode ?night finger qwerty/v/v dpad/v winConfig={ mBounds=Rect(0, 0 - 2560, 1600) mAppBounds=Rect(0, 0 - 2560, 1600) mMaxBounds=Rect(0, 0 - 2560, 1600) mDisplayRotation=ROTATION_0 mWindowingMode=fullscreen mActivityType=undefined mAlwaysOnTop=undefined mRotation=ROTATION_0} s.2 ?fontWeightAdjustment} for displayId=0
05-20 10:22:38.113   579   579 I DisplayDevice: [0] Layerstack set to 0 for local:4619827259835644672
05-20 10:22:38.114   579   579 D SystemServerTiming: StartStorageManagerService
05-20 10:22:38.114   579   579 I SystemServiceManager: Starting com.android.server.StorageManagerService$Lifecycle
05-20 10:22:38.115   579   603 W BroadcastLoopers: Found previously unknown looper Thread[android.display,5,main]
05-20 10:22:38.129   579   697 D StorageManagerService: Thinking about reset, mBootCompleted=false, mDaemonConnected=true
05-20 10:22:38.130   579   579 D SystemServerTiming: StartStorageStatsService
05-20 10:22:38.130   579   579 I SystemServiceManager: Starting com.android.server.usage.StorageStatsService$Lifecycle
05-20 10:22:38.130   579   697 D StorageManagerService: Thinking about reset, mBootCompleted=false, mDaemonConnected=true
05-20 10:22:38.136   579   579 D SystemServerTiming: StartUiModeManager
05-20 10:22:38.137   579   579 I SystemServiceManager: Starting com.android.server.UiModeManagerService
05-20 10:22:38.143   579   671 D SystemServerTimingAsync: InitThreadPoolExec:UiModeManager.onStart
05-20 10:22:38.143   579   579 D SystemServerTiming: StartLocaleManagerService
05-20 10:22:38.143   579   579 I SystemServiceManager: Starting com.android.server.locales.LocaleManagerService
05-20 10:22:38.146   579   579 D SystemServerTiming: StartGrammarInflectionService
05-20 10:22:38.146   579   579 I SystemServiceManager: Starting com.android.server.grammaticalinflection.GrammaticalInflectionService
05-20 10:22:38.150   579   579 D SystemServerTiming: StartAppHibernationService
05-20 10:22:38.151   579   579 I SystemServiceManager: Starting com.android.server.apphibernation.AppHibernationService
05-20 10:22:38.152   579   579 D SystemServerTiming: ArtManagerLocal
05-20 10:22:38.153   579   579 D SystemServerTiming: UpdatePackagesIfNeeded
05-20 10:22:38.153   579   579 I Watchdog: Pausing HandlerChecker: main thread for reason: dexopt. Pause count: 1
05-20 10:22:38.153   579   579 I Watchdog: Resuming HandlerChecker: main thread for reason: dexopt. Pause count: 0
05-20 10:22:38.153   579   579 D SystemServerTiming: PerformFstrimIfNeeded
05-20 10:22:38.154   579   579 W PackageManager: No disk maintenance in 672405991; running immediately
05-20 10:22:38.154   579   579 D SystemServerTiming: StartLockSettingsService
05-20 10:22:38.154   579   579 I SystemServiceManager: Starting com.android.server.locksettings.LockSettingsService$Lifecycle
05-20 10:22:38.155   579   697 I StorageManagerService: Running fstrim idle maintenance
05-20 10:22:38.159   175   706 D vold    : Starting trim of /data
05-20 10:22:38.159   175   706 W vold    : Trim failed on /data: Operation not supported on transport endpoint
05-20 10:22:38.159   175   706 D vold    : Starting trim of /metadata
05-20 10:22:38.159   175   706 W vold    : Trim failed on /metadata: Operation not supported on transport endpoint
05-20 10:22:38.174   579   579 D SystemServerTiming: StartTestHarnessMode
05-20 10:22:38.174   579   579 I SystemServiceManager: Starting com.android.server.testharness.TestHarnessModeService
05-20 10:22:38.175   579   579 I OemLock : OemLock Hidl HAL not present on device
05-20 10:22:38.177   579   579 D SystemServerTiming: StartDeviceIdleController
05-20 10:22:38.177   579   579 I SystemServiceManager: Starting com.android.server.DeviceIdleController
05-20 10:22:38.181   579   579 D SystemServerTiming: StartDevicePolicyManager
05-20 10:22:38.182   579   579 I SystemServiceManager: Starting com.android.server.devicepolicy.DevicePolicyManagerService$Lifecycle
05-20 10:22:38.193   579   579 I DevicePolicyManager: Current version 6, latest version 6, not upgrading.
05-20 10:22:38.201   579   579 D SystemServerTiming: StartStatusBarManagerService
05-20 10:22:38.203   579   579 D SystemServerTiming: StartMusicRecognitionManagerService
05-20 10:22:38.203   579   579 I SystemServiceManager: Starting com.android.server.musicrecognition.MusicRecognitionManagerService
05-20 10:22:38.207   579   579 D SystemServerTiming: StartContentCaptureService
05-20 10:22:38.207   579   579 I SystemServiceManager: Starting com.android.server.contentcapture.ContentCaptureManagerService
05-20 10:22:38.212   579   579 D SystemServer: AttentionService is not configured on this device
05-20 10:22:38.212   579   579 D SystemServer: RotationResolverService is not configured on this device
05-20 10:22:38.212   579   579 D SystemServerTiming: StartSystemCaptionsManagerService
05-20 10:22:38.212   579   579 I SystemServiceManager: Starting com.android.server.systemcaptions.SystemCaptionsManagerService
05-20 10:22:38.213   579   579 D SystemServerTiming: StartTextToSpeechManagerService
05-20 10:22:38.213   579   579 I SystemServiceManager: Starting com.android.server.texttospeech.TextToSpeechManagerService
05-20 10:22:38.213   579   579 D SystemServerTiming: startWearableSensingService
05-20 10:22:38.214   579   579 I SystemServiceManager: Starting com.android.server.wearable.WearableSensingManagerService
05-20 10:22:38.216   579   579 D SystemServerTiming: startOnDeviceIntelligenceManagerService
05-20 10:22:38.216   579   579 I SystemServiceManager: Starting com.android.server.ondeviceintelligence.OnDeviceIntelligenceManagerService
05-20 10:22:38.217   579   579 D SystemServerTiming: StartAmbientContextService
05-20 10:22:38.217   579   579 I SystemServiceManager: Starting com.android.server.ambientcontext.AmbientContextManagerService
05-20 10:22:38.217   579   579 D SystemServerTiming: StartSpeechRecognitionManagerService
05-20 10:22:38.217   579   579 I SystemServiceManager: Starting com.android.server.speech.SpeechRecognitionManagerService
05-20 10:22:38.218   579   579 D SystemServerTiming: StartAppPredictionService
05-20 10:22:38.218   579   579 I SystemServiceManager: Starting com.android.server.appprediction.AppPredictionManagerService
05-20 10:22:38.227   579   579 D SystemServerTiming: StartContentSuggestionsService
05-20 10:22:38.227   579   579 I SystemServiceManager: Starting com.android.server.contentsuggestions.ContentSuggestionsManagerService
05-20 10:22:38.227   579   579 D SystemServerTiming: StartSearchUiService
05-20 10:22:38.227   579   579 I SystemServiceManager: Starting com.android.server.searchui.SearchUiManagerService
05-20 10:22:38.228   579   579 D SystemServerTiming: StartSmartspaceService
05-20 10:22:38.228   579   579 I SystemServiceManager: Starting com.android.server.smartspace.SmartspaceManagerService
05-20 10:22:38.229   579   579 D SystemServerTiming: StartContextualSearchService
05-20 10:22:38.229   579   579 I SystemServiceManager: Starting com.android.server.contextualsearch.ContextualSearchManagerService
05-20 10:22:38.229   579   579 D SystemServerTiming: InitConnectivityModuleConnector
05-20 10:22:38.229   579   579 D SystemServerTiming: InitNetworkStackClient
05-20 10:22:38.229   579   579 D SystemServerTiming: StartNetworkManagementService
05-20 10:22:38.230   579   579 D SystemServerTiming: StartFontManagerService
05-20 10:22:38.231   579   579 I FontManagerService: Using optimized boot-time font loading.
05-20 10:22:38.231   579   579 D SystemServerTiming: StartTextServicesManager
05-20 10:22:38.231   579   579 I SystemServiceManager: Starting com.android.server.textservices.TextServicesManagerService$Lifecycle
05-20 10:22:38.231   579   579 D SystemServerTiming: StartTextClassificationManagerService
05-20 10:22:38.232   579   579 I SystemServiceManager: Starting com.android.server.textclassifier.TextClassificationManagerService$Lifecycle
05-20 10:22:38.237   579   607 D SystemServerTimingAsync: InitThreadPoolExec:FontManagerService_create
05-20 10:22:38.239   579   579 D SystemServerTiming: StartNetworkScoreService
05-20 10:22:38.239   579   579 I SystemServiceManager: Starting com.android.server.NetworkScoreService$Lifecycle
05-20 10:22:38.240   579   579 D SystemServerTiming: StartNetworkStatsService
05-20 10:22:38.241   579   579 I SystemServiceManager: Starting com.android.server.NetworkStatsServiceInitializer
05-20 10:22:38.320   579   579 D SystemServerTiming: StartNetworkPolicyManagerService
05-20 10:22:38.323   579   579 E SystemServiceRegistry: Manager wrapper not available: carrier_config
05-20 10:22:38.326   579   579 D SystemServerTiming: StartWifi
05-20 10:22:38.328   579   579 I SystemServiceManager: Starting com.android.server.wifi.WifiService
05-20 10:22:38.356   579   579 E SystemServiceRegistry: Manager wrapper not available: carrier_config
05-20 10:22:38.371   488   488 I wificond: New wificond event callback registered
05-20 10:22:38.373   579   579 V HistoricalRegistry: Interaction before persistence initialized
05-20 10:22:38.373   579   579 V HistoricalRegistry: Interaction before persistence initialized
05-20 10:22:38.377   579   579 D SystemServerTiming: StartWifiScanning
05-20 10:22:38.377   579   579 I SystemServiceManager: Starting com.android.server.wifi.scanner.WifiScanningService
05-20 10:22:38.378   579   579 D SystemServerTiming: StartWifiP2P
05-20 10:22:38.378   579   579 I SystemServiceManager: Starting com.android.server.wifi.p2p.WifiP2pService
05-20 10:22:38.380   579   579 D SystemServerTiming: StartPacProxyService
05-20 10:22:38.381   579   579 D SystemServerTiming: StartConnectivityService
05-20 10:22:38.381   579   579 I SystemServiceManager: Starting com.android.server.ConnectivityServiceInitializer
05-20 10:22:38.412   579   736 W BroadcastLoopers: Found previously unknown looper Thread[NsdService,5,main]
05-20 10:22:38.413   579   579 V HistoricalRegistry: Interaction before persistence initialized
05-20 10:22:38.421   579   579 D SystemServerTiming: StartSecurityStateManagerService
05-20 10:22:38.421   579   579 D SystemServerTiming: StartVpnManagerService
05-20 10:22:38.423   579   579 D SystemServerTiming: StartVcnManagementService
05-20 10:22:38.425   579   579 E SystemServiceRegistry: Manager wrapper not available: carrier_config
05-20 10:22:38.426   579   579 D SystemServerTiming: StartSystemUpdateManagerService
05-20 10:22:38.428   579   579 W SystemUpdateManagerService: Outdated info file. Ignored
05-20 10:22:38.428   579   579 I SystemUpdateManagerService: Removing info file
05-20 10:22:38.429   579   579 D SystemServerTiming: StartUpdateLockService
05-20 10:22:38.430   579   579 W BroadcastLoopers: Found previously unknown looper Thread[main,5,main]
05-20 10:22:38.430   579   579 D SystemServerTiming: StartNotificationManager
05-20 10:22:38.430   579   579 I SystemServiceManager: Starting com.android.server.notification.NotificationManagerService
05-20 10:22:38.436   579   579 D ConditionProviders.SCP: new ScheduleConditionProvider()
05-20 10:22:38.444   579   673 E SystemServiceRegistry: Manager wrapper not available: jobscheduler
05-20 10:22:38.445   579   579 D ConditionProviders: Subscribing to condition://android/event?userId=-10000&calendar=&reply=1 with ComponentInfo{android/com.android.server.notification.EventConditionProvider}
05-20 10:22:38.445   579   579 D ConditionProviders: Subscribing to condition://android/schedule?days=1.2.3.4.5.6.7&start=22.0&end=7.0&exitAtAlarm=true with ComponentInfo{android/com.android.server.notification.ScheduleConditionProvider}
05-20 10:22:38.445   579   673 E SystemServiceRegistry: Manager wrapper not available: jobscheduler
05-20 10:22:38.462   579   579 I NotificationManagerService$NotificationListeners: Read notification listener permissions from xml
05-20 10:22:38.463   579   579 V NotificationManagerService$NotificationListeners: enabling notification listener for 0: ComponentInfo{com.google.android.apps.nexuslauncher/com.android.launcher3.notification.NotificationListener}
05-20 10:22:38.463   579   579 V NotificationManagerService$NotificationListeners: binding: Intent { act=android.service.notification.NotificationListenerService cmp=com.google.android.apps.nexuslauncher/com.android.launcher3.notification.NotificationListener (has extras) }
05-20 10:22:38.464   579   579 W ActivityManager: Unable to start service Intent { act=android.service.notification.NotificationListenerService cmp=com.google.android.apps.nexuslauncher/com.android.launcher3.notification.NotificationListener } U=0: not found
05-20 10:22:38.464   579   579 W NotificationManagerService$NotificationListeners: Unable to bind notification listener service: Intent { act=android.service.notification.NotificationListenerService cmp=com.google.android.apps.nexuslauncher/com.android.launcher3.notification.NotificationListener (has extras) } in user 0
05-20 10:22:38.464   579   579 V NotificationManagerService$NotificationListeners: enabling notification listener for 0: ComponentInfo{com.google.android.as/com.google.android.apps.miphone.aiai.common.notification.service.AiAiNotificationListenerService}
05-20 10:22:38.464   579   579 V NotificationManagerService$NotificationListeners: binding: Intent { act=android.service.notification.NotificationListenerService cmp=com.google.android.as/com.google.android.apps.miphone.aiai.common.notification.service.AiAiNotificationListenerService (has extras) }
05-20 10:22:38.464   579   579 W ActivityManager: Unable to start service Intent { act=android.service.notification.NotificationListenerService cmp=com.google.android.as/com.google.android.apps.miphone.aiai.common.notification.service.AiAiNotificationListenerService } U=0: not found
05-20 10:22:38.464   579   579 W NotificationManagerService$NotificationListeners: Unable to bind notification listener service: Intent { act=android.service.notification.NotificationListenerService cmp=com.google.android.as/com.google.android.apps.miphone.aiai.common.notification.service.AiAiNotificationListenerService (has extras) } in user 0
05-20 10:22:38.464   579   579 I NotificationManagerService$NotificationAssistants: Read notification assistant permissions from xml
05-20 10:22:38.464   579   579 V NotificationManagerService$NotificationAssistants: enabling notification assistant for 0: ComponentInfo{com.google.android.as/com.google.android.apps.miphone.aiai.common.notification.service.AiAiNotificationAssistantService}
05-20 10:22:38.464   579   579 V NotificationManagerService$NotificationAssistants: binding: Intent { act=android.service.notification.NotificationAssistantService cmp=com.google.android.as/com.google.android.apps.miphone.aiai.common.notification.service.AiAiNotificationAssistantService (has extras) }
05-20 10:22:38.465   579   579 W ActivityManager: Unable to start service Intent { act=android.service.notification.NotificationAssistantService cmp=com.google.android.as/com.google.android.apps.miphone.aiai.common.notification.service.AiAiNotificationAssistantService } U=0: not found
05-20 10:22:38.465   579   579 W NotificationManagerService$NotificationAssistants: Unable to bind notification assistant service: Intent { act=android.service.notification.NotificationAssistantService cmp=com.google.android.as/com.google.android.apps.miphone.aiai.common.notification.service.AiAiNotificationAssistantService (has extras) } in user 0
05-20 10:22:38.465   579   579 I ConditionProviders: Read condition provider permissions from xml
05-20 10:22:38.465   579   579 I ConditionProviders: Read condition provider permissions from xml
05-20 10:22:38.465   579   579 V ConditionProviders: enabling condition provider for 0: ComponentInfo{com.google.android.apps.wellbeing/com.google.android.apps.wellbeing.azr.impl.AzrConditionProviderService}
05-20 10:22:38.465   579   579 V ConditionProviders: binding: Intent { act=android.service.notification.ConditionProviderService cmp=com.google.android.apps.wellbeing/.azr.impl.AzrConditionProviderService (has extras) }
05-20 10:22:38.468   579   579 D ActivityManager: StatsPullAtomService not ready yet
05-20 10:22:38.468   579   579 D NotificationManagerService$NotificationAssistants: Approving default notification assistant for user 0
05-20 10:22:38.468   579   579 I ConditionProviders:  Allowing condition provider com.google.android.as/com.google.android.apps.miphone.aiai.common.notification.service.AiAiNotificationAssistantService (userSet: true)
05-20 10:22:38.469   579   579 V ConditionProviders: enabling condition provider for 0: ComponentInfo{com.google.android.apps.wellbeing/com.google.android.apps.wellbeing.azr.impl.AzrConditionProviderService}
05-20 10:22:38.469   579   579 V ConditionProviders: Not registering ComponentInfo{com.google.android.apps.wellbeing/com.google.android.apps.wellbeing.azr.impl.AzrConditionProviderService} is already bound
05-20 10:22:38.478   579   579 D SystemServerTiming: StartDeviceMonitor
05-20 10:22:38.478   579   579 I SystemServiceManager: Starting com.android.server.storage.DeviceStorageMonitorService
05-20 10:22:38.479   579   579 D SystemServerTiming: StartTimeDetectorService
05-20 10:22:38.479   579   579 I SystemServiceManager: Starting com.android.server.timedetector.TimeDetectorService$Lifecycle
05-20 10:22:38.481   579   579 D SystemServerTiming: StartLocationManagerService
05-20 10:22:38.481   579   579 I SystemServiceManager: Starting com.android.server.location.LocationManagerService$Lifecycle
05-20 10:22:38.486   579   579 D SystemServerTiming: StartCountryDetectorService
05-20 10:22:38.486   579   579 D SystemServerTiming: StartTimeZoneDetectorService
05-20 10:22:38.486   579   579 I SystemServiceManager: Starting com.android.server.timezonedetector.TimeZoneDetectorService$Lifecycle
05-20 10:22:38.488   579   579 D SystemServerTiming: StartAltitudeService
05-20 10:22:38.488   579   579 I SystemServiceManager: Starting com.android.server.location.altitude.AltitudeService$Lifecycle
05-20 10:22:38.490   579   579 D SystemServerTiming: StartLocationTimeZoneManagerService
05-20 10:22:38.490   579   579 I SystemServiceManager: Starting com.android.server.timezonedetector.location.LocationTimeZoneManagerService$Lifecycle
05-20 10:22:38.490   579   579 D SystemServerTiming: StartSearchManagerService
05-20 10:22:38.490   579   579 I SystemServiceManager: Starting com.android.server.search.SearchManagerService$Lifecycle
05-20 10:22:38.492   579   579 D SystemServerTiming: StartWallpaperManagerService
05-20 10:22:38.492   579   579 I SystemServiceManager: Starting com.android.server.wallpaper.WallpaperManagerService$Lifecycle
05-20 10:22:38.493   579   579 D DisplayManagerService: supportedStates=[0]
05-20 10:22:38.493   579   579 D DisplayManagerService: possibleInfos={DisplayInfo{"Built-in Screen", displayId 0, displayGroupId 0, FLAG_SECURE, FLAG_SUPPORTS_PROTECTED_BUFFERS, FLAG_TRUSTED, real 2560 x 1600, largest app 2560 x 2560, smallest app 1600 x 1600, appVsyncOff 1000000, presDeadline 16666666, mode 1, renderFrameRate 60.000004, defaultMode 1, userPreferredModeId -1, supportedModes [{id=1, width=2560, height=1600, fps=60.000004, vsync=60.000004, synthetic=false, alternativeRefreshRates=[], supportedHdrTypes=[]}], appsSupportedModes [{id=1, width=2560, height=1600, fps=60.000004, vsync=60.000004, synthetic=false, alternativeRefreshRates=[], supportedHdrTypes=[]}], hdrCapabilities HdrCapabilities{mSupportedHdrTypes=[], mMaxLuminance=500.0, mMaxAverageLuminance=500.0, mMinLuminance=0.0}, userDisabledHdrTypes [], minimalPostProcessingSupported false, rotation 0, state UNKNOWN, committedState UNKNOWN, type INTERNAL, uniqueId "local:4619827259835644672", app 2560 x 1600, density 320 (320.0 x 320.0) dpi, layerStack 0, colorMode 0, supportedColorModes [0], address {port=0, model=0x401cec6a7a2b7b}, deviceProductInfo DeviceProductInfo{name=EMU_display_0, manufacturerPnpId=GGL, productId=1, modelYear=null, manufactureDate=ManufactureDate{week=27, year=2006}, connectionToSinkType=0}, removeMode 0, refreshRateOverride 0.0, brightnessMinimum 0.0, brightnessMaximum 1.0, brightnessDefault 0.39763778, installOrientation ROTATION_0, layoutLimitedRefreshRate null, hdrSdrRatio not_available, thermalRefreshRateThrottling {}, thermalBrightnessThrottlingDataId default}}
05-20 10:22:38.494   579   579 D SystemServerTiming: StartWallpaperEffectsGenerationService
05-20 10:22:38.494   579   579 I SystemServiceManager: Starting com.android.server.wallpapereffectsgeneration.WallpaperEffectsGenerationManagerService
05-20 10:22:38.494   579   579 D SystemServerTiming: StartAudioService
05-20 10:22:38.494   579   579 I SystemServiceManager: Starting com.android.server.audio.AudioService$Lifecycle
05-20 10:22:38.531   579   579 D SystemServerTiming: StartSoundTriggerMiddlewareService
05-20 10:22:38.531   579   579 I SystemServiceManager: Starting com.android.server.soundtrigger_middleware.SoundTriggerMiddlewareService$Lifecycle
05-20 10:22:38.534   579   579 I SoundTriggerMiddlewareDefaultHalFactory: Connecting to default soundtrigger-V2.x.ISoundTriggerHw
05-20 10:22:38.535   579   579 E SoundTriggerMiddlewareImpl: Failed to add a SoundTriggerModule instance
05-20 10:22:38.535   579   579 E SoundTriggerMiddlewareImpl: java.util.NoSuchElementException
05-20 10:22:38.535   579   579 E SoundTriggerMiddlewareImpl: 	at android.os.HwBinder.getService(Native Method)
05-20 10:22:38.535   579   579 E SoundTriggerMiddlewareImpl: 	at android.hardware.soundtrigger.V2_0.ISoundTriggerHw.getService(ISoundTriggerHw.java:57)
05-20 10:22:38.535   579   579 E SoundTriggerMiddlewareImpl: 	at android.hardware.soundtrigger.V2_0.ISoundTriggerHw.getService(ISoundTriggerHw.java:64)
05-20 10:22:38.535   579   579 E SoundTriggerMiddlewareImpl: 	at com.android.server.soundtrigger_middleware.DefaultHalFactory.create(DefaultHalFactory.java:76)
