05-20 10:22:39.511   579   579 V StorageManagerService: Package com.android.internal.emulation.pixel_7 does not have legacy storage
05-20 10:22:39.511   579   579 V StorageManagerService: Package com.android.internal.emulation.pixel_8 does not have legacy storage
05-20 10:22:39.511   579   579 V StorageManagerService: Package com.google.android.captiveportallogin does not have legacy storage
05-20 10:22:39.511   579   579 V StorageManagerService: Package android.auto_generated_characteristics_rro does not have legacy storage
05-20 10:22:39.511   579   579 V StorageManagerService: Package com.google.android.appsearch.apk does not have legacy storage
05-20 10:22:39.511   579   579 V StorageManagerService: Package com.android.musicfx does not have legacy storage
05-20 10:22:39.511   579   579 V StorageManagerService: Package com.google.android.apps.docs does not have legacy storage
05-20 10:22:39.511   579   579 V StorageManagerService: Package com.google.android.apps.maps does not have legacy storage
05-20 10:22:39.511   579   579 V StorageManagerService: Package com.google.android.modulemetadata does not have legacy storage
05-20 10:22:39.511   579   579 V StorageManagerService: Package com.android.internal.display.cutout.emulation.emu01 does not have legacy storage
05-20 10:22:39.511   579   579 V StorageManagerService: Package com.google.android.avatarpicker does not have legacy storage
05-20 10:22:39.511   579   579 V StorageManagerService: Package com.google.android.apps.kids.home does not have legacy storage
05-20 10:22:39.511   579   579 V StorageManagerService: Package de.tt_tagebuch.app does not have legacy storage
05-20 10:22:39.511   579   579 V StorageManagerService: Package com.google.android.markup does not have legacy storage
05-20 10:22:39.511   579   579 V StorageManagerService: Package com.android.providers.settings.auto_generated_rro_vendor__ does not have legacy storage
05-20 10:22:39.511   579   579 V StorageManagerService: Package com.android.cellbroadcastreceiver does not have legacy storage
05-20 10:22:39.511   579   579 V StorageManagerService: Package com.google.android.webview does not have legacy storage
05-20 10:22:39.511   579   579 V StorageManagerService: Package com.google.android.apps.carrier.log does not have legacy storage
05-20 10:22:39.511   579   895 D GameManagerService: User ID '0' does not have a Game Mode selected for package: 'com.android.systemui'
05-20 10:22:39.512   579   579 V StorageManagerService: Package com.google.android.networkstack does not have legacy storage
05-20 10:22:39.512   579   579 V StorageManagerService: Package com.google.android.rkpdapp does not have legacy storage
05-20 10:22:39.512   579   579 V StorageManagerService: Package com.google.android.contacts does not have legacy storage
05-20 10:22:39.512   579   579 V StorageManagerService: Package com.android.server.telecom has legacy storage
05-20 10:22:39.512   579   579 V StorageManagerService: Package com.android.keychain has legacy storage
05-20 10:22:39.512   579   579 V StorageManagerService: Package com.android.phone.auto_generated_characteristics_rro does not have legacy storage
05-20 10:22:39.512   579   579 V StorageManagerService: Package com.google.android.overlay.googleconfig does not have legacy storage
05-20 10:22:39.512   579   579 V StorageManagerService: Package com.android.chrome does not have legacy storage
05-20 10:22:39.512   579   579 V StorageManagerService: Package com.android.dialer does not have legacy storage
05-20 10:22:39.512   579   579 V StorageManagerService: Package com.google.android.packageinstaller does not have legacy storage
05-20 10:22:39.512   579   579 V StorageManagerService: Package com.google.android.apps.customization.pixel does not have legacy storage
05-20 10:22:39.512   579   579 V StorageManagerService: Package com.google.android.gms does not have legacy storage
05-20 10:22:39.512   579   579 V StorageManagerService: Package com.google.android.gsf does not have legacy storage
05-20 10:22:39.512   579   579 V StorageManagerService: Package com.google.android.tag does not have legacy storage
05-20 10:22:39.512   579   579 V StorageManagerService: Package com.google.android.tts does not have legacy storage
05-20 10:22:39.512   579   579 V StorageManagerService: Package com.google.android.overlay.titansettings does not have legacy storage
05-20 10:22:39.512   579   579 V StorageManagerService: Package com.google.android.overlay.permissioncontroller does not have legacy storage
05-20 10:22:39.512   579   579 V StorageManagerService: Package com.google.android.googlesdksetup does not have legacy storage
05-20 10:22:39.512   579   579 V StorageManagerService: Package com.android.calllogbackup does not have legacy storage
05-20 10:22:39.512   579   579 V StorageManagerService: Package com.google.android.partnersetup does not have legacy storage
05-20 10:22:39.512   579   579 V StorageManagerService: Package com.android.cameraextensions does not have legacy storage
05-20 10:22:39.512   579   579 V StorageManagerService: Package com.google.android.apps.wallpaper.nexus does not have legacy storage
05-20 10:22:39.512   579   579 V StorageManagerService: Package com.google.android.apps.wallpaper.pixel does not have legacy storage
05-20 10:22:39.512   579   579 V StorageManagerService: Package com.android.localtransport has legacy storage
05-20 10:22:39.512   579   579 V StorageManagerService: Package com.google.android.apps.nexuslauncher does not have legacy storage
05-20 10:22:39.512   579   579 V StorageManagerService: Package com.android.carrierdefaultapp does not have legacy storage
05-20 10:22:39.512   579   579 V StorageManagerService: Package com.android.credentialmanager does not have legacy storage
05-20 10:22:39.512   579   579 V StorageManagerService: Package com.android.theme.font.notoserifsource does not have legacy storage
05-20 10:22:39.512   579   579 V StorageManagerService: Package com.android.DeviceAsWebcam has legacy storage
05-20 10:22:39.512   579   579 V StorageManagerService: Package com.android.proxyhandler does not have legacy storage
05-20 10:22:39.512   579   579 V StorageManagerService: Package com.google.android.safetycenter.resources does not have legacy storage
05-20 10:22:39.512   579   579 V StorageManagerService: Package com.android.internal.display.cutout.emulation.waterfall does not have legacy storage
05-20 10:22:39.512   579   579 V StorageManagerService: Package com.android.intentresolver does not have legacy storage
05-20 10:22:39.512   579   579 V StorageManagerService: Package com.android.internal.systemui.navbar.transparent does not have legacy storage
05-20 10:22:39.512   579   579 V StorageManagerService: Package com.android.providers.contactkeys does not have legacy storage
05-20 10:22:39.512   579   579 V StorageManagerService: Package com.google.android.connectivity.resources does not have legacy storage
05-20 10:22:39.512   579   579 V StorageManagerService: Package com.android.providers.contacts.auto_generated_rro_product__ does not have legacy storage
05-20 10:22:39.512   579   579 V StorageManagerService: Package com.google.android.feedback does not have legacy storage
05-20 10:22:39.512   579   579 V StorageManagerService: Package com.google.android.printservice.recommendation does not have legacy storage
05-20 10:22:39.512   579   579 V StorageManagerService: Package com.google.android.apps.photos does not have legacy storage
05-20 10:22:39.512   579   579 V StorageManagerService: Package com.google.android.calendar does not have legacy storage
05-20 10:22:39.512   579   579 V StorageManagerService: Package com.android.managedprovisioning does not have legacy storage
05-20 10:22:39.512   579   579 V StorageManagerService: Package com.android.soundpicker does not have legacy storage
05-20 10:22:39.512   579   579 V StorageManagerService: Package com.google.android.documentsui does not have legacy storage
05-20 10:22:39.512   579   579 V StorageManagerService: Package com.google.android.overlay.titanconfig does not have legacy storage
05-20 10:22:39.512   579   579 V StorageManagerService: Package com.android.systemui.emulation.pixel_3a_xl does not have legacy storage
05-20 10:22:39.512   579   579 V StorageManagerService: Package com.android.systemui.emulation.pixel_6_pro does not have legacy storage
05-20 10:22:39.512   579   579 V StorageManagerService: Package com.android.systemui.emulation.pixel_7_pro does not have legacy storage
05-20 10:22:39.512   579   579 V StorageManagerService: Package com.android.systemui.emulation.pixel_8_pro does not have legacy storage
05-20 10:22:39.512   579   579 V StorageManagerService: Package com.google.mainline.telemetry does not have legacy storage
05-20 10:22:39.512   579   579 V StorageManagerService: Package com.android.emulator.multidisplay has legacy storage
05-20 10:22:39.512   579   579 V StorageManagerService: Package com.android.devicediagnostics.auto_generated_rro_product__ does not have legacy storage
05-20 10:22:39.512   579   579 V StorageManagerService: Package com.android.devicediagnostics does not have legacy storage
05-20 10:22:39.512   579   579 V StorageManagerService: Package com.google.android.overlay.largescreensettingsprovider does not have legacy storage
05-20 10:22:39.512   579   579 V StorageManagerService: Package com.android.providers.partnerbookmarks does not have legacy storage
05-20 10:22:39.512   579   579 V StorageManagerService: Package com.android.role.notes.enabled does not have legacy storage
05-20 10:22:39.512   579   579 V StorageManagerService: Package com.android.wallpaper.livepicker does not have legacy storage
05-20 10:22:39.512   579   579 V StorageManagerService: Package com.google.android.apps.youtube.kids does not have legacy storage
05-20 10:22:39.512   579   579 V StorageManagerService: Package de.tsschulz.tt_tagebuch does not have legacy storage
05-20 10:22:39.512   579   579 V StorageManagerService: Package com.google.android.apps.safetyhub.hideapps does not have legacy storage
05-20 10:22:39.512   579   579 V StorageManagerService: Package com.google.mainline.adservices does not have legacy storage
05-20 10:22:39.512   579   579 V StorageManagerService: Package com.android.imsserviceentitlement does not have legacy storage
05-20 10:22:39.512   579   579 V StorageManagerService: Package com.google.assistant.hubui does not have legacy storage
05-20 10:22:39.512   579   579 V StorageManagerService: Package com.google.android.healthconnect.controller does not have legacy storage
05-20 10:22:39.512   579   579 V StorageManagerService: Package com.google.android.apps.nest.dockmanager.app does not have legacy storage
05-20 10:22:39.512   579   579 V StorageManagerService: Package com.google.android.gms.supervision does not have legacy storage
05-20 10:22:39.512   579   579 V StorageManagerService: Package com.android.internal.emulation.pixel_2_xl does not have legacy storage
05-20 10:22:39.512   579   579 V StorageManagerService: Package com.android.internal.emulation.pixel_3_xl does not have legacy storage
05-20 10:22:39.512   579   579 V StorageManagerService: Package com.android.internal.emulation.pixel_4_xl does not have legacy storage
05-20 10:22:39.512   579   579 V StorageManagerService: Package com.android.internal.emulation.pixel_fold does not have legacy storage
05-20 10:22:39.512   579   579 V StorageManagerService: Package com.android.storagemanager does not have legacy storage
05-20 10:22:39.512   579   579 V StorageManagerService: Package com.android.bookmarkprovider does not have legacy storage
05-20 10:22:39.512   579   579 V StorageManagerService: Package com.google.android.overlay.pixelconfigcommon does not have legacy storage
05-20 10:22:39.512   579   579 V StorageManagerService: Package com.android.settings has legacy storage
05-20 10:22:39.512   579   579 V StorageManagerService: Package com.android.systemui.emulation.pixel_3a does not have legacy storage
05-20 10:22:39.512   579   579 V StorageManagerService: Package com.android.systemui.emulation.pixel_4a does not have legacy storage
05-20 10:22:39.512   579   579 V StorageManagerService: Package com.android.systemui.emulation.pixel_6a does not have legacy storage
05-20 10:22:39.512   579   579 V StorageManagerService: Package com.android.systemui.emulation.pixel_7a does not have legacy storage
05-20 10:22:39.512   579   579 V StorageManagerService: Package com.android.systemui.emulation.pixel_8a does not have legacy storage
05-20 10:22:39.512   579   579 V StorageManagerService: Package com.google.android.settings.intelligence does not have legacy storage
05-20 10:22:39.512   579   579 V StorageManagerService: Package com.google.android.apps.books does not have legacy storage
05-20 10:22:39.513   579   579 V StorageManagerService: Package com.google.android.projection.gearhead does not have legacy storage
05-20 10:22:39.513   579   579 V StorageManagerService: Package com.google.android.apps.scone does not have legacy storage
05-20 10:22:39.513   579   579 V StorageManagerService: Package com.google.android.uwb.resources does not have legacy storage
05-20 10:22:39.513   579   579 V StorageManagerService: Package com.google.android.apps.chromecast.app does not have legacy storage
05-20 10:22:39.513   579   579 V StorageManagerService: Package com.android.cts.ctsshim does not have legacy storage
05-20 10:22:39.513   579   579 V StorageManagerService: Package com.google.android.wifi.resources does not have legacy storage
05-20 10:22:39.513   579   579 V StorageManagerService: Package com.google.android.wifi.dialog does not have legacy storage
05-20 10:22:39.513   579   579 V StorageManagerService: Package com.google.android.telephony.satellite does not have legacy storage
05-20 10:22:39.513   579   579 V StorageManagerService: Package com.android.wallpaper does not have legacy storage
05-20 10:22:39.513   579   579 V StorageManagerService: Package com.android.vpndialogs does not have legacy storage
05-20 10:22:39.513   579   579 V StorageManagerService: Package com.google.android.apps.wallpaper does not have legacy storage
05-20 10:22:39.513   579   579 V StorageManagerService: Package com.google.android.keep does not have legacy storage
05-20 10:22:39.513   579   579 V StorageManagerService: Package com.google.android.odad does not have legacy storage
05-20 10:22:39.513   579   579 V StorageManagerService: Package com.android.phone does not have legacy storage
05-20 10:22:39.513   579   579 V StorageManagerService: Package com.android.shell does not have legacy storage
05-20 10:22:39.513   579   579 V StorageManagerService: Package com.android.wallpaperbackup does not have legacy storage
05-20 10:22:39.513   579   579 V StorageManagerService: Package com.android.providers.blockednumber does not have legacy storage
05-20 10:22:39.513   579   579 V StorageManagerService: Package com.android.settings.auto_generated_rro_product__ does not have legacy storage
05-20 10:22:39.513   579   579 V StorageManagerService: Package com.android.providers.userdictionary does not have legacy storage
05-20 10:22:39.513   579   579 V StorageManagerService: Package com.android.emergency does not have legacy storage
05-20 10:22:39.513   579   579 V StorageManagerService: Package com.android.companiondevicemanager.auto_generated_characteristics_rro does not have legacy storage
05-20 10:22:39.513   579   579 V StorageManagerService: Package com.android.internal.systemui.navbar.gestural does not have legacy storage
05-20 10:22:39.513   579   579 V StorageManagerService: Package com.android.location.fused has legacy storage
05-20 10:22:39.513   579   579 V StorageManagerService: Package com.android.systemui does not have legacy storage
05-20 10:22:39.513   579   579 V StorageManagerService: Package com.google.android.ondevicepersonalization.services does not have legacy storage
05-20 10:22:39.513   579   579 V StorageManagerService: Package com.google.android.apps.youtube.music does not have legacy storage
05-20 10:22:39.513   579   579 V StorageManagerService: Package com.android.bluetoothmidiservice does not have legacy storage
05-20 10:22:39.513   579   579 V StorageManagerService: Package com.android.traceur does not have legacy storage
05-20 10:22:39.513   579   579 V StorageManagerService: Package com.android.storagemanager.auto_generated_rro_product__ does not have legacy storage
05-20 10:22:39.513   579   579 V StorageManagerService: Package com.google.android.cellbroadcastreceiver does not have legacy storage
05-20 10:22:39.513   579   579 V StorageManagerService: Package android.auto_generated_rro_product__ does not have legacy storage
05-20 10:22:39.513   579   579 V StorageManagerService: Package com.android.bluetooth does not have legacy storage
05-20 10:22:39.513   579   579 V StorageManagerService: Package com.android.providers.contacts does not have legacy storage
05-20 10:22:39.513   579   579 V StorageManagerService: Package com.google.android.inputmethod.latin does not have legacy storage
05-20 10:22:39.513   579   579 V StorageManagerService: Package android.auto_generated_rro_vendor__ does not have legacy storage
05-20 10:22:39.513   579   579 V StorageManagerService: Package com.google.android.apps.restore does not have legacy storage
05-20 10:22:39.513   579   579 D SystemServerTimingAsync: ssm.onStartUser-0_com.android.server.usage.StorageStatsService$Lifecycle
05-20 10:22:39.513   579   579 D SystemServerTimingAsync: ssm.onStartUser-0_com.android.server.UiModeManagerService
05-20 10:22:39.513   579   579 D SystemServerTimingAsync: ssm.onStartUser-0_com.android.server.locales.LocaleManagerService
05-20 10:22:39.513   579   579 D SystemServerTimingAsync: ssm.onStartUser-0_com.android.server.grammaticalinflection.GrammaticalInflectionService
05-20 10:22:39.513   579   579 D SystemServerTimingAsync: ssm.onStartUser-0_com.android.server.apphibernation.AppHibernationService
05-20 10:22:39.513   579   579 D SystemServerTimingAsync: ssm.onStartUser-0_com.android.server.locksettings.LockSettingsService$Lifecycle
05-20 10:22:39.513   579   579 D SystemServerTimingAsync: ssm.onStartUser-0_com.android.server.testharness.TestHarnessModeService
05-20 10:22:39.513   579   579 D SystemServerTimingAsync: ssm.onStartUser-0_com.android.server.DeviceIdleController
05-20 10:22:39.513   579   579 D SystemServerTimingAsync: ssm.onStartUser-0_com.android.server.devicepolicy.DevicePolicyManagerService$Lifecycle
05-20 10:22:39.522   579   579 D SystemServerTimingAsync: ssm.onStartUser-0_com.android.server.musicrecognition.MusicRecognitionManagerService
05-20 10:22:39.522   579   579 D SystemServerTimingAsync: ssm.onStartUser-0_com.android.server.contentcapture.ContentCaptureManagerService
05-20 10:22:39.522   579   579 D SystemServerTimingAsync: ssm.onStartUser-0_com.android.server.systemcaptions.SystemCaptionsManagerService
05-20 10:22:39.522   579   579 D SystemServerTimingAsync: ssm.onStartUser-0_com.android.server.texttospeech.TextToSpeechManagerService
05-20 10:22:39.522   579   579 D SystemServerTimingAsync: ssm.onStartUser-0_com.android.server.wearable.WearableSensingManagerService
05-20 10:22:39.522   579   579 D SystemServerTimingAsync: ssm.onStartUser-0_com.android.server.ondeviceintelligence.OnDeviceIntelligenceManagerService
05-20 10:22:39.522   579   579 D SystemServerTimingAsync: ssm.onStartUser-0_com.android.server.ambientcontext.AmbientContextManagerService
05-20 10:22:39.522   579   579 D SystemServerTimingAsync: ssm.onStartUser-0_com.android.server.speech.SpeechRecognitionManagerService
05-20 10:22:39.522   579   579 D SystemServerTimingAsync: ssm.onStartUser-0_com.android.server.appprediction.AppPredictionManagerService
05-20 10:22:39.531   826   865 D ShellSplitScreen: onTaskAppeared: task=TaskInfo{userId=0 taskId=2 displayId=0 isRunning=false baseIntent=Intent {  } baseActivity=null topActivity=null origActivity=null realActivity=null numActivities=0 lastActiveTime=10833 supportsMultiWindow=true resizeMode=2 isResizeable=true minWidth=-1 minHeight=-1 defaultMinSize=220 token=WCT{android.window.IWindowContainerToken$Stub$Proxy@d8ff9a2} topActivityType=0 pictureInPictureParams=null shouldDockBigOverlays=false launchIntoPipHostTaskId=-1 lastParentTaskIdBeforePip=-1 displayCutoutSafeInsets=null topActivityInfo=null launchCookies=[android.os.Binder@1af9a91] positionInParent=Point(0, 0) parentTaskId=-1 isFocused=false isVisible=false isVisibleRequested=false isSleeping=false locusId=null displayAreaFeatureId=1 isTopActivityTransparent=false appCompatTaskInfo=AppCompatTaskInfo { topActivityInSizeCompat=false topActivityEligibleForLetterboxEducation= falseisLetterboxEducationEnabled= false isLetterboxDoubleTapEnabled= false topActivityEligibleForUserAspectRatioButton= false topActivityBoundsLetterboxed= false isFromLetterboxDoubleTap= false topActivityLetterboxVerticalPosition= -1 topActivityLetterboxHorizontalPosition= -1 topActivityLetterboxWidth=-1 topActivityLetterboxHeight=-1 isUserFullscreenOverrideEnabled=false isSystemFullscreenOverrideEnabled=false cameraCompatTaskInfo=CameraCompatTaskInfo { cameraCompatControlState=hidden freeformCameraCompatMode=inactive}}}
05-20 10:22:39.539   579   579 V GameManagerService_GameManagerSettings: Settings file doesn't exist, skip reading
05-20 10:22:39.539   579   579 D SystemServerTimingAsync: ssm.onStartUser-0_com.android.safetycenter.SafetyCenterService
05-20 10:22:39.539   579   579 D SystemServerTimingAsync: ssm.onStartUser-0_com.android.server.appsearch.AppSearchModule$Lifecycle
05-20 10:22:39.539   579   579 D SystemServerTimingAsync: ssm.onStartUser-0_com.android.server.media.MediaCommunicationService
05-20 10:22:39.539   579   579 D SystemServerTimingAsync: ssm.onStartUser-0_com.android.server.compat.overrides.AppCompatOverridesService$Lifecycle
05-20 10:22:39.539   579   579 D SystemServerTimingAsync: ssm.onStartUser-0_com.android.server.healthconnect.HealthConnectManagerService
05-20 10:22:39.539   579   579 D SystemServerTimingAsync: ssm.onStartUser-0_com.android.server.devicelock.DeviceLockService
05-20 10:22:39.539   579   579 D SystemServerTimingAsync: ssm.onStartUser-0_com.android.server.SensitiveContentProtectionManagerService
05-20 10:22:39.540   579   579 D SystemServerTiming: startPersistentApps
05-20 10:22:39.541   579   579 D CompatChangeReporter: Compat change id reported: 151861875; UID 1068; state: ENABLED
05-20 10:22:39.542   579   579 D CompatChangeReporter: Compat change id reported: 151861875; UID 1001; state: ENABLED
05-20 10:22:39.542   579   579 D SystemServerTiming: startHomeOnAllDisplays
05-20 10:22:39.546   826   865 D ShellSplitScreen: onRootTaskAppeared: rootTask=TaskInfo{userId=0 taskId=2 displayId=0 isRunning=false baseIntent=Intent {  } baseActivity=null topActivity=null origActivity=null realActivity=null numActivities=0 lastActiveTime=10833 supportsMultiWindow=true resizeMode=2 isResizeable=true minWidth=-1 minHeight=-1 defaultMinSize=220 token=WCT{android.window.IWindowContainerToken$Stub$Proxy@d8ff9a2} topActivityType=0 pictureInPictureParams=null shouldDockBigOverlays=false launchIntoPipHostTaskId=-1 lastParentTaskIdBeforePip=-1 displayCutoutSafeInsets=null topActivityInfo=null launchCookies=[android.os.Binder@1af9a91] positionInParent=Point(0, 0) parentTaskId=-1 isFocused=false isVisible=false isVisibleRequested=false isSleeping=false locusId=null displayAreaFeatureId=1 isTopActivityTransparent=false appCompatTaskInfo=AppCompatTaskInfo { topActivityInSizeCompat=false topActivityEligibleForLetterboxEducation= falseisLetterboxEducationEnabled= false isLetterboxDoubleTapEnabled= false topActivityEligibleForUserAspectRatioButton= false topActivityBoundsLetterboxed= false isFromLetterboxDoubleTap= false topActivityLetterboxVerticalPosition= -1 topActivityLetterboxHorizontalPosition= -1 topActivityLetterboxWidth=-1 topActivityLetterboxHeight=-1 isUserFullscreenOverrideEnabled=false isSystemFullscreenOverrideEnabled=false cameraCompatTaskInfo=CameraCompatTaskInfo { cameraCompatControlState=hidden freeformCameraCompatMode=inactive}}} mainRoot=false sideRoot=false
05-20 10:22:39.546   826   865 D ShellSplitScreen: onTaskAppeared: taskId=3 taskParent=-1 rootTask=-1 taskActivity=null
05-20 10:22:39.546   826   865 D ShellSplitScreen: onRootTaskAppeared: rootTask=TaskInfo{userId=0 taskId=2 displayId=0 isRunning=false baseIntent=Intent {  } baseActivity=null topActivity=null origActivity=null realActivity=null numActivities=0 lastActiveTime=10833 supportsMultiWindow=true resizeMode=2 isResizeable=true minWidth=-1 minHeight=-1 defaultMinSize=220 token=WCT{android.window.IWindowContainerToken$Stub$Proxy@d8ff9a2} topActivityType=0 pictureInPictureParams=null shouldDockBigOverlays=false launchIntoPipHostTaskId=-1 lastParentTaskIdBeforePip=-1 displayCutoutSafeInsets=null topActivityInfo=null launchCookies=[android.os.Binder@1af9a91] positionInParent=Point(0, 0) parentTaskId=-1 isFocused=false isVisible=false isVisibleRequested=false isSleeping=false locusId=null displayAreaFeatureId=1 isTopActivityTransparent=false appCompatTaskInfo=AppCompatTaskInfo { topActivityInSizeCompat=false topActivityEligibleForLetterboxEducation= falseisLetterboxEducationEnabled= false isLetterboxDoubleTapEnabled= false topActivityEligibleForUserAspectRatioButton= false topActivityBoundsLetterboxed= false isFromLetterboxDoubleTap= false topActivityLetterboxVerticalPosition= -1 topActivityLetterboxHorizontalPosition= -1 topActivityLetterboxWidth=-1 topActivityLetterboxHeight=-1 isUserFullscreenOverrideEnabled=false isSystemFullscreenOverrideEnabled=false cameraCompatTaskInfo=CameraCompatTaskInfo { cameraCompatControlState=hidden freeformCameraCompatMode=inactive}}} mainRoot=true sideRoot=false
05-20 10:22:39.547   579   579 W ActivityTaskManager: callingPackage for (uid=-1, pid=0) has no WPC
05-20 10:22:39.547   826   865 D ShellSplitScreen: onTaskAppeared: taskId=4 taskParent=-1 rootTask=-1 taskActivity=null
05-20 10:22:39.547   826   865 D ShellSplitScreen: onRootTaskAppeared: rootTask=TaskInfo{userId=0 taskId=2 displayId=0 isRunning=false baseIntent=Intent {  } baseActivity=null topActivity=null origActivity=null realActivity=null numActivities=0 lastActiveTime=10833 supportsMultiWindow=true resizeMode=2 isResizeable=true minWidth=-1 minHeight=-1 defaultMinSize=220 token=WCT{android.window.IWindowContainerToken$Stub$Proxy@d8ff9a2} topActivityType=0 pictureInPictureParams=null shouldDockBigOverlays=false launchIntoPipHostTaskId=-1 lastParentTaskIdBeforePip=-1 displayCutoutSafeInsets=null topActivityInfo=null launchCookies=[android.os.Binder@1af9a91] positionInParent=Point(0, 0) parentTaskId=-1 isFocused=false isVisible=false isVisibleRequested=false isSleeping=false locusId=null displayAreaFeatureId=1 isTopActivityTransparent=false appCompatTaskInfo=AppCompatTaskInfo { topActivityInSizeCompat=false topActivityEligibleForLetterboxEducation= falseisLetterboxEducationEnabled= false isLetterboxDoubleTapEnabled= false topActivityEligibleForUserAspectRatioButton= false topActivityBoundsLetterboxed= false isFromLetterboxDoubleTap= false topActivityLetterboxVerticalPosition= -1 topActivityLetterboxHorizontalPosition= -1 topActivityLetterboxWidth=-1 topActivityLetterboxHeight=-1 isUserFullscreenOverrideEnabled=false isSystemFullscreenOverrideEnabled=false cameraCompatTaskInfo=CameraCompatTaskInfo { cameraCompatControlState=hidden freeformCameraCompatMode=inactive}}} mainRoot=true sideRoot=true
05-20 10:22:39.553   579   579 D CompatChangeReporter: Compat change id reported: 151861875; UID 1000; state: ENABLED
05-20 10:22:39.553   579   579 W OptProp : Cannot read opt property android.window.PROPERTY_COMPAT_ALLOW_USER_ASPECT_RATIO_OVERRIDE
05-20 10:22:39.553   579   579 W OptProp : Cannot read opt property android.window.PROPERTY_COMPAT_ALLOW_USER_ASPECT_RATIO_FULLSCREEN_OVERRIDE
05-20 10:22:39.556   579   579 W OptProp : Cannot read opt property android.window.PROPERTY_COMPAT_ALLOW_ORIENTATION_OVERRIDE
05-20 10:22:39.589   579   611 D StatsPullAtomService: ENABLE_MOBILE_DATA_STATS_AGGREGATED_PULLER = true
05-20 10:22:39.600   579   611 D CountryDetector: Using custom country detector class: com.android.server.location.ComprehensiveCountryDetector
05-20 10:22:39.600   579   611 E CountryDetector: Could not instantiate the custom country detector class
05-20 10:22:39.600   579   611 D CountryDetector: Using default country detector
05-20 10:22:39.683   579   579 W OptProp : Cannot read opt property android.window.PROPERTY_COMPAT_ALLOW_MIN_ASPECT_RATIO_OVERRIDE
05-20 10:22:39.691   579   579 I ActivityTaskManager: START u0 {act=android.intent.action.MAIN cat=[android.intent.category.HOME] flg=0x10000100 cmp=com.android.settings/.FallbackHome (has extras)} with LAUNCH_MULTIPLE from uid 0 (BAL_ALLOW_ALLOWLISTED_UID) result code=0
05-20 10:22:39.691   579   579 D SystemServerTiming: sendUserStartBroadcast
05-20 10:22:39.691   579   579 D SystemServerTiming: broadcastIntent-0-android.intent.action.USER_STARTED
05-20 10:22:39.691   579   652 V WindowManager: Queueing legacy sync-set: 1
05-20 10:22:39.691   579   579 D SystemServerTiming: broadcastIntent--1-android.intent.action.USER_STARTING
05-20 10:22:39.692   579   579 D SystemServerTiming: resumeTopActivities
05-20 10:22:39.692   579   579 D SystemServerTiming: sendUserSwitchBroadcasts
05-20 10:22:39.692   579   579 D SystemServerTiming: broadcastIntent-0-android.intent.action.USER_FOREGROUND
05-20 10:22:39.692   579   579 D SystemServerTiming: broadcastIntent--1-android.intent.action.USER_SWITCHED
05-20 10:22:39.692   579   579 D SystemServerTiming: setBinderProxies
05-20 10:22:39.692   579   579 D SystemServerTiming: componentAlias
05-20 10:22:39.693   579   652 D CoreBackPreview: Window{7a4987c u0 ShellDropTarget}: Setting back callback OnBackInvokedCallbackInfo{mCallback=android.window.IOnBackInvokedCallback$Stub$Proxy@f19c778, mPriority=0, mIsAnimationCallback=false}
05-20 10:22:39.693   579   579 D ComponentAliasResolver: Compat listener set.
05-20 10:22:39.693   579   579 D SystemServerTiming: LockSettingsThirdPartyAppsStarted
05-20 10:22:39.693   579   579 D SystemServerTiming: StartSystemUI
05-20 10:22:39.693   579   652 W OptProp : Cannot read opt property android.window.PROPERTY_COMPAT_ALLOW_DISPLAY_ORIENTATION_OVERRIDE
05-20 10:22:39.694   579   579 D SystemServerTiming: startApexServices
05-20 10:22:39.694   579   579 D SystemServerTiming: starting com.android.server.scheduling.RebootReadinessManagerService$Lifecycle
05-20 10:22:39.694   579   579 I SystemServiceManager: Starting com.android.server.scheduling.RebootReadinessManagerService$Lifecycle
05-20 10:22:39.694   579   579 I SystemServiceManager: Not starting an already started service com.android.server.scheduling.RebootReadinessManagerService$Lifecycle
05-20 10:22:39.694   579   579 D SystemServerTiming: UpdateWatchdogTimeout
05-20 10:22:39.694   579   908 W ActivityManager: Slow operation: 155ms so far, now at startProcess: done updating battery stats
05-20 10:22:39.695   579   579 I Watchdog: Watchdog timeout updated to 60000 millis
05-20 10:22:39.695   579   908 W ActivityManager: Slow operation: 156ms so far, now at startProcess: building log message
05-20 10:22:39.695   579   908 I ActivityManager: Start proc 932:com.google.android.bluetooth/1002 for service {com.google.android.bluetooth/com.android.bluetooth.btservice.AdapterService}
05-20 10:22:39.695   579   908 W ActivityManager: Slow operation: 156ms so far, now at startProcess: starting to update pids map
05-20 10:22:39.695   579   908 W ActivityManager: Slow operation: 156ms so far, now at startProcess: done updating pids map
05-20 10:22:39.696   579   579 W Looper  : Slow delivery took 2515ms main h=android.app.PropertyInvalidatedCache$AutoCorker$1 c=null m=0
05-20 10:22:39.704   579   579 D ConditionProviders.SCP: onConnected
05-20 10:22:39.705   579   579 D ConditionProviders.SCP: onSubscribe condition://android/schedule?days=1.2.3.4.5.6.7&start=22.0&end=7.0&exitAtAlarm=true
05-20 10:22:39.705   579   613 W ActivityManager: Slow operation: 163ms so far, now at startProcess: asking zygote to start proc
05-20 10:22:39.705   579   579 D ConditionProviders.SCP: setRegistered true
05-20 10:22:39.707   579   741 W ActivityThread: Failed to find provider info for com.android.calendar (user not unlocked)
05-20 10:22:39.707   579   741 W ActivityThread: Failed to find provider info for com.android.calendar (user not unlocked)
05-20 10:22:39.707   579   603 I DisplayDeviceRepository: Display device changed: DisplayDeviceInfo{"Built-in Screen": uniqueId="local:4619827259835644672", 2560 x 1600, modeId 1, renderFrameRate 60.000004, defaultModeId 1, userPreferredModeId -1, supportedModes [{id=1, width=2560, height=1600, fps=60.000004, vsync=60.000004, synthetic=false, alternativeRefreshRates=[], supportedHdrTypes=[]}], colorMode 0, supportedColorModes [0], hdrCapabilities HdrCapabilities{mSupportedHdrTypes=[], mMaxLuminance=500.0, mMaxAverageLuminance=500.0, mMinLuminance=0.0}, allmSupported false, gameContentTypeSupported false, density 320, 320.0 x 320.0 dpi, appVsyncOff 1000000, presDeadline 16666666, touch INTERNAL, rotation 0, type INTERNAL, address {port=0, model=0x401cec6a7a2b7b}, deviceProductInfo DeviceProductInfo{name=EMU_display_0, manufacturerPnpId=GGL, productId=1, modelYear=null, manufactureDate=ManufactureDate{week=27, year=2006}, connectionToSinkType=0}, state ON, committedState ON, frameRateOverride , brightnessMinimum 0.0, brightnessMaximum 1.0, brightnessDefault 0.39763778, hdrSdrRatio NaN, FLAG_ALLOWED_TO_BE_DEFAULT_DISPLAY, FLAG_ROTATES_WITH_CONTENT, FLAG_SECURE, FLAG_SUPPORTS_PROTECTED_BUFFERS, FLAG_TRUSTED, installOrientation 0, displayShape DisplayShape{ spec=-972240677 displayWidth=2560 displayHeight=1600 physicalPixelDisplaySizeRatio=1.0 rotation=0 offsetX=0 offsetY=0 scale=1.0}}
05-20 10:22:39.709   579   579 D ConditionProviders.SCP: evaluateSubscriptionLocked cal=ScheduleCalendar[mDays={1, 2, 3, 4, 5, 6, 7}, mSchedule=ScheduleInfo{days=[1, 2, 3, 4, 5, 6, 7], startHour=22, startMinute=0, endHour=7, endMinute=0, exitAtAlarm=true, nextAlarm=Thu Jan 01 01:00:00 GMT+01:00 1970 (0)}], now=Wed May 20 10:22:39 GMT+02:00 2026 (1779265359705), nextUserAlarmTime=Thu Jan 01 01:00:00 GMT+01:00 1970 (0)
05-20 10:22:39.709   579   579 D ConditionProviders.SCP: notifyCondition condition://android/schedule?days=1.2.3.4.5.6.7&start=22.0&end=7.0&exitAtAlarm=true STATE_FALSE reason=!meetsSchedule
05-20 10:22:39.709   579   579 D ConditionProviders.SCP: Scheduling evaluate for Wed May 20 22:00:00 GMT+02:00 2026 (1779307200000), in +11h37m20s295ms, now=Wed May 20 10:22:39 GMT+02:00 2026 (1779265359705)
05-20 10:22:39.715   579   579 D CompatChangeReporter: Compat change id reported: 151861875; UID 10199; state: ENABLED
05-20 10:22:39.716   579   579 I ContentCaptureManagerService: Updating for user 0: disabled=false
05-20 10:22:39.716   579   579 E ContentCapturePerUserService: Bad service name: com.google.android.as/com.google.android.apps.miphone.aiai.app.AiAiContentCaptureService
05-20 10:22:39.717   579   579 E ContentCapturePerUserService: Bad service name: com.google.android.as/com.google.android.apps.miphone.aiai.app.AiAiContentCaptureService
05-20 10:22:39.717   579   579 E ContentCapturePerUserService: Bad service name: com.google.android.as/com.google.android.apps.miphone.aiai.app.AiAiContentCaptureService
05-20 10:22:39.717   579   579 I ContentSuggestionsManagerService: Updating for user 0: disabled=false
05-20 10:22:39.717   579   579 E ContentSuggestionsPerUserService: Bad service name: com.google.android.as/com.google.android.apps.miphone.aiai.app.AiAiContentSuggestionsService
05-20 10:22:39.717   579   579 I AutofillManagerService: Updating for user 0: disabled=false
05-20 10:22:39.718   579   579 E AutofillManagerServiceImpl: Bad service name: com.google.android.gms/.autofill.service.AutofillService
05-20 10:22:39.718   579   579 E RemoteAugmentedAutofillService: Bad service name for flags 1048704: com.google.android.as/com.google.android.apps.miphone.aiai.app.AiAiAugmentedAutofillService
05-20 10:22:39.718   579   613 W ActivityManager: Slow operation: 177ms so far, now at startProcess: returned from zygote!
05-20 10:22:39.719   579   613 W ActivityManager: Slow operation: 177ms so far, now at startProcess: done updating battery stats
05-20 10:22:39.719   579   613 W ActivityManager: Slow operation: 177ms so far, now at startProcess: building log message
05-20 10:22:39.719   579   613 I ActivityManager: Start proc 973:com.android.se/1068 for added application com.android.se
05-20 10:22:39.719   579   613 W ActivityManager: Slow operation: 177ms so far, now at startProcess: starting to update pids map
05-20 10:22:39.719   579   613 W ActivityManager: Slow operation: 177ms so far, now at startProcess: done updating pids map
05-20 10:22:39.719   579   613 W ActivityManager: Slow operation: 177ms so far, now at startProcess: asking zygote to start proc
05-20 10:22:39.730   579   613 W ActivityManager: Slow operation: 188ms so far, now at startProcess: returned from zygote!
05-20 10:22:39.730   579   613 W ActivityManager: Slow operation: 188ms so far, now at startProcess: done updating battery stats
05-20 10:22:39.730   579   613 I Watchdog: Interesting Java process com.android.phone started. Pid 982
05-20 10:22:39.730   579   613 W ActivityManager: Slow operation: 188ms so far, now at startProcess: building log message
05-20 10:22:39.730   579   613 I ActivityManager: Start proc 982:com.android.phone/1001 for added application com.android.phone
05-20 10:22:39.730   579   613 W ActivityManager: Slow operation: 188ms so far, now at startProcess: starting to update pids map
05-20 10:22:39.730   579   613 W ActivityManager: Slow operation: 188ms so far, now at startProcess: done updating pids map
05-20 10:22:39.755   579   579 I PackageWatchdog: Syncing health check requests for packages: {}
05-20 10:22:39.755   579   579 I ExplicitHealthCheckController: Service not ready to get health check supported packages. Binding...
05-20 10:22:39.756   579   579 I ExplicitHealthCheckController: Explicit health check service is bound
05-20 10:22:39.756   579   613 W ActivityManager: Slow operation: 60ms so far, now at startProcess: returned from zygote!
05-20 10:22:39.757   579   613 W ActivityManager: Slow operation: 61ms so far, now at startProcess: done updating battery stats
05-20 10:22:39.757   579   613 W ActivityManager: Slow operation: 61ms so far, now at startProcess: building log message
05-20 10:22:39.757   579   613 I ActivityManager: Start proc 992:com.android.settings/1000 for top-activity {com.android.settings/com.android.settings.FallbackHome}
05-20 10:22:39.757   579   613 W ActivityManager: Slow operation: 61ms so far, now at startProcess: starting to update pids map
05-20 10:22:39.759   579   613 W ActivityManager: Slow operation: 62ms so far, now at startProcess: done updating pids map
05-20 10:22:39.769   579   613 W ActivityManager: Slow operation: 55ms so far, now at startProcess: returned from zygote!
05-20 10:22:39.769   579   613 W ActivityManager: Slow operation: 55ms so far, now at startProcess: done updating battery stats
05-20 10:22:39.769   579   613 W ActivityManager: Slow operation: 55ms so far, now at startProcess: building log message
05-20 10:22:39.769   579   613 I ActivityManager: Start proc 999:com.google.android.ext.services/u0a199 for service {com.google.android.ext.services/android.ext.services.autofill.InlineSuggestionRenderServiceImpl}
05-20 10:22:39.770   579   613 W ActivityManager: Slow operation: 55ms so far, now at startProcess: starting to update pids map
05-20 10:22:39.770   579   613 W ActivityManager: Slow operation: 55ms so far, now at startProcess: done updating pids map
05-20 10:22:39.793   579   911 D CompatChangeReporter: Compat change id reported: 311402873; UID 1073; state: ENABLED
05-20 10:22:39.794   579   911 D CompatChangeReporter: Compat change id reported: 323349338; UID 1073; state: ENABLED
05-20 10:22:39.795   579   579 W ActivityManager: Unable to start service Intent { act=android.service.contentcapture.ContentCaptureService cmp=com.google.android.as/com.google.android.apps.miphone.aiai.app.AiAiContentCaptureService } U=0: not found
05-20 10:22:39.795   579   579 W RemoteContentCaptureService: could not bind to Intent { act=android.service.contentcapture.ContentCaptureService cmp=com.google.android.as/com.google.android.apps.miphone.aiai.app.AiAiContentCaptureService } using flags 67112961
05-20 10:22:39.796   579   579 W ContentCapturePerUserService: remote service died: RemoteContentCaptureService[ComponentInfo{com.google.android.as/com.google.android.apps.miphone.aiai.app.AiAiContentCaptureService} 169533878 (unbound)]
05-20 10:22:39.796   579   579 W ActivityManager: Unbind failed: could not find connection for android.app.LoadedApk$ServiceDispatcher$InnerConnection@5d62624
05-20 10:22:39.796   579   579 W ActivityManager: Unable to start service Intent { act=android.service.contentcapture.ContentCaptureService cmp=com.google.android.as/com.google.android.apps.miphone.aiai.app.AiAiContentCaptureService } U=0: not found
05-20 10:22:39.796   579   579 W RemoteContentCaptureService: could not bind to Intent { act=android.service.contentcapture.ContentCaptureService cmp=com.google.android.as/com.google.android.apps.miphone.aiai.app.AiAiContentCaptureService } using flags 67112961
05-20 10:22:39.797   579   579 W ContentCapturePerUserService: remote service died: RemoteContentCaptureService[ComponentInfo{com.google.android.as/com.google.android.apps.miphone.aiai.app.AiAiContentCaptureService} 184782675 (unbound)]
05-20 10:22:39.797   579   579 W ActivityManager: Unbind failed: could not find connection for android.app.LoadedApk$ServiceDispatcher$InnerConnection@3618090
05-20 10:22:39.797   579   579 D CompatChangeReporter: Compat change id reported: 311208629; UID 10199; state: ENABLED
05-20 10:22:39.801   579   649 D CompatChangeReporter: Compat change id reported: 319212206; UID 1073; state: ENABLED
05-20 10:22:39.827   579   579 I Telecom : SystemStateHelper: Registering broadcast receiver: android.content.IntentFilter@789102d: TS.init@AAA
05-20 10:22:39.827   579   579 I Telecom : SystemStateHelper: Registering broadcast receiver: android.content.IntentFilter@817c962: TS.init@AAA
05-20 10:22:39.827   579  1025 I Telecom : BluetoothRouteManager: getBluetoothAudioConnectedDevice: no service available.
05-20 10:22:39.844   579   649 W ActivityManager: Unable to start service Intent { act=android.service.smartspace.SmartspaceService cmp=com.google.android.as/com.google.android.apps.miphone.aiai.app.AiAiSmartspaceService } U=0: not found
05-20 10:22:39.844   579   649 W RemoteSmartspaceService: could not bind to Intent { act=android.service.smartspace.SmartspaceService cmp=com.google.android.as/com.google.android.apps.miphone.aiai.app.AiAiSmartspaceService } using flags 67112961
05-20 10:22:39.851   579   649 W ActivityManager: Unable to start service Intent { act=android.service.smartspace.SmartspaceService cmp=com.google.android.as/com.google.android.apps.miphone.aiai.app.AiAiSmartspaceService } U=0: not found
05-20 10:22:39.852   579   649 W RemoteSmartspaceService: could not bind to Intent { act=android.service.smartspace.SmartspaceService cmp=com.google.android.as/com.google.android.apps.miphone.aiai.app.AiAiSmartspaceService } using flags 67112961
05-20 10:22:39.853   579   649 W ActivityManager: Unable to start service Intent { act=android.service.smartspace.SmartspaceService cmp=com.google.android.as/com.google.android.apps.miphone.aiai.app.AiAiSmartspaceService } U=0: not found
05-20 10:22:39.853   579   649 W RemoteSmartspaceService: could not bind to Intent { act=android.service.smartspace.SmartspaceService cmp=com.google.android.as/com.google.android.apps.miphone.aiai.app.AiAiSmartspaceService } using flags 67112961
05-20 10:22:39.855   579   649 W ActivityManager: Unable to start service Intent { act=android.service.smartspace.SmartspaceService cmp=com.google.android.as/com.google.android.apps.miphone.aiai.app.AiAiSmartspaceService } U=0: not found
05-20 10:22:39.855   579   649 W RemoteSmartspaceService: could not bind to Intent { act=android.service.smartspace.SmartspaceService cmp=com.google.android.as/com.google.android.apps.miphone.aiai.app.AiAiSmartspaceService } using flags 67112961
05-20 10:22:39.888   579  1032 I Telecom : Logging.Events: Non-call EVENT: AUDIO_ROUTE, Entering state QuiescentSpeakerRoute
05-20 10:22:39.888   579  1032 I Telecom : BluetoothRouteManager: getBluetoothAudioConnectedDevice: no service available.
05-20 10:22:39.894   579   579 I Telecom : TelecomRinger: Using parsed default ring vibration.: TS.init@AAA
05-20 10:22:39.896   579  1035 I Telecom : CallAudioModeStateMachine: Audio focus entering UNFOCUSED state
05-20 10:22:39.897   579  1035 I Telecom : CallAudioModeStateMachine: Message received: null.: TS.init->CAMSM.pM_1@AAA
05-20 10:22:39.898   579   579 E SystemServiceRegistry: Manager wrapper not available: carrier_config
05-20 10:22:39.905   579   579 E AppOps  : package com.android.server.telecom.voip not found, can't check for attributionTag null
05-20 10:22:39.905   579   579 E AppOps  : Bad call made by uid 1000. Package "com.android.server.telecom.voip" does not belong to uid 1000.
05-20 10:22:39.905   579   579 E AppOps  : Cannot noteOperation: non-application UID 1000
05-20 10:22:39.906   579   579 I Telecom : MissedCallNotifierImpl: reloadFromDatabase: Boot not yet complete -- call log db may not be available. Deferring loading until boot complete for user 0: TS.init@AAA
05-20 10:22:39.909   579   579 I Telecom : Class: TelecomSystem.INSTANCE being set
05-20 10:22:39.917   579   579 W Looper  : Slow dispatch took 119ms main h=android.app.ActivityThread$H c=android.app.LoadedApk$ServiceDispatcher$RunConnection@5b86924 m=0
05-20 10:22:39.926   579   579 I Telecom : WiredHeadsetManager: ACTION_HEADSET_PLUG event, plugged in: false, : WHC.oADA@AAE
05-20 10:22:39.934   579   665 D CompatChangeReporter: Compat change id reported: 262645982; UID 10143; state: ENABLED
05-20 10:22:39.935   579   665 D CompatChangeReporter: Compat change id reported: 218533173; UID 10121; state: ENABLED
05-20 10:22:39.935   579   665 D CompatChangeReporter: Compat change id reported: 218533173; UID 10178; state: ENABLED
05-20 10:22:39.938   579   665 D CompatChangeReporter: Compat change id reported: 218533173; UID 10130; state: ENABLED
05-20 10:22:39.938   579   738 E SystemServiceRegistry: Manager wrapper not available: carrier_config
05-20 10:22:39.943   579   665 D CompatChangeReporter: Compat change id reported: 218533173; UID 10128; state: ENABLED
05-20 10:22:39.944   579   665 D CompatChangeReporter: Compat change id reported: 262645982; UID 10142; state: ENABLED
05-20 10:22:39.946   579   579 I ExplicitHealthCheckController: Explicit health check service is connected ComponentInfo{com.google.android.ext.services/android.ext.services.watchdog.ExplicitHealthCheckServiceImpl}
05-20 10:22:39.946   579   579 I ExplicitHealthCheckController: Service initialized, syncing requests
05-20 10:22:39.946   579   579 W ActivityManager: Unbind failed: could not find connection for android.app.LoadedApk$ServiceDispatcher$InnerConnection@b4186bb
05-20 10:22:39.946   579   579 W ActivityManager: Unbind failed: could not find connection for android.app.LoadedApk$ServiceDispatcher$InnerConnection@19587d8
05-20 10:22:39.946   579   579 W ActivityManager: Unbind failed: could not find connection for android.app.LoadedApk$ServiceDispatcher$InnerConnection@51ed731
05-20 10:22:39.946   579   579 W ActivityManager: Unbind failed: could not find connection for android.app.LoadedApk$ServiceDispatcher$InnerConnection@498be16
05-20 10:22:39.951   579   579 I MediaSessionStack: addSession to bottom of stack | record: com.android.server.telecom/HeadsetMediaButton/1 (userId=0)
05-20 10:22:39.951   579   579 I MediaSessionStack: removeSession | record: com.android.server.telecom/HeadsetMediaButton/1 (userId=0)
05-20 10:22:39.956   579   579 D SystemServerTiming: ManagedServices.unbindOtherUserServices_current0
05-20 10:22:39.957   579   579 V ConditionProviders: enabling condition provider for 0: ComponentInfo{com.google.android.apps.wellbeing/com.google.android.apps.wellbeing.azr.impl.AzrConditionProviderService}
05-20 10:22:39.957   579   579 V ConditionProviders: Not registering ComponentInfo{com.google.android.apps.wellbeing/com.google.android.apps.wellbeing.azr.impl.AzrConditionProviderService} is already bound
05-20 10:22:39.957   579   579 D SystemServerTiming: ManagedServices.unbindOtherUserServices_current0
05-20 10:22:39.957   579   579 V NotificationManagerService$NotificationListeners: enabling notification listener for 0: ComponentInfo{com.google.android.apps.nexuslauncher/com.android.launcher3.notification.NotificationListener}
05-20 10:22:39.957   579   579 V NotificationManagerService$NotificationListeners: binding: Intent { act=android.service.notification.NotificationListenerService cmp=com.google.android.apps.nexuslauncher/com.android.launcher3.notification.NotificationListener (has extras) }
05-20 10:22:39.957   579   579 W ActivityManager: Unable to start service Intent { act=android.service.notification.NotificationListenerService cmp=com.google.android.apps.nexuslauncher/com.android.launcher3.notification.NotificationListener } U=0: not found
05-20 10:22:39.957   579   579 W NotificationManagerService$NotificationListeners: Unable to bind notification listener service: Intent { act=android.service.notification.NotificationListenerService cmp=com.google.android.apps.nexuslauncher/com.android.launcher3.notification.NotificationListener (has extras) } in user 0
