05-20 10:22:39.335   579   579 W OnDeviceIntelligenceManagerService: 	at com.android.server.ondeviceintelligence.OnDeviceIntelligenceManagerService.ensureRemoteInferenceServiceInitialized(OnDeviceIntelligenceManagerService.java:622)
05-20 10:22:39.335   579   579 W OnDeviceIntelligenceManagerService: 	at com.android.server.ondeviceintelligence.OnDeviceIntelligenceManagerService.onBootPhase(OnDeviceIntelligenceManagerService.java:201)
05-20 10:22:39.335   579   579 W OnDeviceIntelligenceManagerService: 	at com.android.server.SystemServiceManager.startBootPhase(SystemServiceManager.java:318)
05-20 10:22:39.335   579   579 W OnDeviceIntelligenceManagerService: 	at com.android.server.SystemServer.lambda$startOtherServices$6(SystemServer.java:3176)
05-20 10:22:39.335   579   579 W OnDeviceIntelligenceManagerService: 	at com.android.server.SystemServer.$r8$lambda$R8_YVQM1rsXoSgswlNNq9SsFhyw(SystemServer.java:0)
05-20 10:22:39.335   579   579 W OnDeviceIntelligenceManagerService: 	at com.android.server.SystemServer$$ExternalSyntheticLambda6.run(R8$$SyntheticClass:0)
05-20 10:22:39.335   579   579 W OnDeviceIntelligenceManagerService: 	at com.android.server.am.ActivityManagerService.systemReady(ActivityManagerService.java:9127)
05-20 10:22:39.335   579   579 W OnDeviceIntelligenceManagerService: 	at com.android.server.SystemServer.startOtherServices(SystemServer.java:3028)
05-20 10:22:39.335   579   579 W OnDeviceIntelligenceManagerService: 	at com.android.server.SystemServer.run(SystemServer.java:936)
05-20 10:22:39.335   579   579 W OnDeviceIntelligenceManagerService: 	at com.android.server.SystemServer.main(SystemServer.java:657)
05-20 10:22:39.335   579   579 W OnDeviceIntelligenceManagerService: 	at java.lang.reflect.Method.invoke(Native Method)
05-20 10:22:39.335   579   579 W OnDeviceIntelligenceManagerService: 	at com.android.internal.os.RuntimeInit$MethodAndArgsCaller.run(RuntimeInit.java:580)
05-20 10:22:39.335   579   579 W OnDeviceIntelligenceManagerService: 	at com.android.internal.os.ZygoteInit.main(ZygoteInit.java:864)
05-20 10:22:39.335   579   579 D SystemServerTiming: OnBootPhase_600_com.android.server.ambientcontext.AmbientContextManagerService
05-20 10:22:39.335   579   579 D SystemServerTiming: OnBootPhase_600_com.android.server.speech.SpeechRecognitionManagerService
05-20 10:22:39.335   579   579 D SystemServerTiming: OnBootPhase_600_com.android.server.appprediction.AppPredictionManagerService
05-20 10:22:39.335   579   579 D SystemServerTiming: OnBootPhase_600_com.android.server.contentsuggestions.ContentSuggestionsManagerService
05-20 10:22:39.335   579   579 D SystemServerTiming: OnBootPhase_600_com.android.server.searchui.SearchUiManagerService
05-20 10:22:39.335   579   579 D SystemServerTiming: OnBootPhase_600_com.android.server.smartspace.SmartspaceManagerService
05-20 10:22:39.335   579   579 D SystemServerTiming: OnBootPhase_600_com.android.server.contextualsearch.ContextualSearchManagerService
05-20 10:22:39.335   579   579 D SystemServerTiming: OnBootPhase_600_com.android.server.graphics.fonts.FontManagerService$Lifecycle
05-20 10:22:39.335   579   579 D SystemServerTiming: OnBootPhase_600_com.android.server.textservices.TextServicesManagerService$Lifecycle
05-20 10:22:39.335   579   579 D SystemServerTiming: OnBootPhase_600_com.android.server.textclassifier.TextClassificationManagerService$Lifecycle
05-20 10:22:39.335   579   579 D SystemServerTiming: OnBootPhase_600_com.android.server.NetworkScoreService$Lifecycle
05-20 10:22:39.335   579   579 D SystemServerTiming: OnBootPhase_600_com.android.server.NetworkStatsServiceInitializer
05-20 10:22:39.335   579   579 D SystemServerTiming: OnBootPhase_600_com.android.server.wifi.WifiService
05-20 10:22:39.335   579   579 D SystemServerTiming: OnBootPhase_600_com.android.server.wifi.scanner.WifiScanningService
05-20 10:22:39.335   579   579 D SystemServerTiming: OnBootPhase_600_com.android.server.wifi.p2p.WifiP2pService
05-20 10:22:39.335   579   579 D SystemServerTiming: OnBootPhase_600_com.android.server.ConnectivityServiceInitializer
05-20 10:22:39.335   579   579 D SystemServerTiming: OnBootPhase_600_com.android.server.notification.NotificationManagerService
05-20 10:22:39.340   826   826 V WindowManagerShell: Adding init callback for CompatUIController
05-20 10:22:39.346   826   826 V WindowManagerShell: Adding init callback for TaskStackTransitionObserver
05-20 10:22:39.347   826   826 V WindowManagerShell: Adding init callback for RecentTasksController
05-20 10:22:39.347   579   579 D SystemServerTiming: OnBootPhase_600_com.android.server.storage.DeviceStorageMonitorService
05-20 10:22:39.347   579   579 D SystemServerTiming: OnBootPhase_600_com.android.server.timedetector.TimeDetectorService$Lifecycle
05-20 10:22:39.347   579   579 D SystemServerTiming: OnBootPhase_600_com.android.server.location.LocationManagerService$Lifecycle
05-20 10:22:39.348   826   826 V WindowManagerShell: Adding init callback for ShellTaskOrganizer
05-20 10:22:39.358   826   826 V WindowManagerShell: Adding init callback for OneHandedController
05-20 10:22:39.359   826   826 V WindowManagerShell: Adding init callback for RootTaskDisplayAreaOrganizer
05-20 10:22:39.365   826   826 V WindowManagerShell: Adding init callback for DefaultTransitionHandler
05-20 10:22:39.365   826   826 V WindowManagerShell: addHandler: Default
05-20 10:22:39.365   826   826 V WindowManagerShell: addHandler: Remote
05-20 10:22:39.365   826   826 V WindowManagerShell: Adding init callback for Transitions
05-20 10:22:39.366   826   826 V WindowManagerShell: Adding init callback for DragAndDropController
05-20 10:22:39.370   826   826 V WindowManagerShell: Adding init callback for BubbleController
05-20 10:22:39.371   826   826 V WindowManagerShell: Adding init callback for DesktopModeLoggerTransitionObserver
05-20 10:22:39.371   826   826 V WindowManagerShell: Adding init callback for RecentsTransitionHandler
05-20 10:22:39.372   826   826 V WindowManagerShell: Adding init callback for DesktopTasksController
05-20 10:22:39.372   826   826 V WindowManagerShell: Adding init callback for DesktopModeWindowDecorViewModel
05-20 10:22:39.372   826   826 V WindowManagerShell: Adding init callback for SplitScreenController
05-20 10:22:39.372   826   826 V WindowManagerShell: Adding init callback for FullscreenTaskListener
05-20 10:22:39.372   826   826 V WindowManagerShell: Adding init callback for FreeformTaskListener
05-20 10:22:39.372   826   826 V WindowManagerShell: Adding init callback for FreeformTaskTransitionHandler
05-20 10:22:39.373   826   826 V WindowManagerShell: Adding init callback for FreeformTaskTransitionObserver
05-20 10:22:39.373   826   826 V WindowManagerShell: Adding init callback for ActivityEmbeddingController
05-20 10:22:39.376   826   826 V WindowManagerShell: Adding init callback for PipTransition
05-20 10:22:39.380   826   826 V WindowManagerShell: Adding init callback for PerfHintController
05-20 10:22:39.386   826   826 V WindowManagerShell: Adding init callback for PipTransition
05-20 10:22:39.386   826   826 V WindowManagerShell: Adding init callback for KeyguardTransitionHandler
05-20 10:22:39.386   826   826 V WindowManagerShell: Adding init callback for DefaultMixedHandler
05-20 10:22:39.389   579   649 I ActivityManager: Process WebViewLoader-x86_64 (pid 848) has died: psvc PER 
05-20 10:22:39.391   579   601 D DisplayManagerService: Drop pending events for gone uid 1037
05-20 10:22:39.395   826   826 V WindowManagerShell: Adding init callback for StartingWindowController
05-20 10:22:39.395   826   826 V WindowManagerShell: Adding init callback for ProtoLogController
05-20 10:22:39.395   826   826 V WindowManagerShell: Adding init callback for DesktopTasksTransitionObserver
05-20 10:22:39.396   826   826 V WindowManagerShell: Adding init callback for PipTouchHandler
05-20 10:22:39.396   826   826 V WindowManagerShell: Adding init callback for DevicePostureController
05-20 10:22:39.396   826   826 V WindowManagerShell: Adding init callback for TabletopModeController
05-20 10:22:39.396   826   826 V WindowManagerShell: Adding init callback for PipController
05-20 10:22:39.396   826   826 V WindowManagerShell: Adding init callback for RootDisplayAreaOrganizer
05-20 10:22:39.399   826   826 V WindowManagerShell: Adding init callback for BackAnimationController
05-20 10:22:39.401   826   865 V WindowManagerShell: Initializing Shell Components: 39
05-20 10:22:39.401   826   865 V WindowManagerShell: 	DisplayChangeController init took 1ms
05-20 10:22:39.402   826   865 V WindowManagerShell: 	DisplayController init took 0ms
05-20 10:22:39.402   826   865 V WindowManagerShell: 	DisplayInsetsController init took 1ms
05-20 10:22:39.402   826   865 V WindowManagerShell: 	DisplayImeController init took 0ms
05-20 10:22:39.402   826   865 V WindowManagerShell: Adding dump callback for ShellController
05-20 10:22:39.402   826   865 V WindowManagerShell: 	ShellController init took 0ms
05-20 10:22:39.402   826   865 V WindowManagerShell: Adding command class compatui for CompatUIShellCommandHandler
05-20 10:22:39.402   826   865 V WindowManagerShell: 	CompatUIController init took 0ms
05-20 10:22:39.402   826   865 V WindowManagerShell: 	TaskStackTransitionObserver init took 0ms
05-20 10:22:39.402   826   865 V WindowManagerShell: Adding external interface from RecentTasksController with key extra_shell_recent_tasks
05-20 10:22:39.402   826   865 V WindowManagerShell: Adding dump callback for RecentTasksController
05-20 10:22:39.403   826   865 V WindowManagerShell: 	RecentTasksController init took 1ms
05-20 10:22:39.403   826   865 V WindowManagerShell: Adding dump callback for ShellTaskOrganizer
05-20 10:22:39.407   826   865 V WindowManagerShell: 	ShellTaskOrganizer init took 3ms
05-20 10:22:39.407   826   865 V WindowManagerShell: Adding dump callback for OneHandedController
05-20 10:22:39.409   579   600 E SystemServiceRegistry: Manager wrapper not available: carrier_config
05-20 10:22:39.412   826   865 V WindowManagerShell: Adding external interface from OneHandedController with key extra_shell_one_handed
05-20 10:22:39.412   826   865 V WindowManagerShell: 	OneHandedController init took 5ms
05-20 10:22:39.414   826   865 V WindowManagerShell: 	RootTaskDisplayAreaOrganizer init took 3ms
05-20 10:22:39.416   579   579 W SystemServiceManager: Service com.android.server.location.LocationManagerService$Lifecycle took 69 ms in onBootPhase
05-20 10:22:39.417   579   579 D SystemServerTiming: OnBootPhase_600_com.android.server.timezonedetector.TimeZoneDetectorService$Lifecycle
05-20 10:22:39.417   579   579 D SystemServerTiming: OnBootPhase_600_com.android.server.location.altitude.AltitudeService$Lifecycle
05-20 10:22:39.417   579   579 D SystemServerTiming: OnBootPhase_600_com.android.server.timezonedetector.location.LocationTimeZoneManagerService$Lifecycle
05-20 10:22:39.417   579   579 D SystemServerTiming: OnBootPhase_600_com.android.server.search.SearchManagerService$Lifecycle
05-20 10:22:39.417   579   579 D SystemServerTiming: OnBootPhase_600_com.android.server.wallpaper.WallpaperManagerService$Lifecycle
05-20 10:22:39.418   579   579 D WallpaperManagerService: Wallpaper_switch-user-0
05-20 10:22:39.418   826   865 V WindowManagerShell: 	DefaultTransitionHandler init took 3ms
05-20 10:22:39.418   826   865 V WindowManagerShell: Adding external interface from Transitions with key extra_shell_shell_transitions
05-20 10:22:39.419   579   579 V WallpaperManagerService: bindWallpaperComponentLocked: componentName=ComponentInfo{com.android.systemui/com.android.systemui.wallpapers.ImageWallpaper}
05-20 10:22:39.419   579   579 D WallpaperManagerService: WPMS.bindWallpaperComponentLocked-ComponentInfo{com.android.systemui/com.android.systemui.wallpapers.ImageWallpaper}
05-20 10:22:39.419   579   600 W LocationTZDetector: onProviderStateChange: Ignoring provider state change because both providers have not yet completed initialization. providerState=ProviderState{stateEnum=Perm failure (5), event=null, currentUserConfiguration=null, mStateEntryTimeMillis=10813, mDebugInfo=Failed to initialize: onInitialize() returned false}
05-20 10:22:39.420   579   597 V WindowManager: Registering transition player android.os.BinderProxy@6bccf52 
05-20 10:22:39.420   579   579 D SystemServerTiming: OnBootPhase_600_com.android.server.wallpapereffectsgeneration.WallpaperEffectsGenerationManagerService
05-20 10:22:39.420   579   579 D SystemServerTiming: OnBootPhase_600_com.android.server.audio.AudioService$Lifecycle
05-20 10:22:39.420   579   579 D SystemServerTiming: OnBootPhase_600_com.android.server.soundtrigger_middleware.SoundTriggerMiddlewareService$Lifecycle
05-20 10:22:39.420   579   579 D SystemServerTiming: OnBootPhase_600_com.android.server.DockObserver
05-20 10:22:39.420   579   579 D SystemServerTiming: OnBootPhase_600_com.android.server.midi.MidiService$Lifecycle
05-20 10:22:39.420   579   579 D SystemServerTiming: OnBootPhase_600_com.android.server.adb.AdbService$Lifecycle
05-20 10:22:39.420   579   579 D SystemServerTiming: OnBootPhase_600_com.android.server.usb.UsbService$Lifecycle
05-20 10:22:39.420   579   579 D SystemServerTiming: OnBootPhase_600_com.android.server.SerialService$Lifecycle
05-20 10:22:39.420   579   579 D SystemServerTiming: OnBootPhase_600_com.android.server.twilight.TwilightService
05-20 10:22:39.420   579   579 D SystemServerTiming: OnBootPhase_600_com.android.server.display.color.ColorDisplayService
05-20 10:22:39.420   579   579 D SystemServerTiming: OnBootPhase_600_com.android.server.job.JobSchedulerService
05-20 10:22:39.421   826   865 V WindowManagerShell: Adding command class transitions for Transitions
05-20 10:22:39.421   826   865 V WindowManagerShell: Adding dump callback for Transitions
05-20 10:22:39.421   826   865 V WindowManagerShell: 	Transitions init took 3ms
05-20 10:22:39.421   826   865 V WindowManagerShell: Adding external interface from DragAndDropController with key extra_shell_drag_and_drop
05-20 10:22:39.421   826   865 V WindowManagerShell: Adding dump callback for DragAndDropController
05-20 10:22:39.421   826   865 V WindowManagerShell: 	DragAndDropController init took 1ms
05-20 10:22:39.423   826   865 V WindowManagerShell: Adding external interface from BubbleController with key extra_shell_bubbles
05-20 10:22:39.423   826   865 V WindowManagerShell: Adding dump callback for BubbleController
05-20 10:22:39.423   826   865 V WindowManagerShell: 	BubbleController init took 2ms
05-20 10:22:39.423   826   865 V WindowManagerShell: 	DesktopModeLoggerTransitionObserver init took 0ms
05-20 10:22:39.423   826   865 V WindowManagerShell: addHandler: RecentsTransitionHandler
05-20 10:22:39.423   826   865 V WindowManagerShell: 	RecentsTransitionHandler init took 0ms
05-20 10:22:39.423   826   865 V WindowManagerShell: Adding dump callback for DesktopTasksController
05-20 10:22:39.423   826   865 V WindowManagerShell: Adding command class desktopmode for DesktopTasksController
05-20 10:22:39.423   826   865 V WindowManagerShell: Adding external interface from DesktopTasksController with key extra_shell_desktop_mode
05-20 10:22:39.423   826   865 V WindowManagerShell: addHandler: DesktopTasksController
05-20 10:22:39.423   826   865 V WindowManagerShell: 	DesktopTasksController init took 0ms
05-20 10:22:39.423   826   865 V WindowManagerShell: Adding dump callback for DesktopModeWindowDecorViewModel
05-20 10:22:39.424   826   865 V WindowManagerShell: 	DesktopModeWindowDecorViewModel init took 1ms
05-20 10:22:39.425   826   865 V WindowManagerShell: Adding dump callback for SplitScreenController
05-20 10:22:39.425   826   865 V WindowManagerShell: Adding command class splitscreen for SplitScreenController
05-20 10:22:39.426   826   865 V WindowManagerShell: Adding external interface from SplitScreenController with key extra_shell_split_screen
05-20 10:22:39.428   579   579 D SystemServerTiming: OnBootPhase_600_com.android.server.soundtrigger.SoundTriggerService
05-20 10:22:39.428   579   579 D SoundTriggerService: onBootPhase: 600 : false
05-20 10:22:39.440   579   579 D SystemServerTiming: OnBootPhase_600_com.android.server.trust.TrustManagerService
05-20 10:22:39.442   826   865 D ShellSplitScreen: Creating main/side root task
05-20 10:22:39.442   185   195 I keystore2: system/security/keystore2/src/authorization.rs:128 - on_device_unlocked(user_id=0, password.is_some()=false)
05-20 10:22:39.443   579   579 D SystemServerTiming: OnBootPhase_600_com.android.server.backup.BackupManagerService$Lifecycle
05-20 10:22:39.443   579   579 D SystemServerTiming: OnBootPhase_600_com.android.server.appwidget.AppWidgetService
05-20 10:22:39.443   579   579 D SystemServerTiming: OnBootPhase_600_com.android.server.voiceinteraction.VoiceInteractionManagerService
05-20 10:22:39.444   579   579 D SystemServerTiming: OnBootPhase_600_com.android.server.GestureLauncherService
05-20 10:22:39.445   579   579 D SystemServerTiming: OnBootPhase_600_com.android.server.SensorNotificationService
05-20 10:22:39.446   579   579 D SystemServerTiming: OnBootPhase_600_com.android.server.emergency.EmergencyAffordanceService
05-20 10:22:39.446   579   579 D SystemServerTiming: OnBootPhase_600_com.android.server.blob.BlobStoreManagerService
05-20 10:22:39.447   826   865 D ShellSplitScreen: onFoldedStateChanged: folded=false
05-20 10:22:39.447   826   865 D ShellSplitScreen: onDisplayAdded: display=0
05-20 10:22:39.447   826   865 V WindowManagerShell: addHandler: StageCoordinator
05-20 10:22:39.447   826   865 V WindowManagerShell: 	SplitScreenController init took 23ms
05-20 10:22:39.447   826   865 V WindowManagerShell: 	FullscreenTaskListener init took 0ms
05-20 10:22:39.448   826   865 V WindowManagerShell: 	FreeformTaskListener init took 0ms
05-20 10:22:39.448   826   865 V WindowManagerShell: 	FreeformTaskTransitionHandler init took 0ms
05-20 10:22:39.448   826   865 V WindowManagerShell: 	FreeformTaskTransitionObserver init took 0ms
05-20 10:22:39.448   826   865 V WindowManagerShell: addHandler: ActivityEmbeddingController
05-20 10:22:39.448   826   865 V WindowManagerShell: 	ActivityEmbeddingController init took 0ms
05-20 10:22:39.448   826   865 V WindowManagerShell: addHandler: PipTransition
05-20 10:22:39.448   826   865 V WindowManagerShell: 	PipTransition init took 0ms
05-20 10:22:39.448   826   865 V WindowManagerShell: Adding dump callback for PerfHintController
05-20 10:22:39.451   826   865 V WindowManagerShell: 	PerfHintController init took 3ms
05-20 10:22:39.451   826   865 V WindowManagerShell: 	PipTransition init took 0ms
05-20 10:22:39.451   826   865 V WindowManagerShell: addHandler: KeyguardTransitionHandler
05-20 10:22:39.451   826   865 V WindowManagerShell: 	KeyguardTransitionHandler init took 1ms
05-20 10:22:39.452   826   865 V WindowManagerShell: addHandler: DefaultMixedHandler
05-20 10:22:39.452   826   865 V WindowManagerShell: 	DefaultMixedHandler init took 0ms
05-20 10:22:39.452   826   865 V WindowManagerShell: Adding external interface from StartingWindowController with key extra_shell_starting_window
05-20 10:22:39.452   826   865 V WindowManagerShell: 	StartingWindowController init took 0ms
05-20 10:22:39.452   826   865 V WindowManagerShell: Adding command class protolog for ProtoLogController
05-20 10:22:39.452   826   865 V WindowManagerShell: 	ProtoLogController init took 0ms
05-20 10:22:39.452   826   865 V WindowManagerShell: 	DesktopTasksTransitionObserver init took 0ms
05-20 10:22:39.456   579   579 D SystemServerTiming: OnBootPhase_600_com.android.server.dreams.DreamManagerService
05-20 10:22:39.458   579   579 D SystemServerTiming: OnBootPhase_600_com.android.server.print.PrintManagerService
05-20 10:22:39.458   579   579 D SystemServerTiming: OnBootPhase_600_com.android.server.security.AttestationVerificationManagerService
05-20 10:22:39.458   579   579 D SystemServerTiming: OnBootPhase_600_com.android.server.companion.CompanionDeviceManagerService
05-20 10:22:39.458   579   579 D SystemServerTiming: OnBootPhase_600_com.android.server.companion.virtual.VirtualDeviceManagerService
05-20 10:22:39.458   579   579 D SystemServerTiming: OnBootPhase_600_com.android.server.restrictions.RestrictionsManagerService
05-20 10:22:39.458   579   579 D SystemServerTiming: OnBootPhase_600_com.android.server.media.MediaSessionService
05-20 10:22:39.458   579   579 D SystemServerTiming: OnBootPhase_600_com.android.server.media.MediaResourceMonitorService
05-20 10:22:39.458   579   579 D SystemServerTiming: OnBootPhase_600_com.android.server.biometrics.sensors.face.FaceService
05-20 10:22:39.458   579   579 D SystemServerTiming: OnBootPhase_600_com.android.server.biometrics.sensors.fingerprint.FingerprintService
05-20 10:22:39.458   579   579 D SystemServerTiming: OnBootPhase_600_com.android.server.biometrics.BiometricService
05-20 10:22:39.458   579   579 D SystemServerTiming: OnBootPhase_600_com.android.server.biometrics.AuthService
05-20 10:22:39.458   579   579 D SystemServerTiming: OnBootPhase_600_com.android.server.adaptiveauth.AdaptiveAuthService
05-20 10:22:39.458   579   579 D SystemServerTiming: OnBootPhase_600_com.android.server.pm.ShortcutService$Lifecycle
05-20 10:22:39.458   579   579 D ShortcutService: onBootPhase: 600
05-20 10:22:39.458   579   579 D SystemServerTiming: OnBootPhase_600_com.android.server.pm.LauncherAppsService
05-20 10:22:39.458   579   579 D SystemServerTiming: OnBootPhase_600_com.android.server.pm.CrossProfileAppsService
05-20 10:22:39.458   579   579 D SystemServerTiming: OnBootPhase_600_com.android.server.people.PeopleService
05-20 10:22:39.458   579   579 D SystemServerTiming: OnBootPhase_600_com.android.server.media.metrics.MediaMetricsManagerService
05-20 10:22:39.458   579   579 D SystemServerTiming: OnBootPhase_600_com.android.server.pm.BackgroundInstallControlService
05-20 10:22:39.458   579   579 D SystemServerTiming: OnBootPhase_600_com.android.server.media.projection.MediaProjectionManagerService
05-20 10:22:39.459   579   579 D SystemServerTiming: OnBootPhase_600_com.android.server.slice.SliceManagerService$Lifecycle
05-20 10:22:39.459   579   579 D SystemServerTiming: OnBootPhase_600_com.android.server.stats.StatsCompanion$Lifecycle
05-20 10:22:39.461   826   865 V WindowManagerShell: 	PipTouchHandler init took 9ms
05-20 10:22:39.461   826   865 V WindowManagerShell: 	DevicePostureController init took 1ms
05-20 10:22:39.461   826   865 V WindowManagerShell: 	TabletopModeController init took 0ms
05-20 10:22:39.461   826   865 V WindowManagerShell: Adding dump callback for PipController
05-20 10:22:39.463   579   579 D SystemServerTiming: OnBootPhase_600_com.android.server.scheduling.RebootReadinessManagerService$Lifecycle
05-20 10:22:39.463   579   579 D SystemServerTiming: OnBootPhase_600_com.android.server.stats.pull.StatsPullAtomService
05-20 10:22:39.464   579   579 D SystemServerTiming: OnBootPhase_600_com.android.server.stats.bootstrap.StatsBootstrapAtomService$Lifecycle
05-20 10:22:39.464   579   579 D SystemServerTiming: OnBootPhase_600_com.android.server.incident.IncidentCompanionService
05-20 10:22:39.464   579   579 D SystemServerTiming: OnBootPhase_600_com.android.server.sdksandbox.SdkSandboxManagerService$Lifecycle
05-20 10:22:39.464   579   579 D SystemServerTiming: OnBootPhase_600_com.android.server.adservices.AdServicesManagerService$Lifecycle
05-20 10:22:39.464   579   579 D SystemServerTiming: OnBootPhase_600_com.android.server.ondevicepersonalization.OnDevicePersonalizationSystemService$Lifecycle
05-20 10:22:39.464   579   579 D SystemServerTiming: OnBootPhase_600_android.os.profiling.ProfilingService$Lifecycle
05-20 10:22:39.464   579   579 D SystemServerTiming: OnBootPhase_600_com.android.server.autofill.AutofillManagerService
05-20 10:22:39.464   579   579 D SystemServerTiming: OnBootPhase_600_com.android.server.credentials.CredentialManagerService
05-20 10:22:39.464   579   579 D SystemServerTiming: OnBootPhase_600_com.android.server.translation.TranslationManagerService
05-20 10:22:39.464   579   579 D SystemServerTiming: OnBootPhase_600_com.android.server.clipboard.ClipboardService
05-20 10:22:39.464   579   579 D SystemServerTiming: OnBootPhase_600_com.android.server.appbinding.AppBindingService$Lifecycle
05-20 10:22:39.464   579   579 D SystemServerTiming: OnBootPhase_600_com.android.server.tracing.TracingServiceProxy
05-20 10:22:39.464   579   579 D SystemServerTiming: OnBootPhase_600_com.android.server.policy.PermissionPolicyService
05-20 10:22:39.464   579   579 D SystemServerTiming: OnBootPhase_600_com.android.server.pm.StagingManager$Lifecycle
05-20 10:22:39.464   579   579 D SystemServerTiming: OnBootPhase_600_com.android.server.app.GameManagerService$Lifecycle
05-20 10:22:39.464   579   579 D SystemServerTiming: OnBootPhase_600_com.android.safetycenter.SafetyCenterService
05-20 10:22:39.464   579   579 D SystemServerTiming: OnBootPhase_600_com.android.server.appsearch.AppSearchModule$Lifecycle
05-20 10:22:39.464   579   579 D SystemServerTiming: OnBootPhase_600_com.android.server.media.MediaCommunicationService
05-20 10:22:39.464   579   579 D SystemServerTiming: OnBootPhase_600_com.android.server.compat.overrides.AppCompatOverridesService$Lifecycle
05-20 10:22:39.464   579   579 D SystemServerTiming: OnBootPhase_600_com.android.server.healthconnect.HealthConnectManagerService
05-20 10:22:39.464   579   579 D SystemServerTiming: OnBootPhase_600_com.android.server.devicelock.DeviceLockService
05-20 10:22:39.464   579   579 D DeviceLockService: onBootPhase: 600
05-20 10:22:39.464   579   579 D SystemServerTiming: OnBootPhase_600_com.android.server.SensitiveContentProtectionManagerService
05-20 10:22:39.464   579   579 D SystemServerTiming: StartNetworkStack
05-20 10:22:39.465   826   865 V WindowManagerShell: Adding external interface from PipController with key extra_shell_pip
05-20 10:22:39.465   826   865 V WindowManagerShell: 	PipController init took 4ms
05-20 10:22:39.465   579   611 D StatsPullAtomService: Registering NetworkStats pullers with statsd
05-20 10:22:39.466   579   579 D CompatChangeReporter: Compat change id reported: 151861875; UID 1073; state: ENABLED
05-20 10:22:39.466   826   865 V WindowManagerShell: 	RootDisplayAreaOrganizer init took 0ms
05-20 10:22:39.466   826   865 D ShellBackPreview: Back animation aconfig flag is enabled, therefore developer settings flag is ignored and no content observer registered
05-20 10:22:39.466   826   865 D ShellBackPreview: Back animation enabled=true
05-20 10:22:39.466   826   865 V WindowManagerShell: Adding external interface from BackAnimationController with key extra_shell_back_animation
05-20 10:22:39.466   826   865 V WindowManagerShell: Adding dump callback for BackAnimationController
05-20 10:22:39.466   826   865 V WindowManagerShell: 	BackAnimationController init took 1ms
05-20 10:22:39.466   826   865 V ShellDragAndDrop: Display added: 0
05-20 10:22:39.470   579   579 D SystemServerTiming: StartTethering
05-20 10:22:39.471   579   579 D SystemServerTiming: MakeCountryDetectionServiceReady
05-20 10:22:39.471   579   579 D SystemServerTiming: MakeNetworkTimeUpdateReady
05-20 10:22:39.472   579   579 D SystemServerTiming: MakeInputManagerServiceReady
05-20 10:22:39.484   579   579 D SystemServerTiming: MakeTelephonyRegistryReady
05-20 10:22:39.484   579   579 D SystemServerTiming: MakeMediaRouterServiceReady
05-20 10:22:39.484   579   579 I MR2ServiceImpl: switchUser | user: 0
05-20 10:22:39.484   579   579 D SystemServerTiming: IncidentDaemonReady
05-20 10:22:39.487   579   579 D SystemServerTiming: MakeIncrementalServiceReady
05-20 10:22:39.487   579   579 D SystemServerTiming: OdsignStatsLogger
05-20 10:22:39.487   579   579 D SystemServerTiming: getCurrentUser
05-20 10:22:39.487   579   579 I ActivityManager: Current user:0
05-20 10:22:39.487   579   579 D SystemServerTiming: ActivityManagerStartApps
05-20 10:22:39.488   579   579 D SystemServerTimingAsync: ssm.StartUser-0
05-20 10:22:39.488   579   579 I SystemServiceManager: Calling onStartUser 0
05-20 10:22:39.488   579   579 D SystemServerTimingAsync: ssm.onStartUser-0_com.android.server.security.FileIntegrityService
05-20 10:22:39.488   579   579 D SystemServerTimingAsync: ssm.onStartUser-0_com.android.server.pm.Installer
05-20 10:22:39.488   579   579 D SystemServerTimingAsync: ssm.onStartUser-0_com.android.server.os.DeviceIdentifiersPolicyService
05-20 10:22:39.488   579   579 D SystemServerTimingAsync: ssm.onStartUser-0_com.android.server.flags.FeatureFlagsService
05-20 10:22:39.488   579   579 D SystemServerTimingAsync: ssm.onStartUser-0_com.android.server.uri.UriGrantsManagerService$Lifecycle
05-20 10:22:39.488   579   579 D SystemServerTimingAsync: ssm.onStartUser-0_com.android.server.powerstats.PowerStatsService
05-20 10:22:39.488   579   579 D SystemServerTimingAsync: ssm.onStartUser-0_com.android.server.permission.access.AccessCheckingService
05-20 10:22:39.488   579   579 D SystemServerTimingAsync: ssm.onStartUser-0_com.android.server.wm.ActivityTaskManagerService$Lifecycle
05-20 10:22:39.488   579   579 D SystemServerTimingAsync: ssm.onStartUser-0_com.android.server.am.ActivityManagerService$Lifecycle
05-20 10:22:39.488   579   579 D SystemServerTimingAsync: ssm.onStartUser-0_com.android.server.pm.DataLoaderManagerService
05-20 10:22:39.488   579   579 D SystemServerTimingAsync: ssm.onStartUser-0_com.android.server.power.PowerManagerService
05-20 10:22:39.488   579   579 D SystemServerTimingAsync: ssm.onStartUser-0_com.android.server.power.ThermalManagerService
05-20 10:22:39.488   579   579 D SystemServerTimingAsync: ssm.onStartUser-0_com.android.server.recoverysystem.RecoverySystemService$Lifecycle
05-20 10:22:39.488   579   579 D SystemServerTimingAsync: ssm.onStartUser-0_com.android.server.lights.LightsService
05-20 10:22:39.488   579   579 D SystemServerTimingAsync: ssm.onStartUser-0_com.android.server.display.DisplayManagerService
05-20 10:22:39.488   579   579 D SystemServerTimingAsync: ssm.onStartUser-0_com.android.server.pm.verify.domain.DomainVerificationService
05-20 10:22:39.488   579   579 D SystemServerTimingAsync: ssm.onStartUser-0_com.android.server.pm.PackageInstallerService$Lifecycle
05-20 10:22:39.488   579   579 D SystemServerTimingAsync: ssm.onStartUser-0_com.android.server.pm.UserManagerService$LifeCycle
05-20 10:22:39.488   579   579 D SystemServerTimingAsync: ssm.onStartUser-0_com.android.server.om.OverlayManagerService
05-20 10:22:39.488   579   579 D SystemServerTimingAsync: ssm.onStartUser-0_com.android.server.resources.ResourcesManagerService
05-20 10:22:39.488   579   579 D SystemServerTimingAsync: ssm.onStartUser-0_com.android.server.sensorprivacy.SensorPrivacyService
05-20 10:22:39.488   579   579 D SystemServerTimingAsync: ssm.onStartUser-0_com.android.server.sensors.SensorService
05-20 10:22:39.488   579   579 D SystemServerTimingAsync: ssm.onStartUser-0_com.android.server.SystemConfigService
05-20 10:22:39.488   579   579 D SystemServerTimingAsync: ssm.onStartUser-0_com.android.server.BatteryService
05-20 10:22:39.488   579   579 D SystemServerTimingAsync: ssm.onStartUser-0_com.android.server.usage.UsageStatsService
05-20 10:22:39.488   579   579 D SystemServerTimingAsync: ssm.onStartUser-0_com.android.server.webkit.WebViewUpdateService
05-20 10:22:39.488   579   579 D SystemServerTimingAsync: ssm.onStartUser-0_com.android.server.CachedDeviceStateService
05-20 10:22:39.488   579   579 D SystemServerTimingAsync: ssm.onStartUser-0_com.android.server.BinderCallsStatsService$LifeCycle
05-20 10:22:39.488   579   579 D SystemServerTimingAsync: ssm.onStartUser-0_com.android.server.LooperStatsService$Lifecycle
05-20 10:22:39.488   579   579 D SystemServerTimingAsync: ssm.onStartUser-0_com.android.server.rollback.RollbackManagerService
05-20 10:22:39.488   579   579 D SystemServerTimingAsync: ssm.onStartUser-0_com.android.server.os.NativeTombstoneManagerService
05-20 10:22:39.488   579   579 D SystemServerTimingAsync: ssm.onStartUser-0_com.android.server.os.BugreportManagerService
05-20 10:22:39.488   579   579 D SystemServerTimingAsync: ssm.onStartUser-0_com.android.server.gpu.GpuService
05-20 10:22:39.488   579   579 D SystemServerTimingAsync: ssm.onStartUser-0_com.android.server.security.rkp.RemoteProvisioningService
05-20 10:22:39.488   579   579 D SystemServerTimingAsync: ssm.onStartUser-0_com.android.server.security.KeyChainSystemService
05-20 10:22:39.488   579   579 D SystemServerTimingAsync: ssm.onStartUser-0_com.android.server.BinaryTransparencyService
05-20 10:22:39.488   579   579 D SystemServerTimingAsync: ssm.onStartUser-0_com.android.server.telecom.TelecomLoaderService
05-20 10:22:39.488   579   579 D SystemServerTimingAsync: ssm.onStartUser-0_com.android.server.accounts.AccountManagerService$Lifecycle
05-20 10:22:39.488   579   579 D SystemServerTimingAsync: ssm.onStartUser-0_com.android.server.content.ContentService$Lifecycle
05-20 10:22:39.490   579   579 D SystemServerTimingAsync: ssm.onStartUser-0_com.android.server.deviceconfig.DeviceConfigInit$Lifecycle
05-20 10:22:39.490   579   579 D SystemServerTimingAsync: ssm.onStartUser-0_com.android.server.DropBoxManagerService
05-20 10:22:39.490   579   579 D SystemServerTimingAsync: ssm.onStartUser-0_com.android.ecm.EnhancedConfirmationService
05-20 10:22:39.490   579   579 D SystemServerTimingAsync: ssm.onStartUser-0_com.android.server.power.hint.HintManagerService
05-20 10:22:39.490   579   579 D SystemServerTimingAsync: ssm.onStartUser-0_com.android.role.RoleService
05-20 10:22:39.498   579   613 I ActivityManager: Start proc 916:com.android.networkstack.process/1073 for service {com.google.android.networkstack/com.android.server.NetworkStackService}
05-20 10:22:39.504   579   579 D SystemServerTimingAsync: ssm.onStartUser-0_com.android.server.vibrator.VibratorManagerService$Lifecycle
05-20 10:22:39.504   579   579 D SystemServerTimingAsync: ssm.onStartUser-0_com.android.server.alarm.AlarmManagerService
05-20 10:22:39.504   579   579 D SystemServerTimingAsync: ssm.onStartUser-0_com.android.server.devicestate.DeviceStateManagerService
05-20 10:22:39.504   579   579 D SystemServerTimingAsync: ssm.onStartUser-0_com.android.server.camera.CameraServiceProxy
05-20 10:22:39.506   579   579 D SystemServerTimingAsync: ssm.onStartUser-0_com.android.server.bluetooth.BluetoothService
05-20 10:22:39.506   579   579 D SystemServerTimingAsync: ssm.onStartUser-0_com.android.server.connectivity.IpConnectivityMetrics
05-20 10:22:39.506   579   579 D SystemServerTimingAsync: ssm.onStartUser-0_com.android.server.net.watchlist.NetworkWatchlistService$Lifecycle
05-20 10:22:39.506   579   579 D SystemServerTimingAsync: ssm.onStartUser-0_com.android.server.PinnerService
05-20 10:22:39.506   579   579 D SystemServerTimingAsync: ssm.onStartUser-0_com.android.server.integrity.AppIntegrityManagerService
05-20 10:22:39.506   579   579 D SystemServerTimingAsync: ssm.onStartUser-0_com.android.server.logcat.LogcatManagerService
05-20 10:22:39.506   579   579 D SystemServerTimingAsync: ssm.onStartUser-0_com.android.server.inputmethod.InputMethodManagerService$Lifecycle
05-20 10:22:39.506   579   579 D SystemServerTimingAsync: ssm.onStartUser-0_com.android.server.accessibility.AccessibilityManagerService$Lifecycle
05-20 10:22:39.506   579   579 D SystemServerTimingAsync: ssm.onStartUser-0_com.android.server.StorageManagerService$Lifecycle
05-20 10:22:39.507   579   579 V StorageManagerService: Package com.google.android.networkstack.tethering does not have legacy storage
05-20 10:22:39.507   579   579 V StorageManagerService: Package com.google.android.uwb.resources.pixel does not have legacy storage
05-20 10:22:39.507   579   579 V StorageManagerService: Package com.android.cts.priv.ctsshim does not have legacy storage
05-20 10:22:39.507   579   579 V StorageManagerService: Package com.google.android.youtube does not have legacy storage
05-20 10:22:39.507   579   579 V StorageManagerService: Package de.tsschulz.timeclock does not have legacy storage
05-20 10:22:39.509   579   579 V StorageManagerService: Package com.android.internal.display.cutout.emulation.corner does not have legacy storage
05-20 10:22:39.509   579   579 V StorageManagerService: Package com.google.android.ext.services does not have legacy storage
05-20 10:22:39.509   579   579 V StorageManagerService: Package com.android.internal.display.cutout.emulation.double does not have legacy storage
05-20 10:22:39.509   579   579 V StorageManagerService: Package com.android.providers.telephony does not have legacy storage
05-20 10:22:39.509   579   579 V StorageManagerService: Package com.google.android.carrierlocation does not have legacy storage
05-20 10:22:39.509   579   579 V StorageManagerService: Package com.android.dynsystem has legacy storage
05-20 10:22:39.509   579   579 V StorageManagerService: Package com.google.android.googlequicksearchbox does not have legacy storage
05-20 10:22:39.509   579   579 V StorageManagerService: Package com.android.settings.overlay.tangorpro does not have legacy storage
05-20 10:22:39.509   579   579 V StorageManagerService: Package com.google.android.cellbroadcastservice does not have legacy storage
05-20 10:22:39.509   579   579 V StorageManagerService: Package com.android.providers.calendar does not have legacy storage
05-20 10:22:39.509   579   579 V StorageManagerService: Package com.android.providers.media does not have legacy storage
05-20 10:22:39.509   579   579 V StorageManagerService: Package com.google.android.onetimeinitializer does not have legacy storage
05-20 10:22:39.509   579   579 V StorageManagerService: Package com.google.android.ext.shared does not have legacy storage
05-20 10:22:39.509   579   579 V StorageManagerService: Package com.android.virtualmachine.res does not have legacy storage
05-20 10:22:39.509   579   579 V StorageManagerService: Package com.android.wallpapercropper does not have legacy storage
05-20 10:22:39.509   579   579 V StorageManagerService: Package com.google.android.federatedcompute does not have legacy storage
05-20 10:22:39.509   579   579 V StorageManagerService: Package com.android.managedprovisioning.auto_generated_rro_product__ does not have legacy storage
05-20 10:22:39.509   579   579 V StorageManagerService: Package com.google.android.overlay.titansettingsprovider does not have legacy storage
05-20 10:22:39.509   579   579 V StorageManagerService: Package com.google.android.apps.nest.castauth does not have legacy storage
05-20 10:22:39.509   579   579 V StorageManagerService: Package com.google.android.server.deviceconfig.resources does not have legacy storage
05-20 10:22:39.509   579   579 V StorageManagerService: Package com.google.android.docksetup does not have legacy storage
05-20 10:22:39.509   579   579 V StorageManagerService: Package com.android.systemui.emulation.pixel_3_xl does not have legacy storage
05-20 10:22:39.509   579   579 V StorageManagerService: Package com.android.systemui.emulation.pixel_4_xl does not have legacy storage
05-20 10:22:39.509   579   579 V StorageManagerService: Package com.android.systemui.emulation.pixel_fold does not have legacy storage
05-20 10:22:39.509   579   579 V StorageManagerService: Package com.android.providers.telephony.auto_generated_characteristics_rro does not have legacy storage
05-20 10:22:39.509   579   579 V StorageManagerService: Package com.android.externalstorage does not have legacy storage
05-20 10:22:39.509   579   579 V StorageManagerService: Package com.android.htmlviewer does not have legacy storage
05-20 10:22:39.509   579   579 V StorageManagerService: Package com.android.companiondevicemanager does not have legacy storage
05-20 10:22:39.509   579   579 V StorageManagerService: Package com.android.mms.service does not have legacy storage
05-20 10:22:39.509   579   579 V StorageManagerService: Package com.android.providers.downloads does not have legacy storage
05-20 10:22:39.509   579   579 V StorageManagerService: Package com.google.android.overlay.largescreenconfig does not have legacy storage
05-20 10:22:39.509   579   579 V StorageManagerService: Package com.android.messaging has legacy storage
05-20 10:22:39.509   579   579 V StorageManagerService: Package com.google.android.health.connect.backuprestore does not have legacy storage
05-20 10:22:39.509   579   579 V StorageManagerService: Package com.android.systemui.auto_generated_rro_product__ does not have legacy storage
05-20 10:22:39.509   579   579 V StorageManagerService: Package com.google.android.soundpicker does not have legacy storage
05-20 10:22:39.509   579   579 V StorageManagerService: Package com.google.android.marvin.talkbackoverlay does not have legacy storage
05-20 10:22:39.509   579   579 V StorageManagerService: Package com.google.android.configupdater does not have legacy storage
05-20 10:22:39.509   579   579 V StorageManagerService: Package com.android.internal.emulation.pixel_3a_xl does not have legacy storage
05-20 10:22:39.509   579   579 V StorageManagerService: Package com.android.internal.emulation.pixel_6_pro does not have legacy storage
05-20 10:22:39.509   579   579 V StorageManagerService: Package com.android.internal.emulation.pixel_7_pro does not have legacy storage
05-20 10:22:39.509   579   579 V StorageManagerService: Package com.android.internal.emulation.pixel_8_pro does not have legacy storage
05-20 10:22:39.509   579   579 V StorageManagerService: Package com.google.android.providers.media.module does not have legacy storage
05-20 10:22:39.509   579   579 V StorageManagerService: Package com.android.internal.emulation.pixel_3a does not have legacy storage
05-20 10:22:39.509   579   579 V StorageManagerService: Package com.android.internal.emulation.pixel_4a does not have legacy storage
05-20 10:22:39.509   579   579 V StorageManagerService: Package com.android.internal.emulation.pixel_6a does not have legacy storage
05-20 10:22:39.509   579   579 V StorageManagerService: Package com.android.internal.emulation.pixel_7a does not have legacy storage
05-20 10:22:39.509   579   579 V StorageManagerService: Package com.android.internal.emulation.pixel_8a does not have legacy storage
05-20 10:22:39.509   579   579 V StorageManagerService: Package com.google.android.overlay.googlewebview does not have legacy storage
05-20 10:22:39.509   579   579 V StorageManagerService: Package com.android.systemui.plugin.globalactions.wallet does not have legacy storage
05-20 10:22:39.509   579   579 V StorageManagerService: Package com.android.providers.downloads.ui does not have legacy storage
05-20 10:22:39.509   579   579 V StorageManagerService: Package com.google.android.hotspot2.osulogin does not have legacy storage
05-20 10:22:39.509   579   579 V StorageManagerService: Package com.android.vending does not have legacy storage
05-20 10:22:39.509   579   579 V StorageManagerService: Package com.android.pacprocessor does not have legacy storage
05-20 10:22:39.509   579   579 V StorageManagerService: Package com.android.simappdialog does not have legacy storage
05-20 10:22:39.509   579   579 V StorageManagerService: Package com.google.android.adservices.api does not have legacy storage
05-20 10:22:39.509   579   579 V StorageManagerService: Package com.google.android.overlay.titannexuslauncher does not have legacy storage
05-20 10:22:39.509   579   579 V StorageManagerService: Package com.android.internal.display.cutout.emulation.hole does not have legacy storage
05-20 10:22:39.510   579   579 V StorageManagerService: Package com.android.internal.display.cutout.emulation.tall does not have legacy storage
05-20 10:22:39.510   579   579 V StorageManagerService: Package com.android.certinstaller does not have legacy storage
05-20 10:22:39.510   579   579 V StorageManagerService: Package com.google.android.marvin.talkback does not have legacy storage
05-20 10:22:39.510   579   579 V StorageManagerService: Package com.android.internal.systemui.navbar.threebutton does not have legacy storage
05-20 10:22:39.510   579   579 V StorageManagerService: Package android has legacy storage
05-20 10:22:39.510   579   579 V StorageManagerService: Package com.android.hotwordenrollment.xgoogle does not have legacy storage
05-20 10:22:39.510   579   579 V StorageManagerService: Package com.android.camera2 does not have legacy storage
05-20 10:22:39.510   579   579 V StorageManagerService: Package com.android.internal.ranchu.commonoverlay does not have legacy storage
05-20 10:22:39.510   579   579 V StorageManagerService: Package com.google.android.docksetup.auto_generated_rro_product__ does not have legacy storage
05-20 10:22:39.510   579   579 V StorageManagerService: Package com.google.android.sdksandbox does not have legacy storage
05-20 10:22:39.510   579   579 V StorageManagerService: Package com.android.egg does not have legacy storage
05-20 10:22:39.510   579   579 V StorageManagerService: Package com.android.mtp does not have legacy storage
05-20 10:22:39.510   579   579 V StorageManagerService: Package com.android.nfc does not have legacy storage
05-20 10:22:39.510   579   579 V StorageManagerService: Package com.android.ons does not have legacy storage
05-20 10:22:39.510   579   579 V StorageManagerService: Package com.android.stk does not have legacy storage
05-20 10:22:39.510   579   579 V StorageManagerService: Package com.android.backupconfirm does not have legacy storage
05-20 10:22:39.510   579   579 V StorageManagerService: Package com.android.theflippinapp does not have legacy storage
05-20 10:22:39.510   579   579 V StorageManagerService: Package com.google.android.deskclock does not have legacy storage
05-20 10:22:39.510   579   579 V StorageManagerService: Package com.android.internal.systemui.navbar.twobutton does not have legacy storage
05-20 10:22:39.510   579   579 V StorageManagerService: Package com.google.android.as does not have legacy storage
05-20 10:22:39.510   579   579 V StorageManagerService: Package com.google.android.gm does not have legacy storage
05-20 10:22:39.510   579   579 V StorageManagerService: Package com.android.systemui.accessibility.accessibilitymenu does not have legacy storage
05-20 10:22:39.510   579   579 V StorageManagerService: Package com.google.android.permissioncontroller does not have legacy storage
05-20 10:22:39.510   579   579 V StorageManagerService: Package com.android.systemui.emulation.pixel_3 does not have legacy storage
05-20 10:22:39.510   579   579 V StorageManagerService: Package com.android.systemui.emulation.pixel_4 does not have legacy storage
05-20 10:22:39.510   579   579 V StorageManagerService: Package com.android.systemui.emulation.pixel_5 does not have legacy storage
05-20 10:22:39.510   579   579 V StorageManagerService: Package com.android.systemui.emulation.pixel_6 does not have legacy storage
05-20 10:22:39.510   579   579 V StorageManagerService: Package com.android.systemui.emulation.pixel_7 does not have legacy storage
05-20 10:22:39.510   579   579 V StorageManagerService: Package com.android.systemui.emulation.pixel_8 does not have legacy storage
05-20 10:22:39.510   579   579 V StorageManagerService: Package com.google.android.bluetooth does not have legacy storage
05-20 10:22:39.510   579   579 V StorageManagerService: Package com.android.providers.settings has legacy storage
05-20 10:22:39.510   579   579 V StorageManagerService: Package com.android.sharedstoragebackup does not have legacy storage
05-20 10:22:39.510   579   579 V StorageManagerService: Package com.android.printspooler does not have legacy storage
05-20 10:22:39.510   579   579 V StorageManagerService: Package com.android.hotwordenrollment.okgoogle does not have legacy storage
05-20 10:22:39.510   579   579 V StorageManagerService: Package com.google.android.connectivity.resources.goldfish.overlay does not have legacy storage
05-20 10:22:39.510   579   579 V StorageManagerService: Package com.google.android.systemui.overlay.titanconfig does not have legacy storage
05-20 10:22:39.510   579   579 V StorageManagerService: Package com.android.dreams.basic does not have legacy storage
05-20 10:22:39.510   579   579 V StorageManagerService: Package com.google.android.networkstack.tethering.emulator does not have legacy storage
05-20 10:22:39.510   579   579 V StorageManagerService: Package com.android.providers.settings.auto_generated_rro_product__ does not have legacy storage
05-20 10:22:39.511   579   579 V StorageManagerService: Package com.google.android.as.oss does not have legacy storage
05-20 10:22:39.511   579   579 V StorageManagerService: Package com.android.se does not have legacy storage
05-20 10:22:39.511   579   579 V StorageManagerService: Package com.android.inputdevices has legacy storage
05-20 10:22:39.511   579   579 V StorageManagerService: Package com.android.traceur.auto_generated_rro_product__ does not have legacy storage
05-20 10:22:39.511   579   579 V StorageManagerService: Package com.google.android.apps.wellbeing does not have legacy storage
05-20 10:22:39.511   579   579 V StorageManagerService: Package com.google.android.devicelockcontroller does not have legacy storage
05-20 10:22:39.511   579   579 V StorageManagerService: Package com.android.bips does not have legacy storage
05-20 10:22:39.511   579   579 V StorageManagerService: Package com.android.internal.emulation.pixel_3 does not have legacy storage
05-20 10:22:39.511   579   579 V StorageManagerService: Package com.android.internal.emulation.pixel_4 does not have legacy storage
05-20 10:22:39.511   579   579 V StorageManagerService: Package com.android.internal.emulation.pixel_5 does not have legacy storage
05-20 10:22:39.511   579   579 V StorageManagerService: Package com.android.internal.emulation.pixel_6 does not have legacy storage
