05-20 10:22:48.985   579   733 W ContextImpl: Calling a method in the system process without a qualified user: android.app.ContextImpl.sendStickyBroadcast:1655 android.net.connectivity.com.android.server.ConnectivityService.sendStickyBroadcast:3944 android.net.connectivity.com.android.server.ConnectivityService.sendGeneralBroadcast:3914 android.net.connectivity.com.android.server.ConnectivityService.sendInetConditionBroadcast:3891 android.net.connectivity.com.android.server.ConnectivityService.updateInetCondition:11152 
05-20 10:22:49.125   579   579 W JobScheduler: Job didn't exist in JobStore: 31c5d7 {androidx.work.systemjobscheduler} #u0a149/42 @androidx.work.systemjobscheduler@com.google.android.calendar/androidx.work.impl.background.systemjob.SystemJobService
05-20 10:22:49.137   579   613 I ActivityManager: Start proc 2697:com.android.messaging/u0a170 for broadcast {com.android.messaging/com.android.messaging.receiver.BootAndPackageReplacedReceiver}
05-20 10:22:49.154   579  1544 D ShortcutService: rescanPackageIfNeeded 0@com.google.android.deskclock, forceRescan=false , isNewApp=false
05-20 10:22:49.155   579  1544 W ShortcutService: Clock rewound
05-20 10:22:49.155   579  1544 D ShortcutService: Scheduling to save for -10000
05-20 10:22:49.155   579  1544 D ShortcutService: com.google.android.deskclock: last reset=1778852152424, now=1779265369155, last=1779265369155: resetting
05-20 10:22:49.288   579   781 D ShortcutService: Saving package item com.google.android.deskclock to /data/system_ce/0/shortcut_service/packages/com.google.android.deskclock.xml
05-20 10:22:49.442   579   611 D ShortcutService: Getting shortcuts for launcher= com.android.systemuiuser=0 pkg=com.google.android.deskclock
05-20 10:22:49.531   579   908 W UriGrantsManagerService: No permission grants found for com.google.android.apps.photos
05-20 10:22:49.532   579   611 D ShortcutService: Getting shortcuts for launcher= com.google.android.asuser=0 pkg=com.google.android.deskclock
05-20 10:22:49.532   579   611 D ShortcutService: Getting shortcuts for launcher= com.google.android.apps.nexuslauncheruser=0 pkg=com.google.android.deskclock
05-20 10:22:49.533   579  1740 W UriGrantsManagerService: No permission grants found for com.google.android.apps.photos
05-20 10:22:49.829   579   665 E JobScheduler.JobStatus: App com.android.messaging became active but still in NEVER bucket
05-20 10:22:49.875   579   612 D CompatChangeReporter: Compat change id reported: 151861875; UID 2000; state: ENABLED
05-20 10:22:49.922   579   908 W UriGrantsManagerService: No permission grants found for com.google.android.apps.photos
05-20 10:22:49.925   579   652 W UriGrantsManagerService: No permission grants found for com.google.android.apps.photos
05-20 10:22:49.931   579   613 W ActivityManager: Slow operation: 51ms so far, now at startProcess: building log message
05-20 10:22:49.931   579   613 I ActivityManager: Start proc 2796:com.android.shell/2000 for broadcast {com.android.shell/com.android.shell.HeapDumpReceiver}
05-20 10:22:49.931   579   613 W ActivityManager: Slow operation: 51ms so far, now at startProcess: starting to update pids map
05-20 10:22:49.936   579   895 D CompatChangeReporter: Compat change id reported: 308670109; UID 1000; state: ENABLED
05-20 10:22:49.951   579   613 W ActivityManager: Slow operation: 57ms so far, now at startProcess: done updating pids map
05-20 10:22:49.951   579   613 W ActivityManager: Slow operation: 55ms so far, now at startProcess: asking zygote to start proc
05-20 10:22:49.975   579   613 W ActivityManager: Slow operation: 79ms so far, now at startProcess: returned from zygote!
05-20 10:22:49.975   579   613 W ActivityManager: Slow operation: 79ms so far, now at startProcess: done updating battery stats
05-20 10:22:49.975   579   613 W ActivityManager: Slow operation: 79ms so far, now at startProcess: building log message
05-20 10:22:49.975   579   613 I ActivityManager: Start proc 2806:com.google.android.gms.unstable/u0a144 for service {com.google.android.gms/com.google.android.gms.droidguard.DroidGuardService}
05-20 10:22:49.975   579   613 W ActivityManager: Slow operation: 79ms so far, now at startProcess: starting to update pids map
05-20 10:22:49.975   579   613 W ActivityManager: Slow operation: 79ms so far, now at startProcess: done updating pids map
05-20 10:22:50.083   579  1740 D TextToSpeechManagerPerUserService: Unbinding TTS engine: com.google.android.tts. Reason: client disconnection request
05-20 10:22:50.087   579   579 W TextToSpeechManagerPerUserService: Disconnected from TTS engine
05-20 10:22:50.113   579  1070 I MR2ServiceImpl: registerManager | callerUid: 1000, callerPid: 992, callerPackage: com.android.settings, targetPackageName: com.android.settings, targetUserId: UserHandle{0}, hasMediaRoutingControl: true
05-20 10:22:50.145   579   911 I MR2ServiceImpl: registerManager | callerUid: 1000, callerPid: 992, callerPackage: com.android.settings, targetPackageName: null, targetUserId: UserHandle{0}, hasMediaRoutingControl: true
05-20 10:22:50.163   579   908 I MR2ServiceImpl: updateScanningState | manager: 2, ownerPackageName: com.android.settings, targetPackageName: com.android.settings, scanningState: SCREEN_ON_ONLY
05-20 10:22:50.167   579   773 I MR2ServiceImpl: Updating composite discovery preference | preference: RouteDiscoveryRequest{ preferredFeatures={}, activeScan=false }, active routers: []
05-20 10:22:50.215   579   613 I ActivityManager: Start proc 2840:com.google.android.webview:webview_service/u0a165 for service {com.google.android.webview/org.chromium.android_webview.services.VariationsSeedServer}
05-20 10:22:50.268   579  1069 E JobScheduler.JobStatus: App com.google.android.apps.photos became active but still in NEVER bucket
05-20 10:22:50.332   579  2075 E JobScheduler.JobStatus: App com.google.android.apps.photos became active but still in NEVER bucket
05-20 10:22:50.428   579  1070 D ShortcutService: rescanPackageIfNeeded 0@com.google.android.googlequicksearchbox, forceRescan=false , isNewApp=false
05-20 10:22:50.528   579   611 D ShortcutService: Getting shortcuts for launcher= com.android.systemuiuser=0 pkg=com.google.android.googlequicksearchbox
05-20 10:22:50.528   579   781 D ShortcutService: Saving package item com.google.android.googlequicksearchbox to /data/system_ce/0/shortcut_service/packages/com.google.android.googlequicksearchbox.xml
05-20 10:22:50.552   579   611 D ShortcutService: Getting shortcuts for launcher= com.google.android.asuser=0 pkg=com.google.android.googlequicksearchbox
05-20 10:22:50.552   579   611 D ShortcutService: Getting shortcuts for launcher= com.google.android.apps.nexuslauncheruser=0 pkg=com.google.android.googlequicksearchbox
05-20 10:22:50.633   579  1741 D CompatChangeReporter: Compat change id reported: 151861875; UID 10205; state: ENABLED
05-20 10:22:50.661   579   613 I ActivityManager: Start proc 2898:com.google.android.permissioncontroller/u0a205 for service {com.google.android.permissioncontroller/com.android.permissioncontroller.permission.service.v33.SafetyCenterQsTileService}
05-20 10:22:50.730   579   665 W BroadcastLoopers: Found previously unknown looper Thread[appscheduling.default,5,main]
05-20 10:22:50.805   579  2080 W ActivityManager: Slow operation: 74ms so far, now at attachApplicationLocked: immediately after bindApplication
05-20 10:22:50.805   579  2080 W ActivityManager: Slow operation: 74ms so far, now at attachApplicationLocked: after updateLruProcessLocked
05-20 10:22:50.805   579  2080 W ActivityManager: Slow operation: 75ms so far, now at attachApplicationLocked: after updateOomAdjLocked
05-20 10:22:50.858   579   601 W Looper  : Slow dispatch took 185ms android.ui h=com.android.server.am.ActivityManagerService$UiHandler c=null m=68
05-20 10:22:50.863   579   613 W ActivityManager: Slow operation: 147ms so far, now at startProcess: done updating battery stats
05-20 10:22:50.863   579   613 W ActivityManager: Slow operation: 147ms so far, now at startProcess: building log message
05-20 10:22:50.863   579   613 I ActivityManager: Start proc 2921:com.google.android.apps.chromecast.app/u0a138 for broadcast {com.google.android.apps.chromecast.app/com.google.android.apps.chromecast.app.gf.maintenance.GeofenceSystemChangeBroadcastReceiver}
05-20 10:22:50.863   579   613 W ActivityManager: Slow operation: 147ms so far, now at startProcess: starting to update pids map
05-20 10:22:50.863   579   613 W ActivityManager: Slow operation: 147ms so far, now at startProcess: done updating pids map
05-20 10:22:50.962   579   895 D CompatChangeReporter: Compat change id reported: 161145287; UID 10143; state: ENABLED
05-20 10:22:51.042   579   665 E JobScheduler.Quota: <0>com.google.android.apps.chromecast.app has 0 EJ quota without running anything
05-20 10:22:51.044   579   665 E JobScheduler.Quota: <0>com.google.android.apps.chromecast.app has 0 EJ quota without running anything
05-20 10:22:51.169   579  2076 E JobScheduler.JobStatus: App com.google.android.apps.photos became active but still in NEVER bucket
05-20 10:22:51.254   579   895 E JobScheduler.JobStatus: App com.google.android.apps.photos became active but still in NEVER bucket
05-20 10:22:51.485   579  2076 W JobScheduler: Job didn't exist in JobStore: af5bf50 #u0a199/27 com.google.android.ext.services/android.ext.services.common.AdServicesAppsearchDeleteJob
05-20 10:22:51.572   579  1069 D CompatChangeReporter: Compat change id reported: 311402873; UID 10205; state: ENABLED
05-20 10:22:51.572   579  1069 D CompatChangeReporter: Compat change id reported: 323349338; UID 10205; state: ENABLED
05-20 10:22:51.658   579  1544 I ContentCaptureManagerService: Data share request accepted by Content Capture service
05-20 10:22:51.727   579  2076 D CompatChangeReporter: Compat change id reported: 151861875; UID 10206; state: ENABLED
05-20 10:22:51.757   579   895 D CompatChangeReporter: Compat change id reported: 151861875; UID 10202; state: ENABLED
05-20 10:22:51.780   579   613 W ActivityManager: Slow operation: 51ms so far, now at startProcess: done updating battery stats
05-20 10:22:51.780   579   613 W ActivityManager: Slow operation: 53ms so far, now at startProcess: building log message
05-20 10:22:51.780   579   613 I ActivityManager: Start proc 3009:com.google.android.cellbroadcastreceiver/u0a206 for content provider {com.google.android.cellbroadcastreceiver/com.android.cellbroadcastreceiver.CellBroadcastSearchIndexableProvider}
05-20 10:22:51.780   579   613 W ActivityManager: Slow operation: 53ms so far, now at startProcess: starting to update pids map
05-20 10:22:51.780   579   613 W ActivityManager: Slow operation: 53ms so far, now at startProcess: done updating pids map
05-20 10:22:51.806   579   613 W ActivityManager: Slow operation: 53ms so far, now at startProcess: done updating battery stats
05-20 10:22:51.806   579   613 W ActivityManager: Slow operation: 53ms so far, now at startProcess: building log message
05-20 10:22:51.806   579   613 I ActivityManager: Start proc 3033:com.google.android.gms.ui/u0a144 for content provider {com.google.android.gms/com.google.android.gms.app.search.GmsSearchIndexablesProvider}
05-20 10:22:51.806   579   613 W ActivityManager: Slow operation: 53ms so far, now at startProcess: starting to update pids map
05-20 10:22:51.806   579   613 W ActivityManager: Slow operation: 53ms so far, now at startProcess: done updating pids map
05-20 10:22:51.813   579  1752 D CompatChangeReporter: Compat change id reported: 151861875; UID 10173; state: ENABLED
05-20 10:22:51.828   579   613 W ActivityManager: Slow operation: 67ms so far, now at startProcess: returned from zygote!
05-20 10:22:51.878   579   613 W ActivityManager: Slow operation: 117ms so far, now at startProcess: done updating battery stats
05-20 10:22:51.878   579   613 W ActivityManager: Slow operation: 117ms so far, now at startProcess: building log message
05-20 10:22:51.878   579   613 I ActivityManager: Start proc 3041:com.google.android.healthconnect.controller/u0a202 for content provider {com.google.android.healthconnect.controller/com.android.healthconnect.controller.searchindexables.HealthConnectSearchIndexablesProvider}
05-20 10:22:51.878   579   613 W ActivityManager: Slow operation: 117ms so far, now at startProcess: starting to update pids map
05-20 10:22:51.879   579   613 W ActivityManager: Slow operation: 119ms so far, now at startProcess: done updating pids map
05-20 10:22:51.879   579   613 W ActivityManager: Slow operation: 51ms so far, now at startProcess: asking zygote to start proc
05-20 10:22:51.895   579   613 W ActivityManager: Slow operation: 66ms so far, now at startProcess: returned from zygote!
05-20 10:22:51.969   579   613 W ActivityManager: Slow operation: 141ms so far, now at startProcess: done updating battery stats
05-20 10:22:51.969   579   613 W ActivityManager: Slow operation: 141ms so far, now at startProcess: building log message
05-20 10:22:51.969   579   613 I ActivityManager: Start proc 3071:com.google.android.marvin.talkback/u0a173 for content provider {com.google.android.marvin.talkback/com.google.android.accessibility.talkback.preference.search.TalkBackSearchIndexablesProvider}
05-20 10:22:51.969   579   613 W ActivityManager: Slow operation: 141ms so far, now at startProcess: starting to update pids map
05-20 10:22:51.985   579   613 W ActivityManager: Slow operation: 156ms so far, now at startProcess: done updating pids map
05-20 10:22:52.140   579  1748 D OomAdjuster: Not killing cached processes
05-20 10:22:52.168   579   781 D ShortcutService: saveDirtyInfo
05-20 10:22:52.168   579   781 D ShortcutService: Saving to /data/system/shortcut_service.xml
05-20 10:22:52.471   579  1752 D ConditionProviders: Disabling component com.google.android.apps.wellbeing/.azr.impl.AzrConditionProviderService
05-20 10:22:52.680   579  1474 D ShortcutService: Getting shortcuts for launcher= com.google.android.asuser=0 pkg=com.google.android.deskclock
05-20 10:22:52.718   579  1748 D ShortcutService: Getting shortcuts for launcher= com.google.android.asuser=0 pkg=com.google.android.deskclock
05-20 10:22:52.913  1282  2633 W ActivityThread: ClassLoader.getResources: The class loader returned by Thread.getContextClassLoader() may fail for processes that host multiple applications. You should explicitly specify a context class loader. For example: Thread.setContextClassLoader(getClass().getClassLoader());
05-20 10:22:52.926   579   665 E JobScheduler.Quota: <0>com.google.android.apps.chromecast.app has 0 EJ quota without running anything
05-20 10:22:52.965   579   613 I ActivityManager: Start proc 3213:com.google.android.apps.nest.castauth/u0a121 for broadcast {com.google.android.apps.nest.castauth/com.google.android.apps.nest.castauth.StartReceiver}
05-20 10:22:52.993   579   603 D ColorDisplayService: Setting saturation level: 100
05-20 10:22:53.152   579  2080 E JobScheduler.JobStatus: App com.google.android.apps.chromecast.app became active but still in NEVER bucket
05-20 10:22:53.159   579  1474 E JobScheduler.JobStatus: App com.google.android.apps.chromecast.app became active but still in NEVER bucket
05-20 10:22:53.160   579   911 E JobScheduler.JobStatus: App com.google.android.apps.chromecast.app became active but still in NEVER bucket
05-20 10:22:53.164   579  1752 E JobScheduler.JobStatus: App com.google.android.apps.chromecast.app became active but still in NEVER bucket
05-20 10:22:53.213   579  1748 E JobScheduler.JobStatus: App com.google.android.apps.chromecast.app became active but still in NEVER bucket
05-20 10:22:53.225   579  1752 E JobScheduler.JobStatus: App com.google.android.apps.chromecast.app became active but still in NEVER bucket
05-20 10:22:53.237   579  1752 D CompatChangeReporter: Compat change id reported: 311402873; UID 10084; state: ENABLED
05-20 10:22:53.237   579  1752 D CompatChangeReporter: Compat change id reported: 323349338; UID 10084; state: ENABLED
05-20 10:22:53.262   579   612 D CompatChangeReporter: Compat change id reported: 135754954; UID 10122; state: ENABLED
05-20 10:22:53.274   579  2077 E JobScheduler.JobStatus: App com.google.android.apps.chromecast.app became active but still in NEVER bucket
05-20 10:22:53.300   579   613 D CompatChangeReporter: Compat change id reported: 143937733; UID 10122; state: ENABLED
05-20 10:22:53.349   579  2075 E JobScheduler.JobStatus: App com.google.android.apps.chromecast.app became active but still in NEVER bucket
05-20 10:22:53.357   579  2075 E JobScheduler.JobStatus: App com.google.android.apps.chromecast.app became active but still in NEVER bucket
05-20 10:22:53.358   579   613 W ActivityManager: Slow operation: 96ms so far, now at startProcess: returned from zygote!
05-20 10:22:53.358   579   613 W ActivityManager: Slow operation: 96ms so far, now at startProcess: done updating battery stats
05-20 10:22:53.358   579   613 W ActivityManager: Slow operation: 96ms so far, now at startProcess: building log message
05-20 10:22:53.358   579   613 I ActivityManager: Start proc 3245:com.google.android.configupdater/u0a122 for broadcast {com.google.android.configupdater/com.google.android.configupdater.MainReceiver}
05-20 10:22:53.358   579   613 W ActivityManager: Slow operation: 96ms so far, now at startProcess: starting to update pids map
05-20 10:22:53.359   579   613 W ActivityManager: Slow operation: 96ms so far, now at startProcess: done updating pids map
05-20 10:22:53.390   579  2075 E JobScheduler.JobStatus: App com.google.android.apps.chromecast.app became active but still in NEVER bucket
05-20 10:22:53.391   579  2075 D CompatChangeReporter: Compat change id reported: 194532703; UID 10121; state: ENABLED
05-20 10:22:53.451   579   911 D CompatChangeReporter: Compat change id reported: 311208629; UID 10084; state: ENABLED
05-20 10:22:53.466   579  1748 E JobScheduler.JobStatus: App com.google.android.apps.chromecast.app became active but still in NEVER bucket
05-20 10:22:53.536   579  1544 E JobScheduler.JobStatus: App com.google.android.apps.chromecast.app became active but still in NEVER bucket
05-20 10:22:53.584   579  1474 E JobScheduler.JobStatus: App com.google.android.apps.chromecast.app became active but still in NEVER bucket
05-20 10:22:53.611   579  1544 D ShortcutService: Getting shortcuts for launcher= com.google.android.asuser=0 pkg=com.google.android.googlequicksearchbox
05-20 10:22:53.780   579   911 D ShortcutService: Getting shortcuts for launcher= com.google.android.asuser=0 pkg=com.google.android.googlequicksearchbox
05-20 10:22:53.801   579   612 D CompatChangeReporter: Compat change id reported: 151861875; UID 10210; state: ENABLED
05-20 10:22:53.824   579  1070 D BiometricService: canAuthenticate: User=0, Caller=0, Authenticators=65536
05-20 10:22:53.824   579  1070 E BiometricService: Non-biometric, non-credential bits found. Authenticators: 65536
05-20 10:22:53.824   579   613 I ActivityManager: Start proc 3297:com.google.android.federatedcompute/u0a210 for broadcast {com.google.android.federatedcompute/com.android.federatedcompute.services.FederatedComputeBroadcastReceiver}
05-20 10:22:53.916   579   911 D BiometricService: Sensor ID(4), oemStrength: 15, updatedStrength: 15, modality 8, state: 0, cookie: 0, sensorId 4, hasEnrollments: false cannot participate in Keystore operations
05-20 10:22:53.916   579   911 D BiometricService: Sensor ID(0), oemStrength: 15, updatedStrength: 15, modality 2, state: 0, cookie: 0, sensorId 0, hasEnrollments: false cannot participate in Keystore operations
05-20 10:22:54.001   579   911 D BackupTransportManager: [UserID:0] Transport com.google.android.gms/.backup.BackupTransportService updated its attributes
05-20 10:22:54.042   579   612 D CompatChangeReporter: Compat change id reported: 151861875; UID 10209; state: ENABLED
05-20 10:22:54.087   579   613 I ActivityManager: Start proc 3320:com.google.android.ondevicepersonalization.services/u0a209 for broadcast {com.google.android.ondevicepersonalization.services/com.android.ondevicepersonalization.services.OnDevicePersonalizationBroadcastReceiver}
05-20 10:22:54.131   579   613 W ActivityManager: Slow operation: 71ms so far, now at startProcess: done updating battery stats
05-20 10:22:54.131   579   613 W ActivityManager: Slow operation: 71ms so far, now at startProcess: building log message
05-20 10:22:54.131   579   613 I ActivityManager: Start proc 3333:com.google.android.rkpdapp/u0a211 for service {com.google.android.rkpdapp/com.android.rkpdapp.service.RemoteProvisioningService}
05-20 10:22:54.131   579   613 W ActivityManager: Slow operation: 71ms so far, now at startProcess: starting to update pids map
05-20 10:22:54.131   579   613 W ActivityManager: Slow operation: 71ms so far, now at startProcess: done updating pids map
05-20 10:22:54.241   579  1748 W ActivityManager: pid 1282 com.google.android.gms sent binder code 1 with flags 2 to frozen apps and got error -2147483646
05-20 10:22:54.307   579  2076 I ContentCaptureManagerService: Data share request accepted by Content Capture service
05-20 10:22:54.317   992   992 W ContextImpl: Calling a method in the system process without a qualified user: android.app.ContextImpl.sendBroadcast:1249 android.content.ContextWrapper.sendBroadcast:506 android.content.ContextWrapper.sendBroadcast:506 com.android.settings.fuelgauge.batteryusage.BootBroadcastReceiver.lambda$onReceive$0:86 com.android.settings.fuelgauge.batteryusage.BootBroadcastReceiver.$r8$lambda$NYbzklSftprvatAlISPsV0wCKqc:0 
05-20 10:22:54.379   579   612 D CompatChangeReporter: Compat change id reported: 151861875; UID 10092; state: ENABLED
05-20 10:22:54.433   579  2080 W ActivityManager: Slow operation: 53ms so far, now at startProcess: done updating battery stats
05-20 10:22:54.433   579  2080 W ActivityManager: Slow operation: 53ms so far, now at startProcess: building log message
05-20 10:22:54.433   579  2080 I ActivityManager: Start proc 3367:com.google.android.packageinstaller/u0a92 for broadcast {com.google.android.packageinstaller/com.android.packageinstaller.common.TemporaryFileManager}
05-20 10:22:54.433   579  2080 W ActivityManager: Slow operation: 53ms so far, now at startProcess: starting to update pids map
05-20 10:22:54.433   579  2077 D CompatChangeReporter: Compat change id reported: 266524688; UID 10143; state: ENABLED
05-20 10:22:54.435   579  2080 W ActivityManager: Slow operation: 55ms so far, now at startProcess: done updating pids map
05-20 10:22:54.483   579  2080 W ActivityManager: Slow operation: 51ms so far, now at attachApplicationLocked: after updateOomAdjLocked
05-20 10:22:54.515   185   196 W keystore2: system/security/keystore2/watchdog/src/lib.rs:114 - ### Keystore Watchdog report - BEGIN ###
05-20 10:22:54.515   185   196 W keystore2: system/security/keystore2/watchdog/src/lib.rs:123 - When extracting from a bug report, please include this header
05-20 10:22:54.515   185   196 W keystore2: system/security/keystore2/watchdog/src/lib.rs:124 - and all 1 records below.
05-20 10:22:54.521   185   196 W keystore2: system/security/keystore2/watchdog/src/lib.rs:164 - ThreadId(1) Calling get_rkpd_attestation_key() Pending: 506.349622ms Overdue 6.350474ms
05-20 10:22:54.521   185   196 W keystore2: system/security/keystore2/watchdog/src/lib.rs:175 - ### Keystore Watchdog report - END ###
05-20 10:22:54.523   579  2075 D BiometricService: canAuthenticate: User=0, Caller=0, Authenticators=65536
05-20 10:22:54.523   579  2075 E BiometricService: Non-biometric, non-credential bits found. Authenticators: 65536
05-20 10:22:54.704   579  1092 D CompatChangeReporter: Compat change id reported: 271850009; UID 10211; state: ENABLED
05-20 10:22:54.704   579  1092 D CompatChangeReporter: Compat change id reported: 253665015; UID 10211; state: ENABLED
05-20 10:22:54.761   579   613 W ActivityManager: Slow operation: 89ms so far, now at startProcess: done updating battery stats
05-20 10:22:54.761   579   613 W ActivityManager: Slow operation: 89ms so far, now at startProcess: building log message
05-20 10:22:54.761   579   613 I ActivityManager: Start proc 3395:com.google.assistant.hubui:search/u0a140 for broadcast {com.google.assistant.hubui/androidx.work.impl.background.systemalarm.RescheduleReceiver}
05-20 10:22:54.761   579   613 W ActivityManager: Slow operation: 89ms so far, now at startProcess: starting to update pids map
05-20 10:22:54.762   579   613 W ActivityManager: Slow operation: 89ms so far, now at startProcess: done updating pids map
05-20 10:22:54.917   579  1748 D BiometricService: Sensor ID(4), oemStrength: 15, updatedStrength: 15, modality 8, state: 0, cookie: 0, sensorId 4, hasEnrollments: false cannot participate in Keystore operations
05-20 10:22:54.917   579  1748 D BiometricService: Sensor ID(0), oemStrength: 15, updatedStrength: 15, modality 2, state: 0, cookie: 0, sensorId 0, hasEnrollments: false cannot participate in Keystore operations
05-20 10:22:55.129   579  2075 W UriGrantsManagerService: No permission grants found for com.google.android.apps.photos
05-20 10:22:55.129   579  2075 W UriGrantsManagerService: No permission grants found for com.google.android.apps.photos
05-20 10:22:55.207   579  2076 W UriGrantsManagerService: No permission grants found for com.google.android.apps.photos
05-20 10:22:55.207   579  2075 W UriGrantsManagerService: No permission grants found for com.google.android.apps.photos
05-20 10:22:55.292   579  1069 W UriGrantsManagerService: No permission grants found for com.google.android.apps.photos
05-20 10:22:55.292   579  1069 W UriGrantsManagerService: No permission grants found for com.google.android.apps.photos
05-20 10:22:55.390   579  1069 W ActivityManager: Slow operation: 51ms so far, now at finishAttachApplicationInner: after dispatching broadcasts
05-20 10:22:55.464   579   613 W ActivityManager: Slow operation: 72ms so far, now at startProcess: done updating battery stats
05-20 10:22:55.465   579   613 W ActivityManager: Slow operation: 72ms so far, now at startProcess: building log message
05-20 10:22:55.465   579   613 I ActivityManager: Start proc 3481:com.google.android.apps.carrier.log/u0a120 for broadcast {com.google.android.apps.carrier.log/com.google.android.libraries.phenotype.client.stable.PhenotypeUpdateBackgroundBroadcastReceiver}
05-20 10:22:55.465   579   613 W ActivityManager: Slow operation: 72ms so far, now at startProcess: starting to update pids map
05-20 10:22:55.467   579   613 W ActivityManager: Slow operation: 74ms so far, now at startProcess: done updating pids map
05-20 10:22:55.784   579   613 W ActivityManager: Slow operation: 52ms so far, now at startProcess: returned from zygote!
05-20 10:22:55.789   579   613 W ActivityManager: Slow operation: 57ms so far, now at startProcess: done updating battery stats
05-20 10:22:55.791   579   613 W ActivityManager: Slow operation: 60ms so far, now at startProcess: building log message
05-20 10:22:55.791   579   613 I ActivityManager: Start proc 3528:com.google.android.apps.restore/u0a131 for broadcast {com.google.android.apps.restore/com.google.android.libraries.phenotype.client.stable.PhenotypeUpdateBackgroundBroadcastReceiver}
05-20 10:22:55.791   579   613 W ActivityManager: Slow operation: 60ms so far, now at startProcess: starting to update pids map
05-20 10:22:55.791   579   613 W ActivityManager: Slow operation: 60ms so far, now at startProcess: done updating pids map
05-20 10:22:55.805   579   895 E JobScheduler.JobStatus: App com.google.android.apps.photos became active but still in NEVER bucket
05-20 10:22:55.842   579  1742 D CompatChangeReporter: Compat change id reported: 311208629; UID 10133; state: ENABLED
05-20 10:22:55.914   579   895 W ContentProviderHelper: Slow operation: 55ms so far, now at getContentProviderImpl: after updateOomAdj
05-20 10:22:55.914   579   895 W ContentProviderHelper: Slow operation: 55ms so far, now at getContentProviderImpl: done!
05-20 10:22:56.033   579   603 D ColorDisplayService: GlobalSaturationTintController Animation cancelled: false to matrix: 
05-20 10:22:56.033   579   603 D ColorDisplayService:        1.000000 0.000000 0.000000 0.000000 0.000000 1.000000 0.000000 0.000000 0.000000 0.000000 1.000000 0.000000 0.000000 0.000000 0.000000 1.000000 min matrix coefficients: 
05-20 10:22:56.033   579   603 D ColorDisplayService:        1.000000 0.000000 0.000000 0.000000 0.000000 1.000000 0.000000 0.000000 0.000000 0.000000 1.000000 0.000000 0.000000 0.000000 0.000000 1.000000 max matrix coefficients: 
05-20 10:22:56.033   579   603 D ColorDisplayService:        1.000000 0.000000 0.000000 0.000000 0.000000 1.000000 0.000000 0.000000 0.000000 0.000000 1.000000 0.000000 0.000000 0.000000 0.000000 1.000000
05-20 10:22:56.049   579  1742 D CompatChangeReporter: Compat change id reported: 261072174; UID 10131; state: ENABLED
05-20 10:22:56.103   579  1742 D CompatChangeReporter: Compat change id reported: 161145287; UID 10131; state: ENABLED
05-20 10:22:56.104   579   613 I ActivityManager: Start proc 3564:com.google.android.partnersetup/u0a136 for broadcast {com.google.android.partnersetup/com.google.android.partnersetup.PhenotypeBroadcastReceiver}
05-20 10:22:56.130   579  2080 E JobScheduler.JobStatus: App com.android.messaging became active but still in NEVER bucket
05-20 10:22:56.153   579   911 D CompatChangeReporter: Compat change id reported: 253665015; UID 10131; state: ENABLED
05-20 10:22:56.193  1282  1475 D ActivityThread: Loading provider com.google.android.gms.reminders: com.google.android.gms.reminders.provider.RemindersProvider
05-20 10:22:56.232   579  1069 W ActivityManager: Unable to start service Intent { act=com.google.android.gms.lockbox.service.START pkg=com.google.android.gms } U=0: not found
05-20 10:22:56.250   579   953 W ActivityManager: Unbind failed: could not find connection for android.os.BinderProxy@485fc2e
05-20 10:22:56.555   579   652 I BroadcastQueue: BOOT_COMPLETED_BROADCAST_COMPLETION_LATENCY_REPORTED action:android.intent.action.BOOT_COMPLETED dispatchLatency:4787 completeLatency:14076 dispatchRealLatency:4787 completeRealLatency:14076 receiversSize:115 userId:0 userType:android.os.usertype.full.SYSTEM
05-20 10:22:56.555   579   600 I ActivityManager: Finished processing BOOT_COMPLETED for u0
05-20 10:22:56.933   579   787 W BroadcastLoopers: Found previously unknown looper Thread[SliceManagerService,5,main]
05-20 10:22:56.979   579   613 I ActivityManager: Start proc 3617:com.android.vending:background/u0a141 for service {com.android.vending/com.google.frameworks.client.data.android.server.play.BackgroundProcessEndpointService}
05-20 10:22:57.015   579   613 I ActivityManager: Start proc 3618:com.android.vending:quick_launch/u0a141 for service {com.android.vending/com.google.frameworks.client.data.android.server.play.QuickLaunchProcessEndpointService}
05-20 10:22:57.127   579  1752 D CompatChangeReporter: Compat change id reported: 319212206; UID 1000; state: ENABLED
05-20 10:22:57.145   579  1748 D OomAdjuster: Not killing cached processes
05-20 10:22:57.482   579   674 D ActivityManager: freezing 1342 com.android.printspooler
05-20 10:22:57.644   579  1069 E JobScheduler.JobStatus: App com.android.messaging became active but still in NEVER bucket
05-20 10:22:57.679   579   674 D ActivityManager: freezing 2356 com.android.externalstorage
05-20 10:22:57.995   579   579 W NotificationHistory: Attempted to add notif for locked/gone/disabled user 0
05-20 10:22:58.187   579   674 D ActivityManager: freezing 2324 com.google.android.adservices.api
05-20 10:22:58.802  2201  3793 E ActivityThread: Failed to find provider info for androidx.car.app.connection
05-20 10:22:59.171   579   953 W JobScheduler: Job didn't exist in JobStore: cdad7db #u0a136/8192 com.google.android.partnersetup/.ClientIdJobService
05-20 10:22:59.716   579  1752 W JobScheduler: Job didn't exist in JobStore: 7edb5c7 #u0a143/-353 com.google.android.googlequicksearchbox/com.google.android.apps.gsa.tasks.BackgroundTasksJobService
05-20 10:22:59.803   579  1069 W JobScheduler: Job didn't exist in JobStore: c8337f4 #u0a143/-237 com.google.android.googlequicksearchbox/com.google.android.apps.gsa.tasks.BackgroundTasksJobService
05-20 10:23:00.295   579   596 W JobScheduler: Job didn't exist in JobStore: 242af36 #u0a136/8192 com.google.android.partnersetup/.ClientIdJobService
05-20 10:23:00.326   579   613 I ActivityManager: Start proc 3834:com.android.vending:instant_app_installer/u0a141 for service {com.android.vending/com.google.android.finsky.instantapps.hint.AppPreloadHygieneService}
05-20 10:23:00.515   579   674 D ActivityManager: freezing 2840 com.google.android.webview:webview_service
05-20 10:23:01.348   579   689 I WatchlistLoggingHandler: Milliseconds spent on tryAggregateRecords(): 23255
05-20 10:23:01.703   579   797 E ClipboardService: Denying clipboard access to com.android.chrome, application is not in focus nor is it a system service for user 0
05-20 10:23:01.714   579   797 E ClipboardService: Denying clipboard access to com.android.chrome, application is not in focus nor is it a system service for user 0
05-20 10:23:01.743   579  2080 D TextClassificationManagerService: Binding to ComponentInfo{com.google.android.as/com.google.android.apps.miphone.aiai.textclassifier.service.QAiaiTextClassifierService}
05-20 10:23:01.790   579   895 W ActivityManager: Unable to start service Intent { cmp=com.google.android.grilservice/.GRilService } U=0: not found
05-20 10:23:01.790   579   895 W ActivityManager: Unbind failed: could not find connection for android.os.BinderProxy@5be1e57
05-20 10:23:01.921   579   612 I ActivityManager: Waited long enough for: ServiceRecord{22a6642 u0 com.google.android.apps.scone/.coex.StateService c:com.google.android.apps.scone}
05-20 10:23:02.146   579  2080 D OomAdjuster: Not killing cached processes
05-20 10:23:02.989   579   797 E ClipboardService: Denying clipboard access to com.android.chrome, application is not in focus nor is it a system service for user 0
05-20 10:23:03.145   579   911 E JobScheduler.JobStatus: App com.google.android.apps.photos became active but still in NEVER bucket
05-20 10:23:03.398   579   638 W BroadcastLoopers: Found previously unknown looper Thread[PackageManager,5,main]
05-20 10:23:03.407   579   763 D AppWidgetServiceImpl: Trying to notify widget providers changed
05-20 10:23:03.409   579   773 I MR2ProviderWatcher: Enabling proxy for MediaRoute2ProviderService: ComponentInfo{com.google.android.gms/com.google.android.gms.cast.media.CastMediaRoute2ProviderService_Persistent}
05-20 10:23:03.463   579   781 D ShortcutService: received package broadcast intent: Intent { act=android.intent.action.PACKAGE_CHANGED dat=package: flg=0x45000010 (has extras) }
05-20 10:23:03.464   579   781 D ShortcutService: changing package: com.google.android.apps.wellbeing userId0
05-20 10:23:03.464   579   781 D ShortcutService: handlePackageChanged: com.google.android.apps.wellbeing user=0
05-20 10:23:03.464   579   781 D ShortcutService: rescanPackageIfNeeded 0@com.google.android.apps.wellbeing, forceRescan=true , isNewApp=true
05-20 10:23:03.464   579   781 D ShortcutService: Package com.google.android.apps.wellbeing has 0 manifest shortcut(s), and 0 share target(s)
05-20 10:23:03.466   579   611 W MagnificationConnectionManager: requestConnection duplicated request: connect=false, mConnectionState=DISCONNECTED
05-20 10:23:03.486   579  2080 E JobScheduler.JobStatus: App com.google.android.apps.photos became active but still in NEVER bucket
05-20 10:23:03.494   579   611 W MagnificationConnectionManager: requestConnection duplicated request: connect=false, mConnectionState=DISCONNECTED
05-20 10:23:03.495   579   781 D ShortcutService: received package broadcast intent: Intent { act=android.intent.action.PACKAGE_CHANGED dat=package: flg=0x45000010 (has extras) }
05-20 10:23:03.495   579   781 D ShortcutService: changing package: com.google.android.gms userId0
05-20 10:23:03.495   579   781 D ShortcutService: handlePackageChanged: com.google.android.gms user=0
05-20 10:23:03.495   579   781 D ShortcutService: rescanPackageIfNeeded 0@com.google.android.gms, forceRescan=true , isNewApp=false
05-20 10:23:03.517   579   596 D CompatChangeReporter: Compat change id reported: 261072174; UID 10143; state: ENABLED
05-20 10:23:03.526   579   781 D ShortcutService: Package com.google.android.gms has 0 manifest shortcut(s), and 2 share target(s)
05-20 10:23:03.526   579   781 D ShortcutService: Package com.google.android.gms updated, version 261734038 -> 261734038
05-20 10:23:03.527   579   781 D ShortcutService: Package com.google.android.gms: publishing manifest shortcuts
05-20 10:23:03.531   579   611 I CredentialManager: CredentialManagerServiceImpl constructed for: com.google.android.gms/.auth.api.credentials.credman.service.PasswordAndPasskeyService
05-20 10:23:03.531   579   611 I CredentialManager: newServiceInfoLocked, mInfo null, com.google.android.gms/com.google.android.gms.auth.api.credentials.credman.service.PasswordAndPasskeyService
05-20 10:23:03.588   579  1748 W ActivityManager: Unable to start service Intent { act=android.settings.hats.START_SERVICE pkg=com.google.android.settings.intelligence (has extras) } U=0: not found
05-20 10:23:03.634   579   781 D ShortcutService: Saving package item com.google.android.gms to /data/system_ce/0/shortcut_service/packages/com.google.android.gms.xml
05-20 10:23:03.638   579   611 D ShortcutService: Getting shortcuts for launcher= com.android.systemuiuser=0 pkg=com.google.android.gms
05-20 10:23:03.644   579   611 D ShortcutService: Getting shortcuts for launcher= com.google.android.asuser=0 pkg=com.google.android.gms
05-20 10:23:03.644   579   611 D ShortcutService: Getting shortcuts for launcher= com.google.android.apps.nexuslauncheruser=0 pkg=com.google.android.gms
05-20 10:23:03.747   579  2075 W JobScheduler: Job didn't exist in JobStore: bf1028b #u0a143/-43 com.google.android.googlequicksearchbox/com.google.android.apps.gsa.tasks.BackgroundTasksJobService
05-20 10:23:03.753   579  2076 E JobScheduler.JobStatus: App com.google.android.apps.chromecast.app became active but still in NEVER bucket
05-20 10:23:03.765   579   596 W JobScheduler: Job didn't exist in JobStore: 2ca18cd #u0a137/201 com.google.android.apps.scone/.fwota.OtaUpdateService
05-20 10:23:03.795   579  2076 W JobScheduler: Job didn't exist in JobStore: 1e309d2 {androidx.work.systemjobscheduler} #u0a138/1000089 @androidx.work.systemjobscheduler@com.google.android.apps.chromecast.app/androidx.work.impl.background.systemjob.SystemJobService
05-20 10:23:03.836   579  2075 E JobScheduler.JobStatus: App com.google.android.apps.chromecast.app became active but still in NEVER bucket
05-20 10:23:03.836   579  1752 W ActivityManager: Unable to start service Intent { cmp=com.google.android.grilservice/.GRilService } U=0: not found
05-20 10:23:03.840   579  1748 W ActivityManager: Unbind failed: could not find connection for android.os.BinderProxy@510f2e2
05-20 10:23:03.846   579  1748 E JobScheduler.JobStatus: App com.google.android.apps.chromecast.app became active but still in NEVER bucket
05-20 10:23:03.853   579  2076 E JobScheduler.JobStatus: App com.google.android.apps.chromecast.app became active but still in NEVER bucket
05-20 10:23:04.345   579   652 D BiometricService: canAuthenticate: User=0, Caller=0, Authenticators=65536
05-20 10:23:04.345   579   652 E BiometricService: Non-biometric, non-credential bits found. Authenticators: 65536
05-20 10:23:04.385   579  2075 D BiometricService: canAuthenticate: User=0, Caller=0, Authenticators=65536
05-20 10:23:04.385   579  2075 E BiometricService: Non-biometric, non-credential bits found. Authenticators: 65536
05-20 10:23:06.361   579  1742 D BiometricService: Sensor ID(4), oemStrength: 15, updatedStrength: 15, modality 8, state: 0, cookie: 0, sensorId 4, hasEnrollments: false cannot participate in Keystore operations
05-20 10:23:06.361   579  1742 D BiometricService: Sensor ID(0), oemStrength: 15, updatedStrength: 15, modality 2, state: 0, cookie: 0, sensorId 0, hasEnrollments: false cannot participate in Keystore operations
05-20 10:23:06.647   579  1727 D ShortcutService: Getting shortcuts for launcher= com.google.android.asuser=0 pkg=com.google.android.gms
05-20 10:23:07.151   579  1092 D OomAdjuster: Not killing cached processes
05-20 10:23:10.259   579  1742 W JobScheduler: Job didn't exist in JobStore: e04b4 #u0a122/1 com.google.android.configupdater/.MainJobService
05-20 10:23:11.138   579   674 D ActivityManager: freezing 1781 com.android.chrome
05-20 10:23:11.351   579  1092 D CompatChangeReporter: Compat change id reported: 311208629; UID 10205; state: ENABLED
05-20 10:23:12.171   579  1742 D OomAdjuster: Not killing cached processes
05-20 10:23:16.761   579  2075 W ActivityManager: stopServiceToken startId 138 is last, but have 1 remaining args
05-20 10:23:17.197   185   196 I keystore2: system/security/keystore2/watchdog/src/lib.rs:319 - Watchdog thread idle -> terminating. Have a great day.
05-20 10:23:17.358   579  2075 D OomAdjuster: Not killing cached processes
05-20 10:23:17.997   579   674 D ActivityManager: freezing 2441 com.google.android.onetimeinitializer
05-20 10:23:18.330   579   674 D ActivityManager: freezing 2532 com.android.camera2
05-20 10:23:18.548   579   674 D ActivityManager: freezing 2599 com.android.dynsystem:dynsystem
05-20 10:23:18.549   579   674 D ActivityManager: freezing 2571 com.android.dynsystem
05-20 10:23:18.549   579   674 D ActivityManager: freezing 2045 com.android.localtransport
05-20 10:23:18.549   579   674 D ActivityManager: freezing 1477 com.android.keychain
05-20 10:23:18.848   579   674 D ActivityManager: freezing 2664 com.android.imsserviceentitlement
05-20 10:23:18.921   579   674 D ActivityManager: freezing 1525 com.google.android.calendar
05-20 10:23:19.100   579   674 D ActivityManager: freezing 2679 com.android.managedprovisioning
05-20 10:23:19.465   579   674 D ActivityManager: freezing 2142 com.google.android.tts
05-20 10:23:19.511   579   674 D ActivityManager: freezing 2201 com.android.vending
05-20 10:23:19.512   579   674 D ActivityManager: freezing 3617 com.android.vending:background
05-20 10:23:19.512   579   674 D ActivityManager: freezing 3618 com.android.vending:quick_launch
05-20 10:23:19.512   579   674 D ActivityManager: freezing 3834 com.android.vending:instant_app_installer
05-20 10:23:19.828   579   674 D ActivityManager: freezing 2697 com.android.messaging
05-20 10:23:20.735   579   674 D ActivityManager: freezing 2796 com.android.shell
05-20 10:23:22.393   579  2075 D OomAdjuster: Not killing cached processes
05-20 10:23:22.728   579   674 D ActivityManager: freezing 2806 com.google.android.gms.unstable
05-20 10:23:23.229   579   674 D ActivityManager: freezing 2921 com.google.android.apps.chromecast.app
05-20 10:23:23.412   579   674 D ActivityManager: freezing 3213 com.google.android.apps.nest.castauth
05-20 10:23:23.868   579   674 D ActivityManager: freezing 1578 com.google.android.apps.photos
05-20 10:23:23.934   579   674 D ActivityManager: freezing 3245 com.google.android.configupdater
05-20 10:23:24.040   579   674 D ActivityManager: freezing 3297 com.google.android.federatedcompute
05-20 10:23:24.428   579   674 D ActivityManager: freezing 3320 com.google.android.ondevicepersonalization.services
05-20 10:23:24.594   579   674 D ActivityManager: freezing 3333 com.google.android.rkpdapp
05-20 10:23:24.649   579   674 D ActivityManager: freezing 3367 com.google.android.packageinstaller
05-20 10:23:25.265   579   674 D ActivityManager: freezing 2037 com.google.android.as:captions
05-20 10:23:25.358   579  1752 W JobScheduler: Job didn't exist in JobStore: 655ef4e #u0a143/-353 com.google.android.googlequicksearchbox/com.google.android.apps.gsa.tasks.BackgroundTasksJobService
05-20 10:23:25.410   579   674 D ActivityManager: freezing 3395 com.google.assistant.hubui:search
05-20 10:23:25.785   579   674 D ActivityManager: freezing 3481 com.google.android.apps.carrier.log
05-20 10:23:26.135   579   674 D ActivityManager: freezing 3528 com.google.android.apps.restore
05-20 10:23:26.516   579   674 D ActivityManager: freezing 3564 com.google.android.partnersetup
05-20 10:23:27.822   579  1092 D OomAdjuster: Not killing cached processes
05-20 10:23:34.189   579   895 D OomAdjuster: Not killing cached processes
05-20 10:23:34.201   579   674 D ActivityManager: freezing 1282 com.google.android.gms
05-20 10:23:38.469   579   895 W BatteryExternalStatsWorker: error reading Bluetooth stats: 11
05-20 10:23:38.623   579   674 D ActivityManager: freezing 992 com.android.settings
05-20 10:23:38.623   579   674 D ActivityManager: freezing 1783 com.google.android.settings.intelligence
05-20 10:23:39.226   579  1752 D OomAdjuster: Not killing cached processes
05-20 10:23:46.796   579   612 D OomAdjuster: Not killing cached processes
05-20 10:23:46.822   579   665 D ActivityManager: sync unfroze 1578 com.google.android.apps.photos for 6
05-20 10:23:46.822   579   665 W ProcessStats: Tracking association SourceState{4b90896 system/1000 ImpBg #2508} whose proc state 6 is better than process ProcessState{c8ce5a6 com.google.android.apps.photos/10167 pkg=com.google.android.apps.photos} proc state 14 (0 skipped)
05-20 10:23:51.836   579   612 D OomAdjuster: Not killing cached processes
05-20 10:23:56.860   579   674 D ActivityManager: freezing 1578 com.google.android.apps.photos
05-20 10:23:58.653   579  1740 D OomAdjuster: Not killing cached processes
05-20 10:23:58.912   579   674 D ActivityManager: freezing 2898 com.google.android.permissioncontroller
05-20 10:24:01.865   579   674 D ActivityManager: freezing 2013 com.google.android.apps.wallpaper
05-20 10:24:02.082   579   674 D ActivityManager: freezing 1546 com.google.android.googlequicksearchbox:search
05-20 10:24:02.083   579   674 D ActivityManager: freezing 2424 com.google.android.webview:sandboxed_process0:org.chromium.content.app.SandboxedProcessService0:0
05-20 10:24:02.343   185  4169 I keystore2: system/security/keystore2/watchdog/src/lib.rs:319 - Watchdog thread idle -> terminating. Have a great day.
05-20 10:24:03.283   579   674 D ActivityManager: freezing 2375 com.google.android.googlequicksearchbox:train
05-20 10:24:06.465   579  1752 D OomAdjuster: Not killing cached processes
05-20 10:24:06.962   579  1752 D CompatChangeReporter: Compat change id reported: 311208629; UID 10123; state: ENABLED
05-20 10:24:08.692   579   612 W ActivityManager: Stopping service due to app idle: u0a137 -1m19s995ms com.google.android.apps.scone/.wifiscorer.WifiScorerService
05-20 10:24:08.692   579   612 W ActivityManager: Stopping service due to app idle: u0a137 -1m21s776ms com.google.android.apps.scone/.coex.StateService
05-20 10:24:08.692   579   612 W ActivityManager: Stopping service due to app idle: u0a137 -1m21s303ms com.google.android.apps.scone/.perfstats.PerfStatsService
05-20 10:24:09.531   579   665 D ActivityManager: sync unfroze 2201 com.android.vending for 6
05-20 10:24:09.533   579   665 D ActivityManager: sync unfroze 1282 com.google.android.gms for 6
05-20 10:24:09.533   579   665 D ActivityManager: sync unfroze 3617 com.android.vending:background for 6
05-20 10:24:09.535   579   665 D ActivityManager: sync unfroze 3618 com.android.vending:quick_launch for 6
05-20 10:24:09.535   579   665 W ProcessStats: Tracking association SourceState{a9eb1e2 com.android.vending:background/10141 ImpBg #2545} whose proc state 6 is better than process ProcessState{549a3cf com.android.vending/10141 pkg=com.android.vending} proc state 14 (1 skipped)
05-20 10:24:09.818   579   665 D ActivityManager: sync unfroze 1783 com.google.android.settings.intelligence for 6
05-20 10:24:09.819   579   665 D ActivityManager: sync unfroze 1546 com.google.android.googlequicksearchbox:search for 6
05-20 10:24:09.819   579   665 D ActivityManager: sync unfroze 2424 com.google.android.webview:sandboxed_process0:org.chromium.content.app.SandboxedProcessService0:0 for 6
05-20 10:24:09.821   579   665 D ActivityManager: sync unfroze 2921 com.google.android.apps.chromecast.app for 6
05-20 10:24:09.823   579   665 W JobServiceContext: Sending onNetworkChanged for a job that isn't started. JobStatus{8bc140a androidx.work.systemjobscheduler:u0a138/1000081 @androidx.work.systemjobscheduler@com.google.android.apps.chromecast.app/androidx.work.impl.background.systemjob.SystemJobService u=0 s=10138 TIME=-16s655ms:none NET READY}
05-20 10:24:09.836   579  1092 D ActivityManager: sync unfroze 992 com.android.settings for 7
05-20 10:24:09.874   579  2075 W JobScheduler: Job didn't exist in JobStore: a5eadb0 #u0a143/-353 com.google.android.googlequicksearchbox/com.google.android.apps.gsa.tasks.BackgroundTasksJobService
05-20 10:24:14.546   579  1092 D OomAdjuster: Not killing cached processes
05-20 10:24:17.001   579   674 D ActivityManager: freezing 1833 com.google.android.as.oss
05-20 10:24:18.697   579   674 D ActivityManager: freezing 2109 com.google.android.apps.scone
05-20 10:24:19.566   579  1092 D OomAdjuster: Not killing cached processes
05-20 10:24:19.857   579   674 D ActivityManager: freezing 2921 com.google.android.apps.chromecast.app
05-20 10:24:19.891   579   674 D ActivityManager: freezing 1546 com.google.android.googlequicksearchbox:search
05-20 10:24:19.891   579   674 D ActivityManager: freezing 2424 com.google.android.webview:sandboxed_process0:org.chromium.content.app.SandboxedProcessService0:0
05-20 10:24:24.559   579   674 D ActivityManager: freezing 3618 com.android.vending:quick_launch
05-20 10:24:24.559   579   674 D ActivityManager: freezing 2201 com.android.vending
05-20 10:24:24.559   579   674 D ActivityManager: freezing 3617 com.android.vending:background
05-20 10:24:24.570   579  1092 D OomAdjuster: Not killing cached processes
05-20 10:24:34.984   579   674 D ActivityManager: freezing 1282 com.google.android.gms
