05-20 10:22:43.036   579   613 W ActivityManager: Slow operation: 81ms so far, now at startProcess: done updating pids map
05-20 10:22:43.045   579   650 D SystemServerTiming: getUserSwitchability-0
05-20 10:22:43.045   579   650 D SystemServerTiming: TM.isInCall
05-20 10:22:43.045   579   650 D SystemServerTiming: hasUserRestriction-DISALLOW_USER_SWITCH
05-20 10:22:43.045   579   650 D SystemServerTiming: getInt-ALLOW_USER_SWITCHING_WHEN_SYSTEM_USER_LOCKED
05-20 10:22:43.045   579   650 D SystemServerTiming: isUserUnlocked-USER_SYSTEM
05-20 10:22:43.046   579   579 W Looper  : Slow dispatch took 101ms main h=android.app.ActivityThread$H c=null m=122
05-20 10:22:43.047   579   579 W Looper  : Drained
05-20 10:22:43.089   579   611 D ShortcutService: Getting shortcuts for launcher= com.android.systemuiuser=0 pkg=com.android.chrome
05-20 10:22:43.092   579   611 D ShortcutService: Getting shortcuts for launcher= com.android.systemuiuser=0 pkg=com.google.android.contacts
05-20 10:22:43.092   579   611 D ShortcutService: Getting shortcuts for launcher= com.android.systemuiuser=0 pkg=com.google.android.apps.maps
05-20 10:22:43.092   579   611 D ShortcutService: Getting shortcuts for launcher= com.android.systemuiuser=0 pkg=com.google.android.apps.docs
05-20 10:22:43.093   579   611 D ShortcutService: Getting shortcuts for launcher= com.android.systemuiuser=0 pkg=com.google.android.gm
05-20 10:22:43.093   579   611 D ShortcutService: Getting shortcuts for launcher= com.android.systemuiuser=0 pkg=com.google.android.as
05-20 10:22:43.093   579   611 D ShortcutService: Getting shortcuts for launcher= com.android.systemuiuser=0 pkg=com.google.android.deskclock
05-20 10:22:43.094   579   611 D ShortcutService: Getting shortcuts for launcher= com.android.systemuiuser=0 pkg=com.google.android.youtube
05-20 10:22:43.094   579   665 E JobScheduler.Quota: <0>com.google.android.apps.photos has 0 EJ quota without running anything
05-20 10:22:43.102   579  1306 I StorageUserConnection: Service: [ComponentInfo{com.google.android.providers.media.module/com.android.providers.media.fuse.ExternalStorageServiceImpl}] connected. User [0]
05-20 10:22:43.133   579   665 E JobScheduler.Quota: <0>com.google.android.apps.photos has 0 EJ quota without running anything
05-20 10:22:43.329   175   179 I vold    : fuse-bpf is enabled because /sys/fs/fuse/features/fuse_bpf reads 'supported'
05-20 10:22:43.330   175   179 I vold    : Setting ro.fuse.bpf.is_running to true
05-20 10:22:43.352   175   179 I vold    : Configuring read_ahead of /mnt/user/0/emulated fuse filesystem to 256kb
05-20 10:22:43.352   175   179 I vold    : Writing 256 to /sys/class/bdi/0:83/read_ahead_kb
05-20 10:22:43.352   175   179 I vold    : Configuring max_ratio of /mnt/user/0/emulated fuse filesystem to 40
05-20 10:22:43.352   175   179 I vold    : Writing 40 to /sys/class/bdi/0:83/max_ratio
05-20 10:22:43.359   579   697 I StorageManagerService: Mounted volume VolumeInfo{emulated;0}:
05-20 10:22:43.359   579   697 I StorageManagerService:     type=EMULATED diskId=null partGuid= mountFlags=PRIMARY|VISIBLE_FOR_WRITE 
05-20 10:22:43.359   579   697 I StorageManagerService:     mountUserId=0 state=MOUNTED 
05-20 10:22:43.359   579   697 I StorageManagerService:     fsType=null fsUuid=null fsLabel=null 
05-20 10:22:43.359   579   697 I StorageManagerService:     path=/storage/emulated internalPath=/data/media 
05-20 10:22:43.359   579   697 I StorageSessionController: Notifying volume state changed for session with id: emulated;0
05-20 10:22:43.489   579   697 I StorageManagerService: Mounting volume VolumeInfo{public:253,80}:
05-20 10:22:43.489   579   697 I StorageManagerService:     type=PUBLIC diskId=disk:253,80 partGuid= mountFlags=VISIBLE_FOR_WRITE 
05-20 10:22:43.489   579   697 I StorageManagerService:     mountUserId=0 state=UNMOUNTED 
05-20 10:22:43.489   579   697 I StorageManagerService:     fsType=null fsUuid=null fsLabel=null 
05-20 10:22:43.489   579   697 I StorageManagerService:     path=null internalPath=null 
05-20 10:22:43.489   579   697 I Watchdog: Pausing of HandlerChecker: monitor thread for reason: #mount might be slow. Pause end time: 34883
05-20 10:22:43.490   175   179 D vold    : /system/bin/blkid
05-20 10:22:43.490   175   179 D vold    :     -c
05-20 10:22:43.490   175   179 D vold    :     /dev/null
05-20 10:22:43.490   175   179 D vold    :     -s
05-20 10:22:43.490   175   179 D vold    :     TYPE
05-20 10:22:43.490   175   179 D vold    :     -s
05-20 10:22:43.490   175   179 D vold    :     UUID
05-20 10:22:43.490   175   179 D vold    :     -s
05-20 10:22:43.490   175   179 D vold    :     LABEL
05-20 10:22:43.490   175   179 D vold    :     /dev/block/vold/public:253,80
05-20 10:22:43.515   175   179 D vold    : /dev/block/vold/public:253,80: LABEL="SDCARD" UUID="0000-0000" TYPE="vfat" 
05-20 10:22:43.517  1658  1658 D vold    : /system/bin/fsck_msdos
05-20 10:22:43.517  1658  1658 D vold    :     -p
05-20 10:22:43.517  1658  1658 D vold    :     -f
05-20 10:22:43.517  1658  1658 D vold    :     -y
05-20 10:22:43.517  1658  1658 D vold    :     /dev/block/vold/public:253,80
05-20 10:22:43.540   175   179 I vold    : Filesystem check completed OK
05-20 10:22:43.550   175   179 I vold    : Mounting public fuse volume
05-20 10:22:43.552   175   179 I vold    : Bind mounting /mnt/media_rw/0000-0000 to /mnt/pass_through/0/0000-0000
05-20 10:22:43.552   579   697 I StorageSessionController: On volume mount VolumeInfo{public:253,80}:
05-20 10:22:43.552   579   697 I StorageSessionController:     type=PUBLIC diskId=disk:253,80 partGuid= mountFlags=VISIBLE_FOR_WRITE 
05-20 10:22:43.552   579   697 I StorageSessionController:     mountUserId=0 state=CHECKING 
05-20 10:22:43.552   579   697 I StorageSessionController:     fsType=vfat fsUuid=0000-0000 fsLabel=SDCARD 
05-20 10:22:43.552   579   697 I StorageSessionController:     path=/storage/0000-0000 internalPath=/mnt/media_rw/0000-0000 
05-20 10:22:43.564   579   697 I StorageSessionController: Creating and starting session with id: public:253,80
05-20 10:22:43.667   579   596 I MediaSessionStack: addSession to bottom of stack | record: com.google.android.googlequicksearchbox/AssistantMediaPlayer: AMP-auto-session-identifier/6 (userId=0)
05-20 10:22:43.742   579  1069 D CountryDetector: The first listener is added
05-20 10:22:43.762   175   179 I vold    : Configuring read_ahead of /mnt/user/0/0000-0000 fuse filesystem to 256kb
05-20 10:22:43.762   175   179 I vold    : Writing 256 to /sys/class/bdi/0:129/read_ahead_kb
05-20 10:22:43.762   175   179 I vold    : Configuring max_ratio of /mnt/user/0/0000-0000 fuse filesystem to 40
05-20 10:22:43.762   175   179 I vold    : Writing 40 to /sys/class/bdi/0:129/max_ratio
05-20 10:22:43.762   579   697 I StorageManagerService: Mounted volume VolumeInfo{public:253,80}:
05-20 10:22:43.762   579   697 I StorageManagerService:     type=PUBLIC diskId=disk:253,80 partGuid= mountFlags=VISIBLE_FOR_WRITE 
05-20 10:22:43.762   579   697 I StorageManagerService:     mountUserId=0 state=MOUNTED 
05-20 10:22:43.762   579   697 I StorageManagerService:     fsType=vfat fsUuid=0000-0000 fsLabel=SDCARD 
05-20 10:22:43.762   579   697 I StorageManagerService:     path=/storage/0000-0000 internalPath=/mnt/media_rw/0000-0000 
05-20 10:22:43.762   579   697 W StorageSessionController: No available storage user connection for userId : -1
05-20 10:22:43.763   579   697 W BroadcastLoopers: Found previously unknown looper Thread[StorageManagerService,5,main]
05-20 10:22:43.763   579   697 I StorageSessionController: Notifying volume state changed for session with id: emulated;0
05-20 10:22:43.774   579   697 I StorageSessionController: Notifying volume state changed for session with id: emulated;0
05-20 10:22:43.802   579   579 V NotificationManagerService$NotificationListeners: 0 notification listener service connected: ComponentInfo{com.google.android.apps.nexuslauncher/com.android.launcher3.notification.NotificationListener}
05-20 10:22:43.849   579  1092 D CoreBackPreview: Window{1c50f8a u0 com.google.android.apps.nexuslauncher/com.google.android.apps.nexuslauncher.NexusLauncherActivity}: Setting back callback OnBackInvokedCallbackInfo{mCallback=android.window.IOnBackInvokedCallback$Stub$Proxy@bcc9e2e, mPriority=-1, mIsAnimationCallback=false}
05-20 10:22:43.853   579   908 D CoreBackPreview: Window{1c50f8a u0 com.google.android.apps.nexuslauncher/com.google.android.apps.nexuslauncher.NexusLauncherActivity}: Setting back callback OnBackInvokedCallbackInfo{mCallback=android.window.IOnBackInvokedCallback$Stub$Proxy@ed737eb, mPriority=0, mIsAnimationCallback=true}
05-20 10:22:43.856   579   650 D WallpaperManagerService: WPMS.saveSettingsLocked-0
05-20 10:22:43.936   579   911 D CompatChangeReporter: Compat change id reported: 311402873; UID 10129; state: ENABLED
05-20 10:22:43.936   579   911 D CompatChangeReporter: Compat change id reported: 323349338; UID 10129; state: ENABLED
05-20 10:22:44.027   579   650 V WindowManager: Queueing transition: TransitionRecord{ee273ae id=-1 type=CHANGE flags=0x0}
05-20 10:22:44.045   579   908 W OptProp : Cannot read opt property android.window.PROPERTY_COMPAT_IGNORE_REQUESTED_ORIENTATION
05-20 10:22:44.046   579   908 W OptProp : Cannot read opt property android.window.PROPERTY_COMPAT_ALLOW_IGNORING_ORIENTATION_REQUEST_WHEN_LOOP_DETECTED
05-20 10:22:44.059   826   865 D WindowManagerShell: setLauncherKeepClearAreaHeight: visible=false, height=202
05-20 10:22:44.059   826   865 D WindowManagerShell: setLauncherKeepClearAreaHeight: visible=true, height=202
05-20 10:22:44.092   579  1070 W ActivityManager: Slow operation: 52ms so far, now at finishAttachApplicationInner: after mServices.attachApplicationLocked
05-20 10:22:44.092   579  1070 W ActivityManager: Slow operation: 52ms so far, now at finishAttachApplicationInner: after dispatching broadcasts
05-20 10:22:44.113   579  1070 D ShortcutService: Getting shortcuts for launcher= com.google.android.apps.nexuslauncheruser=0 pkg=null
05-20 10:22:44.154   579   692 D InputMethodManagerService: Initializing Handwriting Spy
05-20 10:22:44.171   579  1740 D CompatChangeReporter: Compat change id reported: 151861875; UID 10084; state: ENABLED
05-20 10:22:44.183   579   579 V ConditionProviders: 0 condition provider service connected: ComponentInfo{com.google.android.gms/com.google.android.location.settings.DrivingConditionProvider}
05-20 10:22:44.188   579   613 I ActivityManager: Start proc 1771:com.android.providers.calendar/u0a84 for content provider {com.android.providers.calendar/com.android.providers.calendar.CalendarProvider2}
05-20 10:22:44.194   579   908 D CompatChangeReporter: Compat change id reported: 151861875; UID 10139; state: ENABLED
05-20 10:22:44.201   579   613 I ActivityManager: Start proc 1781:com.android.chrome/u0a145 for service {com.android.chrome/org.chromium.components.background_task_scheduler.internal.BackgroundTaskJobService}
05-20 10:22:44.225   579   613 I ActivityManager: Start proc 1783:com.google.android.settings.intelligence/u0a139 for service {com.google.android.settings.intelligence/com.google.android.settings.intelligence.modules.routines.impl.PruneDatabaseJobService}
05-20 10:22:44.313   579  1727 W PackageConfigPersister: App-specific configuration not found for packageName: com.android.settings and userId: 0
05-20 10:22:44.363   579  1748 D CompatChangeReporter: Compat change id reported: 151861875; UID 10123; state: ENABLED
05-20 10:22:44.393   579   910 E JobScheduler.JobStatus: App com.google.android.inputmethod.latin became active but still in NEVER bucket
05-20 10:22:44.397   579   910 E JobScheduler.JobStatus: App com.google.android.inputmethod.latin became active but still in NEVER bucket
05-20 10:22:44.401   579  1748 E JobScheduler.JobStatus: App com.google.android.inputmethod.latin became active but still in NEVER bucket
05-20 10:22:44.401   579  1748 E JobScheduler.JobStatus: App com.google.android.inputmethod.latin became active but still in NEVER bucket
05-20 10:22:44.403   579  1740 E JobScheduler.JobStatus: App com.google.android.inputmethod.latin became active but still in NEVER bucket
05-20 10:22:44.407   579  1740 E JobScheduler.JobStatus: App com.google.android.inputmethod.latin became active but still in NEVER bucket
05-20 10:22:44.408   579  1740 E JobScheduler.JobStatus: App com.google.android.inputmethod.latin became active but still in NEVER bucket
05-20 10:22:44.408   579  1740 E JobScheduler.JobStatus: App com.google.android.inputmethod.latin became active but still in NEVER bucket
05-20 10:22:44.408   579  1740 E JobScheduler.JobStatus: App com.google.android.inputmethod.latin became active but still in NEVER bucket
05-20 10:22:44.408   579  1740 E JobScheduler.JobStatus: App com.google.android.inputmethod.latin became active but still in NEVER bucket
05-20 10:22:44.409   579  1740 E JobScheduler.JobStatus: App com.google.android.inputmethod.latin became active but still in NEVER bucket
05-20 10:22:44.410   579  1740 E JobScheduler.JobStatus: App com.google.android.inputmethod.latin became active but still in NEVER bucket
05-20 10:22:44.418   579   613 W ActivityManager: Slow operation: 54ms so far, now at startProcess: done updating battery stats
05-20 10:22:44.418   579   613 W ActivityManager: Slow operation: 54ms so far, now at startProcess: building log message
05-20 10:22:44.418   579   613 I ActivityManager: Start proc 1833:com.google.android.as.oss/u0a123 for service {com.google.android.as.oss/com.google.android.apps.miphone.astrea.grpc.AstreaGrpcService}
05-20 10:22:44.418   579   613 W ActivityManager: Slow operation: 54ms so far, now at startProcess: starting to update pids map
05-20 10:22:44.418   579   613 W ActivityManager: Slow operation: 54ms so far, now at startProcess: done updating pids map
05-20 10:22:44.435   579   697 I StorageSessionController: Notifying volume state changed for session with id: public:253,80
05-20 10:22:44.437   579  1741 I ActivityManager: Enqueued broadcast Intent { act=com.android.emulator.multidisplay.START flg=0x400000 cmp=com.android.emulator.multidisplay/.MultiDisplayServiceReceiver }: 0
05-20 10:22:44.440   579  1749 W PackageManager: Cannot suspend package "com.android.dynsystem": has OP_SYSTEM_EXEMPT_FROM_SUSPENSION set
05-20 10:22:44.440   579  1749 W PackageManager: Cannot suspend package "com.android.vending": required for package verification
05-20 10:22:44.442   579  1749 W PackageManager: Cannot suspend package "android": has OP_SYSTEM_EXEMPT_FROM_SUSPENSION set
05-20 10:22:44.444   579   596 E JobScheduler.JobStatus: App com.google.android.inputmethod.latin became active but still in NEVER bucket
05-20 10:22:44.456   579   649 E JobScheduler.JobStatus: App com.google.android.inputmethod.latin became active but still in NEVER bucket
05-20 10:22:44.457   579   697 I StorageSessionController: Notifying volume state changed for session with id: public:253,80
05-20 10:22:44.457   579  1749 W PackageManager: Cannot suspend package "com.google.android.permissioncontroller": required for permissions management
05-20 10:22:44.457   579  1749 W PackageManager: Cannot suspend package "com.android.providers.settings": has OP_SYSTEM_EXEMPT_FROM_SUSPENSION set
05-20 10:22:44.457   579  1749 W PackageManager: Cannot suspend package "com.android.inputdevices": has OP_SYSTEM_EXEMPT_FROM_SUSPENSION set
05-20 10:22:44.457   579  1749 W PackageManager: Cannot suspend package "com.android.server.telecom": has OP_SYSTEM_EXEMPT_FROM_SUSPENSION set
05-20 10:22:44.457   579  1749 W PackageManager: Cannot suspend package "com.android.keychain": has OP_SYSTEM_EXEMPT_FROM_SUSPENSION set
05-20 10:22:44.457   579  1749 W PackageManager: Cannot suspend package "com.google.android.packageinstaller": required for package installation
05-20 10:22:44.458   579  1749 W PackageManager: Cannot suspend package "com.android.localtransport": has OP_SYSTEM_EXEMPT_FROM_SUSPENSION set
05-20 10:22:44.458   579  1749 W PackageManager: Cannot suspend package "com.google.android.apps.nexuslauncher": contains the active launcher
05-20 10:22:44.458   579  1749 W PackageManager: Cannot suspend package "com.android.DeviceAsWebcam": has OP_SYSTEM_EXEMPT_FROM_SUSPENSION set
05-20 10:22:44.458   579  1749 W PackageManager: Cannot suspend package "com.android.emulator.multidisplay": has OP_SYSTEM_EXEMPT_FROM_SUSPENSION set
05-20 10:22:44.458   579  1749 W PackageManager: Cannot suspend package "com.android.settings": has OP_SYSTEM_EXEMPT_FROM_SUSPENSION set
05-20 10:22:44.458   579  1749 W PackageManager: Cannot suspend package "com.android.location.fused": has OP_SYSTEM_EXEMPT_FROM_SUSPENSION set
05-20 10:22:44.557  1438  1438 W ContextImpl: Calling a method in the system process without a qualified user: android.app.ContextImpl.startService:1928 android.content.ContextWrapper.startService:827 android.content.ContextWrapper.startService:827 com.android.emulator.multidisplay.MultiDisplayServiceReceiver.onReceive:34 android.app.ActivityThread.handleReceiver:4772 
05-20 10:22:44.575   579   613 I ActivityManager: Start proc 1888:com.google.android.deskclock/u0a163 for content provider {com.google.android.deskclock/com.android.deskclock.provider.ClockContentProvider}
05-20 10:22:44.609   579   697 D StorageManagerService: Volume emulated;0 broadcasting mounted to UserHandle{0}
05-20 10:22:44.609   579   697 D StorageManagerService: Volume public:253,80 broadcasting mounted to UserHandle{0}
05-20 10:22:44.609   579   697 D StorageManagerService: Volume emulated;0 broadcasting mounted to UserHandle{0}
05-20 10:22:44.609   579   697 D StorageManagerService: Volume public:253,80 broadcasting checking to UserHandle{0}
05-20 10:22:44.609   579   697 D StorageManagerService: Volume public:253,80 broadcasting mounted to UserHandle{0}
05-20 10:22:44.613   579   650 D CompatChangeReporter: Compat change id reported: 253665015; UID 10143; state: ENABLED
05-20 10:22:44.630   579  1474 E JobScheduler.JobStatus: App com.google.android.inputmethod.latin became active but still in NEVER bucket
05-20 10:22:44.632   579   579 W NotificationHistory: Attempted to add notif for locked/gone/disabled user 0
05-20 10:22:44.640   579   597 E JobScheduler.JobStatus: App com.google.android.inputmethod.latin became active but still in NEVER bucket
05-20 10:22:44.686   579  1741 E JobScheduler.JobStatus: App com.google.android.inputmethod.latin became active but still in NEVER bucket
05-20 10:22:44.708   579  1069 E JobScheduler.JobStatus: App com.google.android.inputmethod.latin became active but still in NEVER bucket
05-20 10:22:44.738   579  1474 D ShortcutService: rescanPackageIfNeeded 0@com.google.android.calendar, forceRescan=false , isNewApp=false
05-20 10:22:44.742   579  1070 D ShortcutService: rescanPackageIfNeeded 0@com.google.android.calendar, forceRescan=false , isNewApp=false
05-20 10:22:44.760   579   652 D CompatChangeReporter: Compat change id reported: 271850009; UID 10143; state: ENABLED
05-20 10:22:44.778   579  1751 E JobScheduler.JobStatus: App com.google.android.inputmethod.latin became active but still in NEVER bucket
05-20 10:22:44.843   579   611 D ShortcutService: Getting shortcuts for launcher= com.android.systemuiuser=0 pkg=com.google.android.calendar
05-20 10:22:44.843   579   611 D ShortcutService: Getting shortcuts for launcher= com.google.android.asuser=0 pkg=com.google.android.calendar
05-20 10:22:44.843   579   611 D ShortcutService: Getting shortcuts for launcher= com.google.android.apps.nexuslauncheruser=0 pkg=com.google.android.calendar
05-20 10:22:44.844   579  1092 E JobScheduler.JobStatus: App com.google.android.inputmethod.latin became active but still in NEVER bucket
05-20 10:22:44.844   579   781 D ShortcutService: Saving package item com.google.android.calendar to /data/system_ce/0/shortcut_service/packages/com.google.android.calendar.xml
05-20 10:22:44.887   579  1069 D CompatChangeReporter: Compat change id reported: 311402873; UID 10139; state: ENABLED
05-20 10:22:44.887   579  1069 D CompatChangeReporter: Compat change id reported: 323349338; UID 10139; state: ENABLED
05-20 10:22:44.903   579   652 E JobScheduler.JobStatus: App com.google.android.inputmethod.latin became active but still in NEVER bucket
05-20 10:22:44.922   579   597 E JobScheduler.JobStatus: App com.google.android.inputmethod.latin became active but still in NEVER bucket
05-20 10:22:44.922   579  1727 E JobScheduler.JobStatus: App com.google.android.inputmethod.latin became active but still in NEVER bucket
05-20 10:22:44.930   579   953 E JobScheduler.JobStatus: App com.google.android.inputmethod.latin became active but still in NEVER bucket
05-20 10:22:44.933   579  1751 E JobScheduler.JobStatus: App com.google.android.inputmethod.latin became active but still in NEVER bucket
05-20 10:22:44.944   579   649 E JobScheduler.JobStatus: App com.google.android.inputmethod.latin became active but still in NEVER bucket
05-20 10:22:44.958   579   652 E JobScheduler.JobStatus: App com.google.android.inputmethod.latin became active but still in NEVER bucket
05-20 10:22:44.966   579   652 E JobScheduler.JobStatus: App com.google.android.inputmethod.latin became active but still in NEVER bucket
05-20 10:22:44.982   579   597 I SoundTriggerMiddlewareLogging: LIST_MODULE [client= "com.google.android.as"] () -> [ {Id: 0, Implementor: android, Version: 1} ]
05-20 10:22:44.990   579  1751 E JobScheduler.JobStatus: App com.google.android.inputmethod.latin became active but still in NEVER bucket
05-20 10:22:44.995   579  1751 D CompatChangeReporter: Compat change id reported: 311208629; UID 10139; state: ENABLED
05-20 10:22:45.011   579   579 V NotificationManagerService$NotificationAssistants: 0 notification assistant service connected: ComponentInfo{com.google.android.as/com.google.android.apps.miphone.aiai.common.notification.service.AiAiNotificationAssistantService}
05-20 10:22:45.018   579   579 V NotificationManagerService$NotificationListeners: 0 notification listener service connected: ComponentInfo{com.google.android.as/com.google.android.apps.miphone.aiai.common.notification.service.AiAiNotificationListenerService}
05-20 10:22:45.027   579   597 E JobScheduler.JobStatus: App com.google.android.inputmethod.latin became active but still in NEVER bucket
05-20 10:22:45.052   579  1751 E JobScheduler.JobStatus: App com.google.android.inputmethod.latin became active but still in NEVER bucket
05-20 10:22:45.099   579   597 D ShortcutService: Getting shortcuts for launcher= com.google.android.apps.nexuslauncheruser=0 pkg=null
05-20 10:22:45.113   579  1727 D CompatChangeReporter: Compat change id reported: 311208629; UID 10129; state: ENABLED
05-20 10:22:45.119   579  1727 W JobScheduler: Job didn't exist in JobStore: 4c6b7af #u0a129/272538963 com.google.android.as/com.google.android.apps.miphone.aiai.common.superpacks.impl.PeriodicCleanupService
05-20 10:22:45.122   579  1092 D ConditionProviders: Disabling component com.google.android.gms/com.google.android.location.settings.DrivingConditionProvider
05-20 10:22:45.139   579   597 D CompatChangeReporter: Compat change id reported: 151861875; UID 10186; state: ENABLED
05-20 10:22:45.160   579   613 I ActivityManager: Start proc 2013:com.google.android.apps.wallpaper/u0a186 for content provider {com.google.android.apps.wallpaper/com.google.android.apps.wallpaper.provider.RecentWallpapersProvider}
05-20 10:22:45.198   579  1753 D CoreBackPreview: Window{a66236b u0 com.android.settings/com.android.settings.FallbackHome}: Setting back callback null
05-20 10:22:45.200   826  1518 V WindowManagerShell: onTransitionReady(transaction=2486786064643)
05-20 10:22:45.203   826   865 V WindowManagerShell: onTransitionReady (#3) android.os.BinderProxy@1a58171: {id=3 t=CLOSE f=0x0 trk=0 r=[0@Point(0, 0)] c=[{WCT{android.window.IWindowContainerToken$Stub$Proxy@cc1eda3} m=OPEN f=SHOW_WALLPAPER|MOVE_TO_TOP leash=Surface(name=Task=137)/@0x84d4d34 sb=Rect(0, 0 - 2560, 1600) eb=Rect(0, 0 - 2560, 1600) d=0 taskParent=-1},{WCT{android.window.IWindowContainerToken$Stub$Proxy@40c08a0} m=CLOSE f=SHOW_WALLPAPER leash=Surface(name=Task=5)/@0xa7e75d sb=Rect(0, 0 - 2560, 1600) eb=Rect(0, 0 - 2560, 1600) d=0 taskParent=-1}]}
05-20 10:22:45.204   579   600 V WindowManager: Sent Transition (#3) createdAt=05-20 10:22:42.612 via request=TransitionRequestInfo { type = CLOSE, triggerTask = TaskInfo{userId=0 taskId=5 displayId=0 isRunning=false baseIntent=Intent { act=android.intent.action.MAIN cat=[android.intent.category.HOME] flg=0x10800100 cmp=com.android.settings/.FallbackHome } baseActivity=null topActivity=null origActivity=null realActivity=ComponentInfo{com.android.settings/com.android.settings.FallbackHome} numActivities=0 lastActiveTime=11457 supportsMultiWindow=true resizeMode=0 isResizeable=false minWidth=-1 minHeight=-1 defaultMinSize=220 token=WCT{RemoteToken{44b8e32 Task{b704e8c #5 type=home A=1000:com.android.settings.FallbackHome}}} topActivityType=2 pictureInPictureParams=null shouldDockBigOverlays=false launchIntoPipHostTaskId=-1 lastParentTaskIdBeforePip=-1 displayCutoutSafeInsets=null topActivityInfo=null launchCookies=[] positionInParent=Point(0, 0) parentTaskId=-1 isFocused=true isVisible=true isVisibleRequested=true isSleeping=false locusId=null displayAreaFeatureId=1 isTopActivityTransparent=false appCompatTaskInfo=AppCompatTaskInfo { topActivityInSizeCompat=false topActivityEligibleForLetterboxEducation= falseisLetterboxEducationEnabled= false isLetterboxDoubleTapEnabled= false topActivityEligibleForUserAspectRatioButton= false topActivityBoundsLetterboxed= false isFromLetterboxDoubleTap= false topActivityLetterboxVerticalPosition= -1 topActivityLetterboxHorizontalPosition= -1 topActivityLetterboxWidth=-1 topActivityLetterboxHeight=-1 isUserFullscreenOverrideEnabled=false isSystemFullscreenOverrideEnabled=false cameraCompatTaskInfo=CameraCompatTaskInfo { cameraCompatControlState=hidden freeformCameraCompatMode=inactive}}}, pipTask = null, remoteTransition = null, displayChange = null, flags = 0, debugId = 3 }
05-20 10:22:45.204   579   600 V WindowManager:     startWCT=WindowContainerTransaction { changes = {} hops = [] errorCallbackToken=null taskFragmentOrganizer=null }
05-20 10:22:45.204   579   600 V WindowManager:     info={id=3 t=CLOSE f=0x0 trk=0 r=[0@Point(0, 0)] c=[
05-20 10:22:45.204   579   600 V WindowManager:         {WCT{RemoteToken{62af783 Task{6bea77a #137 type=home I=com.google.android.apps.nexuslauncher/.NexusLauncherActivity}}} m=OPEN f=SHOW_WALLPAPER|MOVE_TO_TOP leash=Surface(name=Task=137)/@0x6171dda sb=Rect(0, 0 - 2560, 1600) eb=Rect(0, 0 - 2560, 1600) d=0 taskParent=-1},
05-20 10:22:45.204   579   600 V WindowManager:         {WCT{RemoteToken{44b8e32 Task{b704e8c #5 type=home A=1000:com.android.settings.FallbackHome}}} m=CLOSE f=SHOW_WALLPAPER leash=Surface(name=Task=5)/@0xa878b85 sb=Rect(0, 0 - 2560, 1600) eb=Rect(0, 0 - 2560, 1600) d=0 taskParent=-1}
05-20 10:22:45.204   579   600 V WindowManager:     ]}
05-20 10:22:45.213   826   865 V WindowManagerShell: Playing animation for (#3) android.os.BinderProxy@1a58171@0
05-20 10:22:45.213   826   865 V WindowManagerShell:  try handler com.android.wm.shell.transition.DefaultMixedHandler@f809c59
05-20 10:22:45.213   826   865 V WindowManagerShell:  try handler com.android.wm.shell.keyguard.KeyguardTransitionHandler@f3be01e
05-20 10:22:45.213   826   865 V WindowManagerShell:  try handler com.android.wm.shell.pip.PipTransition@ffbc0ff
05-20 10:22:45.213   826   865 V WindowManagerShell:  try handler com.android.wm.shell.activityembedding.ActivityEmbeddingController@7390ecc
05-20 10:22:45.213   826   865 V WindowManagerShell:  try handler com.android.wm.shell.splitscreen.StageCoordinator@395a515
05-20 10:22:45.213   826   865 V WindowManagerShell:  try handler com.android.wm.shell.desktopmode.DesktopTasksController@241e02a
05-20 10:22:45.213   826   865 V WindowManagerShell:  try handler com.android.wm.shell.recents.RecentsTransitionHandler@2d56e1b
05-20 10:22:45.213   826   865 V ShellRecents: RecentsTransitionHandler.startAnimation: no controller found
05-20 10:22:45.213   826   865 V WindowManagerShell:  try handler com.android.wm.shell.transition.RemoteTransitionHandler@4e4bb8
05-20 10:22:45.213   826   865 V WindowManagerShell: Transition doesn't have explicit remote, search filters for match for {id=3 t=CLOSE f=0x0 trk=0 r=[0@Point(0, 0)] c=[{WCT{android.window.IWindowContainerToken$Stub$Proxy@cc1eda3} m=OPEN f=SHOW_WALLPAPER|MOVE_TO_TOP leash=Surface(name=Task=137)/@0x84d4d34 sb=Rect(0, 0 - 2560, 1600) eb=Rect(0, 0 - 2560, 1600) d=0 taskParent=-1},{WCT{android.window.IWindowContainerToken$Stub$Proxy@40c08a0} m=CLOSE f=SHOW_WALLPAPER leash=Surface(name=Task=5)/@0xa7e75d sb=Rect(0, 0 - 2560, 1600) eb=Rect(0, 0 - 2560, 1600) d=0 taskParent=-1}]}
05-20 10:22:45.213   826   865 V WindowManagerShell:  Checking filter Pair{{types=[] flags=0x0] notFlags=0x0 checks=[{atype=undefined independent=true modes=[OPEN,TO_FRONT] flags=IN_TASK_WITH_EMBEDDED_ACTIVITY mustBeTask=false order=ANY topActivity=ComponentInfo{com.google.android.apps.nexuslauncher/com.google.android.apps.nexuslauncher.NexusLauncherActivity} launchCookie=null},{atype=undefined independent=true modes=[CLOSE,TO_BACK] flags=IN_TASK_WITH_EMBEDDED_ACTIVITY mustBeTask=false order=ANY topActivity=null launchCookie=null}]} RemoteTransition { remoteTransition = android.window.IRemoteTransition$Stub$Proxy@4b87d91, appThread = android.app.IApplicationThread$Stub$Proxy@7f5d4f6, debugName = OverlaySwipeBack }}
05-20 10:22:45.213   826   865 V WindowManagerShell:  Checking filter Pair{{types=[] flags=0x0] notFlags=0x0 checks=[{atype=dream independent=true modes=[OPEN,TO_FRONT] flags=NONE mustBeTask=false order=ANY topActivity=null launchCookie=null},{atype=home independent=true modes=[CLOSE,TO_BACK] flags=NONE mustBeTask=false order=ANY topActivity=null launchCookie=null}]} RemoteTransition { remoteTransition = android.window.IRemoteTransition$Stub$Proxy@6d2d0f7, appThread = android.app.IApplicationThread$Stub$Proxy@9786b64, debugName = LauncherToDream }}
05-20 10:22:45.213   826   865 V WindowManagerShell:  Checking filter Pair{{types=[] flags=0x0] notFlags=0x100 checks=[{atype=home independent=true modes=[OPEN,TO_FRONT] flags=NONE mustBeTask=false order=TOP topActivity=ComponentInfo{com.google.android.apps.nexuslauncher/com.google.android.apps.nexuslauncher.NexusLauncherActivity} launchCookie=null},{atype=standard independent=true modes=[CLOSE,TO_BACK] flags=NONE mustBeTask=false order=ANY topActivity=null launchCookie=null}]} RemoteTransition { remoteTransition = android.window.IRemoteTransition$Stub$Proxy@c5661cd, appThread = android.app.IApplicationThread$Stub$Proxy@4224a82, debugName = QuickstepLaunchHome }}
05-20 10:22:45.213   826   865 V WindowManagerShell:  Delegate animation for (#3) to null
05-20 10:22:45.213   826   865 V WindowManagerShell:  try handler com.android.wm.shell.transition.DefaultTransitionHandler@7d98593
05-20 10:22:45.213   826   865 V WindowManagerShell: start default transition animation, info = {id=3 t=CLOSE f=0x0 trk=0 r=[0@Point(0, 0)] c=[{WCT{android.window.IWindowContainerToken$Stub$Proxy@cc1eda3} m=OPEN f=SHOW_WALLPAPER|MOVE_TO_TOP leash=Surface(name=Task=137)/@0x84d4d34 sb=Rect(0, 0 - 2560, 1600) eb=Rect(0, 0 - 2560, 1600) d=0 taskParent=-1},{WCT{android.window.IWindowContainerToken$Stub$Proxy@40c08a0} m=CLOSE f=SHOW_WALLPAPER leash=Surface(name=Task=5)/@0xa7e75d sb=Rect(0, 0 - 2560, 1600) eb=Rect(0, 0 - 2560, 1600) d=0 taskParent=-1}]}
05-20 10:22:45.214   579  1742 V WindowManager: Queueing transition: TransitionRecord{d67b4d7 id=-1 type=CLOSE flags=0x0}
05-20 10:22:45.222   579  1742 W UserManagerService: Requested status bar icon for non-badged user 0
05-20 10:22:45.227   579   763 D AppWidgetServiceImpl: Trying to notify widget view data changed
05-20 10:22:45.228   826   865 V WindowManagerShell: loadAnimation: anim=android.view.animation.AnimationSet@8ce7ef animAttr=0x17 type=CLOSE isEntrance=false
05-20 10:22:45.228   826   865 V WindowManagerShell: loadAnimation: anim=android.view.animation.AnimationSet@46afd85 animAttr=0x16 type=CLOSE isEntrance=true
05-20 10:22:45.235   579   763 D AppWidgetServiceImpl: Trying to notify widget update for package com.google.android.calendar with widget id: 3
05-20 10:22:45.237   579   597 D CompatChangeReporter: Compat change id reported: 311208749; UID 10129; state: ENABLED
05-20 10:22:45.237   579   597 I ActivityManager: Background started FGS: Allowed [callingPackage: com.google.android.as; callingUid: 10129; uidState: BFGS; uidBFSL: [BFSL]; intent: Intent { act=com.google.android.apps.miphone.aiai.captions.CaptionsSharedPrefsDataSyncService#ACTION_SYNC_FROM_CAPTIONS_TO_PERSISTENT_PROCESS cmp=com.google.android.as/com.google.android.apps.miphone.aiai.captions.CaptionsSharedPrefsDataSyncService (has extras) }; code:BACKGROUND_ACTIVITY_PERMISSION; tempAllowListReason:<null>; targetSdkVersion:35; callerTargetSdkVersion:35; startForegroundCount:0; bindFromPackage:null: isBindService:false]
05-20 10:22:45.238   579   597 D CompatChangeReporter: Compat change id reported: 151861875; UID 10129; state: ENABLED
05-20 10:22:45.244   826   865 V WindowManagerShell:  animated by com.android.wm.shell.transition.DefaultTransitionHandler@7d98593
05-20 10:22:45.244   826   865 V WindowManagerShell: Transition requested (#4): android.os.BinderProxy@86a140b TransitionRequestInfo { type = CHANGE, triggerTask = null, pipTask = null, remoteTransition = RemoteTransition { remoteTransition = android.window.IRemoteTransition$Stub$Proxy@2c812e8, appThread = null, debugName = null }, displayChange = null, flags = 0, debugId = 4 }
05-20 10:22:45.244   826   865 V WindowManagerShell: RemoteTransition directly requested for (#4) android.os.BinderProxy@86a140b: RemoteTransition { remoteTransition = android.window.IRemoteTransition$Stub$Proxy@2c812e8, appThread = null, debugName = null }
05-20 10:22:45.262   579  1741 W PackageConfigPersister: App-specific configuration not found for packageName: com.google.android.apps.nexuslauncher and userId: 0
05-20 10:22:45.265   826  1073 V WindowManagerShell: onTransitionReady(transaction=2486786064653)
05-20 10:22:45.274   826   865 V WindowManagerShell: onTransitionReady (#4) android.os.BinderProxy@86a140b: {id=4 t=CHANGE f=0x0 trk=0 r=[] c=[]}
05-20 10:22:45.274   826   865 V WindowManagerShell: No transition roots in (#4) android.os.BinderProxy@86a140b@0 so abort
05-20 10:22:45.274   826   865 V WindowManagerShell: Transition was merged: (#4) android.os.BinderProxy@86a140b@0 into (#3) android.os.BinderProxy@1a58171@0
05-20 10:22:45.275   579   600 V WindowManager: Sent Transition (#4) createdAt=05-20 10:22:44.027 via request=TransitionRequestInfo { type = CHANGE, triggerTask = null, pipTask = null, remoteTransition = RemoteTransition { remoteTransition = android.window.IRemoteTransition$Stub$Proxy@edcb63e, appThread = null, debugName = null }, displayChange = null, flags = 0, debugId = 4 }
05-20 10:22:45.275   579   600 V WindowManager:     startWCT=WindowContainerTransaction { changes = {} hops = [] errorCallbackToken=null taskFragmentOrganizer=null }
05-20 10:22:45.275   579   600 V WindowManager:     info={id=4 t=CHANGE f=0x0 trk=0 r=[] c=[]}
05-20 10:22:45.280   826   865 V WindowManagerShell: Transition requested (#5): android.os.BinderProxy@7a3e5e7 TransitionRequestInfo { type = CLOSE, triggerTask = null, pipTask = null, remoteTransition = RemoteTransition { remoteTransition = android.window.IRemoteTransition$Stub$Proxy@87f7594, appThread = null, debugName = null }, displayChange = null, flags = 0, debugId = 5 }
05-20 10:22:45.282   826   865 V WindowManagerShell: RemoteTransition directly requested for (#5) android.os.BinderProxy@7a3e5e7: RemoteTransition { remoteTransition = android.window.IRemoteTransition$Stub$Proxy@87f7594, appThread = null, debugName = null }
05-20 10:22:45.297   579  1070 W PackageConfigPersister: App-specific configuration not found for packageName: com.google.android.apps.nexuslauncher and userId: 0
05-20 10:22:45.304   826  1518 V WindowManagerShell: onTransitionReady(transaction=2486786064659)
05-20 10:22:45.311   579  1751 W ActivityManager: Slow operation: 56ms so far, now at finishAttachApplicationInner: after mServices.attachApplicationLocked
05-20 10:22:45.311   579  1751 W ActivityManager: Slow operation: 56ms so far, now at finishAttachApplicationInner: after dispatching broadcasts
05-20 10:22:45.311   579   613 W ActivityManager: Slow operation: 74ms so far, now at startProcess: done updating battery stats
05-20 10:22:45.312   579   613 W ActivityManager: Slow operation: 74ms so far, now at startProcess: building log message
05-20 10:22:45.312   579   613 I ActivityManager: Start proc 2037:com.google.android.as:captions/u0a129 for service {com.google.android.as/com.google.android.apps.miphone.aiai.captions.CaptionsSharedPrefsDataSyncService}
05-20 10:22:45.312   579   613 W ActivityManager: Slow operation: 74ms so far, now at startProcess: starting to update pids map
05-20 10:22:45.312   579   613 W ActivityManager: Slow operation: 74ms so far, now at startProcess: done updating pids map
05-20 10:22:45.314   579  1741 D ShortcutService: Getting shortcuts for launcher= com.google.android.apps.nexuslauncheruser=0 pkg=null
05-20 10:22:45.315   579  1364 D CompatChangeReporter: Compat change id reported: 151861875; UID 1000; state: ENABLED
05-20 10:22:45.348   826   865 V WindowManagerShell: onTransitionReady (#5) android.os.BinderProxy@7a3e5e7: {id=5 t=CLOSE f=0x0 trk=0 r=[] c=[]}
05-20 10:22:45.351   826   865 V WindowManagerShell: No transition roots in (#5) android.os.BinderProxy@7a3e5e7@0 so abort
05-20 10:22:45.351   826   865 V WindowManagerShell: Transition was merged: (#5) android.os.BinderProxy@7a3e5e7@0 into (#3) android.os.BinderProxy@1a58171@0
05-20 10:22:45.352   579   600 V WindowManager: Sent Transition (#5) createdAt=05-20 10:22:45.214 via request=TransitionRequestInfo { type = CLOSE, triggerTask = null, pipTask = null, remoteTransition = RemoteTransition { remoteTransition = android.window.IRemoteTransition$Stub$Proxy@fcd8769, appThread = null, debugName = null }, displayChange = null, flags = 0, debugId = 5 }
05-20 10:22:45.352   579   600 V WindowManager:     startWCT=WindowContainerTransaction { changes = {} hops = [] errorCallbackToken=null taskFragmentOrganizer=null }
05-20 10:22:45.352   579   600 V WindowManager:     info={id=5 t=CLOSE f=0x0 trk=0 r=[] c=[]}
05-20 10:22:45.360   579  1751 W UserManagerService: Requested status bar icon for non-badged user 0
05-20 10:22:45.361   579   908 W UserManagerService: Requested status bar icon for non-badged user 0
05-20 10:22:45.397   579  1748 D SearchUiPerUserService: Creating SearchSessionInfo for session Id=com.google.android.apps.nexuslauncher:360b904a-57bf-406a-a870-6d2a78ac2fd1,0
05-20 10:22:45.397   579  2074 D SearchUiPerUserService: Storing callback for session Id=com.google.android.apps.nexuslauncher:360b904a-57bf-406a-a870-6d2a78ac2fd1,0 and callback=android.os.BinderProxy@a2a5a23
05-20 10:22:45.398   579   781 D ShortcutService: saveDirtyInfo
05-20 10:22:45.398   579   781 D ShortcutService: Saving to /data/system_ce/0/shortcut_service/shortcuts.xml
05-20 10:22:45.428   579   603 D ColorDisplayService: Setting saturation level: 100
05-20 10:22:45.429   579   603 D ColorDisplayService: GlobalSaturationTintController Animation cancelled: true to matrix: 
05-20 10:22:45.429   579   603 D ColorDisplayService:        1.000000 0.000000 0.000000 0.000000 0.000000 1.000000 0.000000 0.000000 0.000000 0.000000 1.000000 0.000000 0.000000 0.000000 0.000000 1.000000 min matrix coefficients: 
05-20 10:22:45.429   579   603 D ColorDisplayService:        1.000000 0.000000 0.000000 0.000000 0.000000 1.000000 0.000000 0.000000 0.000000 0.000000 1.000000 0.000000 0.000000 0.000000 0.000000 1.000000 max matrix coefficients: 
05-20 10:22:45.429   579   603 D ColorDisplayService:        1.000000 0.000000 0.000000 0.000000 0.000000 1.000000 0.000000 0.000000 0.000000 0.000000 1.000000 0.000000 0.000000 0.000000 0.000000 1.000000
05-20 10:22:45.429   579   613 W ActivityManager: Slow operation: 113ms so far, now at startProcess: done updating battery stats
05-20 10:22:45.429   579   613 W ActivityManager: Slow operation: 113ms so far, now at startProcess: building log message
05-20 10:22:45.429   579   613 I ActivityManager: Start proc 2045:com.android.localtransport/1000 for service {com.android.localtransport/com.android.localtransport.LocalTransportService}
05-20 10:22:45.429   579   613 W ActivityManager: Slow operation: 113ms so far, now at startProcess: starting to update pids map
05-20 10:22:45.429   579   613 W ActivityManager: Slow operation: 113ms so far, now at startProcess: done updating pids map
05-20 10:22:45.478   579   911 I ActivityManager: Process com.google.android.permissioncontroller (pid 1197) has died: cch+35 CEM 
05-20 10:22:45.478   579   911 W ActivityManager: Scheduling restart of crashed service com.google.android.permissioncontroller/com.android.permissioncontroller.permission.service.v33.SafetyCenterQsTileService in 1000ms for connection
05-20 10:22:45.536   826   865 V WindowManagerShell: Transition animation finished (aborted=false), notifying core (#3) android.os.BinderProxy@1a58171@0
05-20 10:22:45.539   579   600 V WindowManager: Finish Transition (#3): created at 05-20 10:22:42.612 collect-started=0.021ms request-sent=0.138ms started=4.917ms ready=19.414ms sent=2580.728ms finished=2925.481ms
05-20 10:22:45.544   826   865 V WindowManagerShell: Track 0 became idle
05-20 10:22:45.544   826   865 V WindowManagerShell: All active transition animations finished
05-20 10:22:45.544   579   600 V WindowManager: Finish Transition (#4): created at 05-20 10:22:44.027 collect-started=1166.323ms request-sent=1171.003ms started=1217.893ms ready=1217.863ms sent=1235.631ms finished=1515.845ms
05-20 10:22:45.544   579   600 V WindowManager: Finish Transition (#5): created at 05-20 10:22:45.214 collect-started=48.546ms request-sent=64.082ms started=83.392ms ready=83.353ms sent=87.026ms finished=329.572ms
05-20 10:22:45.544   579   601 W Looper  : Slow dispatch took 131ms android.ui h=com.android.server.am.ActivityManagerService$UiHandler c=null m=68
05-20 10:22:45.544   579   601 D DisplayManagerService: Drop pending events for gone uid 10205
05-20 10:22:45.545   579  1741 W UserManagerService: Requested status bar icon for non-badged user 0
05-20 10:22:45.546   579  1741 W UserManagerService: Requested status bar icon for non-badged user 0
05-20 10:22:45.546   579  1741 W UserManagerService: Requested status bar icon for non-badged user 0
05-20 10:22:45.629   579   763 D AppWidgetServiceImpl: Trying to notify widget update for package com.google.android.deskclock with widget id: 2
05-20 10:22:45.657   579   781 D ShortcutService: Saving package item com.google.android.as to /data/system_ce/0/shortcut_service/launchers/com.google.android.as0.xml
05-20 10:22:45.693   579   579 W Looper  : Slow dispatch took 263ms main h=android.app.ActivityThread$H c=android.app.LoadedApk$ServiceDispatcher$RunConnection@fd3907a m=0
05-20 10:22:45.694   579   579 W Looper  : Slow delivery took 262ms main h=android.app.ActivityThread$H c=android.app.LoadedApk$ReceiverDispatcher$Args$$ExternalSyntheticLambda0@b75e02b m=0
05-20 10:22:45.722   579   613 W ActivityManager: Slow operation: 53ms so far, now at startProcess: returned from zygote!
05-20 10:22:45.791   579   613 W ActivityManager: Slow operation: 121ms so far, now at startProcess: done updating battery stats
05-20 10:22:45.791   579   613 W ActivityManager: Slow operation: 121ms so far, now at startProcess: building log message
05-20 10:22:45.791   579   613 I ActivityManager: Start proc 2109:com.google.android.apps.scone/u0a137 for broadcast {com.google.android.apps.scone/com.google.android.apps.scone.audio.AudioStartupReceiver}
05-20 10:22:45.791   579   613 W ActivityManager: Slow operation: 121ms so far, now at startProcess: starting to update pids map
05-20 10:22:45.791   579   613 W ActivityManager: Slow operation: 121ms so far, now at startProcess: done updating pids map
05-20 10:22:45.803   579   781 D ShortcutService: Saving package item com.google.android.apps.nexuslauncher to /data/system_ce/0/shortcut_service/launchers/com.google.android.apps.nexuslauncher0.xml
05-20 10:22:45.816   579  2075 D TextToSpeechManagerPerUserService: Trying to start connection to TTS engine: com.google.android.tts
05-20 10:22:45.825   579   579 W Looper  : Slow dispatch took 130ms main h=com.android.server.alarm.AlarmManagerService$AlarmHandler c=null m=7
05-20 10:22:45.853   579   781 D ShortcutService: Saving package item com.android.systemui to /data/system_ce/0/shortcut_service/launchers/com.android.systemui0.xml
05-20 10:22:45.896  1282  1442 D ActivityThread: Loading provider com.google.android.gms.icing.proxy: com.google.android.gms.icing.proxy.InternalIcingCorporaProvider
05-20 10:22:45.930   579   910 D CompatChangeReporter: Compat change id reported: 311402873; UID 10123; state: ENABLED
05-20 10:22:45.930   579   910 D CompatChangeReporter: Compat change id reported: 323349338; UID 10123; state: ENABLED
05-20 10:22:45.930   579   579 W Looper  : Slow dispatch took 104ms main h=android.app.ActivityThread$H c=android.app.LoadedApk$ServiceDispatcher$RunConnection@8d6f3a8 m=0
05-20 10:22:45.933   579   763 D AppWidgetServiceImpl: Trying to notify widget update for package com.google.android.deskclock with widget id: 2
05-20 10:22:45.966   579   579 I TransportConnection: LocalTransportService#0: Notifying [TransportManager.registerTransport()] transport = BackupTransportClient
05-20 10:22:45.977   579   613 I ActivityManager: Start proc 2142:com.google.android.tts/u0a151 for service {com.google.android.tts/com.google.android.apps.speech.tts.googletts.service.GoogleTtsService}
05-20 10:22:45.983   579   579 W Looper  : Drained
05-20 10:22:46.007   579   781 D ShortcutService: Saving package item com.google.android.youtube to /data/system_ce/0/shortcut_service/packages/com.google.android.youtube.xml
05-20 10:22:46.074   488   488 W wificond: Scan is not started. Ignore abort request
05-20 10:22:46.075   579   781 D ShortcutService: Saving package item com.google.android.googlequicksearchbox to /data/system_ce/0/shortcut_service/packages/com.google.android.googlequicksearchbox.xml
05-20 10:22:46.093   579   726 W ContextImpl: Calling a method in the system process without a qualified user: android.app.ContextImpl.sendStickyBroadcast:1655 com.android.server.wifi.ClientModeImpl.sendNetworkChangeBroadcast:3121 com.android.server.wifi.ClientModeImpl.lambda$sendNetworkChangeBroadcastWithCurrentState$14:3098 com.android.server.wifi.ClientModeImpl.$r8$lambda$mtuS9ulugUkTxNA_sDDnAioo66w:0 com.android.server.wifi.ClientModeImpl$$ExternalSyntheticLambda13.send:0 
05-20 10:22:46.159   579  1752 W PackageConfigPersister: App-specific configuration not found for packageName: com.google.android.googlequicksearchbox and userId: 0
05-20 10:22:46.389   579  1364 D BackupTransportManager: [UserID:0] Transport com.android.localtransport/.LocalTransportService registered
05-20 10:22:46.389   579  1364 D BackupManagerService: [UserID:0] Transport com.android.localtransport/.LocalTransport registered 4144ms after first request (delay = 3000ms)
05-20 10:22:46.398   579   781 D ShortcutService: Saving package item com.android.vending to /data/system_ce/0/shortcut_service/packages/com.android.vending.xml
05-20 10:22:46.405   579  1364 D CompatChangeReporter: Compat change id reported: 311208629; UID 1000; state: ENABLED
05-20 10:22:46.416   579   613 I ActivityManager: Start proc 2201:com.android.vending/u0a141 for service {com.android.vending/com.google.android.finsky.installservice.DevTriggeredUpdateService}
05-20 10:22:46.427   579   726 W ContextImpl: Calling a method in the system process without a qualified user: android.app.ContextImpl.sendStickyBroadcast:1655 com.android.server.wifi.ClientModeImpl.sendNetworkChangeBroadcast:3121 com.android.server.wifi.ClientModeImpl.lambda$sendNetworkChangeBroadcastWithCurrentState$14:3098 com.android.server.wifi.ClientModeImpl.$r8$lambda$mtuS9ulugUkTxNA_sDDnAioo66w:0 com.android.server.wifi.ClientModeImpl$$ExternalSyntheticLambda13.send:0 
05-20 10:22:46.473   579  2078 D ShortcutService: Getting shortcuts for launcher= com.google.android.asuser=0 pkg=null
05-20 10:22:46.529   579  1727 D CompatChangeReporter: Compat change id reported: 161145287; UID 10137; state: ENABLED
05-20 10:22:46.581   579   781 D ShortcutService: Saving package item com.google.android.deskclock to /data/system_ce/0/shortcut_service/packages/com.google.android.deskclock.xml
05-20 10:22:46.592   579   579 I TransportConnection: D2dTransportService#1: Notifying [TransportManager.registerTransport()] transport = BackupTransportClient
05-20 10:22:46.687   579   781 D ShortcutService: Saving package item com.google.android.as to /data/system_ce/0/shortcut_service/packages/com.google.android.as.xml
05-20 10:22:46.693   579   781 D ShortcutService: Saving package item com.google.android.gm to /data/system_ce/0/shortcut_service/packages/com.google.android.gm.xml
05-20 10:22:46.740   579   781 D ShortcutService: Saving package item com.google.android.apps.docs to /data/system_ce/0/shortcut_service/packages/com.google.android.apps.docs.xml
05-20 10:22:46.743   579   650 D CompatChangeReporter: Compat change id reported: 261072174; UID 10137; state: ENABLED
05-20 10:22:46.756   579   781 D ShortcutService: Saving package item com.google.android.apps.maps to /data/system_ce/0/shortcut_service/packages/com.google.android.apps.maps.xml
05-20 10:22:46.758   579  1751 D CompatChangeReporter: Compat change id reported: 311208749; UID 10129; state: ENABLED
