05-20 10:22:38.796   579   579 D SystemServerTiming: OnBootPhase_480_com.android.server.soundtrigger_middleware.SoundTriggerMiddlewareService$Lifecycle
05-20 10:22:38.796   579   579 D SystemServerTiming: OnBootPhase_480_com.android.server.DockObserver
05-20 10:22:38.796   579   579 D SystemServerTiming: OnBootPhase_480_com.android.server.midi.MidiService$Lifecycle
05-20 10:22:38.796   579   579 D SystemServerTiming: OnBootPhase_480_com.android.server.adb.AdbService$Lifecycle
05-20 10:22:38.796   579   579 D SystemServerTiming: OnBootPhase_480_com.android.server.usb.UsbService$Lifecycle
05-20 10:22:38.796   579   579 D SystemServerTiming: OnBootPhase_480_com.android.server.SerialService$Lifecycle
05-20 10:22:38.796   579   579 D SystemServerTiming: OnBootPhase_480_com.android.server.twilight.TwilightService
05-20 10:22:38.796   579   579 D SystemServerTiming: OnBootPhase_480_com.android.server.display.color.ColorDisplayService
05-20 10:22:38.796   579   579 D SystemServerTiming: OnBootPhase_480_com.android.server.job.JobSchedulerService
05-20 10:22:38.796   579   579 D SystemServerTiming: OnBootPhase_480_com.android.server.soundtrigger.SoundTriggerService
05-20 10:22:38.796   579   579 D SoundTriggerService: onBootPhase: 480 : false
05-20 10:22:38.796   579   579 D SystemServerTiming: OnBootPhase_480_com.android.server.trust.TrustManagerService
05-20 10:22:38.796   579   579 D SystemServerTiming: OnBootPhase_480_com.android.server.backup.BackupManagerService$Lifecycle
05-20 10:22:38.796   579   579 D SystemServerTiming: OnBootPhase_480_com.android.server.appwidget.AppWidgetService
05-20 10:22:38.796   579   579 D SystemServerTiming: OnBootPhase_480_com.android.server.voiceinteraction.VoiceInteractionManagerService
05-20 10:22:38.796   579   579 D SystemServerTiming: OnBootPhase_480_com.android.server.GestureLauncherService
05-20 10:22:38.796   579   579 D SystemServerTiming: OnBootPhase_480_com.android.server.SensorNotificationService
05-20 10:22:38.796   579   579 D SystemServerTiming: OnBootPhase_480_com.android.server.emergency.EmergencyAffordanceService
05-20 10:22:38.796   579   579 D SystemServerTiming: OnBootPhase_480_com.android.server.blob.BlobStoreManagerService
05-20 10:22:38.796   579   579 D SystemServerTiming: OnBootPhase_480_com.android.server.dreams.DreamManagerService
05-20 10:22:38.796   579   579 D SystemServerTiming: OnBootPhase_480_com.android.server.print.PrintManagerService
05-20 10:22:38.796   579   579 D SystemServerTiming: OnBootPhase_480_com.android.server.security.AttestationVerificationManagerService
05-20 10:22:38.796   579   579 D SystemServerTiming: OnBootPhase_480_com.android.server.companion.CompanionDeviceManagerService
05-20 10:22:38.796   579   579 D SystemServerTiming: OnBootPhase_480_com.android.server.companion.virtual.VirtualDeviceManagerService
05-20 10:22:38.796   579   579 D SystemServerTiming: OnBootPhase_480_com.android.server.restrictions.RestrictionsManagerService
05-20 10:22:38.796   579   579 D SystemServerTiming: OnBootPhase_480_com.android.server.media.MediaSessionService
05-20 10:22:38.796   579   579 D SystemServerTiming: OnBootPhase_480_com.android.server.media.MediaResourceMonitorService
05-20 10:22:38.796   579   579 D SystemServerTiming: OnBootPhase_480_com.android.server.biometrics.sensors.face.FaceService
05-20 10:22:38.796   579   579 D SystemServerTiming: OnBootPhase_480_com.android.server.biometrics.sensors.fingerprint.FingerprintService
05-20 10:22:38.796   579   579 D SystemServerTiming: OnBootPhase_480_com.android.server.biometrics.BiometricService
05-20 10:22:38.796   579   579 D SystemServerTiming: OnBootPhase_480_com.android.server.biometrics.AuthService
05-20 10:22:38.796   579   579 D SystemServerTiming: OnBootPhase_480_com.android.server.adaptiveauth.AdaptiveAuthService
05-20 10:22:38.796   579   579 D SystemServerTiming: OnBootPhase_480_com.android.server.pm.ShortcutService$Lifecycle
05-20 10:22:38.796   579   579 D ShortcutService: onBootPhase: 480
05-20 10:22:38.796   579   579 D ShortcutService: Loading from /data/system/shortcut_service.xml
05-20 10:22:38.797   579   579 D ShortcutService: Scheduling to save for -10000
05-20 10:22:38.797   579   579 D SystemServerTiming: OnBootPhase_480_com.android.server.pm.LauncherAppsService
05-20 10:22:38.797   579   579 D SystemServerTiming: OnBootPhase_480_com.android.server.pm.CrossProfileAppsService
05-20 10:22:38.797   579   579 D SystemServerTiming: OnBootPhase_480_com.android.server.people.PeopleService
05-20 10:22:38.797   579   579 D SystemServerTiming: OnBootPhase_480_com.android.server.media.metrics.MediaMetricsManagerService
05-20 10:22:38.797   579   579 D SystemServerTiming: OnBootPhase_480_com.android.server.pm.BackgroundInstallControlService
05-20 10:22:38.797   579   579 D SystemServerTiming: OnBootPhase_480_com.android.server.media.projection.MediaProjectionManagerService
05-20 10:22:38.797   579   579 D SystemServerTiming: OnBootPhase_480_com.android.server.slice.SliceManagerService$Lifecycle
05-20 10:22:38.797   579   579 D SystemServerTiming: OnBootPhase_480_com.android.server.stats.StatsCompanion$Lifecycle
05-20 10:22:38.797   579   579 D SystemServerTiming: OnBootPhase_480_com.android.server.scheduling.RebootReadinessManagerService$Lifecycle
05-20 10:22:38.797   579   579 D SystemServerTiming: OnBootPhase_480_com.android.server.stats.pull.StatsPullAtomService
05-20 10:22:38.797   579   579 D SystemServerTiming: OnBootPhase_480_com.android.server.stats.bootstrap.StatsBootstrapAtomService$Lifecycle
05-20 10:22:38.797   579   579 D SystemServerTiming: OnBootPhase_480_com.android.server.incident.IncidentCompanionService
05-20 10:22:38.797   579   579 D SystemServerTiming: OnBootPhase_480_com.android.server.sdksandbox.SdkSandboxManagerService$Lifecycle
05-20 10:22:38.797   579   579 D SystemServerTiming: OnBootPhase_480_com.android.server.adservices.AdServicesManagerService$Lifecycle
05-20 10:22:38.797   579   579 D SystemServerTiming: OnBootPhase_480_com.android.server.ondevicepersonalization.OnDevicePersonalizationSystemService$Lifecycle
05-20 10:22:38.797   579   579 D SystemServerTiming: OnBootPhase_480_android.os.profiling.ProfilingService$Lifecycle
05-20 10:22:38.797   579   579 D SystemServerTiming: OnBootPhase_480_com.android.server.autofill.AutofillManagerService
05-20 10:22:38.797   579   579 D SystemServerTiming: OnBootPhase_480_com.android.server.credentials.CredentialManagerService
05-20 10:22:38.797   579   579 D SystemServerTiming: OnBootPhase_480_com.android.server.translation.TranslationManagerService
05-20 10:22:38.797   579   579 D SystemServerTiming: OnBootPhase_480_com.android.server.clipboard.ClipboardService
05-20 10:22:38.797   579   579 D SystemServerTiming: OnBootPhase_480_com.android.server.appbinding.AppBindingService$Lifecycle
05-20 10:22:38.797   579   579 D SystemServerTiming: OnBootPhase_480_com.android.server.tracing.TracingServiceProxy
05-20 10:22:38.797   579   579 D SystemServerTiming: CommunalProfileInitializer.removeCommunalProfileIfPresent
05-20 10:22:38.797   579   579 D SystemServerTiming: StartBootPhaseSystemServicesReady
05-20 10:22:38.797   579   579 I SystemServiceManager: Starting phase 500
05-20 10:22:38.797   579   579 D SystemServerTiming: OnBootPhase_500
05-20 10:22:38.797   579   579 D SystemServerTiming: OnBootPhase_500_com.android.server.security.FileIntegrityService
05-20 10:22:38.797   579   579 D SystemServerTiming: OnBootPhase_500_com.android.server.pm.Installer
05-20 10:22:38.797   579   579 D SystemServerTiming: OnBootPhase_500_com.android.server.os.DeviceIdentifiersPolicyService
05-20 10:22:38.797   579   579 D SystemServerTiming: OnBootPhase_500_com.android.server.flags.FeatureFlagsService
05-20 10:22:38.797   579   579 D SystemServerTiming: OnBootPhase_500_com.android.server.uri.UriGrantsManagerService$Lifecycle
05-20 10:22:38.797   579   579 D SystemServerTiming: OnBootPhase_500_com.android.server.powerstats.PowerStatsService
05-20 10:22:38.798   579   579 D SystemServerTiming: OnBootPhase_500_com.android.server.permission.access.AccessCheckingService
05-20 10:22:38.798   579   579 D SystemServerTiming: OnBootPhase_500_com.android.server.wm.ActivityTaskManagerService$Lifecycle
05-20 10:22:38.798   579   579 D SystemServerTiming: OnBootPhase_500_com.android.server.am.ActivityManagerService$Lifecycle
05-20 10:22:38.801   579   579 W BatteryStatsImpl: Unexpected per uid modem model name ()
05-20 10:22:38.803   579   621 W KernelCpuProcStringReader: File not found. It's normal if not implemented: /proc/uid_concurrent_policy_time
05-20 10:22:38.804   579   579 D SystemServerTiming: OnBootPhase_500_com.android.server.pm.DataLoaderManagerService
05-20 10:22:38.804   579   579 D SystemServerTiming: OnBootPhase_500_com.android.server.power.PowerManagerService
05-20 10:22:38.805   579   579 I AttentionDetector: readValuesFromDeviceConfig():
05-20 10:22:38.805   579   579 I AttentionDetector: mMaximumExtensionMillis=900000
05-20 10:22:38.805   579   579 I AttentionDetector: mPreDimCheckDurationMillis=2000
05-20 10:22:38.805   579   579 I AttentionDetector: mRequestedPostDimTimeoutMillis=0
05-20 10:22:38.809   579   579 W BrightnessThrottler: DeviceConfig ThermalBrightnessThrottlingData is null
05-20 10:22:38.811   579   579 E DisplayPowerController2[0]: failed to set up display white-balance: java.lang.IllegalStateException: cannot find sensor com.google.sensor.color
05-20 10:22:38.811   579   579 W DisplayPowerController2[0]: Screen brightness nits configuration is unavailable; falling back
05-20 10:22:38.811   579   579 W ScreenTimeoutOverridePolicy: Screen timeout override is smaller than the minimum timeout : -1
05-20 10:22:38.812   579   633 W KeyguardServiceDelegate: onScreenTurningOn(): no keyguard service!
05-20 10:22:38.813   579   633 I DisplayBrightnessStrategySelector: Changing the DisplayBrightnessStrategy from InvalidBrightnessStrategy to OverrideBrightnessStrategy for display 0
05-20 10:22:38.816   579   579 I FaceDownDetector: readValuesFromDeviceConfig():
05-20 10:22:38.816   579   579 I FaceDownDetector: mAccelerationThreshold=0.2
05-20 10:22:38.816   579   579 I FaceDownDetector: mZAccelerationThreshold=-9.5
05-20 10:22:38.816   579   579 I FaceDownDetector: mTimeThreshold=PT1S
05-20 10:22:38.816   579   579 I FaceDownDetector: mIsEnabled=true
05-20 10:22:38.818   579   633 V DisplayPowerController2[0]: Brightness [0.39763778] reason changing to: 'override', previous reason: '0'.
05-20 10:22:38.818   579   633 I DisplayPowerController2[0]: BrightnessEvent: disp=0, physDisp=local:4619827259835644672, displayState=ON, displayPolicy=BRIGHT, brt=0.39763778, initBrt=NaN, rcmdBrt=NaN, preBrt=NaN, lux=0.0, preLux=0.0, hbmMax=1.0, hbmMode=off, rbcStrength=0, thrmMax=1.0, powerFactor=1.0, wasShortTermModelActive=false, flags=, reason=override, autoBrightness=true, strategy=OverrideBrightnessStrategy, autoBrightnessMode=default
05-20 10:22:38.818   579   579 I ScreenUndimDetector: readValuesFromDeviceConfig():
05-20 10:22:38.818   579   579 I ScreenUndimDetector: mKeepScreenOnForMillis=600000
05-20 10:22:38.818   579   579 I ScreenUndimDetector: mKeepScreenOnNotificationEnabled=true
05-20 10:22:38.818   579   579 I ScreenUndimDetector: mUndimsRequired=2
05-20 10:22:38.819   579   603 I DisplayDeviceRepository: Display device changed state: "Built-in Screen", ON
05-20 10:22:38.819   579   633 D BrightnessThermalClamper: Thermal status observer already started
05-20 10:22:38.821   579   633 D BrightnessThermalClamper: Thermal status observer already started
05-20 10:22:38.821   579   579 D SystemServerTiming: OnBootPhase_500_com.android.server.power.ThermalManagerService
05-20 10:22:38.821   579   579 D SystemServerTiming: OnBootPhase_500_com.android.server.recoverysystem.RecoverySystemService$Lifecycle
05-20 10:22:38.821   579   579 D SystemServerTiming: OnBootPhase_500_com.android.server.lights.LightsService
05-20 10:22:38.821   579   579 D SystemServerTiming: OnBootPhase_500_com.android.server.display.DisplayManagerService
05-20 10:22:38.821   579   579 D SystemServerTiming: OnBootPhase_500_com.android.server.pm.verify.domain.DomainVerificationService
05-20 10:22:38.821   579   579 D SystemServerTiming: OnBootPhase_500_com.android.server.pm.PackageInstallerService$Lifecycle
05-20 10:22:38.821   579   579 D SystemServerTiming: OnBootPhase_500_com.android.server.pm.UserManagerService$LifeCycle
05-20 10:22:38.821   579   579 D SystemServerTiming: OnBootPhase_500_com.android.server.om.OverlayManagerService
05-20 10:22:38.821   579   579 D SystemServerTiming: OnBootPhase_500_com.android.server.resources.ResourcesManagerService
05-20 10:22:38.821   579   579 D SystemServerTiming: OnBootPhase_500_com.android.server.sensorprivacy.SensorPrivacyService
05-20 10:22:38.822   579   579 D SystemServerTiming: OnBootPhase_500_com.android.server.sensors.SensorService
05-20 10:22:38.822   579   579 D SystemServerTiming: OnBootPhase_500_com.android.server.SystemConfigService
05-20 10:22:38.822   579   579 D SystemServerTiming: OnBootPhase_500_com.android.server.BatteryService
05-20 10:22:38.822   579   579 D SystemServerTiming: OnBootPhase_500_com.android.server.usage.UsageStatsService
05-20 10:22:38.822   579   579 D AppStandbyController: Setting app idle enabled state
05-20 10:22:38.843   579   579 V HistoricalRegistry: Interaction before persistence initialized
05-20 10:22:38.844   579   579 D SystemServerTiming: OnBootPhase_500_com.android.server.webkit.WebViewUpdateService
05-20 10:22:38.844   579   579 D SystemServerTiming: OnBootPhase_500_com.android.server.CachedDeviceStateService
05-20 10:22:38.844   579   579 D SystemServerTiming: OnBootPhase_500_com.android.server.BinderCallsStatsService$LifeCycle
05-20 10:22:38.844   579   579 D SystemServerTiming: OnBootPhase_500_com.android.server.LooperStatsService$Lifecycle
05-20 10:22:38.844   579   579 D SystemServerTiming: OnBootPhase_500_com.android.server.rollback.RollbackManagerService
05-20 10:22:38.844   579   579 D SystemServerTiming: OnBootPhase_500_com.android.server.os.NativeTombstoneManagerService
05-20 10:22:38.844   579   579 D SystemServerTiming: OnBootPhase_500_com.android.server.os.BugreportManagerService
05-20 10:22:38.844   579   579 D SystemServerTiming: OnBootPhase_500_com.android.server.gpu.GpuService
05-20 10:22:38.844   579   579 D SystemServerTiming: OnBootPhase_500_com.android.server.security.rkp.RemoteProvisioningService
05-20 10:22:38.844   579   579 D SystemServerTiming: OnBootPhase_500_com.android.server.security.KeyChainSystemService
05-20 10:22:38.844   579   579 D SystemServerTiming: OnBootPhase_500_com.android.server.BinaryTransparencyService
05-20 10:22:38.844   579   579 D SystemServerTiming: OnBootPhase_500_com.android.server.telecom.TelecomLoaderService
05-20 10:22:38.844   579   579 D SystemServerTiming: OnBootPhase_500_com.android.server.accounts.AccountManagerService$Lifecycle
05-20 10:22:38.844   579   579 D SystemServerTiming: OnBootPhase_500_com.android.server.content.ContentService$Lifecycle
05-20 10:22:38.844   579   579 D SystemServerTiming: OnBootPhase_500_com.android.server.deviceconfig.DeviceConfigInit$Lifecycle
05-20 10:22:38.844   579   579 D SystemServerTiming: OnBootPhase_500_com.android.server.DropBoxManagerService
05-20 10:22:38.845   579   579 D SystemServerTiming: OnBootPhase_500_com.android.ecm.EnhancedConfirmationService
05-20 10:22:38.845   579   579 D SystemServerTiming: OnBootPhase_500_com.android.server.power.hint.HintManagerService
05-20 10:22:38.845   579   579 V HintManagerService: Initializing HintManager service...
05-20 10:22:38.845   579   579 V HistoricalRegistry: Interaction before persistence initialized
05-20 10:22:38.845   579   579 D SystemServerTiming: OnBootPhase_500_com.android.role.RoleService
05-20 10:22:38.845   579   579 D SystemServerTiming: OnBootPhase_500_com.android.server.vibrator.VibratorManagerService$Lifecycle
05-20 10:22:38.845   579   579 V VibratorManagerService: Initializing VibratorManager service...
05-20 10:22:38.845   579   579 V HistoricalRegistry: Interaction before persistence initialized
05-20 10:22:38.845   579   579 V VibratorManagerService: VibratorManager service initialized
05-20 10:22:38.845   579   579 D SystemServerTiming: OnBootPhase_500_com.android.server.alarm.AlarmManagerService
05-20 10:22:38.846   579   579 D SystemServerTiming: OnBootPhase_500_com.android.server.devicestate.DeviceStateManagerService
05-20 10:22:38.846   579   579 D SystemServerTiming: OnBootPhase_500_com.android.server.camera.CameraServiceProxy
05-20 10:22:38.846   579   579 D SystemServerTiming: OnBootPhase_500_com.android.server.bluetooth.BluetoothService
05-20 10:22:38.847   579   579 D SystemServerTiming: OnBootPhase_500_com.android.server.connectivity.IpConnectivityMetrics
05-20 10:22:38.847   579   579 D SystemServerTiming: OnBootPhase_500_com.android.server.net.watchlist.NetworkWatchlistService$Lifecycle
05-20 10:22:38.847   579   579 D SystemServerTiming: OnBootPhase_500_com.android.server.PinnerService
05-20 10:22:38.847   579   579 D SystemServerTiming: OnBootPhase_500_com.android.server.integrity.AppIntegrityManagerService
05-20 10:22:38.847   579   579 D SystemServerTiming: OnBootPhase_500_com.android.server.logcat.LogcatManagerService
05-20 10:22:38.847   579   579 D SystemServerTiming: OnBootPhase_500_com.android.server.inputmethod.InputMethodManagerService$Lifecycle
05-20 10:22:38.847   579   579 D SystemServerTiming: OnBootPhase_500_com.android.server.accessibility.AccessibilityManagerService$Lifecycle
05-20 10:22:38.847   579   579 D SystemServerTiming: OnBootPhase_500_com.android.server.StorageManagerService$Lifecycle
05-20 10:22:38.847   579   579 D SystemServerTiming: OnBootPhase_500_com.android.server.usage.StorageStatsService$Lifecycle
05-20 10:22:38.847   579   579 D SystemServerTiming: OnBootPhase_500_com.android.server.UiModeManagerService
05-20 10:22:38.848   579   579 I ActivityTaskManager: Config changes=200 {1.0 ?mcc0mnc [en_US] ldltr sw800dp w1280dp h800dp 320dpi xlrg land finger qwerty/v/v dpad/v winConfig={ mBounds=Rect(0, 0 - 2560, 1600) mAppBounds=Rect(0, 0 - 2560, 1600) mMaxBounds=Rect(0, 0 - 2560, 1600) mDisplayRotation=ROTATION_0 mWindowingMode=fullscreen mActivityType=undefined mAlwaysOnTop=undefined mRotation=ROTATION_0} s.4 ?fontWeightAdjustment}
05-20 10:22:38.848   579   579 I WindowManager: Override config changes=200 {1.0 ?mcc0mnc [en_US] ldltr sw800dp w1280dp h800dp 320dpi xlrg land finger qwerty/v/v dpad/v winConfig={ mBounds=Rect(0, 0 - 2560, 1600) mAppBounds=Rect(0, 0 - 2560, 1600) mMaxBounds=Rect(0, 0 - 2560, 1600) mDisplayRotation=ROTATION_0 mWindowingMode=fullscreen mActivityType=undefined mAlwaysOnTop=undefined mRotation=ROTATION_0} s.4 ?fontWeightAdjustment} for displayId=0
05-20 10:22:38.848   579   579 D SystemServerTiming: OnBootPhase_500_com.android.server.locales.LocaleManagerService
05-20 10:22:38.848   579   579 D SystemServerTiming: OnBootPhase_500_com.android.server.grammaticalinflection.GrammaticalInflectionService
05-20 10:22:38.848   579   579 D SystemServerTiming: OnBootPhase_500_com.android.server.apphibernation.AppHibernationService
05-20 10:22:38.849   579   579 D SystemServerTiming: OnBootPhase_500_com.android.server.locksettings.LockSettingsService$Lifecycle
05-20 10:22:38.849   579   579 D SystemServerTiming: OnBootPhase_500_com.android.server.testharness.TestHarnessModeService
05-20 10:22:38.849   579   579 D TestHarnessModeService: Setting up test harness mode
05-20 10:22:38.849   579   579 D TestHarnessModeService: Getting PersistentDataBlockManagerInternal from LocalServices
05-20 10:22:38.849   579   579 E TestHarnessModeService: Failed to start Test Harness Mode; no implementation of PersistentDataBlockManagerInternal was bound!
05-20 10:22:38.849   579   579 D SystemServerTiming: OnBootPhase_500_com.android.server.DeviceIdleController
05-20 10:22:38.851   579   579 V HistoricalRegistry: Interaction before persistence initialized
05-20 10:22:38.852   579   579 D SystemServerTiming: OnBootPhase_500_com.android.server.devicepolicy.DevicePolicyManagerService$Lifecycle
05-20 10:22:38.852   579   579 D SystemServerTiming: OnBootPhase_500_com.android.server.musicrecognition.MusicRecognitionManagerService
05-20 10:22:38.852   579   579 D SystemServerTiming: OnBootPhase_500_com.android.server.contentcapture.ContentCaptureManagerService
05-20 10:22:38.852   579   579 D SystemServerTiming: OnBootPhase_500_com.android.server.systemcaptions.SystemCaptionsManagerService
05-20 10:22:38.852   579   579 D SystemServerTiming: OnBootPhase_500_com.android.server.texttospeech.TextToSpeechManagerService
05-20 10:22:38.852   579   579 D SystemServerTiming: OnBootPhase_500_com.android.server.wearable.WearableSensingManagerService
05-20 10:22:38.853   579   579 D SystemServerTiming: OnBootPhase_500_com.android.server.ondeviceintelligence.OnDeviceIntelligenceManagerService
05-20 10:22:38.853   579   579 D SystemServerTiming: OnBootPhase_500_com.android.server.ambientcontext.AmbientContextManagerService
05-20 10:22:38.854   579   579 D SystemServerTiming: OnBootPhase_500_com.android.server.speech.SpeechRecognitionManagerService
05-20 10:22:38.854   579   579 D SystemServerTiming: OnBootPhase_500_com.android.server.appprediction.AppPredictionManagerService
05-20 10:22:38.854   579   579 D SystemServerTiming: OnBootPhase_500_com.android.server.contentsuggestions.ContentSuggestionsManagerService
05-20 10:22:38.854   579   579 D SystemServerTiming: OnBootPhase_500_com.android.server.searchui.SearchUiManagerService
05-20 10:22:38.854   579   579 D SystemServerTiming: OnBootPhase_500_com.android.server.smartspace.SmartspaceManagerService
05-20 10:22:38.854   579   579 D SystemServerTiming: OnBootPhase_500_com.android.server.contextualsearch.ContextualSearchManagerService
05-20 10:22:38.854   579   579 D SystemServerTiming: OnBootPhase_500_com.android.server.graphics.fonts.FontManagerService$Lifecycle
05-20 10:22:38.854   579   579 D SystemServerTiming: OnBootPhase_500_com.android.server.textservices.TextServicesManagerService$Lifecycle
05-20 10:22:38.854   579   579 D SystemServerTiming: OnBootPhase_500_com.android.server.textclassifier.TextClassificationManagerService$Lifecycle
05-20 10:22:38.854   579   579 D SystemServerTiming: OnBootPhase_500_com.android.server.NetworkScoreService$Lifecycle
05-20 10:22:38.854   579   579 D SystemServerTiming: OnBootPhase_500_com.android.server.NetworkStatsServiceInitializer
05-20 10:22:38.854   579   579 D SystemServerTiming: OnBootPhase_500_com.android.server.wifi.WifiService
05-20 10:22:38.854   579   579 D SystemServerTiming: OnBootPhase_500_com.android.server.wifi.scanner.WifiScanningService
05-20 10:22:38.854   579   579 D SystemServerTiming: OnBootPhase_500_com.android.server.wifi.p2p.WifiP2pService
05-20 10:22:38.855   579   579 D SystemServerTiming: OnBootPhase_500_com.android.server.ConnectivityServiceInitializer
05-20 10:22:38.855   579   579 D SystemServerTiming: OnBootPhase_500_com.android.server.notification.NotificationManagerService
05-20 10:22:38.859   579   579 D SystemServerTiming: OnBootPhase_500_com.android.server.storage.DeviceStorageMonitorService
05-20 10:22:38.859   579   579 D SystemServerTiming: OnBootPhase_500_com.android.server.timedetector.TimeDetectorService$Lifecycle
05-20 10:22:38.859   579   579 D SystemServerTiming: OnBootPhase_500_com.android.server.location.LocationManagerService$Lifecycle
05-20 10:22:38.859   579   579 V HistoricalRegistry: Interaction before persistence initialized
05-20 10:22:38.860   579   579 D SystemServerTiming: OnBootPhase_500_com.android.server.timezonedetector.TimeZoneDetectorService$Lifecycle
05-20 10:22:38.860   579   579 D SystemServerTiming: OnBootPhase_500_com.android.server.location.altitude.AltitudeService$Lifecycle
05-20 10:22:38.860   579   579 D SystemServerTiming: OnBootPhase_500_com.android.server.timezonedetector.location.LocationTimeZoneManagerService$Lifecycle
05-20 10:22:38.860   579   579 D SystemServerTiming: OnBootPhase_500_com.android.server.search.SearchManagerService$Lifecycle
05-20 10:22:38.860   579   579 D SystemServerTiming: OnBootPhase_500_com.android.server.wallpaper.WallpaperManagerService$Lifecycle
05-20 10:22:38.860   579   579 D SystemServerTiming: OnBootPhase_500_com.android.server.wallpapereffectsgeneration.WallpaperEffectsGenerationManagerService
05-20 10:22:38.860   579   579 D SystemServerTiming: OnBootPhase_500_com.android.server.audio.AudioService$Lifecycle
05-20 10:22:38.860   579   579 D SystemServerTiming: OnBootPhase_500_com.android.server.soundtrigger_middleware.SoundTriggerMiddlewareService$Lifecycle
05-20 10:22:38.860   579   579 D SystemServerTiming: OnBootPhase_500_com.android.server.DockObserver
05-20 10:22:38.860   579   579 D SystemServerTiming: OnBootPhase_500_com.android.server.midi.MidiService$Lifecycle
05-20 10:22:38.860   579   579 D SystemServerTiming: OnBootPhase_500_com.android.server.adb.AdbService$Lifecycle
05-20 10:22:38.860   579   579 D SystemServerTiming: OnBootPhase_500_com.android.server.usb.UsbService$Lifecycle
05-20 10:22:38.860   579   579 D SystemServerTiming: OnBootPhase_500_com.android.server.SerialService$Lifecycle
05-20 10:22:38.860   579   579 D SystemServerTiming: OnBootPhase_500_com.android.server.twilight.TwilightService
05-20 10:22:38.860   579   579 D SystemServerTiming: OnBootPhase_500_com.android.server.display.color.ColorDisplayService
05-20 10:22:38.860   579   579 D SystemServerTiming: OnBootPhase_500_com.android.server.job.JobSchedulerService
05-20 10:22:38.860   579   726 W BroadcastLoopers: Found previously unknown looper Thread[WifiHandlerThread,5,main]
05-20 10:22:38.865   388   414 W android.hardware.wifi-service: Duplicate death notification registration
05-20 10:22:38.865   579   579 V HistoricalRegistry: Interaction before persistence initialized
05-20 10:22:38.865   579   579 D SystemServerTiming: OnBootPhase_500_com.android.server.soundtrigger.SoundTriggerService
05-20 10:22:38.865   579   579 D SoundTriggerService: onBootPhase: 500 : false
05-20 10:22:38.865   579   579 D SystemServerTiming: OnBootPhase_500_com.android.server.trust.TrustManagerService
05-20 10:22:38.866   579   579 D SystemServerTiming: OnBootPhase_500_com.android.server.backup.BackupManagerService$Lifecycle
05-20 10:22:38.866   579   579 D SystemServerTiming: OnBootPhase_500_com.android.server.appwidget.AppWidgetService
05-20 10:22:38.866   579   579 D SystemServerTiming: OnBootPhase_500_com.android.server.voiceinteraction.VoiceInteractionManagerService
05-20 10:22:38.866   579   579 D SystemServerTiming: OnBootPhase_500_com.android.server.GestureLauncherService
05-20 10:22:38.866   579   579 D SystemServerTiming: OnBootPhase_500_com.android.server.SensorNotificationService
05-20 10:22:38.866   579   579 D SystemServerTiming: OnBootPhase_500_com.android.server.emergency.EmergencyAffordanceService
05-20 10:22:38.866   579   579 D SystemServerTiming: OnBootPhase_500_com.android.server.blob.BlobStoreManagerService
05-20 10:22:38.866   579   579 D SystemServerTiming: OnBootPhase_500_com.android.server.dreams.DreamManagerService
05-20 10:22:38.866   579   579 D SystemServerTiming: OnBootPhase_500_com.android.server.print.PrintManagerService
05-20 10:22:38.866   579   579 D SystemServerTiming: OnBootPhase_500_com.android.server.security.AttestationVerificationManagerService
05-20 10:22:38.866   579   579 D SystemServerTiming: OnBootPhase_500_com.android.server.companion.CompanionDeviceManagerService
05-20 10:22:38.866   579   579 D SystemServerTiming: OnBootPhase_500_com.android.server.companion.virtual.VirtualDeviceManagerService
05-20 10:22:38.866   579   579 D SystemServerTiming: OnBootPhase_500_com.android.server.restrictions.RestrictionsManagerService
05-20 10:22:38.866   579   579 D SystemServerTiming: OnBootPhase_500_com.android.server.media.MediaSessionService
05-20 10:22:38.866   579   579 D SystemServerTiming: OnBootPhase_500_com.android.server.media.MediaResourceMonitorService
05-20 10:22:38.866   579   579 D SystemServerTiming: OnBootPhase_500_com.android.server.biometrics.sensors.face.FaceService
05-20 10:22:38.866   579   579 D SystemServerTiming: OnBootPhase_500_com.android.server.biometrics.sensors.fingerprint.FingerprintService
05-20 10:22:38.866   579   579 D SystemServerTiming: OnBootPhase_500_com.android.server.biometrics.BiometricService
05-20 10:22:38.866   579   579 D SystemServerTiming: OnBootPhase_500_com.android.server.biometrics.AuthService
05-20 10:22:38.866   579   579 D SystemServerTiming: OnBootPhase_500_com.android.server.adaptiveauth.AdaptiveAuthService
05-20 10:22:38.867   579   579 D SystemServerTiming: OnBootPhase_500_com.android.server.pm.ShortcutService$Lifecycle
05-20 10:22:38.867   579   579 D ShortcutService: onBootPhase: 500
05-20 10:22:38.867   579   579 D SystemServerTiming: OnBootPhase_500_com.android.server.pm.LauncherAppsService
05-20 10:22:38.867   579   579 D SystemServerTiming: OnBootPhase_500_com.android.server.pm.CrossProfileAppsService
05-20 10:22:38.867   579   579 D SystemServerTiming: OnBootPhase_500_com.android.server.people.PeopleService
05-20 10:22:38.867   579   579 D SystemServerTiming: OnBootPhase_500_com.android.server.media.metrics.MediaMetricsManagerService
05-20 10:22:38.867   579   579 D SystemServerTiming: OnBootPhase_500_com.android.server.pm.BackgroundInstallControlService
05-20 10:22:38.867   579   579 D SystemServerTiming: OnBootPhase_500_com.android.server.media.projection.MediaProjectionManagerService
05-20 10:22:38.867   579   579 D SystemServerTiming: OnBootPhase_500_com.android.server.slice.SliceManagerService$Lifecycle
05-20 10:22:38.867   579   579 D SystemServerTiming: OnBootPhase_500_com.android.server.stats.StatsCompanion$Lifecycle
05-20 10:22:38.867   579   579 D SystemServerTiming: OnBootPhase_500_com.android.server.scheduling.RebootReadinessManagerService$Lifecycle
05-20 10:22:38.867   579   579 D SystemServerTiming: OnBootPhase_500_com.android.server.stats.pull.StatsPullAtomService
05-20 10:22:38.867   579   579 D SystemServerTiming: OnBootPhase_500_com.android.server.stats.bootstrap.StatsBootstrapAtomService$Lifecycle
05-20 10:22:38.867   579   579 D SystemServerTiming: OnBootPhase_500_com.android.server.incident.IncidentCompanionService
05-20 10:22:38.867   579   579 D SystemServerTiming: OnBootPhase_500_com.android.server.sdksandbox.SdkSandboxManagerService$Lifecycle
05-20 10:22:38.867   579   579 D SystemServerTiming: OnBootPhase_500_com.android.server.adservices.AdServicesManagerService$Lifecycle
05-20 10:22:38.867   579   579 D SystemServerTiming: OnBootPhase_500_com.android.server.ondevicepersonalization.OnDevicePersonalizationSystemService$Lifecycle
05-20 10:22:38.867   579   579 D SystemServerTiming: OnBootPhase_500_android.os.profiling.ProfilingService$Lifecycle
05-20 10:22:38.867   579   579 D SystemServerTiming: OnBootPhase_500_com.android.server.autofill.AutofillManagerService
05-20 10:22:38.867   579   579 D SystemServerTiming: OnBootPhase_500_com.android.server.credentials.CredentialManagerService
05-20 10:22:38.867   579   579 D SystemServerTiming: OnBootPhase_500_com.android.server.translation.TranslationManagerService
05-20 10:22:38.867   579   579 D SystemServerTiming: OnBootPhase_500_com.android.server.clipboard.ClipboardService
05-20 10:22:38.867   579   579 D SystemServerTiming: OnBootPhase_500_com.android.server.appbinding.AppBindingService$Lifecycle
05-20 10:22:38.867   579   579 D SystemServerTiming: OnBootPhase_500_com.android.server.tracing.TracingServiceProxy
05-20 10:22:38.867   579   579 D SystemServerTiming: MakeWindowManagerServiceReady
05-20 10:22:38.868   579   579 D SystemServerTiming: RegisterLogMteState
05-20 10:22:38.870   579   633 D BrightnessThermalClamper: Thermal status observer already started
05-20 10:22:38.870   579   579 D SystemServerTiming: StartPermissionPolicyService
05-20 10:22:38.871   579   579 I SystemServiceManager: Starting com.android.server.policy.PermissionPolicyService
05-20 10:22:38.873   579   611 I HealthServiceWrapperAidl: health: HealthServiceWrapper listening to AIDL HAL
05-20 10:22:38.874   579   611 D StatsPullAtomService: Registering pullers with statsd
05-20 10:22:38.875   388   414 I android.hardware.wifi-service: Wifi HAL started
05-20 10:22:38.876   579   611 I StatsPullAtomService: register thermal listener successfully
05-20 10:22:38.876   579   579 D SystemServerTiming: MakePackageManagerServiceReady
05-20 10:22:38.877   388   414 W android.hardware.wifi-service: No active wlan interfaces in use! Using default
05-20 10:22:38.877   388   414 E android.hardware.wifi-service: Unknown iface name: wlan0
05-20 10:22:38.877   388   414 E android.hardware.wifi-service: Unknown iface name: wlan0
05-20 10:22:38.879   388   414 W android.hardware.wifi-service: No active wlan interfaces in use! Using default
05-20 10:22:38.879   388   414 E android.hardware.wifi-service: Unknown iface name: wlan0
05-20 10:22:38.879   388   414 E android.hardware.wifi-service: Unknown iface name: wlan0
05-20 10:22:38.880   579   579 E UserManagerService: Auto-lock preference updated but private space user not found
05-20 10:22:38.881   579   579 V HistoricalRegistry: Interaction before persistence initialized
05-20 10:22:38.881   388   414 I android.hardware.wifi-service: Adding interface handle for wlan0
05-20 10:22:38.881   388   414 W android.hardware.wifi-service: No active wlan interfaces in use! Using default
05-20 10:22:38.881   388   414 E android.hardware.wifi-service: Failed to register radio mode change callback
05-20 10:22:38.881   388   414 W android.hardware.wifi-service: No active wlan interfaces in use! Using default
05-20 10:22:38.881   579   579 V HistoricalRegistry: Interaction before persistence initialized
05-20 10:22:38.882   388   414 E android.hardware.wifi-service: Failed to get SupportedIfaceCombinations matrix from legacy HAL: NOT_SUPPORTED
05-20 10:22:38.882   388   414 I android.hardware.wifi-service: Configured chip in mode 0
05-20 10:22:38.882   388   414 W android.hardware.wifi-service: No active wlan interfaces in use! Using default
05-20 10:22:38.883   388   388 W android.hardware.wifi-service: No active wlan interfaces in use! Using default
05-20 10:22:38.884   579   579 V UserDataPreparer: Found /data/user_de/0 with serial number 0
05-20 10:22:38.884   579   579 V UserDataPreparer: Found /data/user/0 with serial number 0
05-20 10:22:38.884   579   579 V UserDataPreparer: Found /data/system_de/0 with serial number 0
05-20 10:22:38.884   579   579 V UserDataPreparer: Found /data/system_ce/0 with serial number 0
05-20 10:22:38.884   579   579 V UserDataPreparer: Found /data/misc_ce/0 with serial number 0
05-20 10:22:38.885   388   388 I android.hardware.wifi-service: Adding interface handle for wlan0
05-20 10:22:38.885   388   388 E android.hardware.wifi-service: Failed to set DFS flag; DFS channels may be unavailable.
05-20 10:22:38.887   579   637 E DefaultPermGrantPolicy: Package not found: com.google.android.apps.pixelmigrate
05-20 10:22:38.887   579   637 E DefaultPermGrantPolicy: Package not found: com.google.android.adservices
05-20 10:22:38.887   579   637 E DefaultPermGrantPolicy: Package not found: com.google.android.apps.mediashell
05-20 10:22:38.887   579   637 E DefaultPermGrantPolicy: Package not found: com.google.android.apps.tips
05-20 10:22:38.887   579   637 E DefaultPermGrantPolicy: Package not found: com.google.android.apps.turbo
05-20 10:22:38.887   579   637 E DefaultPermGrantPolicy: Package not found: com.google.android.euicc
05-20 10:22:38.887   579   637 E DefaultPermGrantPolicy: Package not found: com.google.android.volta
05-20 10:22:38.887   579   637 E DefaultPermGrantPolicy: Package not found: com.google.android.apps.mediashell
05-20 10:22:38.888   388   388 I android.hardware.wifi-service: twtRegisterEvents is not supported-3
05-20 10:22:38.888   388   388 E android.hardware.wifi-service: Failed to get chip capabilities from legacy HAL: NOT_SUPPORTED
05-20 10:22:38.889   488   488 I wificond: Current driver country code 00
05-20 10:22:38.889   488   488 I wificond: createClientInterface: wiphy_index 1 iface_name wlan0
05-20 10:22:38.891   488   488 I wificond: create scanner for interface with index: 16
05-20 10:22:38.891   488   488 I wificond: subscribe scan result for interface with index: 16
05-20 10:22:38.891   488   488 I wificond: add channel type 0 support at wiphy index: 1
05-20 10:22:38.891   488   488 I wificond: add channel type 1 support at wiphy index: 1
05-20 10:22:38.892   579   579 D SystemServerTiming: MakeDisplayManagerServiceReady
05-20 10:22:38.894   388   388 E android.hardware.wifi-service: Failed to get SupportedRadioCombinations matrix from legacy HAL: NOT_SUPPORTED
05-20 10:22:38.895   579   579 I BrightnessSynchronizer: Initial brightness readings: 102(int), 0.39763778(float)
05-20 10:22:38.896   579   579 D SystemServerTiming: StartDeviceSpecificServices
05-20 10:22:38.896   579   579 D SystemServerTiming: GameManagerService
05-20 10:22:38.896   579   579 I SystemServiceManager: Starting com.android.server.app.GameManagerService$Lifecycle
05-20 10:22:38.897   579   579 V HistoricalRegistry: Interaction before persistence initialized
05-20 10:22:38.898   579   579 D SystemServerTiming: StartBootPhaseDeviceSpecificServicesReady
05-20 10:22:38.898   579   579 I SystemServiceManager: Starting phase 520
05-20 10:22:38.898   579   579 D SystemServerTiming: OnBootPhase_520
05-20 10:22:38.898   579   579 D SystemServerTiming: OnBootPhase_520_com.android.server.security.FileIntegrityService
05-20 10:22:38.898   579   579 D SystemServerTiming: OnBootPhase_520_com.android.server.pm.Installer
05-20 10:22:38.898   579   579 D SystemServerTiming: OnBootPhase_520_com.android.server.os.DeviceIdentifiersPolicyService
05-20 10:22:38.898   579   579 D SystemServerTiming: OnBootPhase_520_com.android.server.flags.FeatureFlagsService
05-20 10:22:38.898   579   579 D SystemServerTiming: OnBootPhase_520_com.android.server.uri.UriGrantsManagerService$Lifecycle
05-20 10:22:38.898   579   579 D SystemServerTiming: OnBootPhase_520_com.android.server.powerstats.PowerStatsService
05-20 10:22:38.898   579   579 D SystemServerTiming: OnBootPhase_520_com.android.server.permission.access.AccessCheckingService
05-20 10:22:38.898   579   579 D SystemServerTiming: OnBootPhase_520_com.android.server.wm.ActivityTaskManagerService$Lifecycle
05-20 10:22:38.898   579   579 D SystemServerTiming: OnBootPhase_520_com.android.server.am.ActivityManagerService$Lifecycle
05-20 10:22:38.898   579   579 D SystemServerTiming: OnBootPhase_520_com.android.server.pm.DataLoaderManagerService
05-20 10:22:38.898   579   579 D SystemServerTiming: OnBootPhase_520_com.android.server.power.PowerManagerService
05-20 10:22:38.898   579   579 D SystemServerTiming: OnBootPhase_520_com.android.server.power.ThermalManagerService
05-20 10:22:38.898   579   579 D SystemServerTiming: OnBootPhase_520_com.android.server.recoverysystem.RecoverySystemService$Lifecycle
05-20 10:22:38.898   579   579 D SystemServerTiming: OnBootPhase_520_com.android.server.lights.LightsService
05-20 10:22:38.898   579   579 D SystemServerTiming: OnBootPhase_520_com.android.server.display.DisplayManagerService
05-20 10:22:38.898   579   579 D SystemServerTiming: OnBootPhase_520_com.android.server.pm.verify.domain.DomainVerificationService
05-20 10:22:38.898   579   579 D SystemServerTiming: OnBootPhase_520_com.android.server.pm.PackageInstallerService$Lifecycle
05-20 10:22:38.898   579   579 D SystemServerTiming: OnBootPhase_520_com.android.server.pm.UserManagerService$LifeCycle
05-20 10:22:38.898   579   579 D SystemServerTiming: OnBootPhase_520_com.android.server.om.OverlayManagerService
05-20 10:22:38.898   579   579 D SystemServerTiming: OnBootPhase_520_com.android.server.resources.ResourcesManagerService
05-20 10:22:38.898   579   579 D SystemServerTiming: OnBootPhase_520_com.android.server.sensorprivacy.SensorPrivacyService
05-20 10:22:38.898   579   579 D SystemServerTiming: OnBootPhase_520_com.android.server.sensors.SensorService
05-20 10:22:38.898   579   579 D SystemServerTiming: OnBootPhase_520_com.android.server.SystemConfigService
05-20 10:22:38.898   579   579 D SystemServerTiming: OnBootPhase_520_com.android.server.BatteryService
05-20 10:22:38.898   579   579 D SystemServerTiming: OnBootPhase_520_com.android.server.usage.UsageStatsService
05-20 10:22:38.898   579   579 D SystemServerTiming: OnBootPhase_520_com.android.server.webkit.WebViewUpdateService
05-20 10:22:38.898   579   579 D SystemServerTiming: OnBootPhase_520_com.android.server.CachedDeviceStateService
05-20 10:22:38.898   579   579 D SystemServerTiming: OnBootPhase_520_com.android.server.BinderCallsStatsService$LifeCycle
05-20 10:22:38.898   579   579 D SystemServerTiming: OnBootPhase_520_com.android.server.LooperStatsService$Lifecycle
05-20 10:22:38.898   579   579 D SystemServerTiming: OnBootPhase_520_com.android.server.rollback.RollbackManagerService
05-20 10:22:38.898   579   579 D SystemServerTiming: OnBootPhase_520_com.android.server.os.NativeTombstoneManagerService
05-20 10:22:38.898   579   579 D SystemServerTiming: OnBootPhase_520_com.android.server.os.BugreportManagerService
05-20 10:22:38.898   579   579 D SystemServerTiming: OnBootPhase_520_com.android.server.gpu.GpuService
05-20 10:22:38.898   579   579 D SystemServerTiming: OnBootPhase_520_com.android.server.security.rkp.RemoteProvisioningService
05-20 10:22:38.898   579   579 D SystemServerTiming: OnBootPhase_520_com.android.server.security.KeyChainSystemService
05-20 10:22:38.898   579   579 D SystemServerTiming: OnBootPhase_520_com.android.server.BinaryTransparencyService
05-20 10:22:38.898   579   579 D SystemServerTiming: OnBootPhase_520_com.android.server.telecom.TelecomLoaderService
05-20 10:22:38.898   579   579 D SystemServerTiming: OnBootPhase_520_com.android.server.accounts.AccountManagerService$Lifecycle
05-20 10:22:38.898   579   579 D SystemServerTiming: OnBootPhase_520_com.android.server.content.ContentService$Lifecycle
05-20 10:22:38.898   579   579 D SystemServerTiming: OnBootPhase_520_com.android.server.deviceconfig.DeviceConfigInit$Lifecycle
05-20 10:22:38.898   579   579 D SystemServerTiming: OnBootPhase_520_com.android.server.DropBoxManagerService
05-20 10:22:38.898   579   579 D SystemServerTiming: OnBootPhase_520_com.android.ecm.EnhancedConfirmationService
05-20 10:22:38.898   579   579 D SystemServerTiming: OnBootPhase_520_com.android.server.power.hint.HintManagerService
05-20 10:22:38.898   579   579 D SystemServerTiming: OnBootPhase_520_com.android.role.RoleService
05-20 10:22:38.898   579   579 D SystemServerTiming: OnBootPhase_520_com.android.server.vibrator.VibratorManagerService$Lifecycle
05-20 10:22:38.898   579   579 D SystemServerTiming: OnBootPhase_520_com.android.server.alarm.AlarmManagerService
05-20 10:22:38.898   579   579 D SystemServerTiming: OnBootPhase_520_com.android.server.devicestate.DeviceStateManagerService
05-20 10:22:38.898   579   579 D SystemServerTiming: OnBootPhase_520_com.android.server.camera.CameraServiceProxy
05-20 10:22:38.898   579   579 D SystemServerTiming: OnBootPhase_520_com.android.server.bluetooth.BluetoothService
05-20 10:22:38.898   579   579 D SystemServerTiming: OnBootPhase_520_com.android.server.connectivity.IpConnectivityMetrics
05-20 10:22:38.898   579   579 D SystemServerTiming: OnBootPhase_520_com.android.server.net.watchlist.NetworkWatchlistService$Lifecycle
05-20 10:22:38.898   579   579 D SystemServerTiming: OnBootPhase_520_com.android.server.PinnerService
05-20 10:22:38.898   579   579 D SystemServerTiming: OnBootPhase_520_com.android.server.integrity.AppIntegrityManagerService
05-20 10:22:38.898   579   579 D SystemServerTiming: OnBootPhase_520_com.android.server.logcat.LogcatManagerService
05-20 10:22:38.899   579   579 D SystemServerTiming: OnBootPhase_520_com.android.server.inputmethod.InputMethodManagerService$Lifecycle
05-20 10:22:38.899   579   579 D SystemServerTiming: OnBootPhase_520_com.android.server.accessibility.AccessibilityManagerService$Lifecycle
05-20 10:22:38.899   579   579 D SystemServerTiming: OnBootPhase_520_com.android.server.StorageManagerService$Lifecycle
05-20 10:22:38.899   579   579 D SystemServerTiming: OnBootPhase_520_com.android.server.usage.StorageStatsService$Lifecycle
05-20 10:22:38.899   579   579 D SystemServerTiming: OnBootPhase_520_com.android.server.UiModeManagerService
05-20 10:22:38.899   579   579 D SystemServerTiming: OnBootPhase_520_com.android.server.locales.LocaleManagerService
05-20 10:22:38.899   579   579 D SystemServerTiming: OnBootPhase_520_com.android.server.grammaticalinflection.GrammaticalInflectionService
05-20 10:22:38.899   579   579 D SystemServerTiming: OnBootPhase_520_com.android.server.apphibernation.AppHibernationService
05-20 10:22:38.899   579   579 D SystemServerTiming: OnBootPhase_520_com.android.server.locksettings.LockSettingsService$Lifecycle
05-20 10:22:38.899   579   579 D SystemServerTiming: OnBootPhase_520_com.android.server.testharness.TestHarnessModeService
05-20 10:22:38.899   579   579 D SystemServerTiming: OnBootPhase_520_com.android.server.DeviceIdleController
05-20 10:22:38.899   579   579 D SystemServerTiming: OnBootPhase_520_com.android.server.devicepolicy.DevicePolicyManagerService$Lifecycle
05-20 10:22:38.899   579   579 D SystemServerTiming: OnBootPhase_520_com.android.server.musicrecognition.MusicRecognitionManagerService
05-20 10:22:38.899   579   579 D SystemServerTiming: OnBootPhase_520_com.android.server.contentcapture.ContentCaptureManagerService
05-20 10:22:38.899   579   579 D SystemServerTiming: OnBootPhase_520_com.android.server.systemcaptions.SystemCaptionsManagerService
05-20 10:22:38.899   579   579 D SystemServerTiming: OnBootPhase_520_com.android.server.texttospeech.TextToSpeechManagerService
05-20 10:22:38.899   579   579 D SystemServerTiming: OnBootPhase_520_com.android.server.wearable.WearableSensingManagerService
05-20 10:22:38.899   579   579 D SystemServerTiming: OnBootPhase_520_com.android.server.ondeviceintelligence.OnDeviceIntelligenceManagerService
05-20 10:22:38.899   579   579 D SystemServerTiming: OnBootPhase_520_com.android.server.ambientcontext.AmbientContextManagerService
05-20 10:22:38.899   579   579 D SystemServerTiming: OnBootPhase_520_com.android.server.speech.SpeechRecognitionManagerService
05-20 10:22:38.899   579   579 D SystemServerTiming: OnBootPhase_520_com.android.server.appprediction.AppPredictionManagerService
05-20 10:22:38.899   579   579 D SystemServerTiming: OnBootPhase_520_com.android.server.contentsuggestions.ContentSuggestionsManagerService
05-20 10:22:38.899   579   579 D SystemServerTiming: OnBootPhase_520_com.android.server.searchui.SearchUiManagerService
05-20 10:22:38.899   579   579 D SystemServerTiming: OnBootPhase_520_com.android.server.smartspace.SmartspaceManagerService
05-20 10:22:38.899   579   579 D SystemServerTiming: OnBootPhase_520_com.android.server.contextualsearch.ContextualSearchManagerService
05-20 10:22:38.899   579   579 D SystemServerTiming: OnBootPhase_520_com.android.server.graphics.fonts.FontManagerService$Lifecycle
05-20 10:22:38.899   579   579 D SystemServerTiming: OnBootPhase_520_com.android.server.textservices.TextServicesManagerService$Lifecycle
05-20 10:22:38.899   579   579 D SystemServerTiming: OnBootPhase_520_com.android.server.textclassifier.TextClassificationManagerService$Lifecycle
05-20 10:22:38.899   579   579 D SystemServerTiming: OnBootPhase_520_com.android.server.NetworkScoreService$Lifecycle
05-20 10:22:38.899   579   579 D SystemServerTiming: OnBootPhase_520_com.android.server.NetworkStatsServiceInitializer
05-20 10:22:38.899   579   579 D SystemServerTiming: OnBootPhase_520_com.android.server.wifi.WifiService
05-20 10:22:38.899   579   579 D SystemServerTiming: OnBootPhase_520_com.android.server.wifi.scanner.WifiScanningService
05-20 10:22:38.899   579   579 D SystemServerTiming: OnBootPhase_520_com.android.server.wifi.p2p.WifiP2pService
05-20 10:22:38.899   579   579 D SystemServerTiming: OnBootPhase_520_com.android.server.ConnectivityServiceInitializer
05-20 10:22:38.899   579   579 D SystemServerTiming: OnBootPhase_520_com.android.server.notification.NotificationManagerService
05-20 10:22:38.906   579   579 D SystemServerTiming: OnBootPhase_520_com.android.server.storage.DeviceStorageMonitorService
05-20 10:22:38.906   579   579 D SystemServerTiming: OnBootPhase_520_com.android.server.timedetector.TimeDetectorService$Lifecycle
05-20 10:22:38.906   579   579 D SystemServerTiming: OnBootPhase_520_com.android.server.location.LocationManagerService$Lifecycle
05-20 10:22:38.906   579   579 D SystemServerTiming: OnBootPhase_520_com.android.server.timezonedetector.TimeZoneDetectorService$Lifecycle
05-20 10:22:38.906   579   579 D SystemServerTiming: OnBootPhase_520_com.android.server.location.altitude.AltitudeService$Lifecycle
05-20 10:22:38.906   579   579 D SystemServerTiming: OnBootPhase_520_com.android.server.timezonedetector.location.LocationTimeZoneManagerService$Lifecycle
05-20 10:22:38.907   579   579 D SystemServerTiming: OnBootPhase_520_com.android.server.search.SearchManagerService$Lifecycle
05-20 10:22:38.907   579   579 D SystemServerTiming: OnBootPhase_520_com.android.server.wallpaper.WallpaperManagerService$Lifecycle
05-20 10:22:38.907   579   579 D SystemServerTiming: OnBootPhase_520_com.android.server.wallpapereffectsgeneration.WallpaperEffectsGenerationManagerService
05-20 10:22:38.907   579   579 D SystemServerTiming: OnBootPhase_520_com.android.server.audio.AudioService$Lifecycle
05-20 10:22:38.907   579   579 D SystemServerTiming: OnBootPhase_520_com.android.server.soundtrigger_middleware.SoundTriggerMiddlewareService$Lifecycle
05-20 10:22:38.907   579   579 D SystemServerTiming: OnBootPhase_520_com.android.server.DockObserver
