05-20 10:22:42.659  1282  1442 V AconfigFlags: Read Aconfig default flag value com.android.server.display.feature.flags.auto_brightness_modes = true
05-20 10:22:42.659  1282  1442 V AconfigFlags: Read Aconfig default flag value com.android.server.display.feature.flags.back_up_smooth_display_and_force_peak_refresh_rate = true
05-20 10:22:42.659  1282  1442 V AconfigFlags: Read Aconfig default flag value com.android.server.display.feature.flags.brightness_int_range_user_perception = false
05-20 10:22:42.659  1282  1442 V AconfigFlags: Read Aconfig default flag value com.android.server.display.feature.flags.brightness_wear_bedtime_mode_clamper = true
05-20 10:22:42.659  1282  1442 V AconfigFlags: Read Aconfig default flag value com.android.server.display.feature.flags.enable_adaptive_tone_improvements_1 = true
05-20 10:22:42.659  1282  1442 V AconfigFlags: Read Aconfig default flag value com.android.server.display.feature.flags.enable_adaptive_tone_improvements_2 = true
05-20 10:22:42.659  1282  1442 V AconfigFlags: Read Aconfig default flag value com.android.server.display.feature.flags.enable_connected_display_error_handling = true
05-20 10:22:42.659  1282  1442 V AconfigFlags: Read Aconfig default flag value com.android.server.display.feature.flags.enable_connected_display_management = true
05-20 10:22:42.659  1282  1442 V AconfigFlags: Read Aconfig default flag value com.android.server.display.feature.flags.enable_display_offload = true
05-20 10:22:42.659  1282  1442 V AconfigFlags: Read Aconfig default flag value com.android.server.display.feature.flags.enable_display_resolution_range_voting = false
05-20 10:22:42.659  1282  1442 V AconfigFlags: Read Aconfig default flag value com.android.server.display.feature.flags.enable_displays_refresh_rates_synchronization = false
05-20 10:22:42.659  1282  1442 V AconfigFlags: Read Aconfig default flag value com.android.server.display.feature.flags.enable_hdr_clamper = true
05-20 10:22:42.659  1282  1442 V AconfigFlags: Read Aconfig default flag value com.android.server.display.feature.flags.enable_mode_limit_for_external_display = true
05-20 10:22:42.659  1282  1442 V AconfigFlags: Read Aconfig default flag value com.android.server.display.feature.flags.enable_nbm_controller = true
05-20 10:22:42.659  1282  1442 V AconfigFlags: Read Aconfig default flag value com.android.server.display.feature.flags.enable_peak_refresh_rate_physical_limit = true
05-20 10:22:42.659  1282  1442 V AconfigFlags: Read Aconfig default flag value com.android.server.display.feature.flags.enable_pixel_anisotropy_correction = true
05-20 10:22:42.659  1282  1442 V AconfigFlags: Read Aconfig default flag value com.android.server.display.feature.flags.enable_port_in_display_layout = true
05-20 10:22:42.659  1282  1442 V AconfigFlags: Read Aconfig default flag value com.android.server.display.feature.flags.enable_power_throttling_clamper = false
05-20 10:22:42.659  1282  1442 V AconfigFlags: Read Aconfig default flag value com.android.server.display.feature.flags.enable_restrict_display_modes = true
05-20 10:22:42.659  1282  1442 V AconfigFlags: Read Aconfig default flag value com.android.server.display.feature.flags.enable_synthetic_60hz_modes = false
05-20 10:22:42.659  1282  1442 V AconfigFlags: Read Aconfig default flag value com.android.server.display.feature.flags.enable_user_preferred_mode_vote = false
05-20 10:22:42.659  1282  1442 V AconfigFlags: Read Aconfig default flag value com.android.server.display.feature.flags.enable_vsync_low_light_vote = true
05-20 10:22:42.659  1282  1442 V AconfigFlags: Read Aconfig default flag value com.android.server.display.feature.flags.enable_vsync_low_power_vote = true
05-20 10:22:42.659  1282  1442 V AconfigFlags: Read Aconfig default flag value com.android.server.display.feature.flags.even_dimmer = false
05-20 10:22:42.659  1282  1442 V AconfigFlags: Read Aconfig default flag value com.android.server.display.feature.flags.fast_hdr_transitions = true
05-20 10:22:42.659  1282  1442 V AconfigFlags: Read Aconfig default flag value com.android.server.display.feature.flags.idle_screen_refresh_rate_timeout = true
05-20 10:22:42.659  1282  1442 V AconfigFlags: Read Aconfig default flag value com.android.server.display.feature.flags.ignore_app_preferred_refresh_rate_request = true
05-20 10:22:42.659  1282  1442 V AconfigFlags: Read Aconfig default flag value com.android.server.display.feature.flags.offload_controls_doze_auto_brightness = false
05-20 10:22:42.659  1282  1442 V AconfigFlags: Read Aconfig default flag value com.android.server.display.feature.flags.offload_doze_override_holds_wakelock = false
05-20 10:22:42.659  1282  1442 V AconfigFlags: Read Aconfig default flag value com.android.server.display.feature.flags.refactor_display_power_controller = false
05-20 10:22:42.659  1282  1442 V AconfigFlags: Read Aconfig default flag value com.android.server.display.feature.flags.refresh_rate_voting_telemetry = true
05-20 10:22:42.659  1282  1442 V AconfigFlags: Read Aconfig default flag value com.android.server.display.feature.flags.resolution_backup_restore = true
05-20 10:22:42.659  1282  1442 V AconfigFlags: Read Aconfig default flag value com.android.server.display.feature.flags.sensor_based_brightness_throttling = true
05-20 10:22:42.659  1282  1442 V AconfigFlags: Read Aconfig default flag value com.android.server.display.feature.flags.use_fusion_prox_sensor = false
05-20 10:22:42.659  1282  1442 V AconfigFlags: Read Aconfig default flag value com.android.server.feature.flags.enable_read_dropbox_permission = true
05-20 10:22:42.659  1282  1442 V AconfigFlags: Read Aconfig default flag value com.android.server.flags.disable_system_compaction = true
05-20 10:22:42.659  1282  1442 V AconfigFlags: Read Aconfig default flag value com.android.server.flags.enable_odp_feature_guard = true
05-20 10:22:42.659  1282  1442 V AconfigFlags: Read Aconfig default flag value com.android.server.flags.new_bugreport_keyboard_shortcut = true
05-20 10:22:42.659  1282  1442 V AconfigFlags: Read Aconfig default flag value com.android.server.flags.pin_webview = true
05-20 10:22:42.659  1282  1442 V AconfigFlags: Read Aconfig default flag value com.android.server.flags.pkg_targeted_battery_changed_not_sticky = true
05-20 10:22:42.659  1282  1442 V AconfigFlags: Read Aconfig default flag value com.android.server.flags.skip_home_art_pins = false
05-20 10:22:42.659  1282  1442 V AconfigFlags: Read Aconfig default flag value com.android.server.power.feature.flags.enable_early_screen_timeout_detector = true
05-20 10:22:42.659  1282  1442 V AconfigFlags: Read Aconfig default flag value com.android.server.power.feature.flags.improve_wakelock_latency = false
05-20 10:22:42.659  1282  1442 V AconfigFlags: Read Aconfig default flag value com.android.server.power.optimization.disable_system_service_power_attr = true
05-20 10:22:42.659  1282  1442 V AconfigFlags: Read Aconfig default flag value com.android.server.power.optimization.oneway_battery_stats_service = false
05-20 10:22:42.659  1282  1442 V AconfigFlags: Read Aconfig default flag value com.android.server.power.optimization.power_monitor_api = true
05-20 10:22:42.659  1282  1442 V AconfigFlags: Read Aconfig default flag value com.android.server.power.optimization.streamlined_battery_stats = true
05-20 10:22:42.659  1282  1442 V AconfigFlags: Read Aconfig default flag value com.android.server.power.optimization.streamlined_connectivity_battery_stats = false
05-20 10:22:42.659  1282  1442 V AconfigFlags: Read Aconfig default flag value com.android.server.power.optimization.streamlined_misc_battery_stats = false
05-20 10:22:42.659  1282  1442 V AconfigFlags: Read Aconfig default flag value com.android.server.telecom.flags.add_call_uri_for_missed_calls = true
05-20 10:22:42.659  1282  1442 V AconfigFlags: Read Aconfig default flag value com.android.server.telecom.flags.associated_user_refactor_for_work_profile = true
05-20 10:22:42.659  1282  1442 V AconfigFlags: Read Aconfig default flag value com.android.server.telecom.flags.available_routes_never_updated_after_set_system_audio_state = true
05-20 10:22:42.659  1282  1442 V AconfigFlags: Read Aconfig default flag value com.android.server.telecom.flags.business_call_composer = true
05-20 10:22:42.659  1282  1442 V AconfigFlags: Read Aconfig default flag value com.android.server.telecom.flags.cache_call_audio_callbacks = false
05-20 10:22:42.659  1282  1442 V AconfigFlags: Read Aconfig default flag value com.android.server.telecom.flags.call_audio_communication_device_refactor = true
05-20 10:22:42.659  1282  1442 V AconfigFlags: Read Aconfig default flag value com.android.server.telecom.flags.call_details_id_changes = true
05-20 10:22:42.659  1282  1442 V AconfigFlags: Read Aconfig default flag value com.android.server.telecom.flags.cancel_removal_on_emergency_redial = true
05-20 10:22:42.659  1282  1442 V AconfigFlags: Read Aconfig default flag value com.android.server.telecom.flags.clear_communication_device_after_audio_ops_complete = true
05-20 10:22:42.659  1282  1442 V AconfigFlags: Read Aconfig default flag value com.android.server.telecom.flags.communication_device_protected_by_lock = true
05-20 10:22:42.659  1282  1442 V AconfigFlags: Read Aconfig default flag value com.android.server.telecom.flags.early_binding_to_incall_service = true
05-20 10:22:42.659  1282  1442 V AconfigFlags: Read Aconfig default flag value com.android.server.telecom.flags.early_update_internal_call_audio_state = false
05-20 10:22:42.659  1282  1442 V AconfigFlags: Read Aconfig default flag value com.android.server.telecom.flags.ecc_keyguard = true
05-20 10:22:42.659  1282  1442 V AconfigFlags: Read Aconfig default flag value com.android.server.telecom.flags.enable_call_sequencing = false
05-20 10:22:42.659  1282  1442 V AconfigFlags: Read Aconfig default flag value com.android.server.telecom.flags.ensure_audio_mode_updates_on_foreground_call_change = true
05-20 10:22:42.659  1282  1442 V AconfigFlags: Read Aconfig default flag value com.android.server.telecom.flags.fix_audio_flicker_for_outgoing_calls = true
05-20 10:22:42.659  1282  1442 V AconfigFlags: Read Aconfig default flag value com.android.server.telecom.flags.gen_anom_report_on_focus_timeout = false
05-20 10:22:42.659  1282  1442 V AconfigFlags: Read Aconfig default flag value com.android.server.telecom.flags.get_last_known_cell_identity = false
05-20 10:22:42.659  1282  1442 V AconfigFlags: Read Aconfig default flag value com.android.server.telecom.flags.get_registered_phone_accounts = true
05-20 10:22:42.659  1282  1442 V AconfigFlags: Read Aconfig default flag value com.android.server.telecom.flags.ignore_auto_route_to_watch_device = true
05-20 10:22:42.659  1282  1442 V AconfigFlags: Read Aconfig default flag value com.android.server.telecom.flags.is_new_outgoing_call_broadcast_unblocking = true
05-20 10:22:42.659  1282  1442 V AconfigFlags: Read Aconfig default flag value com.android.server.telecom.flags.only_update_telephony_on_valid_sub_ids = true
05-20 10:22:42.659  1282  1442 V AconfigFlags: Read Aconfig default flag value com.android.server.telecom.flags.postpone_register_to_leaudio = false
05-20 10:22:42.659  1282  1442 V AconfigFlags: Read Aconfig default flag value com.android.server.telecom.flags.profile_user_support = true
05-20 10:22:42.659  1282  1442 V AconfigFlags: Read Aconfig default flag value com.android.server.telecom.flags.reset_mute_when_entering_quiescent_bt_route = false
05-20 10:22:42.659  1282  1442 V AconfigFlags: Read Aconfig default flag value com.android.server.telecom.flags.resolve_switching_bt_devices_computation = false
05-20 10:22:42.659  1282  1442 V AconfigFlags: Read Aconfig default flag value com.android.server.telecom.flags.separately_bind_to_bt_incall_service = false
05-20 10:22:42.659  1282  1442 V AconfigFlags: Read Aconfig default flag value com.android.server.telecom.flags.set_audio_mode_before_abandon_focus = true
05-20 10:22:42.659  1282  1442 V AconfigFlags: Read Aconfig default flag value com.android.server.telecom.flags.set_mute_state = true
05-20 10:22:42.659  1282  1442 V AconfigFlags: Read Aconfig default flag value com.android.server.telecom.flags.set_remote_connection_call_id = false
05-20 10:22:42.659  1282  1442 V AconfigFlags: Read Aconfig default flag value com.android.server.telecom.flags.skip_filter_phone_account_perform_dnd_filter = true
05-20 10:22:42.659  1282  1442 V AconfigFlags: Read Aconfig default flag value com.android.server.telecom.flags.telecom_log_external_wearable_calls = true
05-20 10:22:42.659  1282  1442 V AconfigFlags: Read Aconfig default flag value com.android.server.telecom.flags.telecom_mainline_blocked_numbers_manager = false
05-20 10:22:42.659  1282  1442 V AconfigFlags: Read Aconfig default flag value com.android.server.telecom.flags.telecom_resolve_hidden_dependencies = false
05-20 10:22:42.659  1282  1442 V AconfigFlags: Read Aconfig default flag value com.android.server.telecom.flags.telecom_skip_log_based_on_extra = true
05-20 10:22:42.659  1282  1442 V AconfigFlags: Read Aconfig default flag value com.android.server.telecom.flags.telephony_has_default_but_telecom_does_not = false
05-20 10:22:42.659  1282  1442 V AconfigFlags: Read Aconfig default flag value com.android.server.telecom.flags.transactional_cs_verifier = false
05-20 10:22:42.659  1282  1442 V AconfigFlags: Read Aconfig default flag value com.android.server.telecom.flags.transactional_hold_disconnects_unholdable = false
05-20 10:22:42.659  1282  1442 V AconfigFlags: Read Aconfig default flag value com.android.server.telecom.flags.transactional_video_state = true
05-20 10:22:42.659  1282  1442 V AconfigFlags: Read Aconfig default flag value com.android.server.telecom.flags.transit_route_before_audio_disconnect_bt = false
05-20 10:22:42.659  1282  1442 V AconfigFlags: Read Aconfig default flag value com.android.server.telecom.flags.unregister_unresolvable_accounts = false
05-20 10:22:42.659  1282  1442 V AconfigFlags: Read Aconfig default flag value com.android.server.telecom.flags.update_route_mask_when_bt_connected = false
05-20 10:22:42.659  1282  1442 V AconfigFlags: Read Aconfig default flag value com.android.server.telecom.flags.updated_rcs_call_count_tracking = false
05-20 10:22:42.659  1282  1442 V AconfigFlags: Read Aconfig default flag value com.android.server.telecom.flags.use_actual_address_to_enter_connecting_state = true
05-20 10:22:42.659  1282  1442 V AconfigFlags: Read Aconfig default flag value com.android.server.telecom.flags.use_device_provided_serialized_ringer_vibration = true
05-20 10:22:42.659  1282  1442 V AconfigFlags: Read Aconfig default flag value com.android.server.telecom.flags.use_improved_listener_order = true
05-20 10:22:42.659  1282  1442 V AconfigFlags: Read Aconfig default flag value com.android.server.telecom.flags.use_refactored_audio_route_switching = false
05-20 10:22:42.659  1282  1442 V AconfigFlags: Read Aconfig default flag value com.android.server.telecom.flags.voip_app_actions_support = true
05-20 10:22:42.659  1282  1442 V AconfigFlags: Read Aconfig default flag value com.android.text.flags.complete_font_load_in_system_services_ready = true
05-20 10:22:42.659  1282  1442 V AconfigFlags: Read Aconfig default flag value com.android.text.flags.deprecate_ui_fonts = true
05-20 10:22:42.659  1282  1442 V AconfigFlags: Read Aconfig default flag value com.android.text.flags.disable_handwriting_initiator_for_ime = true
05-20 10:22:42.659  1282  1442 V AconfigFlags: Read Aconfig default flag value com.android.text.flags.escape_clears_focus = true
05-20 10:22:42.659  1282  1442 V AconfigFlags: Read Aconfig default flag value com.android.text.flags.fix_double_underline = true
05-20 10:22:42.659  1282  1442 V AconfigFlags: Read Aconfig default flag value com.android.text.flags.fix_font_update_failure = true
05-20 10:22:42.659  1282  1442 V AconfigFlags: Read Aconfig default flag value com.android.text.flags.fix_line_height_for_locale = true
05-20 10:22:42.659  1282  1442 V AconfigFlags: Read Aconfig default flag value com.android.text.flags.fix_misaligned_context_menu = true
05-20 10:22:42.659  1282  1442 V AconfigFlags: Read Aconfig default flag value com.android.text.flags.fix_null_typeface_bolding = false
05-20 10:22:42.659  1282  1442 V AconfigFlags: Read Aconfig default flag value com.android.text.flags.handwriting_cursor_position = true
05-20 10:22:42.659  1282  1442 V AconfigFlags: Read Aconfig default flag value com.android.text.flags.handwriting_end_of_line_tap = true
05-20 10:22:42.659  1282  1442 V AconfigFlags: Read Aconfig default flag value com.android.text.flags.handwriting_unsupported_message = true
05-20 10:22:42.659  1282  1442 V AconfigFlags: Read Aconfig default flag value com.android.text.flags.icu_bidi_migration = true
05-20 10:22:42.659  1282  1442 V AconfigFlags: Read Aconfig default flag value com.android.text.flags.insert_mode_crash_when_delete = true
05-20 10:22:42.660  1282  1442 V AconfigFlags: Read Aconfig default flag value com.android.text.flags.insert_mode_not_update_selection = false
05-20 10:22:42.660  1282  1442 V AconfigFlags: Read Aconfig default flag value com.android.text.flags.lazy_variation_instance = true
05-20 10:22:42.660  1282  1442 V AconfigFlags: Read Aconfig default flag value com.android.text.flags.letter_spacing_justification = true
05-20 10:22:42.660  1282  1442 V AconfigFlags: Read Aconfig default flag value com.android.text.flags.missing_getter_apis = false
05-20 10:22:42.660  1282  1442 V AconfigFlags: Read Aconfig default flag value com.android.text.flags.new_fonts_fallback_xml = true
05-20 10:22:42.660  1282  1442 V AconfigFlags: Read Aconfig default flag value com.android.text.flags.no_break_no_hyphenation_span = true
05-20 10:22:42.660  1282  1442 V AconfigFlags: Read Aconfig default flag value com.android.text.flags.phrase_strict_fallback = true
05-20 10:22:42.660  1282  1442 V AconfigFlags: Read Aconfig default flag value com.android.text.flags.rust_hyphenator = false
05-20 10:22:42.660  1282  1442 V AconfigFlags: Read Aconfig default flag value com.android.text.flags.use_bounds_for_width = true
05-20 10:22:42.660  1282  1442 V AconfigFlags: Read Aconfig default flag value com.android.text.flags.use_optimized_boottime_font_loading = true
05-20 10:22:42.660  1282  1442 V AconfigFlags: Read Aconfig default flag value com.android.text.flags.vendor_custom_locale_fallback = true
05-20 10:22:42.660  1282  1442 V AconfigFlags: Read Aconfig default flag value com.android.text.flags.word_style_auto = true
05-20 10:22:42.660  1282  1442 V AconfigFlags: Read Aconfig default flag value com.android.window.flags.activity_embedding_animation_customization_flag = false
05-20 10:22:42.660  1282  1442 V AconfigFlags: Read Aconfig default flag value com.android.window.flags.activity_embedding_interactive_divider_flag = true
05-20 10:22:42.660  1282  1442 V AconfigFlags: Read Aconfig default flag value com.android.window.flags.activity_embedding_overlay_presentation_flag = true
05-20 10:22:42.660  1282  1442 V AconfigFlags: Read Aconfig default flag value com.android.window.flags.activity_snapshot_by_default = true
05-20 10:22:42.660  1282  1442 V AconfigFlags: Read Aconfig default flag value com.android.window.flags.activity_window_info_flag = true
05-20 10:22:42.660  1282  1442 V AconfigFlags: Read Aconfig default flag value com.android.window.flags.allow_disable_activity_record_input_sink = true
05-20 10:22:42.660  1282  1442 V AconfigFlags: Read Aconfig default flag value com.android.window.flags.allow_hide_scm_button = true
05-20 10:22:42.660  1282  1442 V AconfigFlags: Read Aconfig default flag value com.android.window.flags.allows_screen_size_decoupled_from_status_bar_and_cutout = true
05-20 10:22:42.660  1282  1442 V AconfigFlags: Read Aconfig default flag value com.android.window.flags.always_defer_transition_when_apply_wct = true
05-20 10:22:42.660  1282  1442 V AconfigFlags: Read Aconfig default flag value com.android.window.flags.always_draw_magnification_fullscreen_border = true
05-20 10:22:42.660  1282  1442 V AconfigFlags: Read Aconfig default flag value com.android.window.flags.always_update_wallpaper_permission = true
05-20 10:22:42.660  1282  1442 V AconfigFlags: Read Aconfig default flag value com.android.window.flags.app_compat_properties_api = true
05-20 10:22:42.660  1282  1442 V AconfigFlags: Read Aconfig default flag value com.android.window.flags.app_compat_refactoring = false
05-20 10:22:42.660  1282  1442 V AconfigFlags: Read Aconfig default flag value com.android.window.flags.bal_dont_bring_existing_background_task_stack_to_fg = true
05-20 10:22:42.660  1282  1442 V AconfigFlags: Read Aconfig default flag value com.android.window.flags.bal_improve_real_caller_visibility_check = true
05-20 10:22:42.660  1282  1442 V AconfigFlags: Read Aconfig default flag value com.android.window.flags.bal_improved_metrics = false
05-20 10:22:42.660  1282  1442 V AconfigFlags: Read Aconfig default flag value com.android.window.flags.bal_require_opt_in_by_pending_intent_creator = true
05-20 10:22:42.660  1282  1442 V AconfigFlags: Read Aconfig default flag value com.android.window.flags.bal_require_opt_in_same_uid = false
05-20 10:22:42.660  1282  1442 V AconfigFlags: Read Aconfig default flag value com.android.window.flags.bal_respect_app_switch_state_when_check_bound_by_foreground_uid = true
05-20 10:22:42.660  1282  1442 V AconfigFlags: Read Aconfig default flag value com.android.window.flags.bal_show_toasts = false
05-20 10:22:42.660  1282  1442 V AconfigFlags: Read Aconfig default flag value com.android.window.flags.bal_show_toasts_blocked = false
05-20 10:22:42.660  1282  1442 V AconfigFlags: Read Aconfig default flag value com.android.window.flags.blast_sync_notification_shade_on_display_switch = false
05-20 10:22:42.660  1282  1442 V AconfigFlags: Read Aconfig default flag value com.android.window.flags.bundle_client_transaction_flag = true
05-20 10:22:42.660  1282  1442 V AconfigFlags: Read Aconfig default flag value com.android.window.flags.camera_compat_for_freeform = false
05-20 10:22:42.660  1282  1442 V AconfigFlags: Read Aconfig default flag value com.android.window.flags.close_to_square_config_includes_status_bar = false
05-20 10:22:42.660  1282  1442 V AconfigFlags: Read Aconfig default flag value com.android.window.flags.configurable_font_scale_default = true
05-20 10:22:42.660  1282  1442 V AconfigFlags: Read Aconfig default flag value com.android.window.flags.cover_display_opt_in = true
05-20 10:22:42.660  1282  1442 V AconfigFlags: Read Aconfig default flag value com.android.window.flags.defer_display_updates = true
05-20 10:22:42.660  1282  1442 V AconfigFlags: Read Aconfig default flag value com.android.window.flags.delay_notification_to_magnification_when_recents_window_to_front_transition = true
05-20 10:22:42.660  1282  1442 V AconfigFlags: Read Aconfig default flag value com.android.window.flags.delegate_unhandled_drags = true
05-20 10:22:42.660  1282  1442 V AconfigFlags: Read Aconfig default flag value com.android.window.flags.delete_capture_display = true
05-20 10:22:42.660  1282  1442 V AconfigFlags: Read Aconfig default flag value com.android.window.flags.density_390_api = true
05-20 10:22:42.660  1282  1442 V AconfigFlags: Read Aconfig default flag value com.android.window.flags.disable_object_pool = false
05-20 10:22:42.660  1282  1442 V AconfigFlags: Read Aconfig default flag value com.android.window.flags.disable_thin_letterboxing_policy = true
05-20 10:22:42.660  1282  1442 V AconfigFlags: Read Aconfig default flag value com.android.window.flags.do_not_check_intersection_when_non_magnifiable_window_transitions = false
05-20 10:22:42.660  1282  1442 V AconfigFlags: Read Aconfig default flag value com.android.window.flags.draw_snapshot_aspect_ratio_match = false
05-20 10:22:42.660  1282  1442 V AconfigFlags: Read Aconfig default flag value com.android.window.flags.edge_to_edge_by_default = false
05-20 10:22:42.660  1282  1442 V AconfigFlags: Read Aconfig default flag value com.android.window.flags.embedded_activity_back_nav_flag = true
05-20 10:22:42.660  1282  1442 V AconfigFlags: Read Aconfig default flag value com.android.window.flags.enable_additional_windows_above_status_bar = false
05-20 10:22:42.660  1282  1442 V AconfigFlags: Read Aconfig default flag value com.android.window.flags.enable_app_header_with_task_density = false
05-20 10:22:42.660  1282  1442 V AconfigFlags: Read Aconfig default flag value com.android.window.flags.enable_buffer_transform_hint_from_display = true
05-20 10:22:42.660  1282  1442 V AconfigFlags: Read Aconfig default flag value com.android.window.flags.enable_camera_compat_for_desktop_windowing = true
05-20 10:22:42.660  1282  1442 V AconfigFlags: Read Aconfig default flag value com.android.window.flags.enable_compatui_sysui_launcher = false
05-20 10:22:42.660  1282  1442 V AconfigFlags: Read Aconfig default flag value com.android.window.flags.enable_desktop_windowing_immersive_handle_hiding = false
05-20 10:22:42.660  1282  1442 V AconfigFlags: Read Aconfig default flag value com.android.window.flags.enable_desktop_windowing_modals_policy = true
05-20 10:22:42.660  1282  1442 V AconfigFlags: Read Aconfig default flag value com.android.window.flags.enable_desktop_windowing_mode = true
05-20 10:22:42.660  1282  1442 V AconfigFlags: Read Aconfig default flag value com.android.window.flags.enable_desktop_windowing_quick_switch = false
05-20 10:22:42.660  1282  1442 V AconfigFlags: Read Aconfig default flag value com.android.window.flags.enable_desktop_windowing_scvh_cache = false
05-20 10:22:42.660  1282  1442 V AconfigFlags: Read Aconfig default flag value com.android.window.flags.enable_desktop_windowing_size_constraints = false
05-20 10:22:42.660  1282  1442 V AconfigFlags: Read Aconfig default flag value com.android.window.flags.enable_desktop_windowing_task_limit = true
05-20 10:22:42.660  1282  1442 V AconfigFlags: Read Aconfig default flag value com.android.window.flags.enable_desktop_windowing_taskbar_running_apps = true
05-20 10:22:42.660  1282  1442 V AconfigFlags: Read Aconfig default flag value com.android.window.flags.enable_desktop_windowing_wallpaper_activity = false
05-20 10:22:42.660  1282  1442 V AconfigFlags: Read Aconfig default flag value com.android.window.flags.enable_scaled_resizing = false
05-20 10:22:42.660  1282  1442 V AconfigFlags: Read Aconfig default flag value com.android.window.flags.enable_task_stack_observer_in_shell = false
05-20 10:22:42.660  1282  1442 V AconfigFlags: Read Aconfig default flag value com.android.window.flags.enable_themed_app_headers = false
05-20 10:22:42.660  1282  1442 V AconfigFlags: Read Aconfig default flag value com.android.window.flags.enable_windowing_dynamic_initial_bounds = false
05-20 10:22:42.660  1282  1442 V AconfigFlags: Read Aconfig default flag value com.android.window.flags.enable_windowing_edge_drag_resize = false
05-20 10:22:42.660  1282  1442 V AconfigFlags: Read Aconfig default flag value com.android.window.flags.enable_wm_extensions_for_all_flag = true
05-20 10:22:42.660  1282  1442 V AconfigFlags: Read Aconfig default flag value com.android.window.flags.enforce_edge_to_edge = true
05-20 10:22:42.660  1282  1442 V AconfigFlags: Read Aconfig default flag value com.android.window.flags.ensure_wallpaper_in_transitions = false
05-20 10:22:42.660  1282  1442 V AconfigFlags: Read Aconfig default flag value com.android.window.flags.explicit_refresh_rate_hints = true
05-20 10:22:42.660  1282  1442 V AconfigFlags: Read Aconfig default flag value com.android.window.flags.fifo_priority_for_major_ui_processes = false
05-20 10:22:42.660  1282  1442 V AconfigFlags: Read Aconfig default flag value com.android.window.flags.fix_no_container_update_without_resize = true
05-20 10:22:42.660  1282  1442 V AconfigFlags: Read Aconfig default flag value com.android.window.flags.fix_pip_restore_to_overlay = true
05-20 10:22:42.660  1282  1442 V AconfigFlags: Read Aconfig default flag value com.android.window.flags.fullscreen_dim_flag = true
05-20 10:22:42.660  1282  1442 V AconfigFlags: Read Aconfig default flag value com.android.window.flags.get_dimmer_on_closing = false
05-20 10:22:42.660  1282  1442 V AconfigFlags: Read Aconfig default flag value com.android.window.flags.immersive_app_repositioning = true
05-20 10:22:42.660  1282  1442 V AconfigFlags: Read Aconfig default flag value com.android.window.flags.insets_control_changed_item = true
05-20 10:22:42.660  1282  1442 V AconfigFlags: Read Aconfig default flag value com.android.window.flags.insets_control_seq = false
05-20 10:22:42.660  1282  1442 V AconfigFlags: Read Aconfig default flag value com.android.window.flags.insets_decoupled_configuration = true
05-20 10:22:42.660  1282  1442 V AconfigFlags: Read Aconfig default flag value com.android.window.flags.introduce_smoother_dimmer = true
05-20 10:22:42.660  1282  1442 V AconfigFlags: Read Aconfig default flag value com.android.window.flags.keyguard_appear_transition = true
05-20 10:22:42.660  1282  1442 V AconfigFlags: Read Aconfig default flag value com.android.window.flags.letterbox_background_wallpaper = false
05-20 10:22:42.660  1282  1442 V AconfigFlags: Read Aconfig default flag value com.android.window.flags.movable_cutout_configuration = true
05-20 10:22:42.660  1282  1442 V AconfigFlags: Read Aconfig default flag value com.android.window.flags.move_animation_options_to_change = false
05-20 10:22:42.660  1282  1442 V AconfigFlags: Read Aconfig default flag value com.android.window.flags.multi_crop = true
05-20 10:22:42.660  1282  1442 V AconfigFlags: Read Aconfig default flag value com.android.window.flags.nav_bar_transparent_by_default = false
05-20 10:22:42.660  1282  1442 V AconfigFlags: Read Aconfig default flag value com.android.window.flags.no_consecutive_visibility_events = true
05-20 10:22:42.660  1282  1442 V AconfigFlags: Read Aconfig default flag value com.android.window.flags.no_visibility_event_on_display_state_change = false
05-20 10:22:42.660  1282  1442 V AconfigFlags: Read Aconfig default flag value com.android.window.flags.offload_color_extraction = false
05-20 10:22:42.660  1282  1442 V AconfigFlags: Read Aconfig default flag value com.android.window.flags.predictive_back_system_anims = true
05-20 10:22:42.660  1282  1442 V AconfigFlags: Read Aconfig default flag value com.android.window.flags.rear_display_disable_force_desktop_system_decorations = false
05-20 10:22:42.660  1282  1442 V AconfigFlags: Read Aconfig default flag value com.android.window.flags.release_snapshot_aggressively = false
05-20 10:22:42.660  1282  1442 V AconfigFlags: Read Aconfig default flag value com.android.window.flags.remove_prepare_surface_in_placement = true
05-20 10:22:42.660  1282  1442 V AconfigFlags: Read Aconfig default flag value com.android.window.flags.screen_recording_callbacks = true
05-20 10:22:42.660  1282  1442 V AconfigFlags: Read Aconfig default flag value com.android.window.flags.sdk_desired_present_time = true
05-20 10:22:42.660  1282  1442 V AconfigFlags: Read Aconfig default flag value com.android.window.flags.secure_window_state = true
05-20 10:22:42.660  1282  1442 V AconfigFlags: Read Aconfig default flag value com.android.window.flags.set_sc_properties_in_client = false
05-20 10:22:42.660  1282  1442 V AconfigFlags: Read Aconfig default flag value com.android.window.flags.skip_sleeping_when_switching_display = true
05-20 10:22:42.660  1282  1442 V AconfigFlags: Read Aconfig default flag value com.android.window.flags.supports_multi_instance_system_ui = true
05-20 10:22:42.660  1282  1442 V AconfigFlags: Read Aconfig default flag value com.android.window.flags.surface_control_input_receiver = true
05-20 10:22:42.660  1282  1442 V AconfigFlags: Read Aconfig default flag value com.android.window.flags.surface_trusted_overlay = true
05-20 10:22:42.660  1282  1442 V AconfigFlags: Read Aconfig default flag value com.android.window.flags.sync_screen_capture = true
05-20 10:22:42.660  1282  1442 V AconfigFlags: Read Aconfig default flag value com.android.window.flags.task_fragment_system_organizer_flag = true
05-20 10:22:42.660  1282  1442 V AconfigFlags: Read Aconfig default flag value com.android.window.flags.transit_ready_tracking = false
05-20 10:22:42.660  1282  1442 V AconfigFlags: Read Aconfig default flag value com.android.window.flags.trusted_presentation_listener_for_window = true
05-20 10:22:42.660  1282  1442 V AconfigFlags: Read Aconfig default flag value com.android.window.flags.untrusted_embedding_any_app_permission = false
05-20 10:22:42.660  1282  1442 V AconfigFlags: Read Aconfig default flag value com.android.window.flags.untrusted_embedding_state_sharing = true
05-20 10:22:42.660  1282  1442 V AconfigFlags: Read Aconfig default flag value com.android.window.flags.use_window_original_touchable_region_when_magnification_recompute_bounds = false
05-20 10:22:42.660  1282  1442 V AconfigFlags: Read Aconfig default flag value com.android.window.flags.user_min_aspect_ratio_app_default = true
05-20 10:22:42.660  1282  1442 V AconfigFlags: Read Aconfig default flag value com.android.window.flags.wait_for_transition_on_display_switch = true
05-20 10:22:42.660  1282  1442 V AconfigFlags: Read Aconfig default flag value com.android.window.flags.wallpaper_offset_async = true
05-20 10:22:42.660  1282  1442 V AconfigFlags: Read Aconfig default flag value com.android.window.flags.window_session_relayout_info = true
05-20 10:22:42.660  1282  1442 V AconfigFlags: Read Aconfig default flag value com.android.window.flags.window_token_config_thread_safe = true
05-20 10:22:42.660  1282  1442 V AconfigFlags: Read Aconfig default flag value com.android.graphics.libgui.flags.bq_extendedallocate = false
05-20 10:22:42.660  1282  1442 V AconfigFlags: Read Aconfig default flag value com.android.graphics.libgui.flags.bq_setframerate = true
05-20 10:22:42.660  1282  1442 V AconfigFlags: Read Aconfig default flag value com.android.graphics.libgui.flags.frametimestamps_previousrelease = true
05-20 10:22:42.660  1282  1442 V AconfigFlags: Read Aconfig default flag value com.android.graphics.libgui.flags.trace_frame_rate_override = false
05-20 10:22:42.660  1282  1442 V AconfigFlags: Read Aconfig default flag value com.android.media.audioserver.direct_track_reprioritization = true
05-20 10:22:42.660  1282  1442 V AconfigFlags: Read Aconfig default flag value com.android.media.audioserver.effect_chain_callback_improve = false
05-20 10:22:42.660  1282  1442 V AconfigFlags: Read Aconfig default flag value com.android.media.audioserver.fdtostring_timeout_fix = true
05-20 10:22:42.660  1282  1442 V AconfigFlags: Read Aconfig default flag value com.android.media.audioserver.fix_concurrent_playback_behavior_with_bit_perfect_client = false
05-20 10:22:42.660  1282  1442 V AconfigFlags: Read Aconfig default flag value com.android.media.audioserver.fix_input_sharing_logic = false
05-20 10:22:42.660  1282  1442 V AconfigFlags: Read Aconfig default flag value com.android.media.audioserver.mutex_priority_inheritance = true
05-20 10:22:42.660  1282  1442 V AconfigFlags: Read Aconfig default flag value com.android.media.audioserver.use_bt_sco_for_media = false
05-20 10:22:42.660  1282  1442 V AconfigFlags: Read Aconfig default flag value com.android.media.codec.flags.aidl_hal = true
05-20 10:22:42.660  1282  1442 V AconfigFlags: Read Aconfig default flag value com.android.media.codec.flags.codec_importance = true
05-20 10:22:42.660  1282  1442 V AconfigFlags: Read Aconfig default flag value com.android.media.codec.flags.large_audio_frame = true
05-20 10:22:42.662   579   781 D ShortcutService: Saving package item com.google.android.apps.maps to /data/system_ce/0/shortcut_service/packages/com.google.android.apps.maps.xml
05-20 10:22:42.689   579   910 W ActivityManager: Slow operation: 76ms so far, now at finishAttachApplicationInner: after mServices.attachApplicationLocked
05-20 10:22:42.690   579   910 W ActivityManager: Slow operation: 76ms so far, now at finishAttachApplicationInner: after dispatching broadcasts
05-20 10:22:42.690   579   910 W ActivityManager: Slow operation: 76ms so far, now at finishAttachApplicationInner: after updateOomAdjLocked
05-20 10:22:42.691   579   910 W ActivityManager: Slow operation: 53ms so far, now at startProcess: done updating battery stats
05-20 10:22:42.691   579   910 W ActivityManager: Slow operation: 53ms so far, now at startProcess: building log message
05-20 10:22:42.691   579   910 I ActivityManager: Start proc 1477:com.android.keychain/1000 for service {com.android.keychain/com.android.keychain.KeyChainService}
05-20 10:22:42.691   579   910 W ActivityManager: Slow operation: 53ms so far, now at startProcess: starting to update pids map
05-20 10:22:42.691   579   910 W ActivityManager: Slow operation: 53ms so far, now at startProcess: done updating pids map
05-20 10:22:42.693   579   781 D ShortcutService: Saving package item com.google.android.apps.docs to /data/system_ce/0/shortcut_service/packages/com.google.android.apps.docs.xml
05-20 10:22:42.706   579   596 D CompatChangeReporter: Compat change id reported: 253665015; UID 10142; state: ENABLED
05-20 10:22:42.731   579   781 D ShortcutService: Saving package item com.google.android.gm to /data/system_ce/0/shortcut_service/packages/com.google.android.gm.xml
05-20 10:22:42.741   826   865 E SingleInstanceRemoteListener: Failed remote call on null listener
05-20 10:22:42.741   579   781 D ShortcutService: Saving package item com.google.android.as to /data/system_ce/0/shortcut_service/packages/com.google.android.as.xml
05-20 10:22:42.741   579   600 D CompatChangeReporter: Compat change id reported: 311208629; UID 1000; state: ENABLED
05-20 10:22:42.747   579   910 D CompatChangeReporter: Compat change id reported: 261072174; UID 10143; state: ENABLED
05-20 10:22:42.748   579   910 D SystemServerTiming: getUserSwitchability-0
05-20 10:22:42.748   579   910 D SystemServerTiming: TM.isInCall
05-20 10:22:42.748   579   910 D SystemServerTiming: hasUserRestriction-DISALLOW_USER_SWITCH
05-20 10:22:42.748   579   910 D SystemServerTiming: getInt-ALLOW_USER_SWITCHING_WHEN_SYSTEM_USER_LOCKED
05-20 10:22:42.748   579   910 D SystemServerTiming: isUserUnlocked-USER_SYSTEM
05-20 10:22:42.748   579   652 D SystemServerTiming: getUserSwitchability-0
05-20 10:22:42.748   579   652 D SystemServerTiming: TM.isInCall
05-20 10:22:42.748   579   652 D SystemServerTiming: hasUserRestriction-DISALLOW_USER_SWITCH
05-20 10:22:42.748   579   652 D SystemServerTiming: getInt-ALLOW_USER_SWITCHING_WHEN_SYSTEM_USER_LOCKED
05-20 10:22:42.748   579   652 D SystemServerTiming: isUserUnlocked-USER_SYSTEM
05-20 10:22:42.751   826   865 E SingleInstanceRemoteListener: Failed remote call on null listener
05-20 10:22:42.752   579   652 D SystemServerTiming: getUserSwitchability-0
05-20 10:22:42.752   579   652 D SystemServerTiming: TM.isInCall
05-20 10:22:42.752   579   652 D SystemServerTiming: hasUserRestriction-DISALLOW_USER_SWITCH
05-20 10:22:42.752   579   652 D SystemServerTiming: getInt-ALLOW_USER_SWITCHING_WHEN_SYSTEM_USER_LOCKED
05-20 10:22:42.752   579   652 D SystemServerTiming: isUserUnlocked-USER_SYSTEM
05-20 10:22:42.752   579   781 D ShortcutService: Saving package item com.google.android.deskclock to /data/system_ce/0/shortcut_service/packages/com.google.android.deskclock.xml
05-20 10:22:42.758   579   781 D ShortcutService: Saving package item com.google.android.youtube to /data/system_ce/0/shortcut_service/packages/com.google.android.youtube.xml
05-20 10:22:42.803   579   579 W Looper  : Slow dispatch took 201ms main h=android.app.ActivityThread$H c=android.app.LoadedApk$ReceiverDispatcher$Args$$ExternalSyntheticLambda0@1c614b0 m=0
05-20 10:22:42.803   579   579 V NotificationManagerService$NotificationAssistants: enabling notification assistant for 0: ComponentInfo{com.google.android.as/com.google.android.apps.miphone.aiai.common.notification.service.AiAiNotificationAssistantService}
05-20 10:22:42.804   579   579 V NotificationManagerService$NotificationAssistants: binding: Intent { act=android.service.notification.NotificationAssistantService cmp=com.google.android.as/com.google.android.apps.miphone.aiai.common.notification.service.AiAiNotificationAssistantService (has extras) }
05-20 10:22:42.805   579   579 V ConditionProviders: enabling condition provider for 0: ComponentInfo{com.google.android.gms/com.google.android.location.settings.DrivingConditionProvider}
05-20 10:22:42.805   579   579 V ConditionProviders: binding: Intent { act=android.service.notification.ConditionProviderService cmp=com.google.android.gms/com.google.android.location.settings.DrivingConditionProvider (has extras) }
05-20 10:22:42.811   579  1092 D SystemServerTiming: getUserSwitchability-0
05-20 10:22:42.811   579  1092 D SystemServerTiming: TM.isInCall
05-20 10:22:42.811   579  1092 D SystemServerTiming: hasUserRestriction-DISALLOW_USER_SWITCH
05-20 10:22:42.811   579  1092 D SystemServerTiming: getInt-ALLOW_USER_SWITCHING_WHEN_SYSTEM_USER_LOCKED
05-20 10:22:42.811   579  1092 D SystemServerTiming: isUserUnlocked-USER_SYSTEM
05-20 10:22:42.812   579   613 W ActivityManager: Slow operation: 77ms so far, now at startProcess: done updating battery stats
05-20 10:22:42.812   579   613 W ActivityManager: Slow operation: 77ms so far, now at startProcess: building log message
05-20 10:22:42.812   579   613 I ActivityManager: Start proc 1525:com.google.android.calendar/u0a149 for broadcast {com.google.android.calendar/com.android.calendar.widget.CalendarAppWidgetProvider}
05-20 10:22:42.812   579   613 W ActivityManager: Slow operation: 77ms so far, now at startProcess: starting to update pids map
05-20 10:22:42.812   579   613 W ActivityManager: Slow operation: 77ms so far, now at startProcess: done updating pids map
05-20 10:22:42.812   579   613 W ActivityManager: Slow operation: 62ms so far, now at startProcess: asking zygote to start proc
05-20 10:22:42.813   579   579 V ConditionProviders: enabling condition provider for 0: ComponentInfo{com.google.android.apps.wellbeing/com.google.android.apps.wellbeing.azr.impl.AzrConditionProviderService}
05-20 10:22:42.813   579   579 V ConditionProviders: Not registering ComponentInfo{com.google.android.apps.wellbeing/com.google.android.apps.wellbeing.azr.impl.AzrConditionProviderService} is already bound
05-20 10:22:42.813   579   579 V NotificationManagerService$NotificationListeners: enabling notification listener for 0: ComponentInfo{com.google.android.apps.nexuslauncher/com.android.launcher3.notification.NotificationListener}
05-20 10:22:42.813   579   579 V NotificationManagerService$NotificationListeners: binding: Intent { act=android.service.notification.NotificationListenerService cmp=com.google.android.apps.nexuslauncher/com.android.launcher3.notification.NotificationListener (has extras) }
05-20 10:22:42.831   579  1474 I MediaSessionStack: addSession to bottom of stack | record: com.google.android.bluetooth/BluetoothMediaBrowserService/4 (userId=0)
05-20 10:22:42.852   579   613 W ActivityManager: Slow operation: 102ms so far, now at startProcess: returned from zygote!
05-20 10:22:42.855   579   613 W ActivityManager: Slow operation: 104ms so far, now at startProcess: done updating battery stats
05-20 10:22:42.855   579   613 W ActivityManager: Slow operation: 104ms so far, now at startProcess: building log message
05-20 10:22:42.855   579   613 I ActivityManager: Start proc 1546:com.google.android.googlequicksearchbox:search/u0a143 for service {com.google.android.googlequicksearchbox/com.google.android.apps.search.podcasts.browser.PodcastBrowserService}
05-20 10:22:42.855   579   613 W ActivityManager: Slow operation: 105ms so far, now at startProcess: starting to update pids map
05-20 10:22:42.855   579   613 W ActivityManager: Slow operation: 105ms so far, now at startProcess: done updating pids map
05-20 10:22:42.857   579   579 V NotificationManagerService$NotificationListeners: enabling notification listener for 0: ComponentInfo{com.google.android.as/com.google.android.apps.miphone.aiai.common.notification.service.AiAiNotificationListenerService}
05-20 10:22:42.857   579   603 D ColorDisplayService: Setting saturation level: 100
05-20 10:22:42.858   579   579 V NotificationManagerService$NotificationListeners: binding: Intent { act=android.service.notification.NotificationListenerService cmp=com.google.android.as/com.google.android.apps.miphone.aiai.common.notification.service.AiAiNotificationListenerService (has extras) }
05-20 10:22:42.859   579   579 W Looper  : Slow delivery took 215ms main h=android.app.ActivityThread$H c=android.app.LoadedApk$ReceiverDispatcher$Args$$ExternalSyntheticLambda0@45f7eed m=0
05-20 10:22:42.860   579  1544 D CompatChangeReporter: Compat change id reported: 229362273; UID 10142; state: ENABLED
05-20 10:22:42.860   579   597 D SystemServerTiming: getUserSwitchability-0
05-20 10:22:42.860   579   597 D SystemServerTiming: TM.isInCall
05-20 10:22:42.860   579   597 D SystemServerTiming: hasUserRestriction-DISALLOW_USER_SWITCH
05-20 10:22:42.860   579   597 D SystemServerTiming: getInt-ALLOW_USER_SWITCHING_WHEN_SYSTEM_USER_LOCKED
05-20 10:22:42.864   579   597 D SystemServerTiming: isUserUnlocked-USER_SYSTEM
05-20 10:22:42.869   579  1544 I MediaSessionStack: addSession to bottom of stack | record: com.google.android.bluetooth/BluetoothMediaBrowserService/5 (userId=0)
05-20 10:22:42.876   579   597 D SystemServerTiming: getUserSwitchability-0
05-20 10:22:42.876   579   597 D SystemServerTiming: TM.isInCall
05-20 10:22:42.876   579   597 D SystemServerTiming: hasUserRestriction-DISALLOW_USER_SWITCH
05-20 10:22:42.876   579   597 D SystemServerTiming: getInt-ALLOW_USER_SWITCHING_WHEN_SYSTEM_USER_LOCKED
05-20 10:22:42.876   579   597 D SystemServerTiming: isUserUnlocked-USER_SYSTEM
05-20 10:22:42.898   579  1544 D SystemServerTiming: getUserSwitchability-0
05-20 10:22:42.898   579  1544 D SystemServerTiming: TM.isInCall
05-20 10:22:42.898   579  1544 D SystemServerTiming: hasUserRestriction-DISALLOW_USER_SWITCH
05-20 10:22:42.898   579  1544 D SystemServerTiming: getInt-ALLOW_USER_SWITCHING_WHEN_SYSTEM_USER_LOCKED
05-20 10:22:42.898   579  1544 D SystemServerTiming: isUserUnlocked-USER_SYSTEM
05-20 10:22:42.903   579  1365 D CompatChangeReporter: Compat change id reported: 151861875; UID 10082; state: ENABLED
05-20 10:22:42.913   579   579 D AuthenticationStatsBroadcastReceiver: Received: android.intent.action.USER_UNLOCKED
05-20 10:22:42.916   579   953 D SystemServerTiming: getUserSwitchability-0
05-20 10:22:42.916   579   953 D SystemServerTiming: TM.isInCall
05-20 10:22:42.916   579   953 D SystemServerTiming: hasUserRestriction-DISALLOW_USER_SWITCH
05-20 10:22:42.916   579   953 D SystemServerTiming: getInt-ALLOW_USER_SWITCHING_WHEN_SYSTEM_USER_LOCKED
05-20 10:22:42.916   579   953 D SystemServerTiming: isUserUnlocked-USER_SYSTEM
05-20 10:22:42.930   579   579 D FaceProvider/virtual: Initializing AuthenticationStatsCollector
05-20 10:22:42.930   579   579 D AuthenticationStatsBroadcastReceiver: Received: android.intent.action.USER_UNLOCKED
05-20 10:22:42.930   579   579 D FingerprintProvider/default: Initializing AuthenticationStatsCollector
05-20 10:22:42.951   579  1474 D SystemServerTiming: getUserSwitchability-0
05-20 10:22:42.951   579  1474 D SystemServerTiming: TM.isInCall
05-20 10:22:42.951   579  1474 D SystemServerTiming: hasUserRestriction-DISALLOW_USER_SWITCH
05-20 10:22:42.951   579  1474 D SystemServerTiming: getInt-ALLOW_USER_SWITCHING_WHEN_SYSTEM_USER_LOCKED
05-20 10:22:42.951   579  1474 D SystemServerTiming: isUserUnlocked-USER_SYSTEM
05-20 10:22:42.979   579  1069 D CompatChangeReporter: Compat change id reported: 271850009; UID 10142; state: ENABLED
05-20 10:22:42.985   579  1544 D SystemServerTiming: getUserSwitchability-0
05-20 10:22:42.985   579  1544 D SystemServerTiming: TM.isInCall
05-20 10:22:42.985   579  1544 D SystemServerTiming: hasUserRestriction-DISALLOW_USER_SWITCH
05-20 10:22:42.985   579  1544 D SystemServerTiming: getInt-ALLOW_USER_SWITCHING_WHEN_SYSTEM_USER_LOCKED
05-20 10:22:42.985   579  1544 D SystemServerTiming: isUserUnlocked-USER_SYSTEM
05-20 10:22:43.010   579   613 W ActivityManager: Slow operation: 106ms so far, now at startProcess: returned from zygote!
05-20 10:22:43.016   579   613 W ActivityManager: Slow operation: 113ms so far, now at startProcess: done updating battery stats
05-20 10:22:43.016   579   613 W ActivityManager: Slow operation: 113ms so far, now at startProcess: building log message
05-20 10:22:43.016   579   613 I ActivityManager: Start proc 1567:android.process.acore/u0a82 for content provider {com.android.providers.contacts/com.android.providers.contacts.ContactsProvider2}
05-20 10:22:43.016   579   613 W ActivityManager: Slow operation: 113ms so far, now at startProcess: starting to update pids map
05-20 10:22:43.016   579   613 W ActivityManager: Slow operation: 113ms so far, now at startProcess: done updating pids map
05-20 10:22:43.017   579   613 W ActivityManager: Slow operation: 61ms so far, now at startProcess: asking zygote to start proc
05-20 10:22:43.036   579   613 W ActivityManager: Slow operation: 80ms so far, now at startProcess: returned from zygote!
05-20 10:22:43.036   579   613 W ActivityManager: Slow operation: 81ms so far, now at startProcess: done updating battery stats
05-20 10:22:43.036   579   613 W ActivityManager: Slow operation: 81ms so far, now at startProcess: building log message
05-20 10:22:43.036   579   613 I ActivityManager: Start proc 1578:com.google.android.apps.photos/u0a167 for service {com.google.android.apps.photos/com.google.android.apps.photos.dbprocessor.impl.DatabaseProcessorJobService}
05-20 10:22:43.036   579   613 W ActivityManager: Slow operation: 81ms so far, now at startProcess: starting to update pids map
