05-20 10:22:41.810   579   603 D ActivityManagerTiming: OnBootPhase_1000_com.android.server.credentials.CredentialManagerService
05-20 10:22:41.810   579   603 D ActivityManagerTiming: OnBootPhase_1000_com.android.server.translation.TranslationManagerService
05-20 10:22:41.810   579   603 D ActivityManagerTiming: OnBootPhase_1000_com.android.server.clipboard.ClipboardService
05-20 10:22:41.810   579   603 D ActivityManagerTiming: OnBootPhase_1000_com.android.server.appbinding.AppBindingService$Lifecycle
05-20 10:22:41.810   579   603 D ActivityManagerTiming: OnBootPhase_1000_com.android.server.tracing.TracingServiceProxy
05-20 10:22:41.810   579   603 D ActivityManagerTiming: OnBootPhase_1000_com.android.server.policy.PermissionPolicyService
05-20 10:22:41.810   579   603 D ActivityManagerTiming: OnBootPhase_1000_com.android.server.pm.StagingManager$Lifecycle
05-20 10:22:41.812   579   603 D ActivityManagerTiming: OnBootPhase_1000_com.android.server.app.GameManagerService$Lifecycle
05-20 10:22:41.812   579   603 D GameManagerService: onBootCompleted
05-20 10:22:41.812   579   603 V GameManagerService: Game loading power mode OFF (game manager service start/restart)
05-20 10:22:41.812   579   603 V GameManagerService: Game power mode OFF (game manager service start/restart)
05-20 10:22:41.812   579   603 V GameManagerService: Game Default Frame Rate : 60.0
05-20 10:22:41.812   579   603 D ActivityManagerTiming: OnBootPhase_1000_com.android.safetycenter.SafetyCenterService
05-20 10:22:41.813   579   603 D ActivityManagerTiming: OnBootPhase_1000_com.android.server.appsearch.AppSearchModule$Lifecycle
05-20 10:22:41.813   579   603 D ActivityManagerTiming: OnBootPhase_1000_com.android.server.media.MediaCommunicationService
05-20 10:22:41.813   579   603 D ActivityManagerTiming: OnBootPhase_1000_com.android.server.compat.overrides.AppCompatOverridesService$Lifecycle
05-20 10:22:41.813   579   603 D ActivityManagerTiming: OnBootPhase_1000_com.android.server.healthconnect.HealthConnectManagerService
05-20 10:22:41.813   579   603 D ActivityManagerTiming: OnBootPhase_1000_com.android.server.devicelock.DeviceLockService
05-20 10:22:41.814   579   603 D DeviceLockService: onBootPhase: 1000
05-20 10:22:41.814   579   603 D ActivityManagerTiming: OnBootPhase_1000_com.android.server.SensitiveContentProtectionManagerService
05-20 10:22:41.816   579   603 V ActivityManagerTiming: TotalBootTime took to complete: 4888ms
05-20 10:22:41.816   579   603 D SystemServerInitThreadPool: Shutdown requested
05-20 10:22:41.816   579   603 D SystemServerTiming: WaitInitThreadPoolShutdown
05-20 10:22:41.817   579   603 D SystemServerInitThreadPool: Shutdown successful
05-20 10:22:41.819   579   603 I ActivityManager: User 0 state changed from BOOTING to RUNNING_LOCKED
05-20 10:22:41.819   579   603 D SystemServerTiming: broadcastIntent-0-android.intent.action.LOCKED_BOOT_COMPLETED
05-20 10:22:41.821   579   603 I LockSettingsService: Unwrapping synthetic password for unsecured user 0
05-20 10:22:41.830   579   603 I LockSettingsService: Sending vendor auth secret to IAuthSecret HAL as user: 0
05-20 10:22:41.830   185   195 I keystore2: system/security/keystore2/src/authorization.rs:128 - on_device_unlocked(user_id=0, password.is_some()=true)
05-20 10:22:41.830   185   195 I keystore2: system/security/keystore2/src/super_key.rs:1232 - unlock_user(user=0)
05-20 10:22:41.831   175   175 D vold    : fscrypt_unlock_ce_storage 0
05-20 10:22:41.831   175   175 D vold    : Trying user CE key /data/misc/vold/user_keys/ce/0/current
05-20 10:22:41.831   175   175 D vold    : Successfully retrieved key
05-20 10:22:41.831   175   175 D vold    : Installed fscrypt key with ref 15a020ae13dfa4716d5718e9df15a6ba to /data
05-20 10:22:41.831   175   175 D vold    : Installed CE key for user 0
05-20 10:22:41.832   579   603 I LockSettingsService: Unlocked CE storage for unsecured user 0
05-20 10:22:41.832   579   603 D SystemServerTiming: finishUserUnlocking-0
05-20 10:22:41.832   579   603 D ActivityManager: Started unlocking user 0
05-20 10:22:41.832   579   603 D ActivityManager: Unlocking user 0 progress 0
05-20 10:22:41.832   579   603 D ActivityManager: Unlocking user 0 progress 5
05-20 10:22:41.832   579   603 E WindowManager: Display reconfigured outside of a transition: Display{#0 state=ON size=2560x1600 ROTATION_0}
05-20 10:22:41.833   579   600 D SystemServerTiming: UM.onBeforeUnlockUser-0
05-20 10:22:41.833   579   603 D ColorDisplayService: setUp: currentUser=0
05-20 10:22:41.833   579   600 D SystemServerTiming: prepareUserData-0
05-20 10:22:41.833   579   600 D UserDataPreparer: Preparing user data; volumeUuid=null, userId=0, flags=0x2, isNewUser=false
05-20 10:22:41.833   175   175 D vold    : fscrypt_prepare_user_storage for volume null, user 0, flags 2
05-20 10:22:41.833   175   175 D vold    : Preparing: /data/system_ce/0
05-20 10:22:41.834   175   175 I vold    : Verified that /data/system_ce/0 has the encryption policy 15a020ae13dfa4716d5718e9df15a6ba v2 modes 1/4 flags 0x2
05-20 10:22:41.834   175   175 D vold    : Preparing: /data/vendor_ce/0
05-20 10:22:41.835   579   613 I ActivityManager: Start proc 1248:com.google.android.apps.wellbeing/u0a142 for on-hold
05-20 10:22:41.835   175   175 I vold    : Verified that /data/vendor_ce/0 has the encryption policy 15a020ae13dfa4716d5718e9df15a6ba v2 modes 1/4 flags 0x2
05-20 10:22:41.836   175   175 D vold    : Preparing: /data/media/0
05-20 10:22:41.836   175   175 I vold    : Verified that /data/media/0 has the encryption policy 15a020ae13dfa4716d5718e9df15a6ba v2 modes 1/4 flags 0x2
05-20 10:22:41.841   175   175 D vold    : Preparing: /data/misc_ce/0
05-20 10:22:41.841   175   175 I vold    : Verified that /data/misc_ce/0 has the encryption policy 15a020ae13dfa4716d5718e9df15a6ba v2 modes 1/4 flags 0x2
05-20 10:22:41.841   175   175 D vold    : Preparing: /data/user/0
05-20 10:22:41.841   175   175 I vold    : Verified that /data/user/0 has the encryption policy 15a020ae13dfa4716d5718e9df15a6ba v2 modes 1/4 flags 0x2
05-20 10:22:41.841   175   175 D vold    : Starting restorecon of /data/system_ce/0
05-20 10:22:41.843   175   175 D vold    : Finished restorecon of /data/system_ce/0
05-20 10:22:41.843   175   175 D vold    : Starting restorecon of /data/vendor_ce/0
05-20 10:22:41.845   175   175 D vold    : Finished restorecon of /data/vendor_ce/0
05-20 10:22:41.845   175   175 D vold    : Starting restorecon of /data/misc_ce/0
05-20 10:22:41.846   175   175 D vold    : Finished restorecon of /data/misc_ce/0
05-20 10:22:41.846   175   175 D vold    : /system/bin/vold_prepare_subdirs
05-20 10:22:41.846   175   175 D vold    :     prepare
05-20 10:22:41.846   175   175 D vold    :     
05-20 10:22:41.846   175   175 D vold    :     0
05-20 10:22:41.846   175   175 D vold    :     2
05-20 10:22:41.862   579   613 I ActivityManager: Start proc 1266:com.google.android.apps.nest.dockmanager.app/u0a125 for broadcast {com.google.android.apps.nest.dockmanager.app/com.google.android.apps.nest.dockmanager.app.StartReceiver}
05-20 10:22:41.865   579   600 V UserDataPreparer: Found /data/user/0 with serial number 0
05-20 10:22:41.866   579   600 V UserDataPreparer: Found /data/system_ce/0 with serial number 0
05-20 10:22:41.866   579   600 D UserDataPreparer: Setting property: sys.user.0.ce_available=true
05-20 10:22:41.867   579   600 D SystemServerTiming: reconcileAppsData-0
05-20 10:22:41.867   579   600 V PackageManager: reconcileAppsData for null u0 0x2 migrateAppData=false
05-20 10:22:41.876   579   600 W PackageManager: Skipping preparing app data for com.google.android.devicelock
05-20 10:22:41.876   579   600 W PackageManager: Skipping preparing app data for com.google.android.tzdata6
05-20 10:22:41.876   579   600 W PackageManager: Skipping preparing app data for com.google.android.ondevicepersonalization
05-20 10:22:41.876   579   600 W PackageManager: Skipping preparing app data for com.android.hardware.authsecret
05-20 10:22:41.877   579   600 W PackageManager: Skipping preparing app data for com.google.android.media.swcodec
05-20 10:22:41.877   579   600 W PackageManager: Skipping preparing app data for com.google.android.os.statsd
05-20 10:22:41.877   579   600 W PackageManager: Skipping preparing app data for com.google.android.widevine.nonupdatable
05-20 10:22:41.877   579   600 W PackageManager: Skipping preparing app data for com.google.mainline.primary.libs
05-20 10:22:41.877   579   600 W PackageManager: Skipping preparing app data for com.google.android.extservices
05-20 10:22:41.877   579   600 W PackageManager: Skipping preparing app data for com.android.hardware.rebootescrow
05-20 10:22:41.877   579   600 W PackageManager: Skipping preparing app data for com.google.android.sdksandbox
05-20 10:22:41.877   579   600 W PackageManager: Skipping preparing app data for com.google.android.healthfitness
05-20 10:22:41.878   579   600 W PackageManager: Skipping preparing app data for com.google.android.ipsec
05-20 10:22:41.878   579   600 W PackageManager: Skipping preparing app data for com.google.android.media
05-20 10:22:41.878   579   600 W PackageManager: Skipping preparing app data for com.android.i18n
05-20 10:22:41.879   579   600 W PackageManager: Skipping preparing app data for com.android.virt
05-20 10:22:41.879   579   600 W PackageManager: Skipping preparing app data for com.google.android.appsearch
05-20 10:22:41.880   579   600 W PackageManager: Skipping preparing app data for com.google.android.configinfrastructure
05-20 10:22:41.880   579   600 W PackageManager: Skipping preparing app data for com.google.android.cellbroadcast
05-20 10:22:41.880   579   600 W PackageManager: Skipping preparing app data for com.android.apex.cts.shim
05-20 10:22:41.880   579   600 W PackageManager: Skipping preparing app data for com.google.android.resolv
05-20 10:22:41.880   579   600 W PackageManager: Skipping preparing app data for com.google.android.sdkext
05-20 10:22:41.880   579   600 W PackageManager: Skipping preparing app data for com.google.android.art
05-20 10:22:41.880   579   600 W PackageManager: Skipping preparing app data for com.google.android.uwb
05-20 10:22:41.880   579   600 W PackageManager: Skipping preparing app data for com.google.android.runtime
05-20 10:22:41.881   579   600 W PackageManager: Skipping preparing app data for com.android.hardware.cas
05-20 10:22:41.888   579   600 W PackageManager: Skipping preparing app data for com.google.android.adservices
05-20 10:22:41.888   579   600 W PackageManager: Skipping preparing app data for com.google.android.scheduling
05-20 10:22:41.888   579   600 W PackageManager: Skipping preparing app data for com.google.android.mediaprovider
05-20 10:22:41.888   579   600 W PackageManager: Skipping preparing app data for com.android.hardware.neuralnetworks
05-20 10:22:41.888   579   600 W PackageManager: Skipping preparing app data for com.google.android.permission
05-20 10:22:41.888   579   600 W PackageManager: Skipping preparing app data for com.google.android.profiling
05-20 10:22:41.888   579   600 W PackageManager: Skipping preparing app data for com.google.android.neuralnetworks
05-20 10:22:41.888   579   600 W PackageManager: Skipping preparing app data for com.google.android.tethering
05-20 10:22:41.888   579   600 W PackageManager: Skipping preparing app data for com.google.android.btservices
05-20 10:22:41.891   579   613 I ActivityManager: Start proc 1282:com.google.android.gms/u0a144 for service {com.google.android.gms/com.google.android.gms.chimera.GmsIntentOperationService}
05-20 10:22:41.891   579   600 W PackageManager: Skipping preparing app data for com.google.android.adbd
05-20 10:22:41.891   579   600 W PackageManager: Skipping preparing app data for com.google.android.rkpd
05-20 10:22:41.891   579   600 W PackageManager: Skipping preparing app data for com.google.android.wifi
05-20 10:22:41.891   579   600 W PackageManager: Skipping preparing app data for com.google.android.conscrypt
05-20 10:22:41.891   579   600 W PackageManager: Skipping preparing app data for com.android.nfcservices
05-20 10:22:41.892   579   649 D CompatChangeReporter: Compat change id reported: 319212206; UID 1001; state: ENABLED
05-20 10:22:41.941   579   600 V PackageManager: reconcileAppsData finished 288 packages
05-20 10:22:41.941   579   600 I ActivityManager: User 0 state changed from RUNNING_LOCKED to RUNNING_UNLOCKING
05-20 10:22:41.942   579   600 D ActivityManager: Unlocking user 0 progress 20
05-20 10:22:41.942   579   600 W Looper  : Slow dispatch took 109ms android.fg h=android.os.Handler c=com.android.server.am.UserController$$ExternalSyntheticLambda5@b8d44dd m=0
05-20 10:22:41.961   579   612 D SystemServerTimingAsync: ssm.UnlockingUser-0
05-20 10:22:41.961   579   612 I SystemServiceManager: Calling onUnlockingUser 0
05-20 10:22:41.961   579   612 D SystemServerTimingAsync: ssm.onUnlockingUser-0_com.android.server.security.FileIntegrityService
05-20 10:22:41.961   579   612 D SystemServerTimingAsync: ssm.onUnlockingUser-0_com.android.server.pm.Installer
05-20 10:22:41.961   579   612 D SystemServerTimingAsync: ssm.onUnlockingUser-0_com.android.server.os.DeviceIdentifiersPolicyService
05-20 10:22:41.961   579   612 D SystemServerTimingAsync: ssm.onUnlockingUser-0_com.android.server.flags.FeatureFlagsService
05-20 10:22:41.961   579   612 D SystemServerTimingAsync: ssm.onUnlockingUser-0_com.android.server.uri.UriGrantsManagerService$Lifecycle
05-20 10:22:41.961   579   612 D SystemServerTimingAsync: ssm.onUnlockingUser-0_com.android.server.powerstats.PowerStatsService
05-20 10:22:41.961   579   612 D SystemServerTimingAsync: ssm.onUnlockingUser-0_com.android.server.permission.access.AccessCheckingService
05-20 10:22:41.961   579   612 D SystemServerTimingAsync: ssm.onUnlockingUser-0_com.android.server.wm.ActivityTaskManagerService$Lifecycle
05-20 10:22:41.961   579   612 D SystemServerTimingAsync: ssm.onUnlockingUser-0_com.android.server.am.ActivityManagerService$Lifecycle
05-20 10:22:41.961   579   612 D SystemServerTimingAsync: ssm.onUnlockingUser-0_com.android.server.pm.DataLoaderManagerService
05-20 10:22:41.961   579   612 D SystemServerTimingAsync: ssm.onUnlockingUser-0_com.android.server.power.PowerManagerService
05-20 10:22:41.961   579   612 D SystemServerTimingAsync: ssm.onUnlockingUser-0_com.android.server.power.ThermalManagerService
05-20 10:22:41.961   579   612 D SystemServerTimingAsync: ssm.onUnlockingUser-0_com.android.server.recoverysystem.RecoverySystemService$Lifecycle
05-20 10:22:41.961   579   612 D SystemServerTimingAsync: ssm.onUnlockingUser-0_com.android.server.lights.LightsService
05-20 10:22:41.961   579   612 D SystemServerTimingAsync: ssm.onUnlockingUser-0_com.android.server.display.DisplayManagerService
05-20 10:22:41.961   579   612 D SystemServerTimingAsync: ssm.onUnlockingUser-0_com.android.server.pm.verify.domain.DomainVerificationService
05-20 10:22:41.961   579   612 D SystemServerTimingAsync: ssm.onUnlockingUser-0_com.android.server.pm.PackageInstallerService$Lifecycle
05-20 10:22:41.961   579   612 D SystemServerTimingAsync: ssm.onUnlockingUser-0_com.android.server.pm.UserManagerService$LifeCycle
05-20 10:22:41.961   579   612 D SystemServerTimingAsync: ssm.onUnlockingUser-0_com.android.server.om.OverlayManagerService
05-20 10:22:41.961   579   612 D SystemServerTimingAsync: ssm.onUnlockingUser-0_com.android.server.resources.ResourcesManagerService
05-20 10:22:41.961   579   612 D SystemServerTimingAsync: ssm.onUnlockingUser-0_com.android.server.sensorprivacy.SensorPrivacyService
05-20 10:22:41.961   579   612 D SystemServerTimingAsync: ssm.onUnlockingUser-0_com.android.server.sensors.SensorService
05-20 10:22:41.961   579   612 D SystemServerTimingAsync: ssm.onUnlockingUser-0_com.android.server.SystemConfigService
05-20 10:22:41.961   579   612 D SystemServerTimingAsync: ssm.onUnlockingUser-0_com.android.server.BatteryService
05-20 10:22:41.961   579   612 D SystemServerTimingAsync: ssm.onUnlockingUser-0_com.android.server.usage.UsageStatsService
05-20 10:22:41.964   579   612 D SystemServerTimingAsync: ssm.onUnlockingUser-0_com.android.server.webkit.WebViewUpdateService
05-20 10:22:41.964   579   612 D SystemServerTimingAsync: ssm.onUnlockingUser-0_com.android.server.CachedDeviceStateService
05-20 10:22:41.964   579   612 D SystemServerTimingAsync: ssm.onUnlockingUser-0_com.android.server.BinderCallsStatsService$LifeCycle
05-20 10:22:41.964   579   612 D SystemServerTimingAsync: ssm.onUnlockingUser-0_com.android.server.LooperStatsService$Lifecycle
05-20 10:22:41.964   579   612 D SystemServerTimingAsync: ssm.onUnlockingUser-0_com.android.server.rollback.RollbackManagerService
05-20 10:22:41.964   579   612 D SystemServerTimingAsync: ssm.onUnlockingUser-0_com.android.server.os.NativeTombstoneManagerService
05-20 10:22:41.964   579   612 D SystemServerTimingAsync: ssm.onUnlockingUser-0_com.android.server.os.BugreportManagerService
05-20 10:22:41.964   579   612 D SystemServerTimingAsync: ssm.onUnlockingUser-0_com.android.server.gpu.GpuService
05-20 10:22:41.964   579   612 D SystemServerTimingAsync: ssm.onUnlockingUser-0_com.android.server.security.rkp.RemoteProvisioningService
05-20 10:22:41.964   579   612 D SystemServerTimingAsync: ssm.onUnlockingUser-0_com.android.server.security.KeyChainSystemService
05-20 10:22:41.964   579   612 D SystemServerTimingAsync: ssm.onUnlockingUser-0_com.android.server.BinaryTransparencyService
05-20 10:22:41.964   579   612 D SystemServerTimingAsync: ssm.onUnlockingUser-0_com.android.server.telecom.TelecomLoaderService
05-20 10:22:41.964   579   612 D SystemServerTimingAsync: ssm.onUnlockingUser-0_com.android.server.accounts.AccountManagerService$Lifecycle
05-20 10:22:41.964   579   612 D SystemServerTimingAsync: ssm.onUnlockingUser-0_com.android.server.content.ContentService$Lifecycle
05-20 10:22:41.964   579   612 D SystemServerTimingAsync: ssm.onUnlockingUser-0_com.android.server.deviceconfig.DeviceConfigInit$Lifecycle
05-20 10:22:41.964   579   612 D SystemServerTimingAsync: ssm.onUnlockingUser-0_com.android.server.DropBoxManagerService
05-20 10:22:41.964   579   612 D SystemServerTimingAsync: ssm.onUnlockingUser-0_com.android.ecm.EnhancedConfirmationService
05-20 10:22:41.965   579   612 D SystemServerTimingAsync: ssm.onUnlockingUser-0_com.android.server.power.hint.HintManagerService
05-20 10:22:41.965   579   612 D SystemServerTimingAsync: ssm.onUnlockingUser-0_com.android.role.RoleService
05-20 10:22:41.965   579   612 D SystemServerTimingAsync: ssm.onUnlockingUser-0_com.android.server.vibrator.VibratorManagerService$Lifecycle
05-20 10:22:41.965   579   612 D SystemServerTimingAsync: ssm.onUnlockingUser-0_com.android.server.alarm.AlarmManagerService
05-20 10:22:41.965   579   612 D SystemServerTimingAsync: ssm.onUnlockingUser-0_com.android.server.devicestate.DeviceStateManagerService
05-20 10:22:41.965   579   612 D SystemServerTimingAsync: ssm.onUnlockingUser-0_com.android.server.camera.CameraServiceProxy
05-20 10:22:41.965   579   612 D SystemServerTimingAsync: ssm.onUnlockingUser-0_com.android.server.bluetooth.BluetoothService
05-20 10:22:41.965   579   612 D SystemServerTimingAsync: ssm.onUnlockingUser-0_com.android.server.connectivity.IpConnectivityMetrics
05-20 10:22:41.965   579   612 D SystemServerTimingAsync: ssm.onUnlockingUser-0_com.android.server.net.watchlist.NetworkWatchlistService$Lifecycle
05-20 10:22:41.965   579   612 D SystemServerTimingAsync: ssm.onUnlockingUser-0_com.android.server.PinnerService
05-20 10:22:41.965   579   612 D SystemServerTimingAsync: ssm.onUnlockingUser-0_com.android.server.integrity.AppIntegrityManagerService
05-20 10:22:41.965   579   612 D SystemServerTimingAsync: ssm.onUnlockingUser-0_com.android.server.logcat.LogcatManagerService
05-20 10:22:41.965   579   612 D SystemServerTimingAsync: ssm.onUnlockingUser-0_com.android.server.inputmethod.InputMethodManagerService$Lifecycle
05-20 10:22:41.965   579   612 D SystemServerTimingAsync: ssm.onUnlockingUser-0_com.android.server.accessibility.AccessibilityManagerService$Lifecycle
05-20 10:22:41.965   579   612 D SystemServerTimingAsync: ssm.onUnlockingUser-0_com.android.server.StorageManagerService$Lifecycle
05-20 10:22:41.965   579   612 D StorageManagerService: onUserUnlocking 0
05-20 10:22:41.965   579   612 I StorageSessionController: On user unlock 0
05-20 10:22:41.965   579   612 I StorageSessionController: Initialialising...
05-20 10:22:41.965   175   175 I vold    : onUserStarted: 0
05-20 10:22:41.966   175   175 D vold    : Recognized experimental block major ID 253 as virtio-blk (emulator's virtual SD card device)
05-20 10:22:41.966   175   175 D vold    : /system/bin/sgdisk
05-20 10:22:41.966   175   175 D vold    :     --android-dump
05-20 10:22:41.966   175   175 D vold    :     /dev/block/vold/disk:253,80
05-20 10:22:41.967   579   649 V StorageManagerService: Found primary storage at VolumeInfo{emulated;0}:
05-20 10:22:41.967   579   649 V StorageManagerService:     type=EMULATED diskId=null partGuid= mountFlags=0 mountUserId=0 
05-20 10:22:41.967   579   649 V StorageManagerService:     state=UNMOUNTED 
05-20 10:22:41.967   579   649 V StorageManagerService:     fsType=null fsUuid=null fsLabel=null 
05-20 10:22:41.967   579   649 V StorageManagerService:     path=null internalPath=null 
05-20 10:22:41.970   579   697 I StorageManagerService: Mounting volume VolumeInfo{emulated;0}:
05-20 10:22:41.970   579   697 I StorageManagerService:     type=EMULATED diskId=null partGuid= mountFlags=PRIMARY|VISIBLE_FOR_WRITE 
05-20 10:22:41.970   579   697 I StorageManagerService:     mountUserId=0 state=UNMOUNTED 
05-20 10:22:41.970   579   697 I StorageManagerService:     fsType=null fsUuid=null fsLabel=null 
05-20 10:22:41.970   579   697 I StorageManagerService:     path=null internalPath=null 
05-20 10:22:41.970   579   697 I Watchdog: Pausing of HandlerChecker: monitor thread for reason: #mount might be slow. Pause end time: 33364
05-20 10:22:42.002   579   664 I UsageStatsService: User[0] Rollover scheduled @ 2026-05-19 16:02:03(1779199323571)
05-20 10:22:42.002   579   664 I UsageStatsService: User[0] Rolling over usage stats
05-20 10:22:42.002   175   175 D vold    : DISK mbr
05-20 10:22:42.002   175   175 W vold    : disk:253,80 has unknown partition table; trying entire device
05-20 10:22:42.002   175   175 D vold    : /system/bin/blkid
05-20 10:22:42.002   175   175 D vold    :     -c
05-20 10:22:42.002   175   175 D vold    :     /dev/null
05-20 10:22:42.002   175   175 D vold    :     -s
05-20 10:22:42.002   175   175 D vold    :     TYPE
05-20 10:22:42.002   175   175 D vold    :     -s
05-20 10:22:42.002   175   175 D vold    :     UUID
05-20 10:22:42.002   175   175 D vold    :     -s
05-20 10:22:42.002   175   175 D vold    :     LABEL
05-20 10:22:42.002   175   175 D vold    :     /dev/block/vold/disk:253,80
05-20 10:22:42.003   579   664 I UsageStatsService: User[0] Rollover scheduled @ 2026-05-21 10:22:41(1779351761998)
05-20 10:22:42.003   579   664 I UsageStatsService: User[0] Rolling over usage stats complete. Took 1 milliseconds
05-20 10:22:42.004   579   602 W AppHibernationService: Attempt to call setHibernatingForUser before states have been read from disk
05-20 10:22:42.004   579   602 W AppHibernationService: Attempt to call setHibernatingForUser before states have been read from disk
05-20 10:22:42.004   579   602 W AppHibernationService: Attempt to call setHibernatingForUser before states have been read from disk
05-20 10:22:42.004   579   602 W AppHibernationService: Attempt to call setHibernatingForUser before states have been read from disk
05-20 10:22:42.004   579   602 W AppHibernationService: Attempt to call setHibernatingForUser before states have been read from disk
05-20 10:22:42.004   579   602 W AppHibernationService: Attempt to call setHibernatingForUser before states have been read from disk
05-20 10:22:42.004   579   602 W AppHibernationService: Attempt to call setHibernatingForUser before states have been read from disk
05-20 10:22:42.004   579   602 W AppHibernationService: Attempt to call setHibernatingForUser before states have been read from disk
05-20 10:22:42.004   579   602 W AppHibernationService: Attempt to call setHibernatingForUser before states have been read from disk
05-20 10:22:42.004   579   602 W AppHibernationService: Attempt to call setHibernatingForUser before states have been read from disk
05-20 10:22:42.004   579   602 W AppHibernationService: Attempt to call setHibernatingForUser before states have been read from disk
05-20 10:22:42.004   579   602 W AppHibernationService: Attempt to call setHibernatingForUser before states have been read from disk
05-20 10:22:42.004   579   602 W AppHibernationService: Attempt to call setHibernatingForUser before states have been read from disk
05-20 10:22:42.004   579   602 W AppHibernationService: Attempt to call setHibernatingForUser before states have been read from disk
05-20 10:22:42.004   579   602 W AppHibernationService: Attempt to call setHibernatingForUser before states have been read from disk
05-20 10:22:42.005   579   602 W AppHibernationService: Attempt to call setHibernatingForUser before states have been read from disk
05-20 10:22:42.005   579   602 W AppHibernationService: Attempt to call setHibernatingForUser before states have been read from disk
05-20 10:22:42.005   579   602 W AppHibernationService: Attempt to call setHibernatingForUser before states have been read from disk
05-20 10:22:42.009   175   175 D vold    : /dev/block/vold/disk:253,80: LABEL="SDCARD" UUID="0000-0000" TYPE="vfat" 
05-20 10:22:42.009   175   179 I vold    : Mounting emulated fuse volume
05-20 10:22:42.012   175   179 I vold    : Bind mounting /data/media to /mnt/pass_through/0/emulated
05-20 10:22:42.012   579   697 I StorageSessionController: On volume mount VolumeInfo{emulated;0}:
05-20 10:22:42.012   579   697 I StorageSessionController:     type=EMULATED diskId=null partGuid= mountFlags=PRIMARY|VISIBLE_FOR_WRITE 
05-20 10:22:42.012   579   697 I StorageSessionController:     mountUserId=0 state=CHECKING 
05-20 10:22:42.012   579   697 I StorageSessionController:     fsType=null fsUuid=null fsLabel=null 
05-20 10:22:42.012   579   697 I StorageSessionController:     path=/storage/emulated internalPath=/data/media 
05-20 10:22:42.012   579   697 I StorageSessionController: Creating connection for user: 0
05-20 10:22:42.013   579   697 I StorageSessionController: Creating and starting session with id: emulated;0
05-20 10:22:42.013   579   697 I StorageUserConnection: Binding to the ExternalStorageService for user 0
05-20 10:22:42.013   579   664 I UsageStatsService: User[0] Flushing usage stats to disk
05-20 10:22:42.015   579   602 W AppHibernationService: Attempt to call setHibernatingForUser before states have been read from disk
05-20 10:22:42.016   579   602 W AppHibernationService: Attempt to call setHibernatingForUser before states have been read from disk
05-20 10:22:42.016   579   602 W AppHibernationService: Attempt to call setHibernatingForUser before states have been read from disk
05-20 10:22:42.017   579   602 W AppHibernationService: Attempt to call setHibernatingForUser before states have been read from disk
05-20 10:22:42.019   579   612 W SystemServiceManager: Service com.android.server.StorageManagerService$Lifecycle took 54 ms in onUnlockingUser-0
05-20 10:22:42.019   579   612 D SystemServerTimingAsync: ssm.onUnlockingUser-0_com.android.server.usage.StorageStatsService$Lifecycle
05-20 10:22:42.019   579   612 D SystemServerTimingAsync: ssm.onUnlockingUser-0_com.android.server.UiModeManagerService
05-20 10:22:42.019   579   612 D SystemServerTimingAsync: ssm.onUnlockingUser-0_com.android.server.locales.LocaleManagerService
05-20 10:22:42.019   579   612 D SystemServerTimingAsync: ssm.onUnlockingUser-0_com.android.server.grammaticalinflection.GrammaticalInflectionService
05-20 10:22:42.019   579   612 D SystemServerTimingAsync: ssm.onUnlockingUser-0_com.android.server.apphibernation.AppHibernationService
05-20 10:22:42.019   579  1240 I HibernationStateDiskStore: No hibernation file on disk for file /data/system_ce/0/hibernation/states
05-20 10:22:42.021   579   612 D SystemServerTimingAsync: ssm.onUnlockingUser-0_com.android.server.locksettings.LockSettingsService$Lifecycle
05-20 10:22:42.021   579   612 D SystemServerTimingAsync: ssm.onUnlockingUser-0_com.android.server.testharness.TestHarnessModeService
05-20 10:22:42.021   579   612 D SystemServerTimingAsync: ssm.onUnlockingUser-0_com.android.server.DeviceIdleController
05-20 10:22:42.021   579   612 D SystemServerTimingAsync: ssm.onUnlockingUser-0_com.android.server.devicepolicy.DevicePolicyManagerService$Lifecycle
05-20 10:22:42.021   579   612 D SystemServerTimingAsync: ssm.onUnlockingUser-0_com.android.server.musicrecognition.MusicRecognitionManagerService
05-20 10:22:42.024   579   711 D LockSettingsService: Hiding encryption notification for user 0
05-20 10:22:42.024   579   612 E MusicRecognitionManagerPerUserService: Bad service name: com.google.android.googlequicksearchbox/com.google.android.apps.search.soundsearch.service.SoundSearchService
05-20 10:22:42.024   579   612 D SystemServerTimingAsync: ssm.onUnlockingUser-0_com.android.server.contentcapture.ContentCaptureManagerService
05-20 10:22:42.027   579   697 D CompatChangeReporter: Compat change id reported: 151861875; UID 10208; state: ENABLED
05-20 10:22:42.028   579   697 I StorageUserConnection: Bound to the ExternalStorageService for user 0
05-20 10:22:42.031   579   612 D SystemServerTimingAsync: ssm.onUnlockingUser-0_com.android.server.systemcaptions.SystemCaptionsManagerService
05-20 10:22:42.032   579   612 D SystemServerTimingAsync: ssm.onUnlockingUser-0_com.android.server.texttospeech.TextToSpeechManagerService
05-20 10:22:42.033   579   612 D SystemServerTimingAsync: ssm.onUnlockingUser-0_com.android.server.wearable.WearableSensingManagerService
05-20 10:22:42.033   579   612 D WearableSensingManagerService: onServiceRemoved
05-20 10:22:42.033   579   612 D WearableSensingManagerPerUserService: Trying to cancel the remote request. Reason: Service destroyed.
05-20 10:22:42.033   579   612 D SystemServerTimingAsync: ssm.onUnlockingUser-0_com.android.server.ondeviceintelligence.OnDeviceIntelligenceManagerService
05-20 10:22:42.033   579   612 D SystemServerTimingAsync: ssm.onUnlockingUser-0_com.android.server.ambientcontext.AmbientContextManagerService
05-20 10:22:42.033   579   612 D AmbientContextManagerService: newServicesListLocked with service name: com.google.android.as/com.google.android.apps.miphone.aiai.app.AiAiAmbientContextDetectionService
05-20 10:22:42.034   579   612 D DefaultAmbientContextManagerPerUserService: Created DefaultAmbientContextManagerPerUserServiceand service type: DEFAULT and service name: com.google.android.as/com.google.android.apps.miphone.aiai.app.AiAiAmbientContextDetectionService
05-20 10:22:42.034   579   612 D SystemServerTimingAsync: ssm.onUnlockingUser-0_com.android.server.speech.SpeechRecognitionManagerService
05-20 10:22:42.034   579   612 D SystemServerTimingAsync: ssm.onUnlockingUser-0_com.android.server.appprediction.AppPredictionManagerService
05-20 10:22:42.039   579   612 D SystemServerTimingAsync: ssm.onUnlockingUser-0_com.android.server.contentsuggestions.ContentSuggestionsManagerService
05-20 10:22:42.039   579   612 D SystemServerTimingAsync: ssm.onUnlockingUser-0_com.android.server.searchui.SearchUiManagerService
05-20 10:22:42.039   579   612 D SystemServerTimingAsync: ssm.onUnlockingUser-0_com.android.server.smartspace.SmartspaceManagerService
05-20 10:22:42.039   579   579 D CompatChangeReporter: Compat change id reported: 151861875; UID 10129; state: ENABLED
05-20 10:22:42.040   579   579 D CompatChangeReporter: Compat change id reported: 311208629; UID 10129; state: ENABLED
05-20 10:22:42.041   579   612 D SystemServerTimingAsync: ssm.onUnlockingUser-0_com.android.server.contextualsearch.ContextualSearchManagerService
05-20 10:22:42.041   579   612 D SystemServerTimingAsync: ssm.onUnlockingUser-0_com.android.server.graphics.fonts.FontManagerService$Lifecycle
05-20 10:22:42.041   579   612 D SystemServerTimingAsync: ssm.onUnlockingUser-0_com.android.server.textservices.TextServicesManagerService$Lifecycle
05-20 10:22:42.046   579   613 I Watchdog: Interesting Java process com.google.android.providers.media.module started. Pid 1312
05-20 10:22:42.046   579   613 I ActivityManager: Start proc 1312:com.google.android.providers.media.module/u0a208 for service {com.google.android.providers.media.module/com.android.providers.media.fuse.ExternalStorageServiceImpl}
05-20 10:22:42.047   579   612 D SystemServerTimingAsync: ssm.onUnlockingUser-0_com.android.server.textclassifier.TextClassificationManagerService$Lifecycle
05-20 10:22:42.047   579   612 D SystemServerTimingAsync: ssm.onUnlockingUser-0_com.android.server.NetworkScoreService$Lifecycle
05-20 10:22:42.047   579   612 D SystemServerTimingAsync: ssm.onUnlockingUser-0_com.android.server.NetworkStatsServiceInitializer
05-20 10:22:42.047   579   612 D SystemServerTimingAsync: ssm.onUnlockingUser-0_com.android.server.wifi.WifiService
05-20 10:22:42.048   579   612 D SystemServerTimingAsync: ssm.onUnlockingUser-0_com.android.server.wifi.scanner.WifiScanningService
05-20 10:22:42.048   579   612 D SystemServerTimingAsync: ssm.onUnlockingUser-0_com.android.server.wifi.p2p.WifiP2pService
05-20 10:22:42.048   579   612 D SystemServerTimingAsync: ssm.onUnlockingUser-0_com.android.server.ConnectivityServiceInitializer
05-20 10:22:42.048   579   612 D SystemServerTimingAsync: ssm.onUnlockingUser-0_com.android.server.notification.NotificationManagerService
05-20 10:22:42.048   579   612 D SystemServerTimingAsync: ssm.onUnlockingUser-0_com.android.server.storage.DeviceStorageMonitorService
05-20 10:22:42.048   579   612 D SystemServerTimingAsync: ssm.onUnlockingUser-0_com.android.server.timedetector.TimeDetectorService$Lifecycle
05-20 10:22:42.048   579   612 D SystemServerTimingAsync: ssm.onUnlockingUser-0_com.android.server.location.LocationManagerService$Lifecycle
05-20 10:22:42.048   579   612 D SystemServerTimingAsync: ssm.onUnlockingUser-0_com.android.server.timezonedetector.TimeZoneDetectorService$Lifecycle
05-20 10:22:42.048   579   612 D SystemServerTimingAsync: ssm.onUnlockingUser-0_com.android.server.location.altitude.AltitudeService$Lifecycle
05-20 10:22:42.048   579   612 D SystemServerTimingAsync: ssm.onUnlockingUser-0_com.android.server.timezonedetector.location.LocationTimeZoneManagerService$Lifecycle
05-20 10:22:42.048   579   612 D SystemServerTimingAsync: ssm.onUnlockingUser-0_com.android.server.search.SearchManagerService$Lifecycle
05-20 10:22:42.048   579   612 D SystemServerTimingAsync: ssm.onUnlockingUser-0_com.android.server.wallpaper.WallpaperManagerService$Lifecycle
05-20 10:22:42.048   579   612 D SystemServerTimingAsync: ssm.onUnlockingUser-0_com.android.server.wallpapereffectsgeneration.WallpaperEffectsGenerationManagerService
05-20 10:22:42.048   579   612 D SystemServerTimingAsync: ssm.onUnlockingUser-0_com.android.server.audio.AudioService$Lifecycle
05-20 10:22:42.048   579   612 D SystemServerTimingAsync: ssm.onUnlockingUser-0_com.android.server.soundtrigger_middleware.SoundTriggerMiddlewareService$Lifecycle
05-20 10:22:42.048   579   612 D SystemServerTimingAsync: ssm.onUnlockingUser-0_com.android.server.DockObserver
05-20 10:22:42.048   579   612 D SystemServerTimingAsync: ssm.onUnlockingUser-0_com.android.server.midi.MidiService$Lifecycle
05-20 10:22:42.048   579   612 D SystemServerTimingAsync: ssm.onUnlockingUser-0_com.android.server.adb.AdbService$Lifecycle
05-20 10:22:42.048   579   612 D SystemServerTimingAsync: ssm.onUnlockingUser-0_com.android.server.usb.UsbService$Lifecycle
05-20 10:22:42.048   579   612 D SystemServerTimingAsync: ssm.onUnlockingUser-0_com.android.server.SerialService$Lifecycle
05-20 10:22:42.048   579   612 D SystemServerTimingAsync: ssm.onUnlockingUser-0_com.android.server.twilight.TwilightService
05-20 10:22:42.048   579   612 D SystemServerTimingAsync: ssm.onUnlockingUser-0_com.android.server.display.color.ColorDisplayService
05-20 10:22:42.048   579   612 D SystemServerTimingAsync: ssm.onUnlockingUser-0_com.android.server.job.JobSchedulerService
05-20 10:22:42.048   579   612 D SystemServerTimingAsync: ssm.onUnlockingUser-0_com.android.server.soundtrigger.SoundTriggerService
05-20 10:22:42.048   579   612 D SystemServerTimingAsync: ssm.onUnlockingUser-0_com.android.server.trust.TrustManagerService
05-20 10:22:42.048   579   612 D SystemServerTimingAsync: ssm.onUnlockingUser-0_com.android.server.backup.BackupManagerService$Lifecycle
05-20 10:22:42.048   579   612 D SystemServerTimingAsync: ssm.onUnlockingUser-0_com.android.server.appwidget.AppWidgetService
05-20 10:22:42.048   579   612 D SystemServerTimingAsync: ssm.onUnlockingUser-0_com.android.server.voiceinteraction.VoiceInteractionManagerService
05-20 10:22:42.069   579   613 I ActivityManager: Start proc 1314:com.google.android.as/u0a129 for service {com.google.android.as/com.google.android.apps.miphone.aiai.app.AiAiContentCaptureService}
05-20 10:22:42.076   579   612 D SystemServerTimingAsync: ssm.onUnlockingUser-0_com.android.server.GestureLauncherService
05-20 10:22:42.076   579   612 D SystemServerTimingAsync: ssm.onUnlockingUser-0_com.android.server.SensorNotificationService
05-20 10:22:42.076   579   612 D SystemServerTimingAsync: ssm.onUnlockingUser-0_com.android.server.emergency.EmergencyAffordanceService
05-20 10:22:42.076   579   612 D SystemServerTimingAsync: ssm.onUnlockingUser-0_com.android.server.blob.BlobStoreManagerService
05-20 10:22:42.076   579   612 D SystemServerTimingAsync: ssm.onUnlockingUser-0_com.android.server.dreams.DreamManagerService
05-20 10:22:42.076   579   612 D SystemServerTimingAsync: ssm.onUnlockingUser-0_com.android.server.print.PrintManagerService
05-20 10:22:42.076   579   612 D SystemServerTimingAsync: ssm.onUnlockingUser-0_com.android.server.security.AttestationVerificationManagerService
05-20 10:22:42.076   579   612 D SystemServerTimingAsync: ssm.onUnlockingUser-0_com.android.server.companion.CompanionDeviceManagerService
05-20 10:22:42.076   579   612 D CDM_CompanionDeviceManagerService: onUserUnlocking...
05-20 10:22:42.076   579   612 D SystemServerTimingAsync: ssm.onUnlockingUser-0_com.android.server.companion.virtual.VirtualDeviceManagerService
05-20 10:22:42.076   579   612 D SystemServerTimingAsync: ssm.onUnlockingUser-0_com.android.server.restrictions.RestrictionsManagerService
05-20 10:22:42.076   579   612 D SystemServerTimingAsync: ssm.onUnlockingUser-0_com.android.server.media.MediaSessionService
05-20 10:22:42.076   579   612 D SystemServerTimingAsync: ssm.onUnlockingUser-0_com.android.server.media.MediaResourceMonitorService
05-20 10:22:42.076   579   612 D SystemServerTimingAsync: ssm.onUnlockingUser-0_com.android.server.biometrics.sensors.face.FaceService
05-20 10:22:42.076   579   612 D SystemServerTimingAsync: ssm.onUnlockingUser-0_com.android.server.biometrics.sensors.fingerprint.FingerprintService
05-20 10:22:42.076   579   612 D SystemServerTimingAsync: ssm.onUnlockingUser-0_com.android.server.biometrics.BiometricService
05-20 10:22:42.076   579   612 D SystemServerTimingAsync: ssm.onUnlockingUser-0_com.android.server.biometrics.AuthService
05-20 10:22:42.076   579   612 D SystemServerTimingAsync: ssm.onUnlockingUser-0_com.android.server.adaptiveauth.AdaptiveAuthService
05-20 10:22:42.076   579   612 D SystemServerTimingAsync: ssm.onUnlockingUser-0_com.android.server.pm.ShortcutService$Lifecycle
05-20 10:22:42.076   579   612 D ShortcutService: handleUnlockUser: user=0
05-20 10:22:42.076   579   612 D SystemServerTimingAsync: ssm.onUnlockingUser-0_com.android.server.pm.LauncherAppsService
05-20 10:22:42.076   579   612 D SystemServerTimingAsync: ssm.onUnlockingUser-0_com.android.server.pm.CrossProfileAppsService
05-20 10:22:42.076   579   612 D SystemServerTimingAsync: ssm.onUnlockingUser-0_com.android.server.people.PeopleService
05-20 10:22:42.076   579   612 D SystemServerTimingAsync: ssm.onUnlockingUser-0_com.android.server.media.metrics.MediaMetricsManagerService
05-20 10:22:42.076   579   612 D SystemServerTimingAsync: ssm.onUnlockingUser-0_com.android.server.pm.BackgroundInstallControlService
05-20 10:22:42.076   579   612 D SystemServerTimingAsync: ssm.onUnlockingUser-0_com.android.server.media.projection.MediaProjectionManagerService
05-20 10:22:42.076   579   612 D SystemServerTimingAsync: ssm.onUnlockingUser-0_com.android.server.slice.SliceManagerService$Lifecycle
05-20 10:22:42.076   579   612 D SystemServerTimingAsync: ssm.onUnlockingUser-0_com.android.server.stats.StatsCompanion$Lifecycle
05-20 10:22:42.076   579   612 D SystemServerTimingAsync: ssm.onUnlockingUser-0_com.android.server.scheduling.RebootReadinessManagerService$Lifecycle
05-20 10:22:42.076   579   612 D SystemServerTimingAsync: ssm.onUnlockingUser-0_com.android.server.stats.pull.StatsPullAtomService
05-20 10:22:42.076   579   612 D SystemServerTimingAsync: ssm.onUnlockingUser-0_com.android.server.stats.bootstrap.StatsBootstrapAtomService$Lifecycle
05-20 10:22:42.076   579   612 D SystemServerTimingAsync: ssm.onUnlockingUser-0_com.android.server.incident.IncidentCompanionService
05-20 10:22:42.076   579   612 D SystemServerTimingAsync: ssm.onUnlockingUser-0_com.android.server.sdksandbox.SdkSandboxManagerService$Lifecycle
05-20 10:22:42.076   579   612 D SystemServerTimingAsync: ssm.onUnlockingUser-0_com.android.server.adservices.AdServicesManagerService$Lifecycle
05-20 10:22:42.076   579   612 D SystemServerTimingAsync: ssm.onUnlockingUser-0_com.android.server.ondevicepersonalization.OnDevicePersonalizationSystemService$Lifecycle
05-20 10:22:42.076   579   612 D SystemServerTimingAsync: ssm.onUnlockingUser-0_android.os.profiling.ProfilingService$Lifecycle
05-20 10:22:42.076   579   612 D SystemServerTimingAsync: ssm.onUnlockingUser-0_com.android.server.autofill.AutofillManagerService
05-20 10:22:42.086   579   611 D WallpaperManagerService: Wallpaper_selinux_restorecon-0
05-20 10:22:42.088   579   613 I ActivityManager: Start proc 1325:com.google.android.googlequicksearchbox:interactor/u0a143 for service {com.google.android.googlequicksearchbox/com.google.android.voiceinteraction.GsaVoiceInteractionService}
05-20 10:22:42.088   579  1323 D ShortcutService: Loading from /data/system_ce/0/shortcut_service/shortcuts.xml
05-20 10:22:42.089   579   612 D SystemServerTimingAsync: ssm.onUnlockingUser-0_com.android.server.credentials.CredentialManagerService
05-20 10:22:42.102   579   649 D OomAdjuster: Not killing cached processes
05-20 10:22:42.108   579  1323 D ShortcutService: depth=1 type=2 name=user
05-20 10:22:42.112   579   611 D CompatChangeReporter: Compat change id reported: 151861875; UID 10116; state: ENABLED
05-20 10:22:42.114   579   612 I CredentialManager: CredentialManagerServiceImpl constructed for: com.google.android.gms/com.google.android.gms.auth.api.credentials.credman.service.GoogleIdService
05-20 10:22:42.114   579   612 I CredentialManager: CredentialManagerServiceImpl constructed for: com.google.android.gms/com.google.android.gms.auth.api.credentials.credman.service.RemoteService
05-20 10:22:42.114   579   612 I CredentialManager: CredentialManagerServiceImpl constructed for: com.google.android.gms/.auth.api.credentials.credman.service.PasswordAndPasskeyService
05-20 10:22:42.114   579   612 I CredentialManager: newServiceInfoLocked, mInfo null, com.google.android.gms/com.google.android.gms.auth.api.credentials.credman.service.PasswordAndPasskeyService
05-20 10:22:42.118   579   612 D SystemServerTimingAsync: ssm.onUnlockingUser-0_com.android.server.translation.TranslationManagerService
05-20 10:22:42.119   579  1323 D ShortcutService: depth=1 type=2 name=package
05-20 10:22:42.129   579   613 I ActivityManager: Start proc 1342:com.android.printspooler/u0a116 for service {com.android.printspooler/com.android.printspooler.model.PrintSpoolerService}
05-20 10:22:42.159   579  1323 D ShortcutService:   depth=3 type=2 name=intent
05-20 10:22:42.159   579  1323 D ShortcutService:   depth=4 type=2 name=extras
05-20 10:22:42.159   579  1323 D ShortcutService:   depth=3 type=2 name=intent
05-20 10:22:42.159   579  1323 D ShortcutService:   depth=4 type=2 name=extras
05-20 10:22:42.159   579  1323 D ShortcutService:   depth=3 type=2 name=intent
05-20 10:22:42.159   579  1323 D ShortcutService:   depth=4 type=2 name=extras
05-20 10:22:42.159   579   612 D SystemServerTimingAsync: ssm.onUnlockingUser-0_com.android.server.clipboard.ClipboardService
05-20 10:22:42.159   579   612 D SystemServerTimingAsync: ssm.onUnlockingUser-0_com.android.server.appbinding.AppBindingService$Lifecycle
05-20 10:22:42.160   579   612 D SystemServerTimingAsync: ssm.onUnlockingUser-0_com.android.server.tracing.TracingServiceProxy
05-20 10:22:42.160   579   612 D SystemServerTimingAsync: ssm.onUnlockingUser-0_com.android.server.policy.PermissionPolicyService
05-20 10:22:42.161   579   612 D SystemServerTimingAsync: ssm.onUnlockingUser-0_com.android.server.pm.StagingManager$Lifecycle
05-20 10:22:42.161   579   612 D SystemServerTimingAsync: ssm.onUnlockingUser-0_com.android.server.app.GameManagerService$Lifecycle
05-20 10:22:42.161   579   612 D SystemServerTimingAsync: ssm.onUnlockingUser-0_com.android.safetycenter.SafetyCenterService
05-20 10:22:42.161   579   612 D SystemServerTimingAsync: ssm.onUnlockingUser-0_com.android.server.appsearch.AppSearchModule$Lifecycle
05-20 10:22:42.188   579  1323 D ShortcutService: depth=1 type=2 name=package
05-20 10:22:42.189   579  1323 D ShortcutService:   depth=3 type=2 name=intent
05-20 10:22:42.189   579  1323 D ShortcutService:   depth=4 type=2 name=extras
05-20 10:22:42.189   579  1323 D ShortcutService:   depth=3 type=2 name=intent
05-20 10:22:42.189   579  1323 D ShortcutService:   depth=4 type=2 name=extras
05-20 10:22:42.192   579  1323 D ShortcutService: depth=1 type=2 name=package
05-20 10:22:42.192   579  1323 D ShortcutService:   depth=3 type=2 name=intent
05-20 10:22:42.193   579  1323 D ShortcutService: depth=1 type=2 name=package
05-20 10:22:42.193   579  1323 D ShortcutService:   depth=3 type=2 name=intent
05-20 10:22:42.193   579  1323 D ShortcutService:   depth=4 type=2 name=extras
05-20 10:22:42.193   579  1323 D ShortcutService:   depth=3 type=2 name=intent
05-20 10:22:42.193   579  1323 D ShortcutService:   depth=3 type=2 name=intent
05-20 10:22:42.193   579  1323 D ShortcutService:   depth=4 type=2 name=extras
05-20 10:22:42.193   579  1323 D ShortcutService:   depth=3 type=2 name=intent
05-20 10:22:42.193   579  1323 D ShortcutService:   depth=4 type=2 name=extras
05-20 10:22:42.194   579  1323 D ShortcutService: depth=1 type=2 name=package
05-20 10:22:42.194   579  1323 D ShortcutService:   depth=3 type=2 name=intent
05-20 10:22:42.194   579  1323 D ShortcutService:   depth=4 type=2 name=extras
05-20 10:22:42.195   579  1323 D ShortcutService: depth=1 type=2 name=package
05-20 10:22:42.195   579  1323 D ShortcutService:   depth=3 type=2 name=intent
05-20 10:22:42.196   579  1323 D ShortcutService:   depth=3 type=2 name=intent
05-20 10:22:42.196   579  1323 D ShortcutService:   depth=3 type=2 name=intent
05-20 10:22:42.196   579  1323 D ShortcutService: depth=1 type=2 name=package
05-20 10:22:42.197   579  1323 D ShortcutService:   depth=3 type=2 name=intent
05-20 10:22:42.200   579   762 I BackupManagerService: Starting service for user: 0
05-20 10:22:42.201   579  1323 D ShortcutService:   depth=4 type=2 name=extras
05-20 10:22:42.201   579  1323 D ShortcutService:   depth=3 type=2 name=intent
05-20 10:22:42.201   579  1323 D ShortcutService:   depth=4 type=2 name=extras
05-20 10:22:42.201   579   762 V BackupManagerService: [UserID:0] Starting with transport com.google.android.gms/.backup.BackupTransportService
05-20 10:22:42.204   579   762 D BackupManagerService: [UserID:0] Started thread backup-0
05-20 10:22:42.205   579  1323 D ShortcutService: depth=1 type=2 name=package
05-20 10:22:42.205   579  1323 D ShortcutService:   depth=3 type=2 name=intent
05-20 10:22:42.206   579  1323 D ShortcutService: depth=1 type=2 name=package
05-20 10:22:42.206   579  1323 D ShortcutService:   depth=3 type=2 name=intent
05-20 10:22:42.207   579  1323 D ShortcutService: depth=1 type=2 name=package
05-20 10:22:42.207   579  1323 D ShortcutService: depth=1 type=2 name=package
05-20 10:22:42.207   579  1323 D ShortcutService:   depth=3 type=2 name=intent
05-20 10:22:42.207   579  1323 D ShortcutService:   depth=4 type=2 name=extras
05-20 10:22:42.208   579  1323 D ShortcutService: depth=1 type=2 name=package
05-20 10:22:42.208   579  1323 D ShortcutService:   depth=3 type=2 name=intent
05-20 10:22:42.209   579   762 E BackupPasswordManager: Unable to read backup pw version
05-20 10:22:42.209   579   762 E BackupPasswordManager: Unable to read saved backup pw hash
05-20 10:22:42.210   579  1323 D ShortcutService: depth=1 type=2 name=package
05-20 10:22:42.210   579  1323 D ShortcutService:   depth=3 type=2 name=intent
05-20 10:22:42.210   579  1323 D ShortcutService:   depth=3 type=2 name=intent
05-20 10:22:42.211   579  1323 D ShortcutService: depth=1 type=2 name=package
05-20 10:22:42.211   579  1323 D ShortcutService:   depth=3 type=2 name=intent
05-20 10:22:42.211   579  1323 D ShortcutService:   depth=3 type=2 name=intent
05-20 10:22:42.212   579  1323 D ShortcutService: depth=1 type=2 name=package
05-20 10:22:42.212   579  1323 D ShortcutService:   depth=3 type=2 name=intent
05-20 10:22:42.212   579  1323 D ShortcutService:   depth=3 type=2 name=intent
05-20 10:22:42.215   579  1323 D ShortcutService:   depth=3 type=2 name=intent
05-20 10:22:42.215   579  1323 D ShortcutService:   depth=3 type=2 name=intent
