05-20 10:22:39.958   579   579 V NotificationManagerService$NotificationListeners: enabling notification listener for 0: ComponentInfo{com.google.android.as/com.google.android.apps.miphone.aiai.common.notification.service.AiAiNotificationListenerService}
05-20 10:22:39.958   579   579 V NotificationManagerService$NotificationListeners: binding: Intent { act=android.service.notification.NotificationListenerService cmp=com.google.android.as/com.google.android.apps.miphone.aiai.common.notification.service.AiAiNotificationListenerService (has extras) }
05-20 10:22:39.958   579   579 W ActivityManager: Unable to start service Intent { act=android.service.notification.NotificationListenerService cmp=com.google.android.as/com.google.android.apps.miphone.aiai.common.notification.service.AiAiNotificationListenerService } U=0: not found
05-20 10:22:39.958   579   579 W NotificationManagerService$NotificationListeners: Unable to bind notification listener service: Intent { act=android.service.notification.NotificationListenerService cmp=com.google.android.as/com.google.android.apps.miphone.aiai.common.notification.service.AiAiNotificationListenerService (has extras) } in user 0
05-20 10:22:39.958   579   579 D SystemServerTiming: ManagedServices.unbindOtherUserServices_current0
05-20 10:22:39.958   579   579 V NotificationManagerService$NotificationAssistants: enabling notification assistant for 0: ComponentInfo{com.google.android.as/com.google.android.apps.miphone.aiai.common.notification.service.AiAiNotificationAssistantService}
05-20 10:22:39.959   579   579 V NotificationManagerService$NotificationAssistants: binding: Intent { act=android.service.notification.NotificationAssistantService cmp=com.google.android.as/com.google.android.apps.miphone.aiai.common.notification.service.AiAiNotificationAssistantService (has extras) }
05-20 10:22:39.959   579   579 W ActivityManager: Unable to start service Intent { act=android.service.notification.NotificationAssistantService cmp=com.google.android.as/com.google.android.apps.miphone.aiai.common.notification.service.AiAiNotificationAssistantService } U=0: not found
05-20 10:22:39.959   579   579 W NotificationManagerService$NotificationAssistants: Unable to bind notification assistant service: Intent { act=android.service.notification.NotificationAssistantService cmp=com.google.android.as/com.google.android.apps.miphone.aiai.common.notification.service.AiAiNotificationAssistantService (has extras) } in user 0
05-20 10:22:39.964   579   744 W BroadcastLoopers: Found previously unknown looper Thread[AudioService Broadcast,5,main]
05-20 10:22:39.965   579   665 D CompatChangeReporter: Compat change id reported: 262645982; UID 10152; state: ENABLED
05-20 10:22:39.966   579   665 D CompatChangeReporter: Compat change id reported: 218533173; UID 10120; state: ENABLED
05-20 10:22:39.966   579   665 D CompatChangeReporter: Compat change id reported: 262645982; UID 10211; state: ENABLED
05-20 10:22:39.966   579   665 D CompatChangeReporter: Compat change id reported: 262645982; UID 10155; state: ENABLED
05-20 10:22:39.967   579   665 D CompatChangeReporter: Compat change id reported: 262645982; UID 10156; state: ENABLED
05-20 10:22:39.967   579   665 D CompatChangeReporter: Compat change id reported: 218533173; UID 10175; state: ENABLED
05-20 10:22:39.969   579   665 D CompatChangeReporter: Compat change id reported: 218533173; UID 10125; state: ENABLED
05-20 10:22:39.984   579   665 D CompatChangeReporter: Compat change id reported: 262645982; UID 10132; state: ENABLED
05-20 10:22:39.991   579   665 D CompatChangeReporter: Compat change id reported: 262645982; UID 10137; state: ENABLED
05-20 10:22:39.993   579   665 D CompatChangeReporter: Compat change id reported: 218533173; UID 10118; state: ENABLED
05-20 10:22:39.993   579   665 D CompatChangeReporter: Compat change id reported: 262645982; UID 10131; state: ENABLED
05-20 10:22:40.021   579   579 I PackageWatchdog: Syncing health check requests for packages: {}
05-20 10:22:40.021   579   579 D ExplicitHealthCheckController: Getting health check supported packages
05-20 10:22:40.022   579   613 I ActivityManager: Start proc 1050:com.google.android.gms.persistent/u0a144 for broadcast {com.google.android.gms/com.google.android.gms.chimera.GmsIntentOperationService$PersistentTrustedReceiver}
05-20 10:22:40.033   579   649 I ExplicitHealthCheckController: Explicit health check supported packages [PackageConfig{com.google.android.networkstack, 86400000}]
05-20 10:22:40.033   579   649 D PackageWatchdog: Received supported packages [PackageConfig{com.google.android.networkstack, 86400000}]
05-20 10:22:40.033   579   649 D ExplicitHealthCheckController: Getting health check requested packages
05-20 10:22:40.033   579   649 I ExplicitHealthCheckController: Explicit health check requested packages []
05-20 10:22:40.033   579   649 I ExplicitHealthCheckController: No more health check requests, unbinding...
05-20 10:22:40.036   579   649 I ExplicitHealthCheckController: Explicit health check service is unbound
05-20 10:22:40.058   579   579 W Looper  : Drained
05-20 10:22:40.059   579   649 D CompatChangeReporter: Compat change id reported: 151861875; UID 1000; state: ENABLED
05-20 10:22:40.062   579   649 W OptProp : Cannot read opt property android.window.PROPERTY_COMPAT_ENABLE_FAKE_FOCUS
05-20 10:22:40.062   579   649 D CompatChangeReporter: Compat change id reported: 324203798; UID 1000; state: ENABLED
05-20 10:22:40.064   579   649 W OptProp : Cannot read opt property android.window.PROPERTY_COMPAT_ALLOW_RESIZEABLE_ACTIVITY_OVERRIDES
05-20 10:22:40.068   579   611 D AccessibilityManagerService: Ignoring non-encryption-aware service ComponentInfo{com.android.systemui.accessibility.accessibilitymenu/com.android.systemui.accessibility.accessibilitymenu.AccessibilityMenuService}
05-20 10:22:40.069   579   611 W MagnificationConnectionManager: requestConnection duplicated request: connect=false, mConnectionState=DISCONNECTED
05-20 10:22:40.094   579   649 D CompatChangeReporter: Compat change id reported: 319212206; UID 10185; state: ENABLED
05-20 10:22:40.094   579   652 D SystemServerTiming: getUserSwitchability-0
05-20 10:22:40.094   579   652 D SystemServerTiming: TM.isInCall
05-20 10:22:40.094   579   652 D SystemServerTiming: hasUserRestriction-DISALLOW_USER_SWITCH
05-20 10:22:40.094   579   652 D SystemServerTiming: getInt-ALLOW_USER_SWITCHING_WHEN_SYSTEM_USER_LOCKED
05-20 10:22:40.094   579   652 D SystemServerTiming: isUserUnlocked-USER_SYSTEM
05-20 10:22:40.095   579   579 D WallpaperManagerService: WPMS.onServiceConnected-ComponentInfo{com.android.systemui/com.android.systemui.wallpapers.ImageWallpaper}
05-20 10:22:40.095   579   579 D WallpaperManagerService: WPMS.attachServiceLocked
05-20 10:22:40.095   579   579 D WallpaperManagerService: WPMS.onServiceConnected-ComponentInfo{com.android.systemui/com.android.systemui.wallpapers.ImageWallpaper}
05-20 10:22:40.095   579   579 D WallpaperManagerService: WPMS.attachServiceLocked
05-20 10:22:40.095   579   579 D WallpaperManagerService: WPMS.connectLocked-ComponentInfo{com.android.systemui/com.android.systemui.wallpapers.ImageWallpaper}
05-20 10:22:40.096   579   579 D WallpaperManagerService: WPMS.saveSettingsLocked-0
05-20 10:22:40.103   579   579 W NotificationHistory: Attempted to add notif for locked/gone/disabled user 0
05-20 10:22:40.169   579   908 D CoreBackPreview: Window{a66236b u0 com.android.settings/com.android.settings.FallbackHome}: Setting back callback OnBackInvokedCallbackInfo{mCallback=android.window.IOnBackInvokedCallback$Stub$Proxy@e7cc686, mPriority=-1, mIsAnimationCallback=false}
05-20 10:22:40.179   579   908 D CompatChangeReporter: Compat change id reported: 151861875; UID 10180; state: ENABLED
05-20 10:22:40.223   579   613 I ActivityManager: Start proc 1095:com.google.android.apps.nexuslauncher/u0a180 for service {com.google.android.apps.nexuslauncher/com.android.quickstep.TouchInteractionService}
05-20 10:22:40.377   579   603 D ActivityManagerTiming: FinishBooting
05-20 10:22:40.384   579   603 W KeyguardServiceDelegate: onScreenTurningOn(): no keyguard service!
05-20 10:22:40.437   579   600 V WindowManager: Finish Transition (#0): created at 05-20 10:22:39.684 collect-started=0.125ms request-sent=6.135ms started=12.74ms ready=380.003ms sent=709.346ms finished=745.824ms
05-20 10:22:40.462   826   835 V WindowManagerShell: SyncTransactionQueue.onTransactionReady(): syncId=1
05-20 10:22:40.472   826   865 V WindowManagerShell: SyncTransactionQueue.onTransactionReady(): syncId=1 apply
05-20 10:22:40.480   826   865 D ShellSplitScreen: onTaskInfoChanged: taskId=3 taskAct=null
05-20 10:22:40.484   826  1073 V WindowManagerShell: SyncTransactionQueue.onTransactionReady(): syncId=2
05-20 10:22:40.489   826   865 D ShellSplitScreen: onTaskInfoChanged: taskId=4 taskAct=null
05-20 10:22:40.489   826   865 V WindowManagerShell: SyncTransactionQueue.onTransactionReady(): syncId=2 apply
05-20 10:22:40.535   579   911 D DisplayManagerService: supportedStates=[0]
05-20 10:22:40.535   579   911 D DisplayManagerService: possibleInfos={DisplayInfo{"Built-in Screen", displayId 0, displayGroupId 0, FLAG_SECURE, FLAG_SUPPORTS_PROTECTED_BUFFERS, FLAG_TRUSTED, real 2560 x 1600, largest app 2560 x 2560, smallest app 1600 x 1600, appVsyncOff 1000000, presDeadline 16666666, mode 1, renderFrameRate 60.000004, defaultMode 1, userPreferredModeId -1, supportedModes [{id=1, width=2560, height=1600, fps=60.000004, vsync=60.000004, synthetic=false, alternativeRefreshRates=[], supportedHdrTypes=[]}], appsSupportedModes [{id=1, width=2560, height=1600, fps=60.000004, vsync=60.000004, synthetic=false, alternativeRefreshRates=[], supportedHdrTypes=[]}], hdrCapabilities HdrCapabilities{mSupportedHdrTypes=[], mMaxLuminance=500.0, mMaxAverageLuminance=500.0, mMinLuminance=0.0}, userDisabledHdrTypes [], minimalPostProcessingSupported false, rotation 0, state ON, committedState ON, type INTERNAL, uniqueId "local:4619827259835644672", app 2560 x 1600, density 320 (320.0 x 320.0) dpi, layerStack 0, colorMode 0, supportedColorModes [0], address {port=0, model=0x401cec6a7a2b7b}, deviceProductInfo DeviceProductInfo{name=EMU_display_0, manufacturerPnpId=GGL, productId=1, modelYear=null, manufactureDate=ManufactureDate{week=27, year=2006}, connectionToSinkType=0}, removeMode 0, refreshRateOverride 0.0, brightnessMinimum 0.0, brightnessMaximum 1.0, brightnessDefault 0.39763778, installOrientation ROTATION_0, layoutLimitedRefreshRate null, hdrSdrRatio not_available, thermalRefreshRateThrottling {}, thermalBrightnessThrottlingDataId default}}
05-20 10:22:40.536   579   688 W BroadcastLoopers: Found previously unknown looper Thread[BluetoothManagerService,5,main]
05-20 10:22:40.541   579   908 D CoreBackPreview: Window{183ad3c u0 ScreenDecorOverlay}: Setting back callback OnBackInvokedCallbackInfo{mCallback=android.window.IOnBackInvokedCallback$Stub$Proxy@75afa8d, mPriority=0, mIsAnimationCallback=false}
05-20 10:22:40.548   579   911 D CoreBackPreview: Window{d502eb u0 ScreenDecorOverlayBottom}: Setting back callback OnBackInvokedCallbackInfo{mCallback=android.window.IOnBackInvokedCallback$Stub$Proxy@41d4aa8, mPriority=0, mIsAnimationCallback=false}
05-20 10:22:40.606   932  1150 W ActivityThread: Failed to find provider info for com.android.contacts (user not unlocked)
05-20 10:22:40.611   579   649 I MR2ServiceImpl: registerManager | callerUid: 10185, callerPid: 826, callerPackage: com.android.systemui, targetPackageName: null, targetUserId: UserHandle{0}, hasMediaRoutingControl: false
05-20 10:22:40.614   579  1092 D CompatChangeReporter: Compat change id reported: 261072174; UID 1002; state: ENABLED
05-20 10:22:40.615   579   773 I MR2ServiceImpl: addProviderRoutes | provider: com.android.server.media/.SystemMediaRoute2Provider, routes: [ROUTE_ID_BUILTIN_SPEAKER | Tablet]
05-20 10:22:40.616   579   649 I MediaSessionStack: addSession to bottom of stack | record: com.google.android.bluetooth/BluetoothMediaBrowserService/2 (userId=0)
05-20 10:22:40.619   579   579 I Telecom : BluetoothDeviceManager: Got BluetoothHearingAid: android.bluetooth.BluetoothHearingAid@3add4cb: BPSL.oSC@AAI
05-20 10:22:40.620   579   579 I Telecom : BluetoothDeviceManager: Got BluetoothHeadset: android.bluetooth.BluetoothHeadset@315f39a: BPSL.oSC@AAM
05-20 10:22:40.621   579   579 I CDM_BleDeviceProcessor: startBleScan()
05-20 10:22:40.631   579   911 D CompatChangeReporter: Compat change id reported: 311208629; UID 1002; state: ENABLED
05-20 10:22:40.633   579   649 I MediaSessionStack: addSession to bottom of stack | record: com.google.android.bluetooth/BluetoothMediaBrowserService/3 (userId=0)
05-20 10:22:40.731   579   911 I StatusBarManagerService: registerStatusBar bar=com.android.internal.statusbar.IStatusBar$Stub$Proxy@84d8cc2
05-20 10:22:40.770   579   911 E WindowManager: Display reconfigured outside of a transition: Display{#0 state=ON size=2560x1600 ROTATION_0}
05-20 10:22:40.773   579   911 W ActivityManager: Unable to start service Intent { act=com.google.android.chimera.BoundService.START dat=chimera-action: cmp=com.google.android.gms/.chimera.PersistentApiService } U=0: not found
05-20 10:22:40.773   579   911 W ActivityManager: Unbind failed: could not find connection for android.os.BinderProxy@b5782c9
05-20 10:22:40.780   579   908 W UserManagerService: Requested status bar icon for non-badged user 0
05-20 10:22:40.785   826  1054 W ActivityThread: Failed to find provider info for com.android.contacts (user not unlocked)
05-20 10:22:40.838   579   612 D CompatChangeReporter: Compat change id reported: 151861875; UID 10205; state: ENABLED
05-20 10:22:40.857   579   613 I ActivityManager: Start proc 1197:com.google.android.permissioncontroller/u0a205 for broadcast {com.google.android.permissioncontroller/com.android.permissioncontroller.privacysources.SafetyCenterReceiver}
05-20 10:22:40.857   579  1092 W UserManagerService: Requested status bar icon for non-badged user 0
05-20 10:22:40.866   826   865 E SingleInstanceRemoteListener: Failed remote call on null listener
05-20 10:22:40.866   826   865 E SingleInstanceRemoteListener: Failed remote call on null listener
05-20 10:22:40.878   579   649 D FaceProvider/virtual: Starting watchdog for face
05-20 10:22:40.928   579   895 W ActivityManager: Unable to start service Intent { act=android.service.smartspace.SmartspaceService cmp=com.google.android.as/com.google.android.apps.miphone.aiai.app.AiAiSmartspaceService } U=0: not found
05-20 10:22:40.928   579   895 W RemoteSmartspaceService: could not bind to Intent { act=android.service.smartspace.SmartspaceService cmp=com.google.android.as/com.google.android.apps.miphone.aiai.app.AiAiSmartspaceService } using flags 67112961
05-20 10:22:40.928   579   649 W ActivityManager: Unable to start service Intent { act=android.service.smartspace.SmartspaceService cmp=com.google.android.as/com.google.android.apps.miphone.aiai.app.AiAiSmartspaceService } U=0: not found
05-20 10:22:40.928   579   649 W RemoteSmartspaceService: could not bind to Intent { act=android.service.smartspace.SmartspaceService cmp=com.google.android.as/com.google.android.apps.miphone.aiai.app.AiAiSmartspaceService } using flags 67112961
05-20 10:22:40.928   579   579 W ActivityManager: Unbind failed: could not find connection for android.app.LoadedApk$ServiceDispatcher$InnerConnection@3503b87
05-20 10:22:40.929   579   579 W ActivityManager: Unbind failed: could not find connection for android.app.LoadedApk$ServiceDispatcher$InnerConnection@56dbe20
05-20 10:22:40.929   579   649 W ActivityManager: Unable to start service Intent { act=android.service.smartspace.SmartspaceService cmp=com.google.android.as/com.google.android.apps.miphone.aiai.app.AiAiSmartspaceService } U=0: not found
05-20 10:22:40.929   579   649 W RemoteSmartspaceService: could not bind to Intent { act=android.service.smartspace.SmartspaceService cmp=com.google.android.as/com.google.android.apps.miphone.aiai.app.AiAiSmartspaceService } using flags 67112961
05-20 10:22:40.929   579   649 W ActivityManager: Unable to start service Intent { act=android.service.smartspace.SmartspaceService cmp=com.google.android.as/com.google.android.apps.miphone.aiai.app.AiAiSmartspaceService } U=0: not found
05-20 10:22:40.929   579   649 W RemoteSmartspaceService: could not bind to Intent { act=android.service.smartspace.SmartspaceService cmp=com.google.android.as/com.google.android.apps.miphone.aiai.app.AiAiSmartspaceService } using flags 67112961
05-20 10:22:40.929   579   579 W ActivityManager: Unbind failed: could not find connection for android.app.LoadedApk$ServiceDispatcher$InnerConnection@869e495
05-20 10:22:40.929   579   579 W ActivityManager: Unbind failed: could not find connection for android.app.LoadedApk$ServiceDispatcher$InnerConnection@8f9e9aa
05-20 10:22:41.096   579   895 E AutofillManagerServiceImpl: Bad service name: com.google.android.gms/.autofill.service.AutofillService
05-20 10:22:41.096   579   895 E RemoteAugmentedAutofillService: Bad service name for flags 1048704: com.google.android.as/com.google.android.apps.miphone.aiai.app.AiAiAugmentedAutofillService
05-20 10:22:41.118   579  1092 D SystemServerTiming: getUserSwitchability-0
05-20 10:22:41.118   579  1092 D SystemServerTiming: TM.isInCall
05-20 10:22:41.118   579  1092 D SystemServerTiming: hasUserRestriction-DISALLOW_USER_SWITCH
05-20 10:22:41.118   579  1092 D SystemServerTiming: getInt-ALLOW_USER_SWITCHING_WHEN_SYSTEM_USER_LOCKED
05-20 10:22:41.118   579  1092 D SystemServerTiming: isUserUnlocked-USER_SYSTEM
05-20 10:22:41.127   826   865 D ShellSplitScreen: onFinishedWakingUp
05-20 10:22:41.129   579   649 W ActivityManager: Unable to start service Intent { act=android.service.smartspace.SmartspaceService cmp=com.google.android.as/com.google.android.apps.miphone.aiai.app.AiAiSmartspaceService } U=0: not found
05-20 10:22:41.129   579   649 W RemoteSmartspaceService: could not bind to Intent { act=android.service.smartspace.SmartspaceService cmp=com.google.android.as/com.google.android.apps.miphone.aiai.app.AiAiSmartspaceService } using flags 67112961
05-20 10:22:41.129   579   579 W ActivityManager: Unbind failed: could not find connection for android.app.LoadedApk$ServiceDispatcher$InnerConnection@e8a013b
05-20 10:22:41.137   579   649 D ActivityManager: ThemeHomeDelay: Home launch is not delayable, ignoring setThemeOverlayReady() call
05-20 10:22:41.197   579  1092 W ActivityManager: Unable to start service Intent { act=android.service.smartspace.SmartspaceService cmp=com.google.android.as/com.google.android.apps.miphone.aiai.app.AiAiSmartspaceService } U=0: not found
05-20 10:22:41.197   579  1092 W RemoteSmartspaceService: could not bind to Intent { act=android.service.smartspace.SmartspaceService cmp=com.google.android.as/com.google.android.apps.miphone.aiai.app.AiAiSmartspaceService } using flags 67112961
05-20 10:22:41.197   579   579 W ActivityManager: Unbind failed: could not find connection for android.app.LoadedApk$ServiceDispatcher$InnerConnection@5c6131
05-20 10:22:41.197   579  1092 W ActivityManager: Unable to start service Intent { act=android.service.smartspace.SmartspaceService cmp=com.google.android.as/com.google.android.apps.miphone.aiai.app.AiAiSmartspaceService } U=0: not found
05-20 10:22:41.197   579  1092 W RemoteSmartspaceService: could not bind to Intent { act=android.service.smartspace.SmartspaceService cmp=com.google.android.as/com.google.android.apps.miphone.aiai.app.AiAiSmartspaceService } using flags 67112961
05-20 10:22:41.197   579   579 W ActivityManager: Unbind failed: could not find connection for android.app.LoadedApk$ServiceDispatcher$InnerConnection@4a1db84
05-20 10:22:41.198   579   911 W ActivityManager: Unable to start service Intent { act=android.service.smartspace.SmartspaceService cmp=com.google.android.as/com.google.android.apps.miphone.aiai.app.AiAiSmartspaceService } U=0: not found
05-20 10:22:41.198   579  1092 D SystemServerTiming: getUserSwitchability-0
05-20 10:22:41.198   579   911 W RemoteSmartspaceService: could not bind to Intent { act=android.service.smartspace.SmartspaceService cmp=com.google.android.as/com.google.android.apps.miphone.aiai.app.AiAiSmartspaceService } using flags 67112961
05-20 10:22:41.198   579  1092 D SystemServerTiming: TM.isInCall
05-20 10:22:41.198   579   911 W ActivityManager: Unable to start service Intent { act=android.service.smartspace.SmartspaceService cmp=com.google.android.as/com.google.android.apps.miphone.aiai.app.AiAiSmartspaceService } U=0: not found
05-20 10:22:41.198   579   911 W RemoteSmartspaceService: could not bind to Intent { act=android.service.smartspace.SmartspaceService cmp=com.google.android.as/com.google.android.apps.miphone.aiai.app.AiAiSmartspaceService } using flags 67112961
05-20 10:22:41.198   579   579 W ActivityManager: Unbind failed: could not find connection for android.app.LoadedApk$ServiceDispatcher$InnerConnection@a1d4c33
05-20 10:22:41.198   579  1092 D SystemServerTiming: hasUserRestriction-DISALLOW_USER_SWITCH
05-20 10:22:41.198   579  1092 D SystemServerTiming: getInt-ALLOW_USER_SWITCHING_WHEN_SYSTEM_USER_LOCKED
05-20 10:22:41.198   579  1092 D SystemServerTiming: isUserUnlocked-USER_SYSTEM
05-20 10:22:41.198   579   579 W ActivityManager: Unbind failed: could not find connection for android.app.LoadedApk$ServiceDispatcher$InnerConnection@e232bf0
05-20 10:22:41.199   579   911 W UserManagerService: Requested status bar icon for non-badged user 0
05-20 10:22:41.210   579  1092 D CompatChangeReporter: Compat change id reported: 311208629; UID 10205; state: ENABLED
05-20 10:22:41.221   579   579 D CompatChangeReporter: Compat change id reported: 311208629; UID 1000; state: ENABLED
05-20 10:22:41.279   579  1092 D SystemServerTiming: getUserSwitchability-0
05-20 10:22:41.279   579  1092 D SystemServerTiming: TM.isInCall
05-20 10:22:41.279   579  1092 D SystemServerTiming: hasUserRestriction-DISALLOW_USER_SWITCH
05-20 10:22:41.279   579  1092 D SystemServerTiming: getInt-ALLOW_USER_SWITCHING_WHEN_SYSTEM_USER_LOCKED
05-20 10:22:41.279   579  1092 D SystemServerTiming: isUserUnlocked-USER_SYSTEM
05-20 10:22:41.319   579   649 D SystemServerTiming: getUserSwitchability-0
05-20 10:22:41.319   579   596 D SystemServerTiming: getUserSwitchability-0
05-20 10:22:41.320   579   596 D SystemServerTiming: TM.isInCall
05-20 10:22:41.320   579   649 D SystemServerTiming: TM.isInCall
05-20 10:22:41.320   579   596 D SystemServerTiming: hasUserRestriction-DISALLOW_USER_SWITCH
05-20 10:22:41.320   579   649 D SystemServerTiming: hasUserRestriction-DISALLOW_USER_SWITCH
05-20 10:22:41.320   579   596 D SystemServerTiming: getInt-ALLOW_USER_SWITCHING_WHEN_SYSTEM_USER_LOCKED
05-20 10:22:41.320   579   649 D SystemServerTiming: getInt-ALLOW_USER_SWITCHING_WHEN_SYSTEM_USER_LOCKED
05-20 10:22:41.320   579   649 D SystemServerTiming: isUserUnlocked-USER_SYSTEM
05-20 10:22:41.320   579   596 D SystemServerTiming: isUserUnlocked-USER_SYSTEM
05-20 10:22:41.320   579   596 D SystemServerTiming: getUserSwitchability-0
05-20 10:22:41.320   579   596 D SystemServerTiming: TM.isInCall
05-20 10:22:41.320   579   596 D SystemServerTiming: hasUserRestriction-DISALLOW_USER_SWITCH
05-20 10:22:41.320   579   596 D SystemServerTiming: getInt-ALLOW_USER_SWITCHING_WHEN_SYSTEM_USER_LOCKED
05-20 10:22:41.320   579   596 D SystemServerTiming: isUserUnlocked-USER_SYSTEM
05-20 10:22:41.325   579   911 D SystemServerTiming: getUserSwitchability-0
05-20 10:22:41.325   579   911 D SystemServerTiming: TM.isInCall
05-20 10:22:41.325   579   911 D SystemServerTiming: hasUserRestriction-DISALLOW_USER_SWITCH
05-20 10:22:41.325   579   911 D SystemServerTiming: getInt-ALLOW_USER_SWITCHING_WHEN_SYSTEM_USER_LOCKED
05-20 10:22:41.325   579   911 D SystemServerTiming: isUserUnlocked-USER_SYSTEM
05-20 10:22:41.330   579   649 D SystemServerTiming: getUserSwitchability-0
05-20 10:22:41.330   579   649 D SystemServerTiming: TM.isInCall
05-20 10:22:41.330   579   649 D SystemServerTiming: hasUserRestriction-DISALLOW_USER_SWITCH
05-20 10:22:41.330   579   649 D SystemServerTiming: getInt-ALLOW_USER_SWITCHING_WHEN_SYSTEM_USER_LOCKED
05-20 10:22:41.330   579   649 D SystemServerTiming: isUserUnlocked-USER_SYSTEM
05-20 10:22:41.778   579   603 D ActivityManagerTiming: FinishBooting
05-20 10:22:41.779   579   603 I ActivityManager: About to commit checkpoint
05-20 10:22:41.779   579   603 I SystemServiceManager: Starting phase 1000
05-20 10:22:41.779   579   603 D ActivityManagerTiming: OnBootPhase_1000
05-20 10:22:41.779   579   603 D ActivityManagerTiming: OnBootPhase_1000_com.android.server.security.FileIntegrityService
05-20 10:22:41.779   579   603 D ActivityManagerTiming: OnBootPhase_1000_com.android.server.pm.Installer
05-20 10:22:41.779   579   603 D ActivityManagerTiming: OnBootPhase_1000_com.android.server.os.DeviceIdentifiersPolicyService
05-20 10:22:41.779   579   603 D ActivityManagerTiming: OnBootPhase_1000_com.android.server.flags.FeatureFlagsService
05-20 10:22:41.779   579   603 D ActivityManagerTiming: OnBootPhase_1000_com.android.server.uri.UriGrantsManagerService$Lifecycle
05-20 10:22:41.779   579   603 D ActivityManagerTiming: OnBootPhase_1000_com.android.server.powerstats.PowerStatsService
05-20 10:22:41.783   579   603 D ActivityManagerTiming: OnBootPhase_1000_com.android.server.permission.access.AccessCheckingService
05-20 10:22:41.783   579   603 D ActivityManagerTiming: OnBootPhase_1000_com.android.server.wm.ActivityTaskManagerService$Lifecycle
05-20 10:22:41.783   579   603 D ActivityManagerTiming: OnBootPhase_1000_com.android.server.am.ActivityManagerService$Lifecycle
05-20 10:22:41.783   579   603 D ActivityManagerTiming: OnBootPhase_1000_com.android.server.pm.DataLoaderManagerService
05-20 10:22:41.783   579   603 D ActivityManagerTiming: OnBootPhase_1000_com.android.server.power.PowerManagerService
05-20 10:22:41.784   579   603 D ActivityManagerTiming: OnBootPhase_1000_com.android.server.power.ThermalManagerService
05-20 10:22:41.784   579   633 I DisplayBrightnessStrategySelector: Changing the DisplayBrightnessStrategy from OverrideBrightnessStrategy to InvalidBrightnessStrategy for display 0
05-20 10:22:41.784   579   603 D ActivityManagerTiming: OnBootPhase_1000_com.android.server.recoverysystem.RecoverySystemService$Lifecycle
05-20 10:22:41.784   579   603 D ActivityManagerTiming: OnBootPhase_1000_com.android.server.lights.LightsService
05-20 10:22:41.784   579   603 D ActivityManagerTiming: OnBootPhase_1000_com.android.server.display.DisplayManagerService
05-20 10:22:41.784   579   603 I LogicalDisplayMapper: Requesting Transition to state: 0, from state=-1, interactive=true, mBootCompleted=true
05-20 10:22:41.784   579   603 I LogicalDisplayMapper: Applying layout: [{dispId: 0(ON), displayGroupName: , addr: {port=0, model=0x401cec6a7a2b7b}, mThermalBrightnessThrottlingMapId: null, mRefreshRateZoneId: null, mLeadDisplayId: -1, mLeadDisplayAddress: null, mThermalRefreshRateThrottlingMapId: null, mPowerThrottlingMapId: null}], Previous layout: [{dispId: 0(ON), displayGroupName: , addr: {port=0, model=0x401cec6a7a2b7b}, mThermalBrightnessThrottlingMapId: null, mRefreshRateZoneId: null, mLeadDisplayId: -1, mLeadDisplayAddress: null, mThermalRefreshRateThrottlingMapId: null, mPowerThrottlingMapId: null}]
05-20 10:22:41.785   579   633 V DisplayPowerController2[0]: Brightness [0.39763778] reason changing to: 'manual', previous reason: 'override'.
05-20 10:22:41.785   579   633 I DisplayPowerController2[0]: BrightnessEvent: disp=0, physDisp=local:4619827259835644672, displayState=ON, displayPolicy=BRIGHT, brt=0.39763778, initBrt=0.39763778, rcmdBrt=NaN, preBrt=NaN, lux=0.0, preLux=0.0, hbmMax=1.0, hbmMode=off, rbcStrength=0, thrmMax=1.0, powerFactor=1.0, wasShortTermModelActive=false, flags=, reason=manual, autoBrightness=true, strategy=InvalidBrightnessStrategy, autoBrightnessMode=default
05-20 10:22:41.785   579   603 D ActivityManagerTiming: OnBootPhase_1000_com.android.server.pm.verify.domain.DomainVerificationService
05-20 10:22:41.785   579   603 D ActivityManagerTiming: OnBootPhase_1000_com.android.server.pm.PackageInstallerService$Lifecycle
05-20 10:22:41.785   579   603 D ActivityManagerTiming: OnBootPhase_1000_com.android.server.pm.UserManagerService$LifeCycle
05-20 10:22:41.785   579   603 D ActivityManagerTiming: OnBootPhase_1000_com.android.server.om.OverlayManagerService
05-20 10:22:41.785   579   603 D ActivityManagerTiming: OnBootPhase_1000_com.android.server.resources.ResourcesManagerService
05-20 10:22:41.785   579   603 D ActivityManagerTiming: OnBootPhase_1000_com.android.server.sensorprivacy.SensorPrivacyService
05-20 10:22:41.785   579   603 D ActivityManagerTiming: OnBootPhase_1000_com.android.server.sensors.SensorService
05-20 10:22:41.785   579   603 D ActivityManagerTiming: OnBootPhase_1000_com.android.server.SystemConfigService
05-20 10:22:41.785   579   603 D ActivityManagerTiming: OnBootPhase_1000_com.android.server.BatteryService
05-20 10:22:41.785   579   603 D ActivityManagerTiming: OnBootPhase_1000_com.android.server.usage.UsageStatsService
05-20 10:22:41.786   579   603 D ActivityManagerTiming: OnBootPhase_1000_com.android.server.webkit.WebViewUpdateService
05-20 10:22:41.786   579   603 D ActivityManagerTiming: OnBootPhase_1000_com.android.server.CachedDeviceStateService
05-20 10:22:41.786   579   603 D ActivityManagerTiming: OnBootPhase_1000_com.android.server.BinderCallsStatsService$LifeCycle
05-20 10:22:41.786   579   603 D ActivityManagerTiming: OnBootPhase_1000_com.android.server.LooperStatsService$Lifecycle
05-20 10:22:41.786   579   603 D ActivityManagerTiming: OnBootPhase_1000_com.android.server.rollback.RollbackManagerService
05-20 10:22:41.786   579   603 D ActivityManagerTiming: OnBootPhase_1000_com.android.server.os.NativeTombstoneManagerService
05-20 10:22:41.786   579   603 D ActivityManagerTiming: OnBootPhase_1000_com.android.server.os.BugreportManagerService
05-20 10:22:41.786   579   603 D ActivityManagerTiming: OnBootPhase_1000_com.android.server.gpu.GpuService
05-20 10:22:41.786   579   603 D ActivityManagerTiming: OnBootPhase_1000_com.android.server.security.rkp.RemoteProvisioningService
05-20 10:22:41.786   579   603 D ActivityManagerTiming: OnBootPhase_1000_com.android.server.security.KeyChainSystemService
05-20 10:22:41.786   579   603 D ActivityManagerTiming: OnBootPhase_1000_com.android.server.BinaryTransparencyService
05-20 10:22:41.786   579   603 I TransparencyService: Boot completed. Getting boot integrity data.
05-20 10:22:41.786   579   603 D TransparencyService: VBMeta Digest: 5b50de4599a58ae9c36911d8050ad2a796a90f2af62384a47e455c715fc919ae
05-20 10:22:41.787   579   669 D RollbackManager: mRollbackLifetimeDurationInMillis=1209600000
05-20 10:22:41.787   579   603 I TransparencyService: Boot completed. Collecting biometric system properties.
05-20 10:22:41.787   579   603 I TransparencyService: Scheduling measurements to be taken.
05-20 10:22:41.787   579   603 I TransparencyService: Scheduling binary content-digest computation job
05-20 10:22:41.788   579   603 D CompatChangeReporter: Compat change id reported: 311402873; UID 1000; state: ENABLED
05-20 10:22:41.788   579   603 D CompatChangeReporter: Compat change id reported: 323349338; UID 1000; state: ENABLED
05-20 10:22:41.788   579   603 D TransparencyService: Job 1740526926 to measure binaries was scheduled successfully.
05-20 10:22:41.788   579   603 D TransparencyService: Registering APK & Non-Staged APEX updates...
05-20 10:22:41.788   579   603 D TransparencyService: Registering APEX updates...
05-20 10:22:41.788   579   603 D ActivityManagerTiming: OnBootPhase_1000_com.android.server.telecom.TelecomLoaderService
05-20 10:22:41.788   579   603 D ActivityManagerTiming: OnBootPhase_1000_com.android.server.accounts.AccountManagerService$Lifecycle
05-20 10:22:41.788   579   603 D ActivityManagerTiming: OnBootPhase_1000_com.android.server.content.ContentService$Lifecycle
05-20 10:22:41.788   579   603 D ActivityManagerTiming: OnBootPhase_1000_com.android.server.deviceconfig.DeviceConfigInit$Lifecycle
05-20 10:22:41.788   579   603 D ActivityManagerTiming: OnBootPhase_1000_com.android.server.DropBoxManagerService
05-20 10:22:41.788   579   603 D ActivityManagerTiming: OnBootPhase_1000_com.android.ecm.EnhancedConfirmationService
05-20 10:22:41.788   579   603 D ActivityManagerTiming: OnBootPhase_1000_com.android.server.power.hint.HintManagerService
05-20 10:22:41.788   579   603 D ActivityManagerTiming: OnBootPhase_1000_com.android.role.RoleService
05-20 10:22:41.788   579   603 D ActivityManagerTiming: OnBootPhase_1000_com.android.server.vibrator.VibratorManagerService$Lifecycle
05-20 10:22:41.788   579   603 D ActivityManagerTiming: OnBootPhase_1000_com.android.server.alarm.AlarmManagerService
05-20 10:22:41.788   579   603 D ActivityManagerTiming: OnBootPhase_1000_com.android.server.devicestate.DeviceStateManagerService
05-20 10:22:41.788   579   603 D ActivityManagerTiming: OnBootPhase_1000_com.android.server.camera.CameraServiceProxy
05-20 10:22:41.788   579   603 D ActivityManagerTiming: OnBootPhase_1000_com.android.server.bluetooth.BluetoothService
05-20 10:22:41.788   579   603 D ActivityManagerTiming: OnBootPhase_1000_com.android.server.connectivity.IpConnectivityMetrics
05-20 10:22:41.788   579   603 D ActivityManagerTiming: OnBootPhase_1000_com.android.server.net.watchlist.NetworkWatchlistService$Lifecycle
05-20 10:22:41.788   579   603 D ActivityManagerTiming: OnBootPhase_1000_com.android.server.PinnerService
05-20 10:22:41.788   579   603 D ActivityManagerTiming: OnBootPhase_1000_com.android.server.integrity.AppIntegrityManagerService
05-20 10:22:41.788   579   603 D ActivityManagerTiming: OnBootPhase_1000_com.android.server.logcat.LogcatManagerService
05-20 10:22:41.788   579   603 D ActivityManagerTiming: OnBootPhase_1000_com.android.server.inputmethod.InputMethodManagerService$Lifecycle
05-20 10:22:41.789   579   603 D ActivityManagerTiming: OnBootPhase_1000_com.android.server.accessibility.AccessibilityManagerService$Lifecycle
05-20 10:22:41.789   579   603 D ActivityManagerTiming: OnBootPhase_1000_com.android.server.StorageManagerService$Lifecycle
05-20 10:22:41.789   579   603 D ActivityManagerTiming: OnBootPhase_1000_com.android.server.usage.StorageStatsService$Lifecycle
05-20 10:22:41.789   579   603 D ActivityManagerTiming: OnBootPhase_1000_com.android.server.UiModeManagerService
05-20 10:22:41.789   579   603 D ActivityManagerTiming: OnBootPhase_1000_com.android.server.locales.LocaleManagerService
05-20 10:22:41.789   579   603 D ActivityManagerTiming: OnBootPhase_1000_com.android.server.grammaticalinflection.GrammaticalInflectionService
05-20 10:22:41.789   579   603 D ActivityManagerTiming: OnBootPhase_1000_com.android.server.apphibernation.AppHibernationService
05-20 10:22:41.789   579   603 D ActivityManagerTiming: OnBootPhase_1000_com.android.server.locksettings.LockSettingsService$Lifecycle
05-20 10:22:41.789   579   603 I RebootEscrowManager: No reboot escrow data found for users, skipping loading escrow data
05-20 10:22:41.789   579   665 D AppStandbyController: Loaded headless system app cache in 2 ms: appIdleEnabled=true
05-20 10:22:41.789   579   697 D StorageManagerService: Thinking about reset, mBootCompleted=true, mDaemonConnected=true
05-20 10:22:41.789   579  1240 I HibernationStateDiskStore: No hibernation file on disk for file /data/system/hibernation/states
05-20 10:22:41.790   579   697 I Watchdog: Pausing of HandlerChecker: monitor thread for reason: #onReset might be slow. Pause end time: 33184
05-20 10:22:41.790   579   697 I StorageSessionController: Started resetting external storage service...
05-20 10:22:41.790   579   697 I StorageSessionController: Finished resetting external storage service
05-20 10:22:41.790   579   697 I StorageManagerService: Resetting vold...
05-20 10:22:41.790   579   603 I RebootEscrowManager: Reporting RoR recovery metrics, success: false, service type: 2, error code: 10
05-20 10:22:41.790   579   697 I StorageManagerService: Reset vold
05-20 10:22:41.790   579   602 D TransparencyService: sepolicy hash: 070fc7d9fae5f5db092a0e820c25679853aa5516ea711a0f7210d6ee257cf70a
05-20 10:22:41.791   579   603 D ActivityManagerTiming: OnBootPhase_1000_com.android.server.testharness.TestHarnessModeService
05-20 10:22:41.791   579   603 D TestHarnessModeService: Completing Test Harness Mode setup.
05-20 10:22:41.791   579   603 D TestHarnessModeService: Getting PersistentDataBlockManagerInternal from LocalServices
05-20 10:22:41.791   579   603 E TestHarnessModeService: Failed to start Test Harness Mode; no implementation of PersistentDataBlockManagerInternal was bound!
05-20 10:22:41.791   579   603 D ActivityManagerTiming: OnBootPhase_1000_com.android.server.DeviceIdleController
05-20 10:22:41.791   579   603 D ActivityManagerTiming: OnBootPhase_1000_com.android.server.devicepolicy.DevicePolicyManagerService$Lifecycle
05-20 10:22:41.791   579   603 D ActivityManagerTiming: OnBootPhase_1000_com.android.server.musicrecognition.MusicRecognitionManagerService
05-20 10:22:41.791   579   603 D ActivityManagerTiming: OnBootPhase_1000_com.android.server.contentcapture.ContentCaptureManagerService
05-20 10:22:41.791   579   603 D ActivityManagerTiming: OnBootPhase_1000_com.android.server.systemcaptions.SystemCaptionsManagerService
05-20 10:22:41.791   579   603 D ActivityManagerTiming: OnBootPhase_1000_com.android.server.texttospeech.TextToSpeechManagerService
05-20 10:22:41.791   579   603 D ActivityManagerTiming: OnBootPhase_1000_com.android.server.wearable.WearableSensingManagerService
05-20 10:22:41.791   579   603 D ActivityManagerTiming: OnBootPhase_1000_com.android.server.ondeviceintelligence.OnDeviceIntelligenceManagerService
05-20 10:22:41.791   579   603 D ActivityManagerTiming: OnBootPhase_1000_com.android.server.ambientcontext.AmbientContextManagerService
05-20 10:22:41.791   579   603 D ActivityManagerTiming: OnBootPhase_1000_com.android.server.speech.SpeechRecognitionManagerService
05-20 10:22:41.791   579   603 D ActivityManagerTiming: OnBootPhase_1000_com.android.server.appprediction.AppPredictionManagerService
05-20 10:22:41.791   579   603 D ActivityManagerTiming: OnBootPhase_1000_com.android.server.contentsuggestions.ContentSuggestionsManagerService
05-20 10:22:41.791   579   603 D ActivityManagerTiming: OnBootPhase_1000_com.android.server.searchui.SearchUiManagerService
05-20 10:22:41.791   579   603 D ActivityManagerTiming: OnBootPhase_1000_com.android.server.smartspace.SmartspaceManagerService
05-20 10:22:41.791   579   603 D ActivityManagerTiming: OnBootPhase_1000_com.android.server.contextualsearch.ContextualSearchManagerService
05-20 10:22:41.791   579   603 D ActivityManagerTiming: OnBootPhase_1000_com.android.server.graphics.fonts.FontManagerService$Lifecycle
05-20 10:22:41.791   579   603 D ActivityManagerTiming: OnBootPhase_1000_com.android.server.textservices.TextServicesManagerService$Lifecycle
05-20 10:22:41.791   579   603 D ActivityManagerTiming: OnBootPhase_1000_com.android.server.textclassifier.TextClassificationManagerService$Lifecycle
05-20 10:22:41.791   579   603 D ActivityManagerTiming: OnBootPhase_1000_com.android.server.NetworkScoreService$Lifecycle
05-20 10:22:41.791   579   603 D ActivityManagerTiming: OnBootPhase_1000_com.android.server.NetworkStatsServiceInitializer
05-20 10:22:41.791   579   603 D ActivityManagerTiming: OnBootPhase_1000_com.android.server.wifi.WifiService
05-20 10:22:41.791   579   603 D ActivityManagerTiming: OnBootPhase_1000_com.android.server.wifi.scanner.WifiScanningService
05-20 10:22:41.791   579   603 D ActivityManagerTiming: OnBootPhase_1000_com.android.server.wifi.p2p.WifiP2pService
05-20 10:22:41.791   579   603 D ActivityManagerTiming: OnBootPhase_1000_com.android.server.ConnectivityServiceInitializer
05-20 10:22:41.791   175   175 I vold    : onUserAdded: 0
05-20 10:22:41.792   579   603 D ActivityManagerTiming: OnBootPhase_1000_com.android.server.notification.NotificationManagerService
05-20 10:22:41.793   579   603 D ActivityManagerTiming: OnBootPhase_1000_com.android.server.storage.DeviceStorageMonitorService
05-20 10:22:41.793   579   603 D ActivityManagerTiming: OnBootPhase_1000_com.android.server.timedetector.TimeDetectorService$Lifecycle
05-20 10:22:41.793   579   603 D ActivityManagerTiming: OnBootPhase_1000_com.android.server.location.LocationManagerService$Lifecycle
05-20 10:22:41.793   579   603 D ActivityManagerTiming: OnBootPhase_1000_com.android.server.timezonedetector.TimeZoneDetectorService$Lifecycle
05-20 10:22:41.793   579   603 D ActivityManagerTiming: OnBootPhase_1000_com.android.server.location.altitude.AltitudeService$Lifecycle
05-20 10:22:41.793   579   603 D ActivityManagerTiming: OnBootPhase_1000_com.android.server.timezonedetector.location.LocationTimeZoneManagerService$Lifecycle
05-20 10:22:41.793   579   603 D ActivityManagerTiming: OnBootPhase_1000_com.android.server.search.SearchManagerService$Lifecycle
05-20 10:22:41.794   579   603 D ActivityManagerTiming: OnBootPhase_1000_com.android.server.wallpaper.WallpaperManagerService$Lifecycle
05-20 10:22:41.794   579   603 D ActivityManagerTiming: OnBootPhase_1000_com.android.server.wallpapereffectsgeneration.WallpaperEffectsGenerationManagerService
05-20 10:22:41.794   579   603 D ActivityManagerTiming: OnBootPhase_1000_com.android.server.audio.AudioService$Lifecycle
05-20 10:22:41.794   579   603 D ActivityManagerTiming: OnBootPhase_1000_com.android.server.soundtrigger_middleware.SoundTriggerMiddlewareService$Lifecycle
05-20 10:22:41.794   579   603 D ActivityManagerTiming: OnBootPhase_1000_com.android.server.DockObserver
05-20 10:22:41.794   579   603 D ActivityManagerTiming: OnBootPhase_1000_com.android.server.midi.MidiService$Lifecycle
05-20 10:22:41.794   579   603 D ActivityManagerTiming: OnBootPhase_1000_com.android.server.adb.AdbService$Lifecycle
05-20 10:22:41.794   579   603 D ActivityManagerTiming: OnBootPhase_1000_com.android.server.usb.UsbService$Lifecycle
05-20 10:22:41.794   579   600 W AdbDebuggingManager: Ignoring tag 'keyStore'. Not recognized.
05-20 10:22:41.794   579   603 D ActivityManagerTiming: OnBootPhase_1000_com.android.server.SerialService$Lifecycle
05-20 10:22:41.794   579   603 D ActivityManagerTiming: OnBootPhase_1000_com.android.server.twilight.TwilightService
05-20 10:22:41.795   579   603 D ActivityManagerTiming: OnBootPhase_1000_com.android.server.display.color.ColorDisplayService
05-20 10:22:41.795   579   603 D ActivityManagerTiming: OnBootPhase_1000_com.android.server.job.JobSchedulerService
05-20 10:22:41.795   579   603 D ActivityManagerTiming: OnBootPhase_1000_com.android.server.soundtrigger.SoundTriggerService
05-20 10:22:41.795   579   603 D SoundTriggerService: onBootPhase: 1000 : false
05-20 10:22:41.795   579   603 D ActivityManagerTiming: OnBootPhase_1000_com.android.server.trust.TrustManagerService
05-20 10:22:41.795   579   603 D ActivityManagerTiming: OnBootPhase_1000_com.android.server.backup.BackupManagerService$Lifecycle
05-20 10:22:41.795   579   603 D ActivityManagerTiming: OnBootPhase_1000_com.android.server.appwidget.AppWidgetService
05-20 10:22:41.795   579   603 D ActivityManagerTiming: OnBootPhase_1000_com.android.server.voiceinteraction.VoiceInteractionManagerService
05-20 10:22:41.795   579   603 D ActivityManagerTiming: OnBootPhase_1000_com.android.server.GestureLauncherService
05-20 10:22:41.795   579   603 D ActivityManagerTiming: OnBootPhase_1000_com.android.server.SensorNotificationService
05-20 10:22:41.797   579  1243 D AdbDebuggingManager: Received connected key message: QAAAAKds+KXphAmhOPwg1FEImyVhmos3vDgBklDDHxWhO/iKQH2Iolq2r6HtxdvLXUNLd2HyFgvzlqoJA8DDI8KEJBdnEax7zX2WBB2PzmaOE0JY4RCt/vWleW1Vuhzw1tD03CspE2zoQnHCzYrFvPgrbkQe0+Bu7SVTCNGTi3Vq8O0h4X6QHp2HTo1OLOPGTX0nQ7tL0aj+TJp+9V2goPDrvhlz6pX3ysghyaAI+ZsdIBJgBHHIp7z024IdupL2PVRdISJI/FRaHIEfrHf4B74wXK+oblMzKt0jPD+JLYeWEBgD5b5Cxfa/8dy9NoTLZzVrA0JjwMUzAb3femzOHrGIdXMi7SavWaS3o+G84P5u1uSsY7DZCMbPhSYoAIMY3Bg/tsYAMq6e0c70SP3BI7/W4t3taTfT/+7O2hnj7HytS9apN66lhV9nCTSqjL54T1hAffrNPYlSdbFgJHRRWmwsxB9QudENpHaK2w0nCb0qqs3Tmn7zluHZT/hWdpOuL/1i5XBPWTYjv2FATTR5PMshR8KxrL+KbKneMgkSutT5/mhz6kkZPI0UkXEh1up7VVV93599JM+c59013AzICOUZqaNiJhreI4G6vgQrvvtTVt8YpawLQEl0hjnnwHM8hMWc1hMfbdI3pxR4UzQaOkoVpXCy/f6Ke7yxcQPLRRCSrpqdC0EMfAEAAQA= torsten@torstens
05-20 10:22:41.797   579   600 D AdbDebuggingManager: Logging key QAAAAKds+KXphAmhOPwg1FEImyVhmos3vDgBklDDHxWhO/iKQH2Iolq2r6HtxdvLXUNLd2HyFgvzlqoJA8DDI8KEJBdnEax7zX2WBB2PzmaOE0JY4RCt/vWleW1Vuhzw1tD03CspE2zoQnHCzYrFvPgrbkQe0+Bu7SVTCNGTi3Vq8O0h4X6QHp2HTo1OLOPGTX0nQ7tL0aj+TJp+9V2goPDrvhlz6pX3ysghyaAI+ZsdIBJgBHHIp7z024IdupL2PVRdISJI/FRaHIEfrHf4B74wXK+oblMzKt0jPD+JLYeWEBgD5b5Cxfa/8dy9NoTLZzVrA0JjwMUzAb3femzOHrGIdXMi7SavWaS3o+G84P5u1uSsY7DZCMbPhSYoAIMY3Bg/tsYAMq6e0c70SP3BI7/W4t3taTfT/+7O2hnj7HytS9apN66lhV9nCTSqjL54T1hAffrNPYlSdbFgJHRRWmwsxB9QudENpHaK2w0nCb0qqs3Tmn7zluHZT/hWdpOuL/1i5XBPWTYjv2FATTR5PMshR8KxrL+KbKneMgkSutT5/mhz6kkZPI0UkXEh1up7VVV93599JM+c59013AzICOUZqaNiJhreI4G6vgQrvvtTVt8YpawLQEl0hjnnwHM8hMWc1hMfbdI3pxR4UzQaOkoVpXCy/f6Ke7yxcQPLRRCSrpqdC0EMfAEAAQA= torsten@torstens, state = 4, alwaysAllow = true, lastConnectionTime = 1779265361797, authWindow = 604800000
05-20 10:22:41.797   579   603 D ActivityManagerTiming: OnBootPhase_1000_com.android.server.emergency.EmergencyAffordanceService
05-20 10:22:41.797   579   603 D ActivityManagerTiming: OnBootPhase_1000_com.android.server.blob.BlobStoreManagerService
05-20 10:22:41.797   579   781 D ShortcutService: saveDirtyInfo
05-20 10:22:41.797   579   781 D ShortcutService: Saving to /data/system/shortcut_service.xml
05-20 10:22:41.798   579   603 D ActivityManagerTiming: OnBootPhase_1000_com.android.server.dreams.DreamManagerService
05-20 10:22:41.798   579   603 D ActivityManagerTiming: OnBootPhase_1000_com.android.server.print.PrintManagerService
05-20 10:22:41.798   579   603 D ActivityManagerTiming: OnBootPhase_1000_com.android.server.security.AttestationVerificationManagerService
05-20 10:22:41.798   579   603 D ActivityManagerTiming: OnBootPhase_1000_com.android.server.companion.CompanionDeviceManagerService
05-20 10:22:41.798   579   603 I CDM_InactiveAssociationsRemovalService: Scheduling the Association Removal job
05-20 10:22:41.798   579   603 D ActivityManagerTiming: OnBootPhase_1000_com.android.server.companion.virtual.VirtualDeviceManagerService
05-20 10:22:41.799   579   603 D ActivityManagerTiming: OnBootPhase_1000_com.android.server.restrictions.RestrictionsManagerService
05-20 10:22:41.799   579   603 D ActivityManagerTiming: OnBootPhase_1000_com.android.server.media.MediaSessionService
05-20 10:22:41.809   579   603 D ActivityManagerTiming: OnBootPhase_1000_com.android.server.media.MediaResourceMonitorService
05-20 10:22:41.809   579   603 D ActivityManagerTiming: OnBootPhase_1000_com.android.server.biometrics.sensors.face.FaceService
05-20 10:22:41.809   579   603 D ActivityManagerTiming: OnBootPhase_1000_com.android.server.biometrics.sensors.fingerprint.FingerprintService
05-20 10:22:41.809   579   603 D ActivityManagerTiming: OnBootPhase_1000_com.android.server.biometrics.BiometricService
05-20 10:22:41.809   579   603 D ActivityManagerTiming: OnBootPhase_1000_com.android.server.biometrics.AuthService
05-20 10:22:41.809   579   603 D ActivityManagerTiming: OnBootPhase_1000_com.android.server.adaptiveauth.AdaptiveAuthService
05-20 10:22:41.809   579   603 D ActivityManagerTiming: OnBootPhase_1000_com.android.server.pm.ShortcutService$Lifecycle
05-20 10:22:41.809   579   603 D ShortcutService: onBootPhase: 1000
05-20 10:22:41.809   579   603 D ActivityManagerTiming: OnBootPhase_1000_com.android.server.pm.LauncherAppsService
05-20 10:22:41.809   579   603 D ActivityManagerTiming: OnBootPhase_1000_com.android.server.pm.CrossProfileAppsService
05-20 10:22:41.809   579   603 D ActivityManagerTiming: OnBootPhase_1000_com.android.server.people.PeopleService
05-20 10:22:41.809   579   603 D ActivityManagerTiming: OnBootPhase_1000_com.android.server.media.metrics.MediaMetricsManagerService
05-20 10:22:41.809   579   603 D ActivityManagerTiming: OnBootPhase_1000_com.android.server.pm.BackgroundInstallControlService
05-20 10:22:41.809   579   603 D ActivityManagerTiming: OnBootPhase_1000_com.android.server.media.projection.MediaProjectionManagerService
05-20 10:22:41.809   579   603 D ActivityManagerTiming: OnBootPhase_1000_com.android.server.slice.SliceManagerService$Lifecycle
05-20 10:22:41.809   579   603 D ActivityManagerTiming: OnBootPhase_1000_com.android.server.stats.StatsCompanion$Lifecycle
05-20 10:22:41.810   579   603 D ActivityManagerTiming: OnBootPhase_1000_com.android.server.scheduling.RebootReadinessManagerService$Lifecycle
05-20 10:22:41.810   579   603 D ActivityManagerTiming: OnBootPhase_1000_com.android.server.stats.pull.StatsPullAtomService
05-20 10:22:41.810   579   603 D ActivityManagerTiming: OnBootPhase_1000_com.android.server.stats.bootstrap.StatsBootstrapAtomService$Lifecycle
05-20 10:22:41.810   579   603 D ActivityManagerTiming: OnBootPhase_1000_com.android.server.incident.IncidentCompanionService
05-20 10:22:41.810   579   603 D ActivityManagerTiming: OnBootPhase_1000_com.android.server.sdksandbox.SdkSandboxManagerService$Lifecycle
05-20 10:22:41.810   579   603 D ActivityManagerTiming: OnBootPhase_1000_com.android.server.adservices.AdServicesManagerService$Lifecycle
05-20 10:22:41.810   579   603 D ActivityManagerTiming: OnBootPhase_1000_com.android.server.ondevicepersonalization.OnDevicePersonalizationSystemService$Lifecycle
05-20 10:22:41.810   579   603 D ActivityManagerTiming: OnBootPhase_1000_android.os.profiling.ProfilingService$Lifecycle
05-20 10:22:41.810   579   603 D ActivityManagerTiming: OnBootPhase_1000_com.android.server.autofill.AutofillManagerService
