05-20 11:04:05.909   579   953 W OptProp : Cannot read opt property android.window.PROPERTY_COMPAT_ALLOW_ORIENTATION_OVERRIDE
05-20 11:04:05.910   579   953 W OptProp : Cannot read opt property android.window.PROPERTY_COMPAT_ALLOW_RESIZEABLE_ACTIVITY_OVERRIDES
05-20 11:04:05.910   579   953 W OptProp : Cannot read opt property android.window.PROPERTY_COMPAT_ALLOW_MIN_ASPECT_RATIO_OVERRIDE
05-20 11:04:05.913   826   865 V WindowManagerShell: Transition requested (#14): android.os.BinderProxy@81aa4d3 TransitionRequestInfo { type = OPEN, triggerTask = TaskInfo{userId=0 taskId=140 displayId=0 isRunning=true baseIntent=Intent { act=android.intent.action.MAIN cat=[android.intent.category.LAUNCHER] flg=0x10000000 cmp=de.tsschulz.tt_tagebuch/.app.MainActivity } baseActivity=ComponentInfo{de.tsschulz.tt_tagebuch/de.tsschulz.tt_tagebuch.app.MainActivity} topActivity=ComponentInfo{com.google.android.providers.media.module/com.android.providers.media.photopicker.PhotoPickerActivity} origActivity=null realActivity=ComponentInfo{de.tsschulz.tt_tagebuch/de.tsschulz.tt_tagebuch.app.MainActivity} numActivities=2 lastActiveTime=2497307 supportsMultiWindow=true resizeMode=1 isResizeable=true minWidth=-1 minHeight=-1 defaultMinSize=220 token=WCT{android.window.IWindowContainerToken$Stub$Proxy@fc2a810} topActivityType=1 pictureInPictureParams=null shouldDockBigOverlays=false launchIntoPipHostTaskId=-1 lastParentTaskIdBeforePip=-1 displayCutoutSafeInsets=null topActivityInfo=ActivityInfo{1769f09 com.android.providers.media.photopicker.PhotoPickerActivity} launchCookies=[] positionInParent=Point(0, 0) parentTaskId=-1 isFocused=true isVisible=true isVisibleRequested=true isSleeping=false locusId=null displayAreaFeatureId=1 isTopActivityTransparent=true appCompatTaskInfo=AppCompatTaskInfo { topActivityInSizeCompat=false topActivityEligibleForLetterboxEducation= falseisLetterboxEducationEnabled= true isLetterboxDoubleTapEnabled= false topActivityEligibleForUserAspectRatioButton= false topActivityBoundsLetterboxed= false isFromLetterboxDoubleTap= false topActivityLetterboxVerticalPosition= -1 topActivityLetterboxHorizontalPosition= -1 topActivityLetterboxWidth=2560 topActivityLetterboxHeight=1600 isUserFullscreenOverrideEnabled=false isSystemFullscreenOverrideEnabled=false cameraCompatTaskInfo=CameraCompatTaskInfo { cameraCompatControlState=hidden freeformCameraCompatMode=inactive}}}, pipTask = null, remoteTransition = null, displayChange = null, flags = 0, debugId = 14 }
05-20 11:04:05.913   579   953 I ActivityTaskManager: START u0 {act=android.provider.action.PICK_IMAGES typ=image/* cmp=com.google.android.providers.media.module/com.android.providers.media.photopicker.PhotoPickerActivity} with LAUNCH_MULTIPLE from uid 10214 (BAL_ALLOW_VISIBLE_WINDOW) result code=0
05-20 11:04:05.923   579   613 I ActivityManager: Start proc 5939:com.google.android.providers.media.module:PhotoPicker/u0a208 for next-top-activity {com.google.android.providers.media.module/com.android.providers.media.photopicker.PhotoPickerActivity}
05-20 11:04:05.974   579   953 W OptProp : Cannot read opt property android.window.PROPERTY_COMPAT_ALLOW_DISPLAY_ORIENTATION_OVERRIDE
05-20 11:04:05.975   579   953 W OptProp : Cannot read opt property android.window.PROPERTY_COMPAT_ENABLE_FAKE_FOCUS
05-20 11:04:05.975   579   953 D CompatChangeReporter: Compat change id reported: 324203798; UID 10208; state: ENABLED
05-20 11:04:06.010   579  1741 D ActivityManager: sync unfroze 1578 com.google.android.apps.photos for 7
05-20 11:04:06.034   579   953 D CoreBackPreview: Window{fb44795 u0 com.google.android.providers.media.module/com.android.providers.media.photopicker.PhotoPickerActivity}: Setting back callback OnBackInvokedCallbackInfo{mCallback=android.window.IOnBackInvokedCallback$Stub$Proxy@e27149b, mPriority=0, mIsAnimationCallback=false}
05-20 11:04:06.139   579   953 D CompatChangeReporter: Compat change id reported: 311402873; UID 10208; state: ENABLED
05-20 11:04:06.139   579   953 D CompatChangeReporter: Compat change id reported: 323349338; UID 10208; state: ENABLED
05-20 11:04:06.147   826  1518 V WindowManagerShell: onTransitionReady(transaction=2486786065055)
05-20 11:04:06.147   826   865 V WindowManagerShell: onTransitionReady (#14) android.os.BinderProxy@81aa4d3: {id=14 t=OPEN f=0x0 trk=0 opt={t=FROM_STYLE} r=[0@Point(0, 0)] c=[{null m=OPEN f=TRANSLUCENT|FILLS_TASK leash=Surface(name=ActivityRecord{8c2fec0 u0 com.google.android.providers.media.module/com.android.providers.media.photopicker.PhotoPickerActivity)/@0xdeca50e sb=Rect(0, 0 - 0, 0) eb=Rect(0, 0 - 2560, 1600) d=-1->0 r=-1->0:-1 bc=fff1f0f7 component=com.google.android.providers.media.module/com.android.providers.media.photopicker.PhotoPickerActivity}]}
05-20 11:04:06.148   826   865 V WindowManagerShell: Playing animation for (#14) android.os.BinderProxy@81aa4d3@0
05-20 11:04:06.148   826   865 V WindowManagerShell:  try handler com.android.wm.shell.transition.DefaultMixedHandler@f809c59
05-20 11:04:06.148   826   865 V WindowManagerShell:  try handler com.android.wm.shell.keyguard.KeyguardTransitionHandler@f3be01e
05-20 11:04:06.148   826   865 V WindowManagerShell:  try handler com.android.wm.shell.pip.PipTransition@ffbc0ff
05-20 11:04:06.148   826   865 V WindowManagerShell:  try handler com.android.wm.shell.activityembedding.ActivityEmbeddingController@7390ecc
05-20 11:04:06.148   826   865 V WindowManagerShell:  try handler com.android.wm.shell.splitscreen.StageCoordinator@395a515
05-20 11:04:06.148   826   865 V WindowManagerShell:  try handler com.android.wm.shell.desktopmode.DesktopTasksController@241e02a
05-20 11:04:06.148   826   865 V WindowManagerShell:  try handler com.android.wm.shell.recents.RecentsTransitionHandler@2d56e1b
05-20 11:04:06.148   826   865 V ShellRecents: RecentsTransitionHandler.startAnimation: no controller found
05-20 11:04:06.148   826   865 V WindowManagerShell:  try handler com.android.wm.shell.transition.RemoteTransitionHandler@4e4bb8
05-20 11:04:06.148   826   865 V WindowManagerShell: Transition doesn't have explicit remote, search filters for match for {id=14 t=OPEN f=0x0 trk=0 opt={t=FROM_STYLE} r=[0@Point(0, 0)] c=[{null m=OPEN f=TRANSLUCENT|FILLS_TASK leash=Surface(name=ActivityRecord{8c2fec0 u0 com.google.android.providers.media.module/com.android.providers.media.photopicker.PhotoPickerActivity)/@0xdeca50e sb=Rect(0, 0 - 0, 0) eb=Rect(0, 0 - 2560, 1600) d=-1->0 r=-1->0:-1 bc=fff1f0f7 component=com.google.android.providers.media.module/com.android.providers.media.photopicker.PhotoPickerActivity}]}
05-20 11:04:06.148   826   865 V WindowManagerShell:  Checking filter Pair{{types=[] flags=0x0] notFlags=0x0 checks=[{atype=undefined independent=true modes=[OPEN,TO_FRONT] flags=IN_TASK_WITH_EMBEDDED_ACTIVITY mustBeTask=false order=ANY topActivity=ComponentInfo{com.google.android.apps.nexuslauncher/com.google.android.apps.nexuslauncher.NexusLauncherActivity} launchCookie=null},{atype=undefined independent=true modes=[CLOSE,TO_BACK] flags=IN_TASK_WITH_EMBEDDED_ACTIVITY mustBeTask=false order=ANY topActivity=null launchCookie=null}]} RemoteTransition { remoteTransition = android.window.IRemoteTransition$Stub$Proxy@e30447f, appThread = android.app.IApplicationThread$Stub$Proxy@8a60c4c, debugName = OverlaySwipeBack }}
05-20 11:04:06.148   826   865 V WindowManagerShell:  Checking filter Pair{{types=[] flags=0x0] notFlags=0x0 checks=[{atype=dream independent=true modes=[OPEN,TO_FRONT] flags=NONE mustBeTask=false order=ANY topActivity=null launchCookie=null},{atype=home independent=true modes=[CLOSE,TO_BACK] flags=NONE mustBeTask=false order=ANY topActivity=null launchCookie=null}]} RemoteTransition { remoteTransition = android.window.IRemoteTransition$Stub$Proxy@53a9495, appThread = android.app.IApplicationThread$Stub$Proxy@374d9aa, debugName = LauncherToDream }}
05-20 11:04:06.148   826   865 V WindowManagerShell:  Checking filter Pair{{types=[] flags=0x0] notFlags=0x100 checks=[{atype=home independent=true modes=[OPEN,TO_FRONT] flags=NONE mustBeTask=false order=TOP topActivity=ComponentInfo{com.google.android.apps.nexuslauncher/com.google.android.apps.nexuslauncher.NexusLauncherActivity} launchCookie=null},{atype=standard independent=true modes=[CLOSE,TO_BACK] flags=NONE mustBeTask=false order=ANY topActivity=null launchCookie=null}]} RemoteTransition { remoteTransition = android.window.IRemoteTransition$Stub$Proxy@68ea99b, appThread = android.app.IApplicationThread$Stub$Proxy@b4da138, debugName = QuickstepLaunchHome }}
05-20 11:04:06.148   826   865 V WindowManagerShell:  Delegate animation for (#14) to null
05-20 11:04:06.148   826   865 V WindowManagerShell:  try handler com.android.wm.shell.transition.DefaultTransitionHandler@7d98593
05-20 11:04:06.148   826   865 V WindowManagerShell: start default transition animation, info = {id=14 t=OPEN f=0x0 trk=0 opt={t=FROM_STYLE} r=[0@Point(0, 0)] c=[{null m=OPEN f=TRANSLUCENT|FILLS_TASK leash=Surface(name=ActivityRecord{8c2fec0 u0 com.google.android.providers.media.module/com.android.providers.media.photopicker.PhotoPickerActivity)/@0xdeca50e sb=Rect(0, 0 - 0, 0) eb=Rect(0, 0 - 2560, 1600) d=-1->0 r=-1->0:-1 bc=fff1f0f7 component=com.google.android.providers.media.module/com.android.providers.media.photopicker.PhotoPickerActivity}]}
05-20 11:04:06.148   826   865 V WindowManagerShell: loadAnimation: anim=android.view.animation.AnimationSet@6122c5 animAttr=0x4 type=OPEN isEntrance=true
05-20 11:04:06.149   579   600 V WindowManager: Sent Transition (#14) createdAt=05-20 11:04:05.910 via request=TransitionRequestInfo { type = OPEN, triggerTask = TaskInfo{userId=0 taskId=140 displayId=0 isRunning=true baseIntent=Intent { act=android.intent.action.MAIN cat=[android.intent.category.LAUNCHER] flg=0x10000000 cmp=de.tsschulz.tt_tagebuch/.app.MainActivity } baseActivity=ComponentInfo{de.tsschulz.tt_tagebuch/de.tsschulz.tt_tagebuch.app.MainActivity} topActivity=ComponentInfo{com.google.android.providers.media.module/com.android.providers.media.photopicker.PhotoPickerActivity} origActivity=null realActivity=ComponentInfo{de.tsschulz.tt_tagebuch/de.tsschulz.tt_tagebuch.app.MainActivity} numActivities=2 lastActiveTime=2497307 supportsMultiWindow=true resizeMode=1 isResizeable=true minWidth=-1 minHeight=-1 defaultMinSize=220 token=WCT{RemoteToken{e499c89 Task{62f9a1d #140 type=standard A=10214:de.tsschulz.tt_tagebuch}}} topActivityType=1 pictureInPictureParams=null shouldDockBigOverlays=false launchIntoPipHostTaskId=-1 lastParentTaskIdBeforePip=-1 displayCutoutSafeInsets=null topActivityInfo=ActivityInfo{9bff5b9 com.android.providers.media.photopicker.PhotoPickerActivity} launchCookies=[] positionInParent=Point(0, 0) parentTaskId=-1 isFocused=true isVisible=true isVisibleRequested=true isSleeping=false locusId=null displayAreaFeatureId=1 isTopActivityTransparent=true appCompatTaskInfo=AppCompatTaskInfo { topActivityInSizeCompat=false topActivityEligibleForLetterboxEducation= falseisLetterboxEducationEnabled= true isLetterboxDoubleTapEnabled= false topActivityEligibleForUserAspectRatioButton= false topActivityBoundsLetterboxed= false isFromLetterboxDoubleTap= false topActivityLetterboxVerticalPosition= -1 topActivityLetterboxHorizontalPosition= -1 topActivityLetterboxWidth=2560 topActivityLetterboxHeight=1600 isUserFullscreenOverrideEnabled=false isSystemFullscreenOverrideEnabled=false cameraCompatTaskInfo=CameraCompatTaskInfo { cameraCompatControlState=hidden freeformCameraCompatMode=inactive}}}, pipTask = null, remoteTransition = null, displayChange = null, flags = 0, debugId = 14 }
05-20 11:04:06.149   579   600 V WindowManager:     startWCT=WindowContainerTransaction { changes = {} hops = [] errorCallbackToken=null taskFragmentOrganizer=null }
05-20 11:04:06.149   579   600 V WindowManager:     info={id=14 t=OPEN f=0x0 trk=0 opt={t=FROM_STYLE} r=[0@Point(0, 0)] c=[
05-20 11:04:06.149   579   600 V WindowManager:         {null m=OPEN f=TRANSLUCENT|FILLS_TASK leash=Surface(name=ActivityRecord{8c2fec0 u0 com.google.android.providers.media.module/com.android.providers.media.photopicker.PhotoPickerActivity)/@0x66a1467 sb=Rect(0, 0 - 0, 0) eb=Rect(0, 0 - 2560, 1600) d=-1->0 r=-1->0:-1 bc=fff1f0f7 component=com.google.android.providers.media.module/com.android.providers.media.photopicker.PhotoPickerActivity}
05-20 11:04:06.149   579   600 V WindowManager:     ]}
05-20 11:04:06.151   579   953 W UserManagerService: Requested status bar icon for non-badged user 0
05-20 11:04:06.152   826   865 V WindowManagerShell:  animated by com.android.wm.shell.transition.DefaultTransitionHandler@7d98593
05-20 11:04:06.166   579  1741 D CompatChangeReporter: Compat change id reported: 311208629; UID 10208; state: ENABLED
05-20 11:04:06.186   579   953 W PackageConfigPersister: App-specific configuration not found for packageName: com.google.android.providers.media.module and userId: 0
05-20 11:04:06.466   826   865 V WindowManagerShell: Transition animation finished (aborted=false), notifying core (#14) android.os.BinderProxy@81aa4d3@0
05-20 11:04:06.466   579   600 V WindowManager: Finish Transition (#14): created at 05-20 11:04:05.910 collect-started=0.024ms request-sent=2.106ms started=2.653ms ready=64.763ms sent=234.882ms finished=555.424ms
05-20 11:04:06.467   826   865 V WindowManagerShell: Track 0 became idle
05-20 11:04:06.467   826   865 V WindowManagerShell: All active transition animations finished
05-20 11:04:06.467   579  2079 W UserManagerService: Requested status bar icon for non-badged user 0
05-20 11:04:08.967   826   865 V WindowManagerShell: Transition requested (#15): android.os.BinderProxy@b6b6928 TransitionRequestInfo { type = CLOSE, triggerTask = null, pipTask = null, remoteTransition = null, displayChange = null, flags = 0, debugId = 15 }
05-20 11:04:08.989   826  4659 V WindowManagerShell: onTransitionReady(transaction=2486786065079)
05-20 11:04:08.989   579   600 V WindowManager: Sent Transition (#15) createdAt=05-20 11:04:08.966 via request=TransitionRequestInfo { type = CLOSE, triggerTask = null, pipTask = null, remoteTransition = null, displayChange = null, flags = 0, debugId = 15 }
05-20 11:04:08.989   579   600 V WindowManager:     startWCT=WindowContainerTransaction { changes = {} hops = [] errorCallbackToken=null taskFragmentOrganizer=null }
05-20 11:04:08.989   579   600 V WindowManager:     info={id=15 t=CLOSE f=0x0 trk=0 opt={t=FROM_STYLE} r=[0@Point(0, 0)] c=[
05-20 11:04:08.989   579   600 V WindowManager:         {null m=CLOSE f=TRANSLUCENT|FILLS_TASK leash=Surface(name=ActivityRecord{8c2fec0 u0 com.google.android.providers.media.module/com.android.providers.media.photopicker.PhotoPickerActivity)/@0x66a1467 sb=Rect(0, 0 - 2560, 1600) eb=Rect(0, 0 - 2560, 1600) d=0 bc=fff1f0f7 component=com.google.android.providers.media.module/com.android.providers.media.photopicker.PhotoPickerActivity}
05-20 11:04:08.989   579   600 V WindowManager:     ]}
05-20 11:04:08.990   579   953 W UserManagerService: Requested status bar icon for non-badged user 0
05-20 11:04:08.990   826   865 V WindowManagerShell: onTransitionReady (#15) android.os.BinderProxy@b6b6928: {id=15 t=CLOSE f=0x0 trk=0 opt={t=FROM_STYLE} r=[0@Point(0, 0)] c=[{null m=CLOSE f=TRANSLUCENT|FILLS_TASK leash=Surface(name=ActivityRecord{8c2fec0 u0 com.google.android.providers.media.module/com.android.providers.media.photopicker.PhotoPickerActivity)/@0x3b62641 sb=Rect(0, 0 - 2560, 1600) eb=Rect(0, 0 - 2560, 1600) d=0 bc=fff1f0f7 component=com.google.android.providers.media.module/com.android.providers.media.photopicker.PhotoPickerActivity}]}
05-20 11:04:08.990   826   865 V WindowManagerShell: Playing animation for (#15) android.os.BinderProxy@b6b6928@0
05-20 11:04:08.990   826   865 V WindowManagerShell:  try handler com.android.wm.shell.transition.DefaultMixedHandler@f809c59
05-20 11:04:08.990   826   865 V WindowManagerShell:  try handler com.android.wm.shell.keyguard.KeyguardTransitionHandler@f3be01e
05-20 11:04:08.991   826   865 V WindowManagerShell:  try handler com.android.wm.shell.pip.PipTransition@ffbc0ff
05-20 11:04:08.991   826   865 V WindowManagerShell:  try handler com.android.wm.shell.activityembedding.ActivityEmbeddingController@7390ecc
05-20 11:04:08.991   826   865 V WindowManagerShell:  try handler com.android.wm.shell.splitscreen.StageCoordinator@395a515
05-20 11:04:08.991   826   865 V WindowManagerShell:  try handler com.android.wm.shell.desktopmode.DesktopTasksController@241e02a
05-20 11:04:08.991   826   865 V WindowManagerShell:  try handler com.android.wm.shell.recents.RecentsTransitionHandler@2d56e1b
05-20 11:04:08.991   826   865 V ShellRecents: RecentsTransitionHandler.startAnimation: no controller found
05-20 11:04:08.991   826   865 V WindowManagerShell:  try handler com.android.wm.shell.transition.RemoteTransitionHandler@4e4bb8
05-20 11:04:08.991   826   865 V WindowManagerShell: Transition doesn't have explicit remote, search filters for match for {id=15 t=CLOSE f=0x0 trk=0 opt={t=FROM_STYLE} r=[0@Point(0, 0)] c=[{null m=CLOSE f=TRANSLUCENT|FILLS_TASK leash=Surface(name=ActivityRecord{8c2fec0 u0 com.google.android.providers.media.module/com.android.providers.media.photopicker.PhotoPickerActivity)/@0x3b62641 sb=Rect(0, 0 - 2560, 1600) eb=Rect(0, 0 - 2560, 1600) d=0 bc=fff1f0f7 component=com.google.android.providers.media.module/com.android.providers.media.photopicker.PhotoPickerActivity}]}
05-20 11:04:08.991   826   865 V WindowManagerShell:  Checking filter Pair{{types=[] flags=0x0] notFlags=0x0 checks=[{atype=undefined independent=true modes=[OPEN,TO_FRONT] flags=IN_TASK_WITH_EMBEDDED_ACTIVITY mustBeTask=false order=ANY topActivity=ComponentInfo{com.google.android.apps.nexuslauncher/com.google.android.apps.nexuslauncher.NexusLauncherActivity} launchCookie=null},{atype=undefined independent=true modes=[CLOSE,TO_BACK] flags=IN_TASK_WITH_EMBEDDED_ACTIVITY mustBeTask=false order=ANY topActivity=null launchCookie=null}]} RemoteTransition { remoteTransition = android.window.IRemoteTransition$Stub$Proxy@e30447f, appThread = android.app.IApplicationThread$Stub$Proxy@8a60c4c, debugName = OverlaySwipeBack }}
05-20 11:04:08.991   826   865 V WindowManagerShell:  Checking filter Pair{{types=[] flags=0x0] notFlags=0x0 checks=[{atype=dream independent=true modes=[OPEN,TO_FRONT] flags=NONE mustBeTask=false order=ANY topActivity=null launchCookie=null},{atype=home independent=true modes=[CLOSE,TO_BACK] flags=NONE mustBeTask=false order=ANY topActivity=null launchCookie=null}]} RemoteTransition { remoteTransition = android.window.IRemoteTransition$Stub$Proxy@53a9495, appThread = android.app.IApplicationThread$Stub$Proxy@374d9aa, debugName = LauncherToDream }}
05-20 11:04:08.991   826   865 V WindowManagerShell:  Checking filter Pair{{types=[] flags=0x0] notFlags=0x100 checks=[{atype=home independent=true modes=[OPEN,TO_FRONT] flags=NONE mustBeTask=false order=TOP topActivity=ComponentInfo{com.google.android.apps.nexuslauncher/com.google.android.apps.nexuslauncher.NexusLauncherActivity} launchCookie=null},{atype=standard independent=true modes=[CLOSE,TO_BACK] flags=NONE mustBeTask=false order=ANY topActivity=null launchCookie=null}]} RemoteTransition { remoteTransition = android.window.IRemoteTransition$Stub$Proxy@68ea99b, appThread = android.app.IApplicationThread$Stub$Proxy@b4da138, debugName = QuickstepLaunchHome }}
05-20 11:04:08.991   826   865 V WindowManagerShell:  Delegate animation for (#15) to null
05-20 11:04:08.991   826   865 V WindowManagerShell:  try handler com.android.wm.shell.transition.DefaultTransitionHandler@7d98593
05-20 11:04:08.991   826   865 V WindowManagerShell: start default transition animation, info = {id=15 t=CLOSE f=0x0 trk=0 opt={t=FROM_STYLE} r=[0@Point(0, 0)] c=[{null m=CLOSE f=TRANSLUCENT|FILLS_TASK leash=Surface(name=ActivityRecord{8c2fec0 u0 com.google.android.providers.media.module/com.android.providers.media.photopicker.PhotoPickerActivity)/@0x3b62641 sb=Rect(0, 0 - 2560, 1600) eb=Rect(0, 0 - 2560, 1600) d=0 bc=fff1f0f7 component=com.google.android.providers.media.module/com.android.providers.media.photopicker.PhotoPickerActivity}]}
05-20 11:04:08.991   826   865 V WindowManagerShell: loadAnimation: anim=android.view.animation.AnimationSet@5fde57d animAttr=0x7 type=CLOSE isEntrance=false
05-20 11:04:08.991   826   865 V WindowManagerShell:  animated by com.android.wm.shell.transition.DefaultTransitionHandler@7d98593
05-20 11:04:09.022   579   953 W PackageConfigPersister: App-specific configuration not found for packageName: de.tsschulz.tt_tagebuch and userId: 0
05-20 11:04:09.249   826   865 V WindowManagerShell: Transition animation finished (aborted=false), notifying core (#15) android.os.BinderProxy@b6b6928@0
05-20 11:04:09.250   579   600 V WindowManager: Finish Transition (#15): created at 05-20 11:04:08.966 collect-started=0.018ms request-sent=0.099ms started=2.114ms ready=20.933ms sent=22.234ms finished=283.3ms
05-20 11:04:09.250   826   865 V WindowManagerShell: Track 0 became idle
05-20 11:04:09.250   826   865 V WindowManagerShell: All active transition animations finished
05-20 11:04:09.251   579  1741 W UserManagerService: Requested status bar icon for non-badged user 0
05-20 11:04:09.274   579  1741 D CoreBackPreview: Window{fb44795 u0 com.google.android.providers.media.module/com.android.providers.media.photopicker.PhotoPickerActivity}: Setting back callback null
05-20 11:04:12.193   579  1741 D CoreBackPreview: Window{7800b9d u0 de.tsschulz.tt_tagebuch/de.tsschulz.tt_tagebuch.app.MainActivity}: Setting back callback OnBackInvokedCallbackInfo{mCallback=android.window.IOnBackInvokedCallback$Stub$Proxy@388c33f, mPriority=0, mIsAnimationCallback=false}
05-20 11:04:12.257   579  1741 W PackageConfigPersister: App-specific configuration not found for packageName: de.tsschulz.tt_tagebuch and userId: 0
05-20 11:04:15.306   579   953 D CoreBackPreview: Window{7800b9d u0 de.tsschulz.tt_tagebuch/de.tsschulz.tt_tagebuch.app.MainActivity}: Setting back callback null
05-20 11:04:15.317   579   603 V WindowManager: Unknown focus tokens, dropping reportFocusChanged
05-20 11:04:15.337   579   953 W PackageConfigPersister: App-specific configuration not found for packageName: de.tsschulz.tt_tagebuch and userId: 0
05-20 11:04:16.456   579   953 D CoreBackPreview: Window{37be9ab u0 de.tsschulz.tt_tagebuch/de.tsschulz.tt_tagebuch.app.MainActivity}: Setting back callback OnBackInvokedCallbackInfo{mCallback=android.window.IOnBackInvokedCallback$Stub$Proxy@20280dd, mPriority=0, mIsAnimationCallback=false}
05-20 11:04:16.527   579  1741 W PackageConfigPersister: App-specific configuration not found for packageName: de.tsschulz.tt_tagebuch and userId: 0
05-20 11:04:18.521   579   953 D CoreBackPreview: Window{37be9ab u0 de.tsschulz.tt_tagebuch/de.tsschulz.tt_tagebuch.app.MainActivity}: Setting back callback null
05-20 11:04:18.533   579   603 V WindowManager: Unknown focus tokens, dropping reportFocusChanged
05-20 11:04:18.553   579   953 W PackageConfigPersister: App-specific configuration not found for packageName: de.tsschulz.tt_tagebuch and userId: 0
05-20 11:04:19.301   579   674 D ActivityManager: freezing 5939 com.google.android.providers.media.module:PhotoPicker
05-20 11:07:35.545   579  1474 I ActivityManager: Force stopping de.tsschulz.tt_tagebuch appid=10214 user=0: from pid 6063
05-20 11:07:35.545   579   601 D DisplayManagerService: Drop pending events for gone uid 10214
05-20 11:07:35.545   579  1474 I ActivityManager: Killing 5832:de.tsschulz.tt_tagebuch/u0a214 (adj 0): stop de.tsschulz.tt_tagebuch due to from pid 6063
05-20 11:07:35.546   579  1474 W ActivityTaskManager: Force removing ActivityRecord{4ad12f4 u0 de.tsschulz.tt_tagebuch/.app.MainActivity t140 f}}: app died, no saved state
05-20 11:07:35.546   826   865 V WindowManagerShell: Transition requested (#16): android.os.BinderProxy@19c52a8 TransitionRequestInfo { type = CLOSE, triggerTask = TaskInfo{userId=0 taskId=140 displayId=0 isRunning=false baseIntent=Intent { act=android.intent.action.MAIN cat=[android.intent.category.LAUNCHER] flg=0x10000000 cmp=de.tsschulz.tt_tagebuch/.app.MainActivity } baseActivity=null topActivity=null origActivity=null realActivity=ComponentInfo{de.tsschulz.tt_tagebuch/de.tsschulz.tt_tagebuch.app.MainActivity} numActivities=0 lastActiveTime=2500378 supportsMultiWindow=true resizeMode=1 isResizeable=true minWidth=-1 minHeight=-1 defaultMinSize=220 token=WCT{android.window.IWindowContainerToken$Stub$Proxy@6ae91c1} topActivityType=1 pictureInPictureParams=null shouldDockBigOverlays=false launchIntoPipHostTaskId=-1 lastParentTaskIdBeforePip=-1 displayCutoutSafeInsets=null topActivityInfo=null launchCookies=[] positionInParent=Point(0, 0) parentTaskId=-1 isFocused=true isVisible=true isVisibleRequested=true isSleeping=false locusId=null displayAreaFeatureId=1 isTopActivityTransparent=false appCompatTaskInfo=AppCompatTaskInfo { topActivityInSizeCompat=false topActivityEligibleForLetterboxEducation= falseisLetterboxEducationEnabled= false isLetterboxDoubleTapEnabled= false topActivityEligibleForUserAspectRatioButton= false topActivityBoundsLetterboxed= false isFromLetterboxDoubleTap= false topActivityLetterboxVerticalPosition= -1 topActivityLetterboxHorizontalPosition= -1 topActivityLetterboxWidth=-1 topActivityLetterboxHeight=-1 isUserFullscreenOverrideEnabled=false isSystemFullscreenOverrideEnabled=false cameraCompatTaskInfo=CameraCompatTaskInfo { cameraCompatControlState=hidden freeformCameraCompatMode=inactive}}}, pipTask = null, remoteTransition = null, displayChange = null, flags = 0, debugId = 16 }
05-20 11:07:35.549   579  1474 I ActivityManager: Killing 1781:com.android.chrome/u0a145 (adj 985): empty #17
05-20 11:07:35.550   579  1474 I AppsFilter: interaction: PackageSetting{51e0b6c de.tt_tagebuch.app/10212} -> PackageSetting{ae4e22a de.tsschulz.tt_tagebuch/10214} BLOCKED
05-20 11:07:35.550   579  1474 I AppsFilter: interaction: PackageSetting{265bdca de.tsschulz.timeclock/10213} -> PackageSetting{ae4e22a de.tsschulz.tt_tagebuch/10214} BLOCKED
05-20 11:07:35.551   826   865 D WindowManagerShell: setLauncherKeepClearAreaHeight: visible=true, height=202
05-20 11:07:35.560   579  2079 V ActivityManager: Got obituary of 5832:de.tsschulz.tt_tagebuch
05-20 11:07:35.567   579   910 I WindowManager: WIN DEATH: Window{3406b97 u0 de.tsschulz.tt_tagebuch/de.tsschulz.tt_tagebuch.app.MainActivity}
05-20 11:07:35.579   579   650 D ActivityManager: sync unfroze 1546 com.google.android.googlequicksearchbox:search for 6
05-20 11:07:35.582   579   650 D ActivityManager: sync unfroze 2424 com.google.android.webview:sandboxed_process0:org.chromium.content.app.SandboxedProcessService0:0 for 6
05-20 11:07:35.583   579   603 W ActivityManager: setHasOverlayUi called on unknown pid: 5832
05-20 11:07:35.594   579   910 W ProcessStats: Tracking association SourceState{4586bdb com.google.android.googlequicksearchbox:search/10143 BTop #3197} whose proc state 2 is better than process ProcessState{4e2afd4 com.google.android.webview:sandboxed_process0:org.chromium.content.app.SandboxedProcessService0:0/10143 pkg=com.google.android.googlequicksearchbox} proc state 14 (1 skipped)
05-20 11:07:35.600   579  2070 D ActivityManager: sync unfroze 1282 com.google.android.gms for 5
05-20 11:07:35.600   579   601 D DisplayManagerService: Drop pending events for gone uid 10145
05-20 11:07:35.615   579   603 V WindowManager: Unknown focus tokens, dropping reportFocusChanged
05-20 11:07:35.647   826  4659 V WindowManagerShell: onTransitionReady(transaction=2486786065224)
05-20 11:07:35.647   826   865 V WindowManagerShell: onTransitionReady (#16) android.os.BinderProxy@19c52a8: {id=16 t=CLOSE f=0x0 trk=0 r=[0@Point(0, 0)] c=[{WCT{android.window.IWindowContainerToken$Stub$Proxy@3a299f2} m=TO_FRONT f=SHOW_WALLPAPER|MOVE_TO_TOP leash=Surface(name=Task=1)/@0x5030d66 sb=Rect(0, 0 - 2560, 1600) eb=Rect(0, 0 - 2560, 1600) d=0 taskParent=-1},{WCT{android.window.IWindowContainerToken$Stub$Proxy@a4f7843} m=CLOSE f=NONE leash=Surface(name=Task=140)/@0x345f8a7 sb=Rect(0, 0 - 2560, 1600) eb=Rect(0, 0 - 2560, 1600) d=0 taskParent=-1},{null m=TO_FRONT f=IS_WALLPAPER leash=Surface(name=WallpaperWindowToken{84ce560 token=android.os.Binder@2c8091d})/@0xeb7f154 sb=Rect(0, 0 - 2560, 1600) eb=Rect(0, 0 - 2560, 1600) d=0}]}
05-20 11:07:35.648   826   865 V WindowManagerShell: Playing animation for (#16) android.os.BinderProxy@19c52a8@0
05-20 11:07:35.648   826   865 V WindowManagerShell:  try handler com.android.wm.shell.transition.DefaultMixedHandler@f809c59
05-20 11:07:35.648   826   865 V WindowManagerShell:  try handler com.android.wm.shell.keyguard.KeyguardTransitionHandler@f3be01e
05-20 11:07:35.648   826   865 V WindowManagerShell:  try handler com.android.wm.shell.pip.PipTransition@ffbc0ff
05-20 11:07:35.648   826   865 V WindowManagerShell:  try handler com.android.wm.shell.activityembedding.ActivityEmbeddingController@7390ecc
05-20 11:07:35.648   826   865 V WindowManagerShell:  try handler com.android.wm.shell.splitscreen.StageCoordinator@395a515
05-20 11:07:35.648   826   865 V WindowManagerShell:  try handler com.android.wm.shell.desktopmode.DesktopTasksController@241e02a
05-20 11:07:35.648   826   865 V WindowManagerShell:  try handler com.android.wm.shell.recents.RecentsTransitionHandler@2d56e1b
05-20 11:07:35.648   826   865 V ShellRecents: RecentsTransitionHandler.startAnimation: no controller found
05-20 11:07:35.648   826   865 V WindowManagerShell:  try handler com.android.wm.shell.transition.RemoteTransitionHandler@4e4bb8
05-20 11:07:35.648   826   865 V WindowManagerShell: Transition doesn't have explicit remote, search filters for match for {id=16 t=CLOSE f=0x0 trk=0 r=[0@Point(0, 0)] c=[{WCT{android.window.IWindowContainerToken$Stub$Proxy@3a299f2} m=TO_FRONT f=SHOW_WALLPAPER|MOVE_TO_TOP leash=Surface(name=Task=1)/@0x5030d66 sb=Rect(0, 0 - 2560, 1600) eb=Rect(0, 0 - 2560, 1600) d=0 taskParent=-1},{WCT{android.window.IWindowContainerToken$Stub$Proxy@a4f7843} m=CLOSE f=NONE leash=Surface(name=Task=140)/@0x345f8a7 sb=Rect(0, 0 - 2560, 1600) eb=Rect(0, 0 - 2560, 1600) d=0 taskParent=-1},{null m=TO_FRONT f=IS_WALLPAPER leash=Surface(name=WallpaperWindowToken{84ce560 token=android.os.Binder@2c8091d})/@0xeb7f154 sb=Rect(0, 0 - 2560, 1600) eb=Rect(0, 0 - 2560, 1600) d=0}]}
05-20 11:07:35.648   826   865 V WindowManagerShell:  Checking filter Pair{{types=[] flags=0x0] notFlags=0x0 checks=[{atype=undefined independent=true modes=[OPEN,TO_FRONT] flags=IN_TASK_WITH_EMBEDDED_ACTIVITY mustBeTask=false order=ANY topActivity=ComponentInfo{com.google.android.apps.nexuslauncher/com.google.android.apps.nexuslauncher.NexusLauncherActivity} launchCookie=null},{atype=undefined independent=true modes=[CLOSE,TO_BACK] flags=IN_TASK_WITH_EMBEDDED_ACTIVITY mustBeTask=false order=ANY topActivity=null launchCookie=null}]} RemoteTransition { remoteTransition = android.window.IRemoteTransition$Stub$Proxy@e30447f, appThread = android.app.IApplicationThread$Stub$Proxy@8a60c4c, debugName = OverlaySwipeBack }}
05-20 11:07:35.648   826   865 V WindowManagerShell:  Checking filter Pair{{types=[] flags=0x0] notFlags=0x0 checks=[{atype=dream independent=true modes=[OPEN,TO_FRONT] flags=NONE mustBeTask=false order=ANY topActivity=null launchCookie=null},{atype=home independent=true modes=[CLOSE,TO_BACK] flags=NONE mustBeTask=false order=ANY topActivity=null launchCookie=null}]} RemoteTransition { remoteTransition = android.window.IRemoteTransition$Stub$Proxy@53a9495, appThread = android.app.IApplicationThread$Stub$Proxy@374d9aa, debugName = LauncherToDream }}
05-20 11:07:35.648   826   865 V WindowManagerShell:  Checking filter Pair{{types=[] flags=0x0] notFlags=0x100 checks=[{atype=home independent=true modes=[OPEN,TO_FRONT] flags=NONE mustBeTask=false order=TOP topActivity=ComponentInfo{com.google.android.apps.nexuslauncher/com.google.android.apps.nexuslauncher.NexusLauncherActivity} launchCookie=null},{atype=standard independent=true modes=[CLOSE,TO_BACK] flags=NONE mustBeTask=false order=ANY topActivity=null launchCookie=null}]} RemoteTransition { remoteTransition = android.window.IRemoteTransition$Stub$Proxy@68ea99b, appThread = android.app.IApplicationThread$Stub$Proxy@b4da138, debugName = QuickstepLaunchHome }}
05-20 11:07:35.648   826   865 D RemoteTransitionHandler: Found filterPair{{types=[] flags=0x0] notFlags=0x100 checks=[{atype=home independent=true modes=[OPEN,TO_FRONT] flags=NONE mustBeTask=false order=TOP topActivity=ComponentInfo{com.google.android.apps.nexuslauncher/com.google.android.apps.nexuslauncher.NexusLauncherActivity} launchCookie=null},{atype=standard independent=true modes=[CLOSE,TO_BACK] flags=NONE mustBeTask=false order=ANY topActivity=null launchCookie=null}]} RemoteTransition { remoteTransition = android.window.IRemoteTransition$Stub$Proxy@68ea99b, appThread = android.app.IApplicationThread$Stub$Proxy@b4da138, debugName = QuickstepLaunchHome }}
05-20 11:07:35.648   826   865 V WindowManagerShell:  Delegate animation for (#16) to RemoteTransition { remoteTransition = android.window.IRemoteTransition$Stub$Proxy@68ea99b, appThread = android.app.IApplicationThread$Stub$Proxy@b4da138, debugName = QuickstepLaunchHome }
05-20 11:07:35.683   579   600 V WindowManager: Sent Transition (#16) createdAt=05-20 11:07:35.546 via request=TransitionRequestInfo { type = CLOSE, triggerTask = TaskInfo{userId=0 taskId=140 displayId=0 isRunning=false baseIntent=Intent { act=android.intent.action.MAIN cat=[android.intent.category.LAUNCHER] flg=0x10000000 cmp=de.tsschulz.tt_tagebuch/.app.MainActivity } baseActivity=null topActivity=null origActivity=null realActivity=ComponentInfo{de.tsschulz.tt_tagebuch/de.tsschulz.tt_tagebuch.app.MainActivity} numActivities=0 lastActiveTime=2500378 supportsMultiWindow=true resizeMode=1 isResizeable=true minWidth=-1 minHeight=-1 defaultMinSize=220 token=WCT{RemoteToken{e499c89 Task{62f9a1d #140 type=standard A=10214:de.tsschulz.tt_tagebuch}}} topActivityType=1 pictureInPictureParams=null shouldDockBigOverlays=false launchIntoPipHostTaskId=-1 lastParentTaskIdBeforePip=-1 displayCutoutSafeInsets=null topActivityInfo=null launchCookies=[] positionInParent=Point(0, 0) parentTaskId=-1 isFocused=true isVisible=true isVisibleRequested=true isSleeping=false locusId=null displayAreaFeatureId=1 isTopActivityTransparent=false appCompatTaskInfo=AppCompatTaskInfo { topActivityInSizeCompat=false topActivityEligibleForLetterboxEducation= falseisLetterboxEducationEnabled= false isLetterboxDoubleTapEnabled= false topActivityEligibleForUserAspectRatioButton= false topActivityBoundsLetterboxed= false isFromLetterboxDoubleTap= false topActivityLetterboxVerticalPosition= -1 topActivityLetterboxHorizontalPosition= -1 topActivityLetterboxWidth=-1 topActivityLetterboxHeight=-1 isUserFullscreenOverrideEnabled=false isSystemFullscreenOverrideEnabled=false cameraCompatTaskInfo=CameraCompatTaskInfo { cameraCompatControlState=hidden freeformCameraCompatMode=inactive}}}, pipTask = null, remoteTransition = null, displayChange = null, flags = 0, debugId = 16 }
05-20 11:07:35.683   579   600 V WindowManager:     startWCT=WindowContainerTransaction { changes = {} hops = [] errorCallbackToken=null taskFragmentOrganizer=null }
05-20 11:07:35.684   579   600 V WindowManager:     info={id=16 t=CLOSE f=0x0 trk=0 r=[0@Point(0, 0)] c=[
05-20 11:07:35.684   579   600 V WindowManager:         {WCT{RemoteToken{a5bbe19 Task{a1a151c #1 type=home}}} m=TO_FRONT f=SHOW_WALLPAPER|MOVE_TO_TOP leash=Surface(name=Task=1)/@0xcb6ede9 sb=Rect(0, 0 - 2560, 1600) eb=Rect(0, 0 - 2560, 1600) d=0 taskParent=-1},
05-20 11:07:35.684   579   600 V WindowManager:         {WCT{RemoteToken{e499c89 Task{62f9a1d #140 type=standard A=10214:de.tsschulz.tt_tagebuch}}} m=CLOSE f=NONE leash=Surface(name=Task=140)/@0x67f0653 sb=Rect(0, 0 - 2560, 1600) eb=Rect(0, 0 - 2560, 1600) d=0 taskParent=-1},
05-20 11:07:35.684   579   600 V WindowManager:         {null m=TO_FRONT f=IS_WALLPAPER leash=Surface(name=WallpaperWindowToken{84ce560 token=android.os.Binder@2c8091d})/@0x605e0b3 sb=Rect(0, 0 - 2560, 1600) eb=Rect(0, 0 - 2560, 1600) d=0}
05-20 11:07:35.684   579   600 V WindowManager:     ]}
05-20 11:07:35.696   826   865 V WindowManagerShell:  animated by com.android.wm.shell.transition.RemoteTransitionHandler@4e4bb8
05-20 11:07:35.698   579  2076 W UserManagerService: Requested status bar icon for non-badged user 0
05-20 11:07:35.722   579  1740 W PackageConfigPersister: App-specific configuration not found for packageName: com.google.android.apps.nexuslauncher and userId: 0
05-20 11:07:36.217   579  2076 W WindowManager: Failed looking up window session=Session{bd2cc1f 826:u0a10185} callers=com.android.server.wm.WindowManagerService.removeClientToken:2058 com.android.server.wm.Session.remove:274 android.view.IWindowSession$Stub.onTransact:685 
05-20 11:07:36.218   826   865 V WindowManagerShell: Transition animation finished (aborted=false), notifying core (#16) android.os.BinderProxy@19c52a8@0
05-20 11:07:36.219   579   600 V WindowManager: Finish Transition (#16): created at 05-20 11:07:35.546 collect-started=0.024ms request-sent=0.073ms started=2.861ms ready=97.741ms sent=100.493ms finished=672.673ms
05-20 11:07:36.219   579  1740 W ActivityManager: pid 579 system sent binder code 7 with flags 1 to frozen apps and got error -32
05-20 11:07:36.219   579  1740 W WindowManager: Exception thrown during dispatchAppVisibility Window{3406b97 u0 de.tsschulz.tt_tagebuch/de.tsschulz.tt_tagebuch.app.MainActivity EXITING}
05-20 11:07:36.219   579  1740 W WindowManager: android.os.DeadObjectException
05-20 11:07:36.219   579  1740 W WindowManager: 	at android.os.BinderProxy.transactNative(Native Method)
05-20 11:07:36.219   579  1740 W WindowManager: 	at android.os.BinderProxy.transact(BinderProxy.java:586)
05-20 11:07:36.219   579  1740 W WindowManager: 	at android.view.IWindow$Stub$Proxy.dispatchAppVisibility(IWindow.java:553)
05-20 11:07:36.219   579  1740 W WindowManager: 	at com.android.server.wm.WindowState.sendAppVisibilityToClients(WindowState.java:3253)
05-20 11:07:36.219   579  1740 W WindowManager: 	at com.android.server.wm.WindowContainer.sendAppVisibilityToClients(WindowContainer.java:1289)
05-20 11:07:36.219   579  1740 W WindowManager: 	at com.android.server.wm.WindowToken.setClientVisible(WindowToken.java:403)
05-20 11:07:36.219   579  1740 W WindowManager: 	at com.android.server.wm.ActivityRecord.setClientVisible(ActivityRecord.java:7166)
05-20 11:07:36.219   579  1740 W WindowManager: 	at com.android.server.wm.ActivityRecord.postApplyAnimation(ActivityRecord.java:5881)
05-20 11:07:36.219   579  1740 W WindowManager: 	at com.android.server.wm.ActivityRecord.commitVisibility(ActivityRecord.java:5823)
05-20 11:07:36.219   579  1740 W WindowManager: 	at com.android.server.wm.Transition.finishTransition(Transition.java:1286)
05-20 11:07:36.219   579  1740 W WindowManager: 	at com.android.server.wm.TransitionController.finishTransition(TransitionController.java:937)
05-20 11:07:36.219   579  1740 W WindowManager: 	at com.android.server.wm.WindowOrganizerController.finishTransition(WindowOrganizerController.java:494)
05-20 11:07:36.219   579  1740 W WindowManager: 	at android.window.IWindowOrganizerController$Stub.onTransact(IWindowOrganizerController.java:289)
05-20 11:07:36.219   579  1740 W WindowManager: 	at com.android.server.wm.WindowOrganizerController.onTransact(WindowOrganizerController.java:204)
05-20 11:07:36.219   579  1740 W WindowManager: 	at android.os.Binder.execTransactInternal(Binder.java:1505)
05-20 11:07:36.219   579  1740 W WindowManager: 	at android.os.Binder.execTransact(Binder.java:1444)
05-20 11:07:36.221   826   865 V WindowManagerShell: Track 0 became idle
05-20 11:07:36.221   826   865 V WindowManagerShell: All active transition animations finished
05-20 11:07:36.221   579  2076 W UserManagerService: Requested status bar icon for non-badged user 0
05-20 11:07:36.222   826   865 V ShellDesktopMode: Task Vanished: #140 closed=true
05-20 11:07:36.224   579  2076 W UserManagerService: Requested status bar icon for non-badged user 0
05-20 11:07:39.226   579  1425 E TaskPersister: File error accessing recents directory (directory doesn't exist?).
05-20 11:07:45.581   579   674 D ActivityManager: freezing 1578 com.google.android.apps.photos
05-20 11:07:45.613   579   674 D ActivityManager: freezing 1282 com.google.android.gms
05-20 11:07:51.569   579   910 I ActivityManager: Force stopping de.tsschulz.tt_tagebuch appid=10214 user=0: from pid 6081
05-20 11:07:51.570   579   910 W ProcessStats: Tracking association SourceState{4586bdb com.google.android.googlequicksearchbox:search/10143 BTop #3206} whose proc state 2 is better than process ProcessState{4e2afd4 com.google.android.webview:sandboxed_process0:org.chromium.content.app.SandboxedProcessService0:0/10143 pkg=com.google.android.googlequicksearchbox} proc state 14 (7 skipped)
05-20 11:07:51.570   579   910 I AppsFilter: interaction: PackageSetting{51e0b6c de.tt_tagebuch.app/10212} -> PackageSetting{ae4e22a de.tsschulz.tt_tagebuch/10214} BLOCKED
05-20 11:07:51.570   579   910 I AppsFilter: interaction: PackageSetting{265bdca de.tsschulz.timeclock/10213} -> PackageSetting{ae4e22a de.tsschulz.tt_tagebuch/10214} BLOCKED
05-20 11:07:51.815   579   910 E SystemServiceRegistry: Manager wrapper not available: persistent_data_block
05-20 11:07:51.865   579   638 I PackageManager: Integrity check passed for file:///data/app/vmdl469243461.tmp
05-20 11:07:51.868   579   612 I ActivityManager: Force stopping de.tsschulz.tt_tagebuch appid=10214 user=-1: installPackageLI
05-20 11:07:51.868   579   638 I PackageManager: Update package de.tsschulz.tt_tagebuch code path from /data/app/~~ULMSKk4MixYaReMP8_GtAg==/de.tsschulz.tt_tagebuch-rCTdseJvQeJTRaH0YezV3Q== to /data/app/~~hYiGrRJ-9GPDvVLysoyqiA==/de.tsschulz.tt_tagebuch-ca7uYObCJxCbvmUjOy_VgQ==; Retain data and using new
05-20 11:07:51.869   579   638 I AppsFilter: interaction: PackageSetting{e533df3 de.tt_tagebuch.app/10212} -> PackageSetting{8e2ae85 de.tsschulz.tt_tagebuch/10214} BLOCKED
05-20 11:07:51.869   579   638 I AppsFilter: interaction: PackageSetting{2970b31 de.tsschulz.timeclock/10213} -> PackageSetting{8e2ae85 de.tsschulz.tt_tagebuch/10214} BLOCKED
05-20 11:07:51.869   579   638 I AppsFilter: interaction: PackageSetting{e533df3 de.tt_tagebuch.app/10212} -> PackageSetting{6bbfe40 de.tsschulz.tt_tagebuch/10214} BLOCKED
05-20 11:07:51.869   579   638 I AppsFilter: interaction: PackageSetting{2970b31 de.tsschulz.timeclock/10213} -> PackageSetting{6bbfe40 de.tsschulz.tt_tagebuch/10214} BLOCKED
05-20 11:07:51.890   579   638 I AppsFilter: interaction: PackageSetting{51e0b6c de.tt_tagebuch.app/10212} -> PackageSetting{3b620c4 de.tsschulz.tt_tagebuch/10214} BLOCKED
05-20 11:07:51.890   579   638 I AppsFilter: interaction: PackageSetting{265bdca de.tsschulz.timeclock/10213} -> PackageSetting{3b620c4 de.tsschulz.tt_tagebuch/10214} BLOCKED
05-20 11:07:51.893   579   638 I ActivityManager: Force stopping de.tsschulz.tt_tagebuch appid=10214 user=0: pkg removed
05-20 11:07:51.897   579   781 D ShortcutService: received package broadcast intent: Intent { act=android.intent.action.PACKAGE_REMOVED dat=package: flg=0x4000010 (has extras) }
05-20 11:07:51.898   579   781 D ShortcutService: received package broadcast intent: Intent { act=android.intent.action.PACKAGE_ADDED dat=package: flg=0x4000010 (has extras) }
05-20 11:07:51.898   579   781 D ShortcutService: replacing package: de.tsschulz.tt_tagebuch userId0
05-20 11:07:51.898   579   781 D ShortcutService: handlePackageUpdateFinished: de.tsschulz.tt_tagebuch user=0
05-20 11:07:51.898   579   781 D ShortcutService: rescanPackageIfNeeded 0@de.tsschulz.tt_tagebuch, forceRescan=true , isNewApp=true
05-20 11:07:51.899   579   781 D ShortcutService: Package de.tsschulz.tt_tagebuch has 0 manifest shortcut(s), and 0 share target(s)
05-20 11:07:51.901   579   704 W PackageConfigPersister: App-specific configuration not found for packageName: de.tsschulz.tt_tagebuch and userId: 0
05-20 11:07:51.902   579   612 D ActivityManager: sync unfroze 4584 com.google.android.permissioncontroller for 3
05-20 11:07:51.903  1095  1095 D ActivityThread: Package [de.tsschulz.tt_tagebuch] reported as REPLACED, but missing application info. Assuming REMOVED.
05-20 11:07:51.903  1386  1386 D ActivityThread: Package [de.tsschulz.tt_tagebuch] reported as REPLACED, but missing application info. Assuming REMOVED.
05-20 11:07:51.903  1050  1050 D ActivityThread: Package [de.tsschulz.tt_tagebuch] reported as REPLACED, but missing application info. Assuming REMOVED.
05-20 11:07:51.903   999   999 D ActivityThread: Package [de.tsschulz.tt_tagebuch] reported as REPLACED, but missing application info. Assuming REMOVED.
05-20 11:07:51.903  2424  2424 D ActivityThread: Package [de.tsschulz.tt_tagebuch] reported as REPLACED, but missing application info. Assuming REMOVED.
05-20 11:07:51.903   826   826 D ActivityThread: Package [de.tsschulz.tt_tagebuch] reported as REPLACED, but missing application info. Assuming REMOVED.
05-20 11:07:51.903   973   973 D ActivityThread: Package [de.tsschulz.tt_tagebuch] reported as REPLACED, but missing application info. Assuming REMOVED.
05-20 11:07:51.904  1314  1314 D ActivityThread: Package [de.tsschulz.tt_tagebuch] reported as REPLACED, but missing application info. Assuming REMOVED.
05-20 11:07:51.904   982   982 D ActivityThread: Package [de.tsschulz.tt_tagebuch] reported as REPLACED, but missing application info. Assuming REMOVED.
05-20 11:07:51.904  1266  1266 D ActivityThread: Package [de.tsschulz.tt_tagebuch] reported as REPLACED, but missing application info. Assuming REMOVED.
05-20 11:07:51.904   916   916 D ActivityThread: Package [de.tsschulz.tt_tagebuch] reported as REPLACED, but missing application info. Assuming REMOVED.
05-20 11:07:51.904  1438  1438 D ActivityThread: Package [de.tsschulz.tt_tagebuch] reported as REPLACED, but missing application info. Assuming REMOVED.
05-20 11:07:51.905  1546  1546 D ActivityThread: Package [de.tsschulz.tt_tagebuch] reported as REPLACED, but missing application info. Assuming REMOVED.
05-20 11:07:51.906  1312  1312 D ActivityThread: Package [de.tsschulz.tt_tagebuch] reported as REPLACED, but missing application info. Assuming REMOVED.
05-20 11:07:51.906  1325  1325 D ActivityThread: Package [de.tsschulz.tt_tagebuch] reported as REPLACED, but missing application info. Assuming REMOVED.
05-20 11:07:51.907  1095  1095 D ActivityThread: Package [de.tsschulz.tt_tagebuch] reported as REPLACED, but missing application info. Assuming REMOVED.
05-20 11:07:51.907  1386  1386 D ActivityThread: Package [de.tsschulz.tt_tagebuch] reported as REPLACED, but missing application info. Assuming REMOVED.
05-20 11:07:51.907  1546  1546 D ActivityThread: Package [de.tsschulz.tt_tagebuch] reported as REPLACED, but missing application info. Assuming REMOVED.
05-20 11:07:51.907  1050  1050 D ActivityThread: Package [de.tsschulz.tt_tagebuch] reported as REPLACED, but missing application info. Assuming REMOVED.
05-20 11:07:51.908  1325  1325 D ActivityThread: Package [de.tsschulz.tt_tagebuch] reported as REPLACED, but missing application info. Assuming REMOVED.
05-20 11:07:51.908   973   973 D ActivityThread: Package [de.tsschulz.tt_tagebuch] reported as REPLACED, but missing application info. Assuming REMOVED.
05-20 11:07:51.908   999   999 D ActivityThread: Package [de.tsschulz.tt_tagebuch] reported as REPLACED, but missing application info. Assuming REMOVED.
05-20 11:07:51.908   916   916 D ActivityThread: Package [de.tsschulz.tt_tagebuch] reported as REPLACED, but missing application info. Assuming REMOVED.
05-20 11:07:51.908  1314  1314 D ActivityThread: Package [de.tsschulz.tt_tagebuch] reported as REPLACED, but missing application info. Assuming REMOVED.
05-20 11:07:51.909  2424  2424 D ActivityThread: Package [de.tsschulz.tt_tagebuch] reported as REPLACED, but missing application info. Assuming REMOVED.
05-20 11:07:51.908  1312  1312 D ActivityThread: Package [de.tsschulz.tt_tagebuch] reported as REPLACED, but missing application info. Assuming REMOVED.
05-20 11:07:51.909  1438  1438 D ActivityThread: Package [de.tsschulz.tt_tagebuch] reported as REPLACED, but missing application info. Assuming REMOVED.
05-20 11:07:51.911   579   638 D PackageInstallerSession: Marking session 469243461 as applied
05-20 11:07:51.914   982   982 D ActivityThread: Package [de.tsschulz.tt_tagebuch] reported as REPLACED, but missing application info. Assuming REMOVED.
05-20 11:07:51.915   579   579 D ActivityManager: sync unfroze 992 com.android.settings for 10
05-20 11:07:51.915   579   579 D ActivityManager: sync unfroze 4586 com.android.keychain for 10
05-20 11:07:51.916   992   992 D ActivityThread: Package [de.tsschulz.tt_tagebuch] reported as REPLACED, but missing application info. Assuming REMOVED.
05-20 11:07:51.916   992   992 D ActivityThread: Package [de.tsschulz.tt_tagebuch] reported as REPLACED, but missing application info. Assuming REMOVED.
05-20 11:07:51.916  4586  4586 D ActivityThread: Package [de.tsschulz.tt_tagebuch] reported as REPLACED, but missing application info. Assuming REMOVED.
05-20 11:07:51.917  4586  4586 D ActivityThread: Package [de.tsschulz.tt_tagebuch] reported as REPLACED, but missing application info. Assuming REMOVED.
05-20 11:07:51.918  1266  1266 D ActivityThread: Package [de.tsschulz.tt_tagebuch] reported as REPLACED, but missing application info. Assuming REMOVED.
05-20 11:07:51.918   826   826 D ActivityThread: Package [de.tsschulz.tt_tagebuch] reported as REPLACED, but missing application info. Assuming REMOVED.
05-20 11:07:51.919   579   579 I Telecom : CarModeTracker: Package de.tsschulz.tt_tagebuch is not tracked.: SSH.oR@ADM
05-20 11:07:51.919   579   579 I Telecom : InCallController: updateCarModeForConnections: car mode apps: : SSH.oR@ADM
