05-20 10:28:44.856   579   579 I PackageWatchdog: Syncing health check requests for packages: {}
05-20 10:28:44.856   579   579 D ExplicitHealthCheckController: Getting health check supported packages
05-20 10:28:44.856   579  2075 I ExplicitHealthCheckController: Explicit health check supported packages [PackageConfig{com.google.android.networkstack, 86400000}]
05-20 10:28:44.856   579  2075 D PackageWatchdog: Received supported packages [PackageConfig{com.google.android.networkstack, 86400000}]
05-20 10:28:44.856   579  2075 D ExplicitHealthCheckController: Getting health check requested packages
05-20 10:28:44.857   579  1092 I ExplicitHealthCheckController: Explicit health check requested packages []
05-20 10:28:44.857   579  1092 I ExplicitHealthCheckController: No more health check requests, unbinding...
05-20 10:28:44.857   579  1092 I ExplicitHealthCheckController: Explicit health check service is unbound
05-20 10:28:44.857   579   665 D CompatChangeReporter: Compat change id reported: 262645982; UID 10143; state: ENABLED
05-20 10:28:44.857   579   675 I RescueParty: Starting to observe: [com.google.android.apps.nexuslauncher, com.android.settings], updated namespace: launcher
05-20 10:28:44.857   579   665 D CompatChangeReporter: Compat change id reported: 218533173; UID 10121; state: ENABLED
05-20 10:28:44.857   579   611 I PackageWatchdog: Syncing state, reason: observing new packages
05-20 10:28:44.857   579   611 D PackageWatchdog: rescue-party-observer added the following packages to monitor [com.google.android.apps.nexuslauncher, com.android.settings]
05-20 10:28:44.857   579   611 I PackageWatchdog: Syncing state, reason: updated observers
05-20 10:28:44.857   579   611 I PackageWatchdog: Not pruning observers, elapsed time: 0ms
05-20 10:28:44.857   579   611 I PackageWatchdog: Saving observer state to file
05-20 10:28:44.858   579   665 D CompatChangeReporter: Compat change id reported: 218533173; UID 10130; state: ENABLED
05-20 10:28:44.858   579   665 D CompatChangeReporter: Compat change id reported: 218533173; UID 10128; state: ENABLED
05-20 10:28:44.858   579   675 I RescueParty: Starting to observe: [android], updated namespace: configuration
05-20 10:28:44.858   579   611 I PackageWatchdog: Syncing state, reason: observing new packages
05-20 10:28:44.858   579   611 D PackageWatchdog: rescue-party-observer added the following packages to monitor [android]
05-20 10:28:44.858   579   611 I PackageWatchdog: Syncing state, reason: updated observers
05-20 10:28:44.858   579   611 I PackageWatchdog: Not pruning observers, elapsed time: 0ms
05-20 10:28:44.858   579   611 I PackageWatchdog: Saving observer state to file
05-20 10:28:44.859   579   665 D CompatChangeReporter: Compat change id reported: 218533173; UID 10120; state: ENABLED
05-20 10:28:44.859   579   579 I PackageWatchdog: Syncing health check requests for packages: {}
05-20 10:28:44.859   579   665 D CompatChangeReporter: Compat change id reported: 262645982; UID 10211; state: ENABLED
05-20 10:28:44.859   579   579 I ExplicitHealthCheckController: Service not ready to get health check supported packages. Binding...
05-20 10:28:44.859   579   579 I ExplicitHealthCheckController: Explicit health check service is bound
05-20 10:28:44.859   579   579 I PackageWatchdog: Syncing health check requests for packages: {}
05-20 10:28:44.859   579   579 I ExplicitHealthCheckController: Service not ready to get health check supported packages. Binding...
05-20 10:28:44.859   579   579 I ExplicitHealthCheckController: Not binding to service, service already connecting
05-20 10:28:44.859   579   579 I ExplicitHealthCheckController: Explicit health check service is connected ComponentInfo{com.google.android.ext.services/android.ext.services.watchdog.ExplicitHealthCheckServiceImpl}
05-20 10:28:44.859   579   579 I ExplicitHealthCheckController: Service initialized, syncing requests
05-20 10:28:44.859   579   579 I PackageWatchdog: Syncing health check requests for packages: {}
05-20 10:28:44.859   579   579 D ExplicitHealthCheckController: Getting health check supported packages
05-20 10:28:44.859   579   675 I RescueParty: Starting to observe: [android], updated namespace: companion
05-20 10:28:44.859   579   611 I PackageWatchdog: Syncing state, reason: observing new packages
05-20 10:28:44.859   579   611 D PackageWatchdog: rescue-party-observer added the following packages to monitor [android]
05-20 10:28:44.859   579   611 I PackageWatchdog: Syncing state, reason: updated observers
05-20 10:28:44.859   579   611 I PackageWatchdog: Not pruning observers, elapsed time: 0ms
05-20 10:28:44.859   579   611 I PackageWatchdog: Saving observer state to file
05-20 10:28:44.860   579   665 D CompatChangeReporter: Compat change id reported: 262645982; UID 10137; state: ENABLED
05-20 10:28:44.860   579   665 D CompatChangeReporter: Compat change id reported: 218533173; UID 10118; state: ENABLED
05-20 10:28:44.861   579   665 D CompatChangeReporter: Compat change id reported: 262645982; UID 10131; state: ENABLED
05-20 10:28:44.861   579   579 I PackageWatchdog: Syncing health check requests for packages: {}
05-20 10:28:44.861   579   579 D ExplicitHealthCheckController: Getting health check supported packages
05-20 10:28:44.861   579  1092 I ExplicitHealthCheckController: Explicit health check supported packages [PackageConfig{com.google.android.networkstack, 86400000}]
05-20 10:28:44.861   579  1092 D PackageWatchdog: Received supported packages [PackageConfig{com.google.android.networkstack, 86400000}]
05-20 10:28:44.861   579  1092 D ExplicitHealthCheckController: Getting health check requested packages
05-20 10:28:44.861   579  1092 I ExplicitHealthCheckController: Explicit health check requested packages []
05-20 10:28:44.861   579  1092 I ExplicitHealthCheckController: No more health check requests, unbinding...
05-20 10:28:44.861   579  2075 I ExplicitHealthCheckController: Explicit health check supported packages [PackageConfig{com.google.android.networkstack, 86400000}]
05-20 10:28:44.861   579  2075 D PackageWatchdog: Received supported packages [PackageConfig{com.google.android.networkstack, 86400000}]
05-20 10:28:44.861   579  1092 I ExplicitHealthCheckController: Explicit health check service is unbound
05-20 10:28:44.861   579  2075 I ExplicitHealthCheckController: Service not ready to get health check requested packages. Binding...
05-20 10:28:44.861   579  2075 I ExplicitHealthCheckController: Explicit health check service is bound
05-20 10:28:44.861   579   579 I ExplicitHealthCheckController: Explicit health check service is connected ComponentInfo{com.google.android.ext.services/android.ext.services.watchdog.ExplicitHealthCheckServiceImpl}
05-20 10:28:44.861   579   579 I ExplicitHealthCheckController: Service initialized, syncing requests
05-20 10:28:44.861   579   579 I PackageWatchdog: Syncing health check requests for packages: {}
05-20 10:28:44.861   579   579 D ExplicitHealthCheckController: Getting health check supported packages
05-20 10:28:44.862   579   675 I RescueParty: Starting to observe: [android], updated namespace: package_manager_service
05-20 10:28:44.862   579   611 I PackageWatchdog: Syncing state, reason: observing new packages
05-20 10:28:44.862   579   611 D PackageWatchdog: rescue-party-observer added the following packages to monitor [android]
05-20 10:28:44.862   579   611 I PackageWatchdog: Syncing state, reason: updated observers
05-20 10:28:44.862   579   611 I PackageWatchdog: Not pruning observers, elapsed time: 0ms
05-20 10:28:44.862   579   611 I PackageWatchdog: Saving observer state to file
05-20 10:28:44.862   579  2075 I ExplicitHealthCheckController: Explicit health check supported packages [PackageConfig{com.google.android.networkstack, 86400000}]
05-20 10:28:44.862   579  2075 D PackageWatchdog: Received supported packages [PackageConfig{com.google.android.networkstack, 86400000}]
05-20 10:28:44.862   579   846 E SettingsToPropertiesMapper: key=persist.device_config.configuration.AdbWritableFlags__adb_writable_flags_list value=adservices/disable_sdk_sandbox,adservices/enforce_broadcast_receiver_restrictions,adservices/fledge_ad_selection_enforce_foreground_status_custom_audience,adservices/fledge_custom_audience_max_count,adservices/fledge_custom_audience_max_num_ads,adservices/fledge_custom_audience_max_owner_count,adservices/fledge_custom_audience_per_app_max_count,adservices/fledge_js_isolate_enforce_max_heap_size,adservices/fledge_js_isolate_max_heap_size_bytes,adservices/sdk_request_permits_per_second,adservices/sdksandbox_customized_sdk_context_enabled,configuration/namespace_to_package_mapping,constrain_display_apis/always_constrain_display_apis,constrain_display_apis/never_constrain_display_apis,constrain_display_apis/never_constrain_display_apis_all_packages,device_policy_manager/disable_resources_updatability,flipendo/default_savings_mode_launch,flipendo/essential_apps,flipendo/flipendo_enabled_launch,flipendo/grayscale_enabled_launch,flipendo/lever_ble_scanning_enabled_launch,flipendo/lever_hotspot_enabled_launch,flipendo/lever_work_profile_enabled_launch,flipendo/resuspend_delay_minutes,namespace/key,namespace1/key1,namespace1/key2,namespace2/key1,namespace2/key2,package_manager_service/incfs_default_timeouts,package_manager_service/known_digesters_list,privacy/location_access_check_periodic_interval_millis,rollback/enable_rollback_timeout,rollback/watchdog_explicit_health_check_enabled,rollback/watchdog_request_timeout_millis,rollback/watchdog_trigger_failure_count,rollback/watchdog_trigger_failure_duration_millis,rollback_boot/rollback_lifetime_in_millis,systemui/nas_generate_actions,systemui/nas_generate_replies,systemui/nas_max_messages_to_extract,systemui/nas_max_suggestions,testspace/another,testspace/flagname,textclassifier/config_updater_model_enabled,textclassifier/key,textclassifier/key2,textclassifier/manifest_url_annotator_en,textclassifier/manifest_url_annotator_ru,textclassifier/model_download_backoff_delay_in_millis,textclassifier/model_download_manager_enabled,textclassifier/multi_language_support_enabled,textclassifier/testing_locale_list_override,textclassifier/textclassifier_service_package_override,window_manager/enable_default_rescind_bal_privileges_from_pending_intent_sender,wrong/nas_generate_replies, exceeds system property max length.
05-20 10:28:44.862   579   579 I PackageWatchdog: Syncing health check requests for packages: {}
05-20 10:28:44.862   579   579 D ExplicitHealthCheckController: Getting health check supported packages
05-20 10:28:44.862   579   846 E SettingsToPropertiesMapper: key=persist.device_config.aconfig_flags.configuration.AdbWritableFlags__adb_writable_flags_list value=adservices/disable_sdk_sandbox,adservices/enforce_broadcast_receiver_restrictions,adservices/fledge_ad_selection_enforce_foreground_status_custom_audience,adservices/fledge_custom_audience_max_count,adservices/fledge_custom_audience_max_num_ads,adservices/fledge_custom_audience_max_owner_count,adservices/fledge_custom_audience_per_app_max_count,adservices/fledge_js_isolate_enforce_max_heap_size,adservices/fledge_js_isolate_max_heap_size_bytes,adservices/sdk_request_permits_per_second,adservices/sdksandbox_customized_sdk_context_enabled,configuration/namespace_to_package_mapping,constrain_display_apis/always_constrain_display_apis,constrain_display_apis/never_constrain_display_apis,constrain_display_apis/never_constrain_display_apis_all_packages,device_policy_manager/disable_resources_updatability,flipendo/default_savings_mode_launch,flipendo/essential_apps,flipendo/flipendo_enabled_launch,flipendo/grayscale_enabled_launch,flipendo/lever_ble_scanning_enabled_launch,flipendo/lever_hotspot_enabled_launch,flipendo/lever_work_profile_enabled_launch,flipendo/resuspend_delay_minutes,namespace/key,namespace1/key1,namespace1/key2,namespace2/key1,namespace2/key2,package_manager_service/incfs_default_timeouts,package_manager_service/known_digesters_list,privacy/location_access_check_periodic_interval_millis,rollback/enable_rollback_timeout,rollback/watchdog_explicit_health_check_enabled,rollback/watchdog_request_timeout_millis,rollback/watchdog_trigger_failure_count,rollback/watchdog_trigger_failure_duration_millis,rollback_boot/rollback_lifetime_in_millis,systemui/nas_generate_actions,systemui/nas_generate_replies,systemui/nas_max_messages_to_extract,systemui/nas_max_suggestions,testspace/another,testspace/flagname,textclassifier/config_updater_model_enabled,textclassifier/key,textclassifier/key2,textclassifier/manifest_url_annotator_en,textclassifier/manifest_url_annotator_ru,textclassifier/model_download_backoff_delay_in_millis,textclassifier/model_download_manager_enabled,textclassifier/multi_language_support_enabled,textclassifier/testing_locale_list_override,textclassifier/textclassifier_service_package_override,window_manager/enable_default_rescind_bal_privileges_from_pending_intent_sender,wrong/nas_generate_replies, exceeds system property max length.
05-20 10:28:44.862   579  1752 I ExplicitHealthCheckController: Explicit health check supported packages [PackageConfig{com.google.android.networkstack, 86400000}]
05-20 10:28:44.862   579  1752 D PackageWatchdog: Received supported packages [PackageConfig{com.google.android.networkstack, 86400000}]
05-20 10:28:44.862   579   579 I PackageWatchdog: Syncing health check requests for packages: {}
05-20 10:28:44.862   579   579 D ExplicitHealthCheckController: Getting health check supported packages
05-20 10:28:44.862   579  2075 D ExplicitHealthCheckController: Getting health check requested packages
05-20 10:28:44.862   579  1752 D ExplicitHealthCheckController: Getting health check requested packages
05-20 10:28:44.862   579  1752 I ExplicitHealthCheckController: Explicit health check supported packages [PackageConfig{com.google.android.networkstack, 86400000}]
05-20 10:28:44.862   579  1752 D PackageWatchdog: Received supported packages [PackageConfig{com.google.android.networkstack, 86400000}]
05-20 10:28:44.862   579  1752 D ExplicitHealthCheckController: Getting health check requested packages
05-20 10:28:44.862   579  1752 I ExplicitHealthCheckController: Explicit health check requested packages []
05-20 10:28:44.862   579  1752 I ExplicitHealthCheckController: No more health check requests, unbinding...
05-20 10:28:44.862   579  1752 I ExplicitHealthCheckController: Explicit health check service is unbound
05-20 10:28:44.863   579  2075 I ExplicitHealthCheckController: Explicit health check requested packages []
05-20 10:28:44.863   579  2075 I ExplicitHealthCheckController: No more health check requests, unbinding...
05-20 10:28:44.863   579  2075 I ExplicitHealthCheckController: Explicit health check service is unbound
05-20 10:28:44.863   579  1092 I ExplicitHealthCheckController: Explicit health check requested packages []
05-20 10:28:44.863   579  1092 I ExplicitHealthCheckController: No more health check requests, unbinding...
05-20 10:28:44.863   579  1092 I ExplicitHealthCheckController: Explicit health check service is unbound
05-20 10:28:44.863   579   675 I RescueParty: Starting to observe: [android, com.google.android.permissioncontroller, com.android.settings, com.android.systemui], updated namespace: privacy
05-20 10:28:44.863   579   611 I PackageWatchdog: Syncing state, reason: observing new packages
05-20 10:28:44.863   579   611 D PackageWatchdog: rescue-party-observer added the following packages to monitor [android, com.google.android.permissioncontroller, com.android.settings, com.android.systemui]
05-20 10:28:44.863   579   611 I PackageWatchdog: Syncing state, reason: updated observers
05-20 10:28:44.863   579   611 I PackageWatchdog: Not pruning observers, elapsed time: 0ms
05-20 10:28:44.863   579   611 I PackageWatchdog: Saving observer state to file
05-20 10:28:44.863   579   579 I PackageWatchdog: Syncing health check requests for packages: {}
05-20 10:28:44.863   579   579 I ExplicitHealthCheckController: Service not ready to get health check supported packages. Binding...
05-20 10:28:44.863   579   579 I ExplicitHealthCheckController: Explicit health check service is bound
05-20 10:28:44.864   579   579 I ExplicitHealthCheckController: Explicit health check service is connected ComponentInfo{com.google.android.ext.services/android.ext.services.watchdog.ExplicitHealthCheckServiceImpl}
05-20 10:28:44.864   579   579 I ExplicitHealthCheckController: Service initialized, syncing requests
05-20 10:28:44.864   579   579 I PackageWatchdog: Syncing health check requests for packages: {}
05-20 10:28:44.864   579   579 D ExplicitHealthCheckController: Getting health check supported packages
05-20 10:28:44.864   579  1092 I ExplicitHealthCheckController: Explicit health check supported packages [PackageConfig{com.google.android.networkstack, 86400000}]
05-20 10:28:44.864   579  1092 D PackageWatchdog: Received supported packages [PackageConfig{com.google.android.networkstack, 86400000}]
05-20 10:28:44.864   579  1092 D ExplicitHealthCheckController: Getting health check requested packages
05-20 10:28:44.864   579  1092 I ExplicitHealthCheckController: Explicit health check requested packages []
05-20 10:28:44.864   579  1092 I ExplicitHealthCheckController: No more health check requests, unbinding...
05-20 10:28:44.864   579  1092 I ExplicitHealthCheckController: Explicit health check service is unbound
05-20 10:28:44.865   579   675 I RescueParty: Starting to observe: [android, com.google.android.as, com.google.android.apps.nexuslauncher, com.android.systemui], updated namespace: systemui
05-20 10:28:44.865   579   611 I PackageWatchdog: Syncing state, reason: observing new packages
05-20 10:28:44.865   579   611 D PackageWatchdog: rescue-party-observer added the following packages to monitor [android, com.google.android.as, com.google.android.apps.nexuslauncher, com.android.systemui]
05-20 10:28:44.865   579   611 I PackageWatchdog: Syncing state, reason: updated observers
05-20 10:28:44.865   579   611 I PackageWatchdog: Not pruning observers, elapsed time: 0ms
05-20 10:28:44.865   579   611 I PackageWatchdog: Saving observer state to file
05-20 10:28:44.866   579   579 I PackageWatchdog: Syncing health check requests for packages: {}
05-20 10:28:44.866   579   579 I ExplicitHealthCheckController: Service not ready to get health check supported packages. Binding...
05-20 10:28:44.866   579   579 I ExplicitHealthCheckController: Explicit health check service is bound
05-20 10:28:44.867   579   675 I RescueParty: Starting to observe: [android], updated namespace: media
05-20 10:28:44.867   579   611 I PackageWatchdog: Syncing state, reason: observing new packages
05-20 10:28:44.867   579   611 D PackageWatchdog: rescue-party-observer added the following packages to monitor [android]
05-20 10:28:44.867   579   611 I PackageWatchdog: Syncing state, reason: updated observers
05-20 10:28:44.867   579   611 I PackageWatchdog: Not pruning observers, elapsed time: 0ms
05-20 10:28:44.867   579   611 I PackageWatchdog: Saving observer state to file
05-20 10:28:44.869   579   579 I PackageWatchdog: Syncing health check requests for packages: {}
05-20 10:28:44.869   579   579 I ExplicitHealthCheckController: Service not ready to get health check supported packages. Binding...
05-20 10:28:44.869   579   579 I ExplicitHealthCheckController: Not binding to service, service already connecting
05-20 10:28:44.869   579   579 I ExplicitHealthCheckController: Explicit health check service is connected ComponentInfo{com.google.android.ext.services/android.ext.services.watchdog.ExplicitHealthCheckServiceImpl}
05-20 10:28:44.869   579   579 I ExplicitHealthCheckController: Service initialized, syncing requests
05-20 10:28:44.869   579   579 I PackageWatchdog: Syncing health check requests for packages: {}
05-20 10:28:44.869   579   579 D ExplicitHealthCheckController: Getting health check supported packages
05-20 10:28:44.872   579   911 I ExplicitHealthCheckController: Explicit health check supported packages [PackageConfig{com.google.android.networkstack, 86400000}]
05-20 10:28:44.872   579   911 D PackageWatchdog: Received supported packages [PackageConfig{com.google.android.networkstack, 86400000}]
05-20 10:28:44.872   579   911 D ExplicitHealthCheckController: Getting health check requested packages
05-20 10:28:44.872   579   911 I ExplicitHealthCheckController: Explicit health check requested packages []
05-20 10:28:44.872   579   911 I ExplicitHealthCheckController: No more health check requests, unbinding...
05-20 10:28:44.872   579   911 I ExplicitHealthCheckController: Explicit health check service is unbound
05-20 10:28:44.877   579   675 I RescueParty: Starting to observe: [android], updated namespace: alarm_manager
05-20 10:28:44.877   579   611 I PackageWatchdog: Syncing state, reason: observing new packages
05-20 10:28:44.877   579   611 D PackageWatchdog: rescue-party-observer added the following packages to monitor [android]
05-20 10:28:44.877   579   611 I PackageWatchdog: Syncing state, reason: updated observers
05-20 10:28:44.877   579   611 I PackageWatchdog: Not pruning observers, elapsed time: 0ms
05-20 10:28:44.877   579   611 I PackageWatchdog: Saving observer state to file
05-20 10:28:44.877   579   579 I PackageWatchdog: Syncing health check requests for packages: {}
05-20 10:28:44.877   579   579 I ExplicitHealthCheckController: Service not ready to get health check supported packages. Binding...
05-20 10:28:44.878   579   579 I ExplicitHealthCheckController: Explicit health check service is bound
05-20 10:28:44.878   579   579 I ExplicitHealthCheckController: Explicit health check service is connected ComponentInfo{com.google.android.ext.services/android.ext.services.watchdog.ExplicitHealthCheckServiceImpl}
05-20 10:28:44.878   579   579 I ExplicitHealthCheckController: Service initialized, syncing requests
05-20 10:28:44.878   579   579 I PackageWatchdog: Syncing health check requests for packages: {}
05-20 10:28:44.878   579   579 D ExplicitHealthCheckController: Getting health check supported packages
05-20 10:28:44.878   579  1727 I ExplicitHealthCheckController: Explicit health check supported packages [PackageConfig{com.google.android.networkstack, 86400000}]
05-20 10:28:44.878   579  1727 D PackageWatchdog: Received supported packages [PackageConfig{com.google.android.networkstack, 86400000}]
05-20 10:28:44.878   579  1727 D ExplicitHealthCheckController: Getting health check requested packages
05-20 10:28:44.878   579  1727 I ExplicitHealthCheckController: Explicit health check requested packages []
05-20 10:28:44.878   579  1727 I ExplicitHealthCheckController: No more health check requests, unbinding...
05-20 10:28:44.878   579  1727 I ExplicitHealthCheckController: Explicit health check service is unbound
05-20 10:28:44.879   579   675 I RescueParty: Starting to observe: [android, com.android.settings], updated namespace: app_hibernation
05-20 10:28:44.879   579   611 I PackageWatchdog: Syncing state, reason: observing new packages
05-20 10:28:44.879   579   579 I PackageWatchdog: Syncing health check requests for packages: {}
05-20 10:28:44.879   579   579 I ExplicitHealthCheckController: Service not ready to get health check supported packages. Binding...
05-20 10:28:44.879   579   611 D PackageWatchdog: rescue-party-observer added the following packages to monitor [android, com.android.settings]
05-20 10:28:44.879   579   611 I PackageWatchdog: Syncing state, reason: updated observers
05-20 10:28:44.879   579   611 I PackageWatchdog: Not pruning observers, elapsed time: 0ms
05-20 10:28:44.879   579   611 I PackageWatchdog: Saving observer state to file
05-20 10:28:44.880   579   579 I ExplicitHealthCheckController: Explicit health check service is bound
05-20 10:28:44.880   579   579 I PackageWatchdog: Syncing health check requests for packages: {}
05-20 10:28:44.880   579   579 I ExplicitHealthCheckController: Service not ready to get health check supported packages. Binding...
05-20 10:28:44.880   579   579 I ExplicitHealthCheckController: Not binding to service, service already connecting
05-20 10:28:44.880   579   579 D AppHibernationService: App hibernation changed to enabled=true
05-20 10:28:44.880   579   579 I ExplicitHealthCheckController: Explicit health check service is connected ComponentInfo{com.google.android.ext.services/android.ext.services.watchdog.ExplicitHealthCheckServiceImpl}
05-20 10:28:44.880   579   579 I ExplicitHealthCheckController: Service initialized, syncing requests
05-20 10:28:44.880   579   579 I PackageWatchdog: Syncing health check requests for packages: {}
05-20 10:28:44.880   579   579 D ExplicitHealthCheckController: Getting health check supported packages
05-20 10:28:44.880   579  1727 I ExplicitHealthCheckController: Explicit health check supported packages [PackageConfig{com.google.android.networkstack, 86400000}]
05-20 10:28:44.880   579  1727 D PackageWatchdog: Received supported packages [PackageConfig{com.google.android.networkstack, 86400000}]
05-20 10:28:44.880   579  1727 D ExplicitHealthCheckController: Getting health check requested packages
05-20 10:28:44.880   579  1727 I ExplicitHealthCheckController: Explicit health check requested packages []
05-20 10:28:44.880   579  1727 I ExplicitHealthCheckController: No more health check requests, unbinding...
05-20 10:28:44.880   579  1727 I ExplicitHealthCheckController: Explicit health check service is unbound
05-20 10:28:44.882   579   675 I RescueParty: Starting to observe: [android, com.android.settings, com.android.systemui], updated namespace: window_manager
05-20 10:28:44.882   579   611 I PackageWatchdog: Syncing state, reason: observing new packages
05-20 10:28:44.882   579   611 D PackageWatchdog: rescue-party-observer added the following packages to monitor [android, com.android.settings, com.android.systemui]
05-20 10:28:44.882   579   611 I PackageWatchdog: Syncing state, reason: updated observers
05-20 10:28:44.882   579   611 I PackageWatchdog: Not pruning observers, elapsed time: 0ms
05-20 10:28:44.882   579   611 I PackageWatchdog: Saving observer state to file
05-20 10:28:44.883   579   579 I PackageWatchdog: Syncing health check requests for packages: {}
05-20 10:28:44.883   579   579 I ExplicitHealthCheckController: Service not ready to get health check supported packages. Binding...
05-20 10:28:44.883   579   579 I ExplicitHealthCheckController: Explicit health check service is bound
05-20 10:28:44.883   579   579 I PackageWatchdog: Syncing health check requests for packages: {}
05-20 10:28:44.883   579   579 I ExplicitHealthCheckController: Service not ready to get health check supported packages. Binding...
05-20 10:28:44.883   579   579 I ExplicitHealthCheckController: Not binding to service, service already connecting
05-20 10:28:44.884   579   579 I ExplicitHealthCheckController: Explicit health check service is connected ComponentInfo{com.google.android.ext.services/android.ext.services.watchdog.ExplicitHealthCheckServiceImpl}
05-20 10:28:44.884   579   579 I ExplicitHealthCheckController: Service initialized, syncing requests
05-20 10:28:44.884   579   579 I PackageWatchdog: Syncing health check requests for packages: {}
05-20 10:28:44.884   579   579 D ExplicitHealthCheckController: Getting health check supported packages
05-20 10:28:44.884   579  1727 I ExplicitHealthCheckController: Explicit health check supported packages [PackageConfig{com.google.android.networkstack, 86400000}]
05-20 10:28:44.884   579  1727 D PackageWatchdog: Received supported packages [PackageConfig{com.google.android.networkstack, 86400000}]
05-20 10:28:44.884   579  1727 D ExplicitHealthCheckController: Getting health check requested packages
05-20 10:28:44.884   579  1727 I ExplicitHealthCheckController: Explicit health check requested packages []
05-20 10:28:44.884   579  1727 I ExplicitHealthCheckController: No more health check requests, unbinding...
05-20 10:28:44.884   579  1727 I ExplicitHealthCheckController: Explicit health check service is unbound
05-20 10:28:44.890   579   675 I RescueParty: Starting to observe: [com.google.android.bluetooth], updated namespace: bluetooth
05-20 10:28:44.890   579   611 I PackageWatchdog: Syncing state, reason: observing new packages
05-20 10:28:44.890   579   611 D PackageWatchdog: rescue-party-observer added the following packages to monitor [com.google.android.bluetooth]
05-20 10:28:44.890   579   611 I PackageWatchdog: Syncing state, reason: updated observers
05-20 10:28:44.890   579   611 I PackageWatchdog: Not pruning observers, elapsed time: 0ms
05-20 10:28:44.890   579   611 I PackageWatchdog: Saving observer state to file
05-20 10:28:44.892   579   579 I PackageWatchdog: Syncing health check requests for packages: {}
05-20 10:28:44.892   579   579 I ExplicitHealthCheckController: Service not ready to get health check supported packages. Binding...
05-20 10:28:44.892   579   579 I ExplicitHealthCheckController: Explicit health check service is bound
05-20 10:28:44.893   579   675 I RescueParty: Starting to observe: [android, com.android.systemui], updated namespace: latency_tracker
05-20 10:28:44.893   579   611 I PackageWatchdog: Syncing state, reason: observing new packages
05-20 10:28:44.893   579   611 D PackageWatchdog: rescue-party-observer added the following packages to monitor [android, com.android.systemui]
05-20 10:28:44.893   579   611 I PackageWatchdog: Syncing state, reason: updated observers
05-20 10:28:44.893   579   611 I PackageWatchdog: Not pruning observers, elapsed time: 0ms
05-20 10:28:44.893   579   611 I PackageWatchdog: Saving observer state to file
05-20 10:28:44.893   579   579 I PackageWatchdog: Syncing health check requests for packages: {}
05-20 10:28:44.893   579   579 I ExplicitHealthCheckController: Service not ready to get health check supported packages. Binding...
05-20 10:28:44.893   579   579 I ExplicitHealthCheckController: Not binding to service, service already connecting
05-20 10:28:44.893   579   579 I ExplicitHealthCheckController: Explicit health check service is connected ComponentInfo{com.google.android.ext.services/android.ext.services.watchdog.ExplicitHealthCheckServiceImpl}
05-20 10:28:44.893   579   579 I ExplicitHealthCheckController: Service initialized, syncing requests
05-20 10:28:44.893   579   579 I PackageWatchdog: Syncing health check requests for packages: {}
05-20 10:28:44.893   579   579 D ExplicitHealthCheckController: Getting health check supported packages
05-20 10:28:44.893   579  1092 I ExplicitHealthCheckController: Explicit health check supported packages [PackageConfig{com.google.android.networkstack, 86400000}]
05-20 10:28:44.893   579  1092 D PackageWatchdog: Received supported packages [PackageConfig{com.google.android.networkstack, 86400000}]
05-20 10:28:44.893   579  1092 D ExplicitHealthCheckController: Getting health check requested packages
05-20 10:28:44.894   579  1092 I ExplicitHealthCheckController: Explicit health check requested packages []
05-20 10:28:44.894   579  1092 I ExplicitHealthCheckController: No more health check requests, unbinding...
05-20 10:28:44.894   579  1092 I ExplicitHealthCheckController: Explicit health check service is unbound
05-20 10:28:44.894   579   675 I RescueParty: Starting to observe: [android], updated namespace: battery_saver
05-20 10:28:44.894   579   611 I PackageWatchdog: Syncing state, reason: observing new packages
05-20 10:28:44.894   579   579 I PackageWatchdog: Syncing health check requests for packages: {}
05-20 10:28:44.894   579   579 I ExplicitHealthCheckController: Service not ready to get health check supported packages. Binding...
05-20 10:28:44.894   579   579 I ExplicitHealthCheckController: Explicit health check service is bound
05-20 10:28:44.894   579   611 D PackageWatchdog: rescue-party-observer added the following packages to monitor [android]
05-20 10:28:44.894   579   611 I PackageWatchdog: Syncing state, reason: updated observers
05-20 10:28:44.894   579   611 I PackageWatchdog: Saving observer state to file
05-20 10:28:44.895   579   579 I ExplicitHealthCheckController: Explicit health check service is connected ComponentInfo{com.google.android.ext.services/android.ext.services.watchdog.ExplicitHealthCheckServiceImpl}
05-20 10:28:44.895   579   579 I ExplicitHealthCheckController: Service initialized, syncing requests
05-20 10:28:44.895   579   579 I PackageWatchdog: Syncing health check requests for packages: {}
05-20 10:28:44.895   579   579 D ExplicitHealthCheckController: Getting health check supported packages
05-20 10:28:44.895   579  1752 I ExplicitHealthCheckController: Explicit health check supported packages [PackageConfig{com.google.android.networkstack, 86400000}]
05-20 10:28:44.895   579  1752 D PackageWatchdog: Received supported packages [PackageConfig{com.google.android.networkstack, 86400000}]
05-20 10:28:44.895   579  1752 D ExplicitHealthCheckController: Getting health check requested packages
05-20 10:28:44.895   579  1752 I ExplicitHealthCheckController: Explicit health check requested packages []
05-20 10:28:44.895   579  1752 I ExplicitHealthCheckController: No more health check requests, unbinding...
05-20 10:28:44.895   579   675 I RescueParty: Starting to observe: [android], updated namespace: constrain_display_apis
05-20 10:28:44.895   579  1752 I ExplicitHealthCheckController: Explicit health check service is unbound
05-20 10:28:44.895   579   611 I PackageWatchdog: Syncing state, reason: observing new packages
05-20 10:28:44.895   579   611 D PackageWatchdog: rescue-party-observer added the following packages to monitor [android]
05-20 10:28:44.895   579   611 I PackageWatchdog: Syncing state, reason: updated observers
05-20 10:28:44.895   579   611 I PackageWatchdog: Not pruning observers, elapsed time: 0ms
05-20 10:28:44.895   579   611 I PackageWatchdog: Saving observer state to file
05-20 10:28:44.896   579   579 I PackageWatchdog: Syncing health check requests for packages: {}
05-20 10:28:44.896   579   579 I ExplicitHealthCheckController: Service not ready to get health check supported packages. Binding...
05-20 10:28:44.896   579   579 I ExplicitHealthCheckController: Explicit health check service is bound
05-20 10:28:44.896   579   579 I ExplicitHealthCheckController: Explicit health check service is connected ComponentInfo{com.google.android.ext.services/android.ext.services.watchdog.ExplicitHealthCheckServiceImpl}
05-20 10:28:44.896   579   579 I ExplicitHealthCheckController: Service initialized, syncing requests
05-20 10:28:44.896   579   579 I PackageWatchdog: Syncing health check requests for packages: {}
05-20 10:28:44.896   579   579 D ExplicitHealthCheckController: Getting health check supported packages
05-20 10:28:44.896   579  1727 I ExplicitHealthCheckController: Explicit health check supported packages [PackageConfig{com.google.android.networkstack, 86400000}]
05-20 10:28:44.896   579  1727 D PackageWatchdog: Received supported packages [PackageConfig{com.google.android.networkstack, 86400000}]
05-20 10:28:44.896   579  1727 D ExplicitHealthCheckController: Getting health check requested packages
05-20 10:28:44.896   579  1727 I ExplicitHealthCheckController: Explicit health check requested packages []
05-20 10:28:44.896   579  1727 I ExplicitHealthCheckController: No more health check requests, unbinding...
05-20 10:28:44.896   579  1727 I ExplicitHealthCheckController: Explicit health check service is unbound
05-20 10:28:44.897   579   675 I RescueParty: Starting to observe: [android], updated namespace: backup_and_restore
05-20 10:28:44.897   579   611 I PackageWatchdog: Syncing state, reason: observing new packages
05-20 10:28:44.897   579   611 D PackageWatchdog: rescue-party-observer added the following packages to monitor [android]
05-20 10:28:44.897   579   611 I PackageWatchdog: Syncing state, reason: updated observers
05-20 10:28:44.897   579   611 I PackageWatchdog: Not pruning observers, elapsed time: 0ms
05-20 10:28:44.897   579   611 I PackageWatchdog: Saving observer state to file
05-20 10:28:44.897   579   579 I PackageWatchdog: Syncing health check requests for packages: {}
05-20 10:28:44.897   579   579 I ExplicitHealthCheckController: Service not ready to get health check supported packages. Binding...
05-20 10:28:44.897   579   579 I ExplicitHealthCheckController: Explicit health check service is bound
05-20 10:28:44.898   579   579 I ExplicitHealthCheckController: Explicit health check service is connected ComponentInfo{com.google.android.ext.services/android.ext.services.watchdog.ExplicitHealthCheckServiceImpl}
05-20 10:28:44.898   579   579 I ExplicitHealthCheckController: Service initialized, syncing requests
05-20 10:28:44.898   579   579 I PackageWatchdog: Syncing health check requests for packages: {}
05-20 10:28:44.898   579   579 D ExplicitHealthCheckController: Getting health check supported packages
05-20 10:28:44.898   579  1752 I ExplicitHealthCheckController: Explicit health check supported packages [PackageConfig{com.google.android.networkstack, 86400000}]
05-20 10:28:44.898   579  1752 D PackageWatchdog: Received supported packages [PackageConfig{com.google.android.networkstack, 86400000}]
05-20 10:28:44.898   579  1752 D ExplicitHealthCheckController: Getting health check requested packages
05-20 10:28:44.898   579  1752 I ExplicitHealthCheckController: Explicit health check requested packages []
05-20 10:28:44.898   579  1752 I ExplicitHealthCheckController: No more health check requests, unbinding...
05-20 10:28:44.898   579  1752 I ExplicitHealthCheckController: Explicit health check service is unbound
05-20 10:28:44.899   579   675 I RescueParty: Starting to observe: [android, com.google.android.networkstack], updated namespace: tethering
05-20 10:28:44.899   579   611 I PackageWatchdog: Syncing state, reason: observing new packages
05-20 10:28:44.900   579   611 D PackageWatchdog: rescue-party-observer added the following packages to monitor [android, com.google.android.networkstack]
05-20 10:28:44.900   579   611 I PackageWatchdog: Syncing state, reason: updated observers
05-20 10:28:44.900   579   611 I PackageWatchdog: Not pruning observers, elapsed time: 0ms
05-20 10:28:44.900   579   611 I PackageWatchdog: Saving observer state to file
05-20 10:28:44.900   579   579 I PackageWatchdog: Syncing health check requests for packages: {}
05-20 10:28:44.900   579   579 I ExplicitHealthCheckController: Service not ready to get health check supported packages. Binding...
05-20 10:28:44.900   579   579 I ExplicitHealthCheckController: Explicit health check service is bound
05-20 10:28:44.900   579   579 I ExplicitHealthCheckController: Explicit health check service is connected ComponentInfo{com.google.android.ext.services/android.ext.services.watchdog.ExplicitHealthCheckServiceImpl}
05-20 10:28:44.900   579   579 I ExplicitHealthCheckController: Service initialized, syncing requests
05-20 10:28:44.900   579   579 I PackageWatchdog: Syncing health check requests for packages: {}
05-20 10:28:44.900   579   579 D ExplicitHealthCheckController: Getting health check supported packages
05-20 10:28:44.900   579  1752 I ExplicitHealthCheckController: Explicit health check supported packages [PackageConfig{com.google.android.networkstack, 86400000}]
05-20 10:28:44.900   579  1752 D PackageWatchdog: Received supported packages [PackageConfig{com.google.android.networkstack, 86400000}]
05-20 10:28:44.900   579  1752 D ExplicitHealthCheckController: Getting health check requested packages
05-20 10:28:44.901   579  1752 I ExplicitHealthCheckController: Explicit health check requested packages []
05-20 10:28:44.901   579  1752 I ExplicitHealthCheckController: No more health check requests, unbinding...
05-20 10:28:44.901   579  1752 I ExplicitHealthCheckController: Explicit health check service is unbound
05-20 10:28:44.901   579   675 I RescueParty: Starting to observe: [android], updated namespace: location
05-20 10:28:44.901   579   611 I PackageWatchdog: Syncing state, reason: observing new packages
05-20 10:28:44.901   579   611 D PackageWatchdog: rescue-party-observer added the following packages to monitor [android]
05-20 10:28:44.901   579   611 I PackageWatchdog: Syncing state, reason: updated observers
05-20 10:28:44.901   579   611 I PackageWatchdog: Not pruning observers, elapsed time: 0ms
05-20 10:28:44.901   579   611 I PackageWatchdog: Saving observer state to file
05-20 10:28:44.902   579   579 I PackageWatchdog: Syncing health check requests for packages: {}
05-20 10:28:44.902   579   579 I ExplicitHealthCheckController: Service not ready to get health check supported packages. Binding...
05-20 10:28:44.902   579   579 I ExplicitHealthCheckController: Explicit health check service is bound
05-20 10:28:44.902   579   579 I ExplicitHealthCheckController: Explicit health check service is connected ComponentInfo{com.google.android.ext.services/android.ext.services.watchdog.ExplicitHealthCheckServiceImpl}
05-20 10:28:44.902   579   579 I ExplicitHealthCheckController: Service initialized, syncing requests
05-20 10:28:44.902   579   579 I PackageWatchdog: Syncing health check requests for packages: {}
05-20 10:28:44.902   579   579 D ExplicitHealthCheckController: Getting health check supported packages
05-20 10:28:44.902   579  1092 I ExplicitHealthCheckController: Explicit health check supported packages [PackageConfig{com.google.android.networkstack, 86400000}]
05-20 10:28:44.902   579  1092 D PackageWatchdog: Received supported packages [PackageConfig{com.google.android.networkstack, 86400000}]
05-20 10:28:44.902   579  1092 D ExplicitHealthCheckController: Getting health check requested packages
05-20 10:28:44.902   579  1092 I ExplicitHealthCheckController: Explicit health check requested packages []
05-20 10:28:44.902   579  1092 I ExplicitHealthCheckController: No more health check requests, unbinding...
05-20 10:28:44.902   579  1092 I ExplicitHealthCheckController: Explicit health check service is unbound
05-20 10:28:49.720   579   911 D OomAdjuster: Not killing cached processes
05-20 10:28:54.717   579   674 D ActivityManager: freezing 1578 com.google.android.apps.photos
05-20 10:28:54.718   579   674 D ActivityManager: freezing 1546 com.google.android.googlequicksearchbox:search
05-20 10:28:54.718   579   674 D ActivityManager: freezing 2424 com.google.android.webview:sandboxed_process0:org.chromium.content.app.SandboxedProcessService0:0
05-20 10:28:54.718   579   674 D ActivityManager: freezing 1282 com.google.android.gms
05-20 10:28:54.860   579   674 D ActivityManager: freezing 1525 com.google.android.calendar
05-20 10:28:59.732   579   911 D OomAdjuster: Not killing cached processes
05-20 10:29:06.004   579   953 D OomAdjuster: Not killing cached processes
05-20 10:29:13.597   579   953 D OomAdjuster: Not killing cached processes
05-20 10:31:14.134   579  1752 I ActivityManager: Process com.google.android.apps.wellbeing (pid 1248) has died: prev LAST
05-20 10:31:14.135   579  1752 D OomAdjuster: Not killing cached processes
05-20 10:31:14.135   579   601 D DisplayManagerService: Drop pending events for gone uid 10142
05-20 10:33:44.777   579   579 I ContentCaptureManagerService: Content capture data sharing session terminated successfully for package 'com.google.android.googlequicksearchbox'
05-20 10:33:58.387   579  1740 I ActivityManager: Killing 3245:com.google.android.configupdater/u0a122 (adj 905): empty #17
05-20 10:33:58.387   579  1740 I ActivityManager: Killing 3333:com.google.android.rkpdapp/u0a211 (adj 905): empty #18
05-20 10:33:58.387   579  1740 I ActivityManager: Killing 3528:com.google.android.apps.restore/u0a131 (adj 905): empty #19
05-20 10:33:58.387   579  1740 I ActivityManager: Killing 3564:com.google.android.partnersetup/u0a136 (adj 905): empty #20
05-20 10:33:58.387   579  1740 I ActivityManager: Killing 3834:com.android.vending:instant_app_installer/u0a141 (adj 915): empty #21
05-20 10:33:58.387   579  1740 I ActivityManager: Killing 3481:com.google.android.apps.carrier.log/u0a120 (adj 905): empty #22
05-20 10:33:58.387   579  1740 I ActivityManager: Killing 2697:com.android.messaging/u0a170 (adj 905): empty #23
05-20 10:33:58.387   579  1740 I ActivityManager: Killing 2664:com.android.imsserviceentitlement/u0a133 (adj 905): empty #24
05-20 10:33:58.388   579  1740 I ActivityManager: Killing 3395:com.google.assistant.hubui:search/u0a140 (adj 905): empty #25
05-20 10:33:58.391   579  1740 I ActivityManager: Killing 3367:com.google.android.packageinstaller/u0a92 (adj 905): empty #26
05-20 10:33:58.391   579  1740 I ActivityManager: Killing 3320:com.google.android.ondevicepersonalization.services/u0a209 (adj 905): empty #27
05-20 10:33:58.391   579  1740 I ActivityManager: Killing 3297:com.google.android.federatedcompute/u0a210 (adj 905): empty #28
05-20 10:33:58.392   579  1740 I ActivityManager: Killing 3213:com.google.android.apps.nest.castauth/u0a121 (adj 905): empty #29
05-20 10:33:58.392   579  1740 I ActivityManager: Killing 2796:com.android.shell/2000 (adj 905): empty #30
05-20 10:33:58.392   579  1740 I ActivityManager: Killing 2840:com.google.android.webview:webview_service/u0a165 (adj 905): empty #31
05-20 10:33:58.392   579  1740 I ActivityManager: Killing 2142:com.google.android.tts/u0a151 (adj 905): empty #32
05-20 10:33:58.392   579  1740 I ActivityManager: Killing 2679:com.android.managedprovisioning/u0a95 (adj 905): empty #33
05-20 10:33:58.392   579  1740 I ActivityManager: Killing 2599:com.android.dynsystem:dynsystem/1000 (adj 905): empty #34
05-20 10:33:58.392   579  1740 I ActivityManager: Killing 2571:com.android.dynsystem/1000 (adj 905): empty #35
05-20 10:33:58.392   579  1740 I ActivityManager: Killing 2532:com.android.camera2/u0a146 (adj 905): empty #36
05-20 10:33:58.392   579  1740 I ActivityManager: Killing 2324:com.google.android.adservices.api/u0a193 (adj 905): empty #37
05-20 10:33:58.392   579  1740 I ActivityManager: Killing 2441:com.google.android.onetimeinitializer/u0a126 (adj 905): empty #38
05-20 10:33:58.392   579  1740 I ActivityManager: Killing 2356:com.android.externalstorage/u0a89 (adj 905): empty #39
05-20 10:33:58.392   579  1740 I ActivityManager: Killing 1342:com.android.printspooler/u0a116 (adj 905): empty #40
05-20 10:33:58.392   579  1740 I ActivityManager: Killing 2037:com.google.android.as:captions/u0a129 (adj 905): empty #41
05-20 10:33:58.392   579  1740 I ActivityManager: Killing 2045:com.android.localtransport/1000 (adj 915): empty #42
05-20 10:33:58.392   579  1740 I ActivityManager: Killing 1477:com.android.keychain/1000 (adj 915): empty #43
05-20 10:33:58.396   579   601 D DisplayManagerService: Drop pending events for gone uid 10122
05-20 10:33:58.398   579   601 D DisplayManagerService: Drop pending events for gone uid 10165
05-20 10:33:58.398   579   601 D DisplayManagerService: Drop pending events for gone uid 10170
05-20 10:33:58.401   579   601 D DisplayManagerService: Drop pending events for gone uid 10131
05-20 10:33:58.401   579   601 D DisplayManagerService: Drop pending events for gone uid 10120
05-20 10:33:58.403   579   601 D DisplayManagerService: Drop pending events for gone uid 10211
05-20 10:33:58.413   579   601 D DisplayManagerService: Drop pending events for gone uid 10089
05-20 10:33:58.417   579   601 D DisplayManagerService: Drop pending events for gone uid 10116
05-20 10:33:58.418   579   601 D DisplayManagerService: Drop pending events for gone uid 10095
05-20 10:33:58.418   579   601 D DisplayManagerService: Drop pending events for gone uid 10209
05-20 10:33:58.419   579   601 D DisplayManagerService: Drop pending events for gone uid 10126
05-20 10:33:58.419   579   601 D DisplayManagerService: Drop pending events for gone uid 10193
05-20 10:33:58.420   579   601 D DisplayManagerService: Drop pending events for gone uid 2000
05-20 10:33:58.423   579   601 D DisplayManagerService: Drop pending events for gone uid 10121
05-20 10:33:58.425   579   601 D DisplayManagerService: Drop pending events for gone uid 10092
05-20 10:33:58.425   579   601 D DisplayManagerService: Drop pending events for gone uid 10136
05-20 10:33:58.426   579   601 D DisplayManagerService: Drop pending events for gone uid 10146
05-20 10:33:58.428   579   601 D DisplayManagerService: Drop pending events for gone uid 10151
05-20 10:33:58.433   579   601 D DisplayManagerService: Drop pending events for gone uid 10133
05-20 10:33:58.434   579   601 D DisplayManagerService: Drop pending events for gone uid 10210
05-20 10:33:58.434   579   601 D DisplayManagerService: Drop pending events for gone uid 10140
05-20 10:35:25.790   579   908 I ActivityManager: Force stopping de.tsschulz.tt_tagebuch appid=10214 user=0: from pid 4551
05-20 10:35:25.790   579   908 I ActivityManager: Killing 2013:com.google.android.apps.wallpaper/u0a186 (adj 985): empty #17
05-20 10:35:25.791   579   908 I ActivityManager: Killing 2898:com.google.android.permissioncontroller/u0a205 (adj 985): empty #18
05-20 10:35:25.791   579   908 I ActivityManager: Killing 3033:com.google.android.gms.ui/u0a144 (adj 995): empty #19
05-20 10:35:25.791   579   908 I ActivityManager: Killing 3071:com.google.android.marvin.talkback/u0a173 (adj 995): empty #20
05-20 10:35:25.791   579   908 I ActivityManager: Killing 3041:com.google.android.healthconnect.controller/u0a202 (adj 999): empty #21
05-20 10:35:25.793   579   908 I ActivityManager: Killing 3009:com.google.android.cellbroadcastreceiver/u0a206 (adj 999): empty #22
05-20 10:35:25.793   579   908 I ActivityManager: Killing 2278:com.android.traceur/u0a118 (adj 999): empty #23
05-20 10:35:25.793   579   908 I ActivityManager: Killing 1567:android.process.acore/u0a82 (adj 999): empty #24
05-20 10:35:25.794   579   908 I ActivityManager: Killing 1771:com.android.providers.calendar/u0a84 (adj 999): empty #25
