05-20 10:44:53.959   579  1070 I AppsFilter: interaction: PackageSetting{fd2d1e7 de.tsschulz.tt_tagebuch/10214} -> PackageSetting{1b097ec com.android.systemui.emulation.pixel_6/10055} BLOCKED
05-20 10:44:53.959   579  1070 I AppsFilter: interaction: PackageSetting{fd2d1e7 de.tsschulz.tt_tagebuch/10214} -> PackageSetting{302c7b5 com.android.systemui.emulation.pixel_7/10058} BLOCKED
05-20 10:44:53.959   579  1070 I AppsFilter: interaction: PackageSetting{fd2d1e7 de.tsschulz.tt_tagebuch/10214} -> PackageSetting{c065e4a com.android.systemui.emulation.pixel_8/10061} BLOCKED
05-20 10:44:53.959   579  1070 I AppsFilter: interaction: PackageSetting{fd2d1e7 de.tsschulz.tt_tagebuch/10214} -> PackageSetting{6ace1bb com.android.printspooler/10116} BLOCKED
05-20 10:44:53.959   579  1070 I AppsFilter: interaction: PackageSetting{fd2d1e7 de.tsschulz.tt_tagebuch/10214} -> PackageSetting{60546d8 com.android.hotwordenrollment.okgoogle/10128} BLOCKED
05-20 10:44:53.959   579  1070 I AppsFilter: interaction: PackageSetting{fd2d1e7 de.tsschulz.tt_tagebuch/10214} -> PackageSetting{ee52a31 com.google.android.connectivity.resources.goldfish.overlay/10078} BLOCKED
05-20 10:44:53.959   579  1070 I AppsFilter: interaction: PackageSetting{fd2d1e7 de.tsschulz.tt_tagebuch/10214} -> PackageSetting{d541516 com.android.dreams.basic/10104} BLOCKED
05-20 10:44:53.959   579  1070 I AppsFilter: interaction: PackageSetting{fd2d1e7 de.tsschulz.tt_tagebuch/10214} -> PackageSetting{3dde97 com.google.android.networkstack.tethering.emulator/10027} BLOCKED
05-20 10:44:53.959   579  1070 I AppsFilter: interaction: PackageSetting{fd2d1e7 de.tsschulz.tt_tagebuch/10214} -> PackageSetting{3f3f884 com.android.providers.settings.auto_generated_rro_product__/10048} BLOCKED
05-20 10:44:53.959   579  1070 I AppsFilter: interaction: PackageSetting{fd2d1e7 de.tsschulz.tt_tagebuch/10214} -> PackageSetting{eb1386d com.google.android.as.oss/10123} BLOCKED
05-20 10:44:53.959   579  1070 I AppsFilter: interaction: PackageSetting{fd2d1e7 de.tsschulz.tt_tagebuch/10214} -> PackageSetting{1f46ca2 com.android.traceur.auto_generated_rro_product__/10073} BLOCKED
05-20 10:44:53.959   579  1070 I AppsFilter: interaction: PackageSetting{fd2d1e7 de.tsschulz.tt_tagebuch/10214} -> PackageSetting{577cd33 com.google.android.devicelockcontroller/10207} BLOCKED
05-20 10:44:53.959   579  1070 I AppsFilter: interaction: PackageSetting{fd2d1e7 de.tsschulz.tt_tagebuch/10214} -> PackageSetting{cfa18f0 com.android.internal.emulation.pixel_3/10008} BLOCKED
05-20 10:44:53.959   579  1070 I AppsFilter: interaction: PackageSetting{fd2d1e7 de.tsschulz.tt_tagebuch/10214} -> PackageSetting{3b5ee69 com.android.internal.emulation.pixel_4/10013} BLOCKED
05-20 10:44:53.959   579  1070 I AppsFilter: interaction: PackageSetting{fd2d1e7 de.tsschulz.tt_tagebuch/10214} -> PackageSetting{150b0ee com.android.internal.emulation.pixel_5/10017} BLOCKED
05-20 10:44:53.959   579  1070 I AppsFilter: interaction: PackageSetting{fd2d1e7 de.tsschulz.tt_tagebuch/10214} -> PackageSetting{b58098f com.android.internal.emulation.pixel_6/10019} BLOCKED
05-20 10:44:53.959   579  1070 I AppsFilter: interaction: PackageSetting{fd2d1e7 de.tsschulz.tt_tagebuch/10214} -> PackageSetting{affd41c com.android.internal.emulation.pixel_7/10021} BLOCKED
05-20 10:44:53.959   579  1070 I AppsFilter: interaction: PackageSetting{fd2d1e7 de.tsschulz.tt_tagebuch/10214} -> PackageSetting{b360825 com.android.internal.emulation.pixel_8/10023} BLOCKED
05-20 10:44:53.959   579  1070 I AppsFilter: interaction: PackageSetting{fd2d1e7 de.tsschulz.tt_tagebuch/10214} -> PackageSetting{e1aedfa com.google.android.captiveportallogin/10106} BLOCKED
05-20 10:44:53.959   579  1070 I AppsFilter: interaction: PackageSetting{fd2d1e7 de.tsschulz.tt_tagebuch/10214} -> PackageSetting{f55afab android.auto_generated_characteristics_rro/10077} BLOCKED
05-20 10:44:53.959   579  1070 I AppsFilter: interaction: PackageSetting{fd2d1e7 de.tsschulz.tt_tagebuch/10214} -> PackageSetting{c441608 com.google.android.appsearch.apk/10189} BLOCKED
05-20 10:44:53.959   579  1070 I AppsFilter: interaction: PackageSetting{fd2d1e7 de.tsschulz.tt_tagebuch/10214} -> PackageSetting{9e401a1 com.android.musicfx/10096} BLOCKED
05-20 10:44:53.959   579  1070 I AppsFilter: interaction: PackageSetting{fd2d1e7 de.tsschulz.tt_tagebuch/10214} -> PackageSetting{219efc6 com.google.android.apps.docs/10150} BLOCKED
05-20 10:44:53.959   579  1070 I AppsFilter: interaction: PackageSetting{fd2d1e7 de.tsschulz.tt_tagebuch/10214} -> PackageSetting{8ddf277 com.google.android.apps.maps/10158} BLOCKED
05-20 10:44:53.959   579  1070 I AppsFilter: interaction: PackageSetting{fd2d1e7 de.tsschulz.tt_tagebuch/10214} -> PackageSetting{53d9b87 com.google.android.apps.kids.home/10135} BLOCKED
05-20 10:44:53.959   579  1070 I AppsFilter: interaction: PackageSetting{fd2d1e7 de.tsschulz.tt_tagebuch/10214} -> PackageSetting{51e0b6c de.tt_tagebuch.app/10212} BLOCKED
05-20 10:44:53.959   579  1070 I AppsFilter: interaction: PackageSetting{fd2d1e7 de.tsschulz.tt_tagebuch/10214} -> PackageSetting{2088ab4 com.google.android.markup/10152} BLOCKED
05-20 10:44:53.959   579  1070 I AppsFilter: interaction: PackageSetting{fd2d1e7 de.tsschulz.tt_tagebuch/10214} -> PackageSetting{31e16dd com.android.providers.settings.auto_generated_rro_vendor__/10081} BLOCKED
05-20 10:44:53.959   579  1070 I AppsFilter: interaction: PackageSetting{fd2d1e7 de.tsschulz.tt_tagebuch/10214} -> PackageSetting{ab54252 com.google.android.webview/10165} BLOCKED
05-20 10:44:53.959   579  1070 I AppsFilter: interaction: PackageSetting{fd2d1e7 de.tsschulz.tt_tagebuch/10214} -> PackageSetting{6ce6923 com.google.android.apps.carrier.log/10120} BLOCKED
05-20 10:44:53.959   579  1070 I AppsFilter: interaction: PackageSetting{fd2d1e7 de.tsschulz.tt_tagebuch/10214} -> PackageSetting{dfd9e20 com.google.android.rkpdapp/10211} BLOCKED
05-20 10:44:53.959   579  1070 I AppsFilter: interaction: PackageSetting{fd2d1e7 de.tsschulz.tt_tagebuch/10214} -> PackageSetting{7ea43d9 com.google.android.contacts/10147} BLOCKED
05-20 10:44:53.959   579  1070 I AppsFilter: interaction: PackageSetting{fd2d1e7 de.tsschulz.tt_tagebuch/10214} -> PackageSetting{241319e com.android.phone.auto_generated_characteristics_rro/10066} BLOCKED
05-20 10:44:53.959   579  1070 I AppsFilter: interaction: PackageSetting{fd2d1e7 de.tsschulz.tt_tagebuch/10214} -> PackageSetting{114747f com.google.android.overlay.googleconfig/10029} BLOCKED
05-20 10:44:53.959   579  1070 I AppsFilter: interaction: PackageSetting{fd2d1e7 de.tsschulz.tt_tagebuch/10214} -> PackageSetting{a6e7c4c com.android.chrome/10145} BLOCKED
05-20 10:44:53.959   579  1070 I AppsFilter: interaction: PackageSetting{fd2d1e7 de.tsschulz.tt_tagebuch/10214} -> PackageSetting{9b24495 com.android.dialer/10127} BLOCKED
05-20 10:44:53.959   579  1070 I AppsFilter: interaction: PackageSetting{fd2d1e7 de.tsschulz.tt_tagebuch/10214} -> PackageSetting{20ac9aa com.google.android.apps.customization.pixel/10155} BLOCKED
05-20 10:44:53.959   579  1070 I AppsFilter: interaction: PackageSetting{fd2d1e7 de.tsschulz.tt_tagebuch/10214} -> PackageSetting{b85d99b com.google.android.tag/10099} BLOCKED
05-20 10:44:53.959   579  1070 I AppsFilter: interaction: PackageSetting{fd2d1e7 de.tsschulz.tt_tagebuch/10214} -> PackageSetting{92d1138 com.google.android.overlay.permissioncontroller/10031} BLOCKED
05-20 10:44:53.959   579  1070 I AppsFilter: interaction: PackageSetting{fd2d1e7 de.tsschulz.tt_tagebuch/10214} -> PackageSetting{cbf9511 com.google.android.partnersetup/10136} BLOCKED
05-20 10:44:53.959   579  1070 I AppsFilter: interaction: PackageSetting{fd2d1e7 de.tsschulz.tt_tagebuch/10214} -> PackageSetting{923d676 com.google.android.apps.wallpaper.nexus/10154} BLOCKED
05-20 10:44:53.959   579  1070 I AppsFilter: interaction: PackageSetting{fd2d1e7 de.tsschulz.tt_tagebuch/10214} -> PackageSetting{4de7477 com.google.android.apps.wallpaper.pixel/10156} BLOCKED
05-20 10:44:53.959   579  1070 I AppsFilter: interaction: PackageSetting{fd2d1e7 de.tsschulz.tt_tagebuch/10214} -> PackageSetting{53e08e4 com.google.android.apps.nexuslauncher/10180} BLOCKED
05-20 10:44:53.959   579  1070 I AppsFilter: interaction: PackageSetting{fd2d1e7 de.tsschulz.tt_tagebuch/10214} -> PackageSetting{677714d com.android.theme.font.notoserifsource/10030} BLOCKED
05-20 10:44:53.959   579  1070 I AppsFilter: interaction: PackageSetting{fd2d1e7 de.tsschulz.tt_tagebuch/10214} -> PackageSetting{3eee402 com.google.android.safetycenter.resources/10204} BLOCKED
05-20 10:44:53.959   579  1070 I AppsFilter: interaction: PackageSetting{fd2d1e7 de.tsschulz.tt_tagebuch/10214} -> PackageSetting{1bbe113 com.android.internal.display.cutout.emulation.waterfall/10009} BLOCKED
05-20 10:44:53.959   579  1070 I AppsFilter: interaction: PackageSetting{fd2d1e7 de.tsschulz.tt_tagebuch/10214} -> PackageSetting{344cf50 com.android.internal.systemui.navbar.transparent/10074} BLOCKED
05-20 10:44:53.959   579  1070 I AppsFilter: interaction: PackageSetting{fd2d1e7 de.tsschulz.tt_tagebuch/10214} -> PackageSetting{356d549 com.google.android.connectivity.resources/10195} BLOCKED
05-20 10:44:53.959   579  1070 I AppsFilter: interaction: PackageSetting{fd2d1e7 de.tsschulz.tt_tagebuch/10214} -> PackageSetting{6b3e4e com.android.providers.contacts.auto_generated_rro_product__/10001} BLOCKED
05-20 10:44:53.959   579  1070 I AppsFilter: interaction: PackageSetting{fd2d1e7 de.tsschulz.tt_tagebuch/10214} -> PackageSetting{8f97b6f com.google.android.feedback/10175} BLOCKED
05-20 10:44:53.959   579  1070 I AppsFilter: interaction: PackageSetting{fd2d1e7 de.tsschulz.tt_tagebuch/10214} -> PackageSetting{caf907c com.google.android.printservice.recommendation/10110} BLOCKED
05-20 10:44:53.959   579  1070 I AppsFilter: interaction: PackageSetting{fd2d1e7 de.tsschulz.tt_tagebuch/10214} -> PackageSetting{ae7d05 com.google.android.apps.photos/10167} BLOCKED
05-20 10:44:53.959   579  1070 I AppsFilter: interaction: PackageSetting{fd2d1e7 de.tsschulz.tt_tagebuch/10214} -> PackageSetting{9e9779b com.google.android.calendar/10149} BLOCKED
05-20 10:44:53.959   579  1070 I AppsFilter: interaction: PackageSetting{fd2d1e7 de.tsschulz.tt_tagebuch/10214} -> PackageSetting{b40f15a com.google.android.documentsui/10090} BLOCKED
05-20 10:44:53.959   579  1070 I AppsFilter: interaction: PackageSetting{fd2d1e7 de.tsschulz.tt_tagebuch/10214} -> PackageSetting{9cc5f8b com.google.android.overlay.titanconfig/10068} BLOCKED
05-20 10:44:53.959   579  1070 I AppsFilter: interaction: PackageSetting{fd2d1e7 de.tsschulz.tt_tagebuch/10214} -> PackageSetting{1a33868 com.android.systemui.emulation.pixel_3a_xl/10050} BLOCKED
05-20 10:44:53.959   579  1070 I AppsFilter: interaction: PackageSetting{fd2d1e7 de.tsschulz.tt_tagebuch/10214} -> PackageSetting{61ee481 com.android.systemui.emulation.pixel_6_pro/10056} BLOCKED
05-20 10:44:53.959   579  1070 I AppsFilter: interaction: PackageSetting{fd2d1e7 de.tsschulz.tt_tagebuch/10214} -> PackageSetting{18cc926 com.android.systemui.emulation.pixel_7_pro/10059} BLOCKED
05-20 10:44:53.959   579  1070 I AppsFilter: interaction: PackageSetting{fd2d1e7 de.tsschulz.tt_tagebuch/10214} -> PackageSetting{79f6967 com.android.systemui.emulation.pixel_8_pro/10062} BLOCKED
05-20 10:44:53.959   579  1070 I AppsFilter: interaction: PackageSetting{fd2d1e7 de.tsschulz.tt_tagebuch/10214} -> PackageSetting{da77314 com.android.devicediagnostics.auto_generated_rro_product__/10000} BLOCKED
05-20 10:44:53.959   579  1070 I AppsFilter: interaction: PackageSetting{fd2d1e7 de.tsschulz.tt_tagebuch/10214} -> PackageSetting{ad447bd com.android.providers.partnerbookmarks/10114} BLOCKED
05-20 10:44:53.959   579  1070 I AppsFilter: interaction: PackageSetting{fd2d1e7 de.tsschulz.tt_tagebuch/10214} -> PackageSetting{36c51b2 com.android.wallpaper.livepicker/10094} BLOCKED
05-20 10:44:53.959   579  1070 I AppsFilter: interaction: PackageSetting{fd2d1e7 de.tsschulz.tt_tagebuch/10214} -> PackageSetting{7af3503 com.google.android.apps.youtube.kids/10168} BLOCKED
05-20 10:44:53.959   579  1070 I AppsFilter: interaction: PackageSetting{fd2d1e7 de.tsschulz.tt_tagebuch/10214} -> PackageSetting{b12ac80 com.google.android.apps.safetyhub.hideapps/10162} BLOCKED
05-20 10:44:53.959   579  1070 I AppsFilter: interaction: PackageSetting{fd2d1e7 de.tsschulz.tt_tagebuch/10214} -> PackageSetting{282a2b9 com.android.imsserviceentitlement/10133} BLOCKED
05-20 10:44:53.959   579  1070 I AppsFilter: interaction: PackageSetting{fd2d1e7 de.tsschulz.tt_tagebuch/10214} -> PackageSetting{349d6fe com.google.assistant.hubui/10140} BLOCKED
05-20 10:44:53.959   579  1070 I AppsFilter: interaction: PackageSetting{fd2d1e7 de.tsschulz.tt_tagebuch/10214} -> PackageSetting{c661e5f com.google.android.healthconnect.controller/10202} BLOCKED
05-20 10:44:53.959   579  1070 I AppsFilter: interaction: PackageSetting{fd2d1e7 de.tsschulz.tt_tagebuch/10214} -> PackageSetting{13610ac com.google.android.apps.nest.dockmanager.app/10125} BLOCKED
05-20 10:44:53.959   579  1070 I AppsFilter: interaction: PackageSetting{fd2d1e7 de.tsschulz.tt_tagebuch/10214} -> PackageSetting{e21b175 com.android.internal.emulation.pixel_2_xl/10018} BLOCKED
05-20 10:44:53.959   579  1070 I AppsFilter: interaction: PackageSetting{fd2d1e7 de.tsschulz.tt_tagebuch/10214} -> PackageSetting{de8650a com.android.internal.emulation.pixel_3_xl/10010} BLOCKED
05-20 10:44:53.959   579  1070 I AppsFilter: interaction: PackageSetting{fd2d1e7 de.tsschulz.tt_tagebuch/10214} -> PackageSetting{a78417b com.android.internal.emulation.pixel_4_xl/10014} BLOCKED
05-20 10:44:53.959   579  1070 I AppsFilter: interaction: PackageSetting{fd2d1e7 de.tsschulz.tt_tagebuch/10214} -> PackageSetting{9498b98 com.android.internal.emulation.pixel_fold/10028} BLOCKED
05-20 10:44:53.959   579  1070 I AppsFilter: interaction: PackageSetting{fd2d1e7 de.tsschulz.tt_tagebuch/10214} -> PackageSetting{c68eff1 com.android.bookmarkprovider/10101} BLOCKED
05-20 10:44:53.959   579  1070 I AppsFilter: interaction: PackageSetting{fd2d1e7 de.tsschulz.tt_tagebuch/10214} -> PackageSetting{72fc7d6 com.google.android.overlay.pixelconfigcommon/10042} BLOCKED
05-20 10:44:53.959   579  1070 I AppsFilter: interaction: PackageSetting{fd2d1e7 de.tsschulz.tt_tagebuch/10214} -> PackageSetting{3bf7a57 com.android.systemui.emulation.pixel_3a/10049} BLOCKED
05-20 10:44:53.959   579  1070 I AppsFilter: interaction: PackageSetting{fd2d1e7 de.tsschulz.tt_tagebuch/10214} -> PackageSetting{617c944 com.android.systemui.emulation.pixel_4a/10053} BLOCKED
05-20 10:44:53.959   579  1070 I AppsFilter: interaction: PackageSetting{fd2d1e7 de.tsschulz.tt_tagebuch/10214} -> PackageSetting{60b9a2d com.android.systemui.emulation.pixel_6a/10057} BLOCKED
05-20 10:44:53.959   579  1070 I AppsFilter: interaction: PackageSetting{fd2d1e7 de.tsschulz.tt_tagebuch/10214} -> PackageSetting{7b88b62 com.android.systemui.emulation.pixel_7a/10060} BLOCKED
05-20 10:44:53.959   579  1070 I AppsFilter: interaction: PackageSetting{fd2d1e7 de.tsschulz.tt_tagebuch/10214} -> PackageSetting{3d764f3 com.android.systemui.emulation.pixel_8a/10063} BLOCKED
05-20 10:44:53.959   579  1070 I AppsFilter: interaction: PackageSetting{fd2d1e7 de.tsschulz.tt_tagebuch/10214} -> PackageSetting{a6a35b0 com.google.android.settings.intelligence/10139} BLOCKED
05-20 10:44:53.959   579  1070 I AppsFilter: interaction: PackageSetting{fd2d1e7 de.tsschulz.tt_tagebuch/10214} -> PackageSetting{1b4ac29 com.google.android.apps.books/10159} BLOCKED
05-20 10:44:53.960   579  1070 I AppsFilter: interaction: PackageSetting{fd2d1e7 de.tsschulz.tt_tagebuch/10214} -> PackageSetting{702df7b com.google.android.projection.gearhead/10124} BLOCKED
05-20 10:44:53.960   579  1070 I AppsFilter: interaction: PackageSetting{fd2d1e7 de.tsschulz.tt_tagebuch/10214} -> PackageSetting{717fbae com.google.android.apps.scone/10137} BLOCKED
05-20 10:44:53.960   579  1070 I AppsFilter: interaction: PackageSetting{fd2d1e7 de.tsschulz.tt_tagebuch/10214} -> PackageSetting{a795d4f com.google.android.uwb.resources/10196} BLOCKED
05-20 10:44:53.960   579  1070 I AppsFilter: interaction: PackageSetting{fd2d1e7 de.tsschulz.tt_tagebuch/10214} -> PackageSetting{a34fcdc com.google.android.apps.chromecast.app/10138} BLOCKED
05-20 10:44:53.960   579  1070 I AppsFilter: interaction: PackageSetting{fd2d1e7 de.tsschulz.tt_tagebuch/10214} -> PackageSetting{72d198 com.android.cts.ctsshim/10198} BLOCKED
05-20 10:44:53.960   579  1070 I AppsFilter: interaction: PackageSetting{fd2d1e7 de.tsschulz.tt_tagebuch/10214} -> PackageSetting{bc2e1e5 com.google.android.wifi.resources/10190} BLOCKED
05-20 10:44:53.960   579  1070 I AppsFilter: interaction: PackageSetting{fd2d1e7 de.tsschulz.tt_tagebuch/10214} -> PackageSetting{eec24ba com.google.android.wifi.dialog/10192} BLOCKED
05-20 10:44:53.960   579  1070 I AppsFilter: interaction: PackageSetting{fd2d1e7 de.tsschulz.tt_tagebuch/10214} -> PackageSetting{f987f6b com.android.wallpaper/10184} BLOCKED
05-20 10:44:53.960   579  1070 I AppsFilter: interaction: PackageSetting{fd2d1e7 de.tsschulz.tt_tagebuch/10214} -> PackageSetting{2830ac8 com.google.android.apps.wallpaper/10186} BLOCKED
05-20 10:44:53.960   579  1070 I AppsFilter: interaction: PackageSetting{fd2d1e7 de.tsschulz.tt_tagebuch/10214} -> PackageSetting{dc4b761 com.google.android.keep/10148} BLOCKED
05-20 10:44:53.960   579  1070 I AppsFilter: interaction: PackageSetting{fd2d1e7 de.tsschulz.tt_tagebuch/10214} -> PackageSetting{2a7d286 com.google.android.odad/10134} BLOCKED
05-20 10:44:53.960   579  1070 I AppsFilter: interaction: PackageSetting{fd2d1e7 de.tsschulz.tt_tagebuch/10214} -> PackageSetting{d3da747 com.android.settings.auto_generated_rro_product__/10044} BLOCKED
05-20 10:44:53.960   579  1070 I AppsFilter: interaction: PackageSetting{fd2d1e7 de.tsschulz.tt_tagebuch/10214} -> PackageSetting{4220b74 com.android.companiondevicemanager.auto_generated_characteristics_rro/10004} BLOCKED
05-20 10:44:53.960   579  1070 I AppsFilter: interaction: PackageSetting{fd2d1e7 de.tsschulz.tt_tagebuch/10214} -> PackageSetting{1b4689d com.android.internal.systemui.navbar.gestural/10038} BLOCKED
05-20 10:44:53.960   579  1070 I AppsFilter: interaction: PackageSetting{fd2d1e7 de.tsschulz.tt_tagebuch/10214} -> PackageSetting{81e9112 com.google.android.apps.youtube.music/10171} BLOCKED
05-20 10:44:53.960   579  1070 I AppsFilter: interaction: PackageSetting{fd2d1e7 de.tsschulz.tt_tagebuch/10214} -> PackageSetting{b2370e3 com.android.bluetoothmidiservice/10103} BLOCKED
05-20 10:44:53.960   579  1070 I AppsFilter: interaction: PackageSetting{fd2d1e7 de.tsschulz.tt_tagebuch/10214} -> PackageSetting{d0e6ae0 com.android.storagemanager.auto_generated_rro_product__/10046} BLOCKED
05-20 10:44:53.960   579  1070 I AppsFilter: interaction: PackageSetting{fd2d1e7 de.tsschulz.tt_tagebuch/10214} -> PackageSetting{cf3f199 com.google.android.cellbroadcastreceiver/10206} BLOCKED
05-20 10:44:53.960   579  1070 I AppsFilter: interaction: PackageSetting{fd2d1e7 de.tsschulz.tt_tagebuch/10214} -> PackageSetting{cd0ac5e android.auto_generated_rro_product__/10076} BLOCKED
05-20 10:44:53.960   579  1070 I AppsFilter: interaction: PackageSetting{fd2d1e7 de.tsschulz.tt_tagebuch/10214} -> PackageSetting{1b92fd com.google.android.inputmethod.latin/10157} BLOCKED
05-20 10:44:53.960   579  1070 I AppsFilter: interaction: PackageSetting{fd2d1e7 de.tsschulz.tt_tagebuch/10214} -> PackageSetting{812383f android.auto_generated_rro_vendor__/10079} BLOCKED
05-20 10:44:53.960   579  1070 I AppsFilter: interaction: PackageSetting{fd2d1e7 de.tsschulz.tt_tagebuch/10214} -> PackageSetting{c9f550c com.google.android.apps.restore/10131} BLOCKED
05-20 10:44:53.981   579  1070 W OptProp : Cannot read opt property android.window.PROPERTY_COMPAT_ENABLE_FAKE_FOCUS
05-20 10:44:53.981   579  1070 D CompatChangeReporter: Compat change id reported: 324203798; UID 10214; state: ENABLED
05-20 10:44:54.366   579  1070 D CoreBackPreview: Window{5824c10 u0 de.tsschulz.tt_tagebuch/de.tsschulz.tt_tagebuch.app.MainActivity}: Setting back callback OnBackInvokedCallbackInfo{mCallback=android.window.IOnBackInvokedCallback$Stub$Proxy@374881a, mPriority=0, mIsAnimationCallback=false}
05-20 10:44:54.578   579   953 W PackageConfigPersister: App-specific configuration not found for packageName: de.tsschulz.tt_tagebuch and userId: 0
05-20 10:44:54.870   579   953 D CoreBackPreview: Window{7033432 u0 Splash Screen de.tsschulz.tt_tagebuch EXITING}: Setting back callback null
05-20 10:44:56.075   579   953 I ActivityManager: Killing 2921:com.google.android.apps.chromecast.app/u0a138 (adj 975): empty #17
05-20 10:44:56.075   579   674 D ActivityManager: freezing 1578 com.google.android.apps.photos
05-20 10:44:56.093   579   601 D DisplayManagerService: Drop pending events for gone uid 10138
05-20 10:44:56.121   579   674 D ActivityManager: freezing 2201 com.android.vending
05-20 10:44:56.122   579   674 D ActivityManager: freezing 3617 com.android.vending:background
05-20 10:44:56.196   579   674 D ActivityManager: freezing 5130 com.google.android.configupdater
05-20 10:44:57.374   579  1425 E TaskPersister: File error accessing recents directory (directory doesn't exist?).
05-20 10:44:57.661   579   953 D CompatChangeReporter: Compat change id reported: 319212206; UID 10214; state: ENABLED
05-20 10:45:00.022   579   953 D CoreBackPreview: Window{abfe405 u0 Pop-Up Window}: Setting back callback OnBackInvokedCallbackInfo{mCallback=android.window.IOnBackInvokedCallback$Stub$Proxy@7637614, mPriority=0, mIsAnimationCallback=false}
05-20 10:45:00.417   579  1092 W PackageConfigPersister: App-specific configuration not found for packageName: de.tsschulz.tt_tagebuch and userId: 0
05-20 10:45:01.372   579   953 D CoreBackPreview: Window{abfe405 u0 Pop-Up Window}: Setting back callback null
05-20 10:45:01.375   579   953 E WindowManager: Unknown window type: 1002
05-20 10:45:01.383   579   603 V WindowManager: Unknown focus tokens, dropping reportFocusChanged
05-20 10:45:01.442   579  1092 W PackageConfigPersister: App-specific configuration not found for packageName: de.tsschulz.tt_tagebuch and userId: 0
05-20 10:45:04.748   185  5240 I keystore2: system/security/keystore2/watchdog/src/lib.rs:319 - Watchdog thread idle -> terminating. Have a great day.
05-20 10:45:06.098   579   674 D ActivityManager: freezing 1546 com.google.android.googlequicksearchbox:search
05-20 10:45:06.098   579   674 D ActivityManager: freezing 2424 com.google.android.webview:sandboxed_process0:org.chromium.content.app.SandboxedProcessService0:0
05-20 10:46:39.854   579   797 E ClipboardService: Denying clipboard access to com.android.chrome, application is not in focus nor is it a system service for user 0
05-20 10:48:47.861   579   797 E ClipboardService: Denying clipboard access to com.android.chrome, application is not in focus nor is it a system service for user 0
05-20 10:48:47.904   579   797 E ClipboardService: Denying clipboard access to com.android.chrome, application is not in focus nor is it a system service for user 0
05-20 10:52:28.610   579   621 W BatteryExternalStatsWorker: error reading modem stats:ERROR_PHONE_NOT_AVAILABLE
05-20 10:52:28.610   579  2077 W BatteryExternalStatsWorker: error reading Bluetooth stats: 11
05-20 10:52:28.613   579   621 W KernelCpuProcStringReader: File not found. It's normal if not implemented: /proc/uid_concurrent_policy_time
05-20 10:52:37.813   579   846 E DiscreteRegistry: Deleting file 1778662038775tl
05-20 10:52:46.135   579   611 I ProcessStatsService: Pruning old procstats: /data/system/procstats/state-v2-2026-05-17-14-42-53.bin
05-20 10:58:02.162   579  2074 D ActivityManager: sync unfroze 2806 com.google.android.gms.unstable for 6
05-20 10:58:02.163  2806  2806 D ActivityThread: Package [de.tsschulz.tt_tagebuch] reported as REPLACED, but missing application info. Assuming REMOVED.
05-20 10:58:02.163  2806  2806 D ActivityThread: Package [de.tsschulz.tt_tagebuch] reported as REPLACED, but missing application info. Assuming REMOVED.
05-20 10:58:02.165   579  2074 W ProcessStats: Tracking association SourceState{d94461 com.google.android.gms.persistent/10144 BFgs #3063} whose proc state 4 is better than process ProcessState{1c4070b com.google.android.gms.unstable/10144 pkg=com.google.android.gms} proc state 14 (14 skipped)
05-20 10:58:17.214   579   674 D ActivityManager: freezing 2806 com.google.android.gms.unstable
05-20 10:58:17.215   579   674 D ActivityManager: Reschedule freeze for process 2806 com.google.android.gms.unstable (new pending txns), timeout=2082
05-20 10:58:17.215   579   674 D ActivityManager: sync unfroze 2806 com.google.android.gms.unstable for 18
05-20 10:58:19.307   579   674 D ActivityManager: freezing 2806 com.google.android.gms.unstable
05-20 10:58:47.495   579   679 D ActivityManager: sync unfroze 1282 com.google.android.gms for 6
05-20 10:58:47.501   579   665 D ActivityManager: sync unfroze 1546 com.google.android.googlequicksearchbox:search for 6
05-20 10:58:47.502   579   665 D ActivityManager: sync unfroze 2424 com.google.android.webview:sandboxed_process0:org.chromium.content.app.SandboxedProcessService0:0 for 6
05-20 10:58:47.506   579   613 I ActivityManager: Start proc 5600:com.google.android.apps.scone/u0a137 for service {com.google.android.apps.scone/com.google.android.apps.scone.checkin.CheckinJobService}
05-20 10:58:47.512   579  2074 W ProcessStats: Tracking association SourceState{4586bdb com.google.android.googlequicksearchbox:search/10143 ImpBg #3078} whose proc state 6 is better than process ProcessState{4e2afd4 com.google.android.webview:sandboxed_process0:org.chromium.content.app.SandboxedProcessService0:0/10143 pkg=com.google.android.googlequicksearchbox} proc state 14 (1 skipped)
05-20 10:58:47.606   579  2077 D CompatChangeReporter: Compat change id reported: 161145287; UID 10137; state: ENABLED
05-20 10:58:47.609   579  1092 D CompatChangeReporter: Compat change id reported: 261072174; UID 10137; state: ENABLED
05-20 10:58:47.612   579  2077 D CompatChangeReporter: Compat change id reported: 253665015; UID 10137; state: ENABLED
05-20 10:58:47.612   579  2077 W JobScheduler: Job didn't exist in JobStore: 78322f5 #u0a137/3890 com.google.android.apps.scone/.checkin.CheckinJobService
05-20 10:58:54.566   579  2077 I ActivityManager: Killing 1783:com.google.android.settings.intelligence/u0a139 (adj 965): empty #17
05-20 10:58:54.574   579   601 D DisplayManagerService: Drop pending events for gone uid 10139
05-20 10:58:54.575   579   787 D ActivityManager: sync unfroze 992 com.android.settings for 7
05-20 10:58:54.575   992   992 I ActivityThread: Removing dead content provider:android.content.ContentProviderProxy@d0d46ef
05-20 10:58:57.543   579   674 D ActivityManager: freezing 1546 com.google.android.googlequicksearchbox:search
05-20 10:58:57.543   579   674 D ActivityManager: freezing 2424 com.google.android.webview:sandboxed_process0:org.chromium.content.app.SandboxedProcessService0:0
05-20 10:58:57.613   579   674 D ActivityManager: freezing 5600 com.google.android.apps.scone
05-20 10:59:04.595   579   674 D ActivityManager: freezing 1282 com.google.android.gms
05-20 10:59:47.498   579   895 W BatteryExternalStatsWorker: error reading Bluetooth stats: 11
05-20 11:00:00.000   579   612 D ActivityManager: sync unfroze 4586 com.android.keychain for 10
05-20 11:00:00.000   579   665 E JobScheduler.JobStatus: App com.google.android.inputmethod.latin became active but still in NEVER bucket
05-20 11:00:00.001   579   665 E JobScheduler.JobStatus: App com.google.android.inputmethod.latin became active but still in NEVER bucket
05-20 11:00:00.001   579   665 E JobScheduler.JobStatus: App com.google.android.inputmethod.latin became active but still in NEVER bucket
05-20 11:00:00.001   579   665 E JobScheduler.JobStatus: App com.google.android.inputmethod.latin became active but still in NEVER bucket
05-20 11:00:00.001   579   665 E JobScheduler.JobStatus: App com.google.android.inputmethod.latin became active but still in NEVER bucket
05-20 11:00:00.001   579   665 E JobScheduler.JobStatus: App com.google.android.inputmethod.latin became active but still in NEVER bucket
05-20 11:00:00.001   579   665 E JobScheduler.JobStatus: App com.google.android.inputmethod.latin became active but still in NEVER bucket
05-20 11:00:00.001   579   665 E JobScheduler.JobStatus: App com.google.android.inputmethod.latin became active but still in NEVER bucket
05-20 11:00:00.001   579   665 E JobScheduler.JobStatus: App com.google.android.inputmethod.latin became active but still in NEVER bucket
05-20 11:00:00.001   579   665 E JobScheduler.JobStatus: App com.google.android.inputmethod.latin became active but still in NEVER bucket
05-20 11:00:00.001   579   665 E JobScheduler.JobStatus: App com.google.android.inputmethod.latin became active but still in NEVER bucket
05-20 11:00:00.001   579   665 E JobScheduler.JobStatus: App com.google.android.inputmethod.latin became active but still in NEVER bucket
05-20 11:00:00.002   579   665 E JobScheduler.JobStatus: App com.google.android.inputmethod.latin became active but still in NEVER bucket
05-20 11:00:00.002   579   665 E JobScheduler.JobStatus: App com.google.android.inputmethod.latin became active but still in NEVER bucket
05-20 11:00:00.002   579   665 E JobScheduler.JobStatus: App com.google.android.inputmethod.latin became active but still in NEVER bucket
05-20 11:00:00.002   579   665 E JobScheduler.JobStatus: App com.google.android.inputmethod.latin became active but still in NEVER bucket
05-20 11:00:00.002   579   665 E JobScheduler.JobStatus: App com.google.android.inputmethod.latin became active but still in NEVER bucket
05-20 11:00:00.002   579   665 E JobScheduler.JobStatus: App com.google.android.inputmethod.latin became active but still in NEVER bucket
05-20 11:00:00.004   579   621 W BatteryExternalStatsWorker: error reading modem stats:ERROR_PHONE_NOT_AVAILABLE
05-20 11:00:00.005   579   895 W BatteryExternalStatsWorker: error reading Bluetooth stats: 11
05-20 11:00:00.006   579   621 W KernelCpuProcStringReader: File not found. It's normal if not implemented: /proc/uid_concurrent_policy_time
05-20 11:00:00.063   992  1075 W PowerProfile: ambient.on is deprecated! Use ambient.on.display0 instead.
05-20 11:00:00.063   992  1075 W PowerProfile: screen.on is deprecated! Use screen.on.display0 instead.
05-20 11:00:00.063   992  1075 W PowerProfile: screen.full is deprecated! Use screen.full.display0 instead.
05-20 11:00:00.063   992  1075 W ModemPowerProfile: getAverageBatteryDrainMaH called with unexpected key: 0x0, drain:SLEEP,RAT:DEFAULT
05-20 11:00:00.063   992  1075 W ModemPowerProfile: getAverageBatteryDrainMaH called with unexpected key: 0x10000000, drain:IDLE,RAT:DEFAULT
05-20 11:00:00.063   992  1075 W ModemPowerProfile: getAverageBatteryDrainMaH called with unexpected key: 0x20000000, drain:RX,RAT:DEFAULT
05-20 11:00:00.063   992  1075 W ModemPowerProfile: getAverageBatteryDrainMaH called with unexpected key: 0x30000000, drain:TX,level:0,RAT:DEFAULT
05-20 11:00:00.063   992  1075 W ModemPowerProfile: getAverageBatteryDrainMaH called with unexpected key: 0x31000000, drain:TX,level:1,RAT:DEFAULT
05-20 11:00:00.063   992  1075 W ModemPowerProfile: getAverageBatteryDrainMaH called with unexpected key: 0x32000000, drain:TX,level:2,RAT:DEFAULT
05-20 11:00:00.063   992  1075 W ModemPowerProfile: getAverageBatteryDrainMaH called with unexpected key: 0x33000000, drain:TX,level:3,RAT:DEFAULT
05-20 11:00:00.063   992  1075 W ModemPowerProfile: getAverageBatteryDrainMaH called with unexpected key: 0x34000000, drain:TX,level:4,RAT:DEFAULT
05-20 11:00:00.093   579  2074 D CompatChangeReporter: Compat change id reported: 151861875; UID 10139; state: ENABLED
05-20 11:00:00.097   579   613 I ActivityManager: Start proc 5660:com.google.android.settings.intelligence/u0a139 for content provider {com.google.android.settings.intelligence/com.google.android.settings.intelligence.modules.gmscoreproxy.impl.PhenotypeProxyContentProvider}
05-20 11:00:00.141   579  2077 D CompatChangeReporter: Compat change id reported: 311402873; UID 10139; state: ENABLED
05-20 11:00:00.141   579  2077 D CompatChangeReporter: Compat change id reported: 323349338; UID 10139; state: ENABLED
05-20 11:00:00.148   579  2077 D CompatChangeReporter: Compat change id reported: 311208629; UID 10139; state: ENABLED
05-20 11:00:00.149   579  2077 I ActivityManager: Killing 3618:com.android.vending:quick_launch/u0a141 (adj 955): empty #17
05-20 11:00:00.149   579  2077 W AppOpService: Ignored setUidMode call for runtime permission app op: uid = 10170, code = RECEIVE_WAP_PUSH, mode = allow, callingUid = 1000, oldMode = allow
05-20 11:00:00.150   579  1741 W AppOpService: Ignored setUidMode call for runtime permission app op: uid = 10170, code = READ_CELL_BROADCASTS, mode = allow, callingUid = 1000, oldMode = allow
05-20 11:00:00.151   579  1741 W AppOpService: Ignored setUidMode call for runtime permission app op: uid = 1001, code = READ_SMS, mode = allow, callingUid = 1000, oldMode = allow
05-20 11:00:00.151   579  2077 W AppOpService: Ignored setUidMode call for runtime permission app op: uid = 1001, code = RECEIVE_SMS, mode = allow, callingUid = 1000, oldMode = allow
05-20 11:00:00.151   579  2077 W AppOpService: Ignored setUidMode call for runtime permission app op: uid = 1001, code = RECEIVE_WAP_PUSH, mode = allow, callingUid = 1000, oldMode = allow
05-20 11:00:00.151   579  2077 W AppOpService: Ignored setUidMode call for runtime permission app op: uid = 1001, code = SEND_SMS, mode = allow, callingUid = 1000, oldMode = allow
05-20 11:00:00.151   579  2077 W AppOpService: Ignored setUidMode call for runtime permission app op: uid = 1001, code = READ_CELL_BROADCASTS, mode = allow, callingUid = 1000, oldMode = allow
05-20 11:00:16.164   579   674 D ActivityManager: freezing 5660 com.google.android.settings.intelligence
05-20 11:00:20.022   579   674 D ActivityManager: freezing 992 com.android.settings
05-20 11:00:20.022   579   674 D ActivityManager: freezing 4586 com.android.keychain
05-20 11:01:00.093   579  1727 W BatteryExternalStatsWorker: error reading Bluetooth stats: 11
05-20 11:02:14.929   579   665 D ActivityManager: sync unfroze 1578 com.google.android.apps.photos for 6
05-20 11:02:14.933   579   665 D ActivityManager: sync unfroze 1546 com.google.android.googlequicksearchbox:search for 6
05-20 11:02:14.933   579   665 D ActivityManager: sync unfroze 2424 com.google.android.webview:sandboxed_process0:org.chromium.content.app.SandboxedProcessService0:0 for 6
05-20 11:02:14.936   579   650 W ProcessStats: Tracking association SourceState{4586bdb com.google.android.googlequicksearchbox:search/10143 ImpBg #3126} whose proc state 6 is better than process ProcessState{4e2afd4 com.google.android.webview:sandboxed_process0:org.chromium.content.app.SandboxedProcessService0:0/10143 pkg=com.google.android.googlequicksearchbox} proc state 14 (0 skipped)
05-20 11:02:14.951   579  1727 W JobScheduler: Job didn't exist in JobStore: b9090ca #u0a143/-353 com.google.android.googlequicksearchbox/com.google.android.apps.gsa.tasks.BackgroundTasksJobService
05-20 11:02:25.001   579   674 D ActivityManager: freezing 1546 com.google.android.googlequicksearchbox:search
05-20 11:02:25.001   579   674 D ActivityManager: freezing 2424 com.google.android.webview:sandboxed_process0:org.chromium.content.app.SandboxedProcessService0:0
05-20 11:02:25.002   579   674 D ActivityManager: freezing 1578 com.google.android.apps.photos
05-20 11:02:38.240   579   664 I UsageStatsService: User[0] Flushing usage stats to disk
05-20 11:03:12.166   579   797 E ClipboardService: Denying clipboard access to com.android.chrome, application is not in focus nor is it a system service for user 0
05-20 11:03:28.667   579   797 E ClipboardService: Denying clipboard access to com.android.chrome, application is not in focus nor is it a system service for user 0
05-20 11:03:30.222   579  2079 I ActivityManager: Force stopping de.tsschulz.tt_tagebuch appid=10214 user=0: from pid 5794
05-20 11:03:30.222   579   601 D DisplayManagerService: Drop pending events for gone uid 10214
05-20 11:03:30.222   579  2079 D CompatChangeReporter: Compat change id reported: 151861875; UID 10214; state: ENABLED
05-20 11:03:30.222   579  2079 I ActivityManager: Killing 5217:de.tsschulz.tt_tagebuch/u0a214 (adj 0): stop de.tsschulz.tt_tagebuch due to from pid 5794
05-20 11:03:30.225   579  2079 W ActivityTaskManager: Force removing ActivityRecord{a5803da u0 de.tsschulz.tt_tagebuch/.app.MainActivity t139 f}}: app died, no saved state
05-20 11:03:30.226   826   865 V WindowManagerShell: Transition requested (#12): android.os.BinderProxy@2c76a97 TransitionRequestInfo { type = CLOSE, triggerTask = TaskInfo{userId=0 taskId=139 displayId=0 isRunning=false baseIntent=Intent { act=android.intent.action.MAIN cat=[android.intent.category.LAUNCHER] flg=0x10000000 cmp=de.tsschulz.tt_tagebuch/.app.MainActivity } baseActivity=null topActivity=null origActivity=null realActivity=ComponentInfo{de.tsschulz.tt_tagebuch/de.tsschulz.tt_tagebuch.app.MainActivity} numActivities=0 lastActiveTime=1345376 supportsMultiWindow=true resizeMode=1 isResizeable=true minWidth=-1 minHeight=-1 defaultMinSize=220 token=WCT{android.window.IWindowContainerToken$Stub$Proxy@92c9484} topActivityType=1 pictureInPictureParams=null shouldDockBigOverlays=false launchIntoPipHostTaskId=-1 lastParentTaskIdBeforePip=-1 displayCutoutSafeInsets=null topActivityInfo=null launchCookies=[] positionInParent=Point(0, 0) parentTaskId=-1 isFocused=true isVisible=true isVisibleRequested=true isSleeping=false locusId=null displayAreaFeatureId=1 isTopActivityTransparent=false appCompatTaskInfo=AppCompatTaskInfo { topActivityInSizeCompat=false topActivityEligibleForLetterboxEducation= falseisLetterboxEducationEnabled= false isLetterboxDoubleTapEnabled= false topActivityEligibleForUserAspectRatioButton= false topActivityBoundsLetterboxed= false isFromLetterboxDoubleTap= false topActivityLetterboxVerticalPosition= -1 topActivityLetterboxHorizontalPosition= -1 topActivityLetterboxWidth=-1 topActivityLetterboxHeight=-1 isUserFullscreenOverrideEnabled=false isSystemFullscreenOverrideEnabled=false cameraCompatTaskInfo=CameraCompatTaskInfo { cameraCompatControlState=hidden freeformCameraCompatMode=inactive}}}, pipTask = null, remoteTransition = null, displayChange = null, flags = 0, debugId = 12 }
05-20 11:03:30.229   579  2079 I AppsFilter: interaction: PackageSetting{51e0b6c de.tt_tagebuch.app/10212} -> PackageSetting{d289fbb de.tsschulz.tt_tagebuch/10214} BLOCKED
05-20 11:03:30.229   579  2079 I AppsFilter: interaction: PackageSetting{265bdca de.tsschulz.timeclock/10213} -> PackageSetting{d289fbb de.tsschulz.tt_tagebuch/10214} BLOCKED
05-20 11:03:30.230   826   865 D WindowManagerShell: setLauncherKeepClearAreaHeight: visible=true, height=202
05-20 11:03:30.241   579   652 I WindowManager: WIN DEATH: Window{5824c10 u0 de.tsschulz.tt_tagebuch/de.tsschulz.tt_tagebuch.app.MainActivity}
05-20 11:03:30.242   579  2079 D ActivityManager: sync unfroze 1546 com.google.android.googlequicksearchbox:search for 6
05-20 11:03:30.244   579  2079 D ActivityManager: sync unfroze 2424 com.google.android.webview:sandboxed_process0:org.chromium.content.app.SandboxedProcessService0:0 for 6
05-20 11:03:30.246   579  1741 V ActivityManager: Got obituary of 5217:de.tsschulz.tt_tagebuch
05-20 11:03:30.247   579   603 W ActivityManager: setHasOverlayUi called on unknown pid: 5217
05-20 11:03:30.255   579  1741 W ProcessStats: Tracking association SourceState{4586bdb com.google.android.googlequicksearchbox:search/10143 BTop #3142} whose proc state 2 is better than process ProcessState{4e2afd4 com.google.android.webview:sandboxed_process0:org.chromium.content.app.SandboxedProcessService0:0/10143 pkg=com.google.android.googlequicksearchbox} proc state 14 (1 skipped)
05-20 11:03:30.293   579   603 V WindowManager: Unknown focus tokens, dropping reportFocusChanged
05-20 11:03:30.353   826  1188 V WindowManagerShell: onTransitionReady(transaction=2486786064943)
05-20 11:03:30.353   826   865 V WindowManagerShell: onTransitionReady (#12) android.os.BinderProxy@2c76a97: {id=12 t=CLOSE f=0x0 trk=0 r=[0@Point(0, 0)] c=[{WCT{android.window.IWindowContainerToken$Stub$Proxy@a131a69} m=TO_FRONT f=SHOW_WALLPAPER|MOVE_TO_TOP leash=Surface(name=Task=1)/@0xf53a46d sb=Rect(0, 0 - 2560, 1600) eb=Rect(0, 0 - 2560, 1600) d=0 taskParent=-1},{WCT{android.window.IWindowContainerToken$Stub$Proxy@2646cee} m=CLOSE f=NONE leash=Surface(name=Task=139)/@0xc0468a2 sb=Rect(0, 0 - 2560, 1600) eb=Rect(0, 0 - 2560, 1600) d=0 taskParent=-1},{null m=TO_FRONT f=IS_WALLPAPER leash=Surface(name=WallpaperWindowToken{84ce560 token=android.os.Binder@2c8091d})/@0x50e1933 sb=Rect(0, 0 - 2560, 1600) eb=Rect(0, 0 - 2560, 1600) d=0}]}
05-20 11:03:30.354   826   865 V WindowManagerShell: Playing animation for (#12) android.os.BinderProxy@2c76a97@0
05-20 11:03:30.354   826   865 V WindowManagerShell:  try handler com.android.wm.shell.transition.DefaultMixedHandler@f809c59
05-20 11:03:30.354   826   865 V WindowManagerShell:  try handler com.android.wm.shell.keyguard.KeyguardTransitionHandler@f3be01e
05-20 11:03:30.354   826   865 V WindowManagerShell:  try handler com.android.wm.shell.pip.PipTransition@ffbc0ff
05-20 11:03:30.354   826   865 V WindowManagerShell:  try handler com.android.wm.shell.activityembedding.ActivityEmbeddingController@7390ecc
05-20 11:03:30.354   826   865 V WindowManagerShell:  try handler com.android.wm.shell.splitscreen.StageCoordinator@395a515
05-20 11:03:30.354   826   865 V WindowManagerShell:  try handler com.android.wm.shell.desktopmode.DesktopTasksController@241e02a
05-20 11:03:30.354   826   865 V WindowManagerShell:  try handler com.android.wm.shell.recents.RecentsTransitionHandler@2d56e1b
05-20 11:03:30.354   826   865 V ShellRecents: RecentsTransitionHandler.startAnimation: no controller found
05-20 11:03:30.354   826   865 V WindowManagerShell:  try handler com.android.wm.shell.transition.RemoteTransitionHandler@4e4bb8
05-20 11:03:30.354   826   865 V WindowManagerShell: Transition doesn't have explicit remote, search filters for match for {id=12 t=CLOSE f=0x0 trk=0 r=[0@Point(0, 0)] c=[{WCT{android.window.IWindowContainerToken$Stub$Proxy@a131a69} m=TO_FRONT f=SHOW_WALLPAPER|MOVE_TO_TOP leash=Surface(name=Task=1)/@0xf53a46d sb=Rect(0, 0 - 2560, 1600) eb=Rect(0, 0 - 2560, 1600) d=0 taskParent=-1},{WCT{android.window.IWindowContainerToken$Stub$Proxy@2646cee} m=CLOSE f=NONE leash=Surface(name=Task=139)/@0xc0468a2 sb=Rect(0, 0 - 2560, 1600) eb=Rect(0, 0 - 2560, 1600) d=0 taskParent=-1},{null m=TO_FRONT f=IS_WALLPAPER leash=Surface(name=WallpaperWindowToken{84ce560 token=android.os.Binder@2c8091d})/@0x50e1933 sb=Rect(0, 0 - 2560, 1600) eb=Rect(0, 0 - 2560, 1600) d=0}]}
05-20 11:03:30.354   826   865 V WindowManagerShell:  Checking filter Pair{{types=[] flags=0x0] notFlags=0x0 checks=[{atype=undefined independent=true modes=[OPEN,TO_FRONT] flags=IN_TASK_WITH_EMBEDDED_ACTIVITY mustBeTask=false order=ANY topActivity=ComponentInfo{com.google.android.apps.nexuslauncher/com.google.android.apps.nexuslauncher.NexusLauncherActivity} launchCookie=null},{atype=undefined independent=true modes=[CLOSE,TO_BACK] flags=IN_TASK_WITH_EMBEDDED_ACTIVITY mustBeTask=false order=ANY topActivity=null launchCookie=null}]} RemoteTransition { remoteTransition = android.window.IRemoteTransition$Stub$Proxy@e30447f, appThread = android.app.IApplicationThread$Stub$Proxy@8a60c4c, debugName = OverlaySwipeBack }}
05-20 11:03:30.354   826   865 V WindowManagerShell:  Checking filter Pair{{types=[] flags=0x0] notFlags=0x0 checks=[{atype=dream independent=true modes=[OPEN,TO_FRONT] flags=NONE mustBeTask=false order=ANY topActivity=null launchCookie=null},{atype=home independent=true modes=[CLOSE,TO_BACK] flags=NONE mustBeTask=false order=ANY topActivity=null launchCookie=null}]} RemoteTransition { remoteTransition = android.window.IRemoteTransition$Stub$Proxy@53a9495, appThread = android.app.IApplicationThread$Stub$Proxy@374d9aa, debugName = LauncherToDream }}
05-20 11:03:30.355   826   865 V WindowManagerShell:  Checking filter Pair{{types=[] flags=0x0] notFlags=0x100 checks=[{atype=home independent=true modes=[OPEN,TO_FRONT] flags=NONE mustBeTask=false order=TOP topActivity=ComponentInfo{com.google.android.apps.nexuslauncher/com.google.android.apps.nexuslauncher.NexusLauncherActivity} launchCookie=null},{atype=standard independent=true modes=[CLOSE,TO_BACK] flags=NONE mustBeTask=false order=ANY topActivity=null launchCookie=null}]} RemoteTransition { remoteTransition = android.window.IRemoteTransition$Stub$Proxy@68ea99b, appThread = android.app.IApplicationThread$Stub$Proxy@b4da138, debugName = QuickstepLaunchHome }}
05-20 11:03:30.355   826   865 D RemoteTransitionHandler: Found filterPair{{types=[] flags=0x0] notFlags=0x100 checks=[{atype=home independent=true modes=[OPEN,TO_FRONT] flags=NONE mustBeTask=false order=TOP topActivity=ComponentInfo{com.google.android.apps.nexuslauncher/com.google.android.apps.nexuslauncher.NexusLauncherActivity} launchCookie=null},{atype=standard independent=true modes=[CLOSE,TO_BACK] flags=NONE mustBeTask=false order=ANY topActivity=null launchCookie=null}]} RemoteTransition { remoteTransition = android.window.IRemoteTransition$Stub$Proxy@68ea99b, appThread = android.app.IApplicationThread$Stub$Proxy@b4da138, debugName = QuickstepLaunchHome }}
05-20 11:03:30.355   826   865 V WindowManagerShell:  Delegate animation for (#12) to RemoteTransition { remoteTransition = android.window.IRemoteTransition$Stub$Proxy@68ea99b, appThread = android.app.IApplicationThread$Stub$Proxy@b4da138, debugName = QuickstepLaunchHome }
05-20 11:03:30.387   579   600 V WindowManager: Sent Transition (#12) createdAt=05-20 11:03:30.225 via request=TransitionRequestInfo { type = CLOSE, triggerTask = TaskInfo{userId=0 taskId=139 displayId=0 isRunning=false baseIntent=Intent { act=android.intent.action.MAIN cat=[android.intent.category.LAUNCHER] flg=0x10000000 cmp=de.tsschulz.tt_tagebuch/.app.MainActivity } baseActivity=null topActivity=null origActivity=null realActivity=ComponentInfo{de.tsschulz.tt_tagebuch/de.tsschulz.tt_tagebuch.app.MainActivity} numActivities=0 lastActiveTime=1345376 supportsMultiWindow=true resizeMode=1 isResizeable=true minWidth=-1 minHeight=-1 defaultMinSize=220 token=WCT{RemoteToken{bae96ad Task{d42400b #139 type=standard A=10214:de.tsschulz.tt_tagebuch}}} topActivityType=1 pictureInPictureParams=null shouldDockBigOverlays=false launchIntoPipHostTaskId=-1 lastParentTaskIdBeforePip=-1 displayCutoutSafeInsets=null topActivityInfo=null launchCookies=[] positionInParent=Point(0, 0) parentTaskId=-1 isFocused=true isVisible=true isVisibleRequested=true isSleeping=false locusId=null displayAreaFeatureId=1 isTopActivityTransparent=false appCompatTaskInfo=AppCompatTaskInfo { topActivityInSizeCompat=false topActivityEligibleForLetterboxEducation= falseisLetterboxEducationEnabled= false isLetterboxDoubleTapEnabled= false topActivityEligibleForUserAspectRatioButton= false topActivityBoundsLetterboxed= false isFromLetterboxDoubleTap= false topActivityLetterboxVerticalPosition= -1 topActivityLetterboxHorizontalPosition= -1 topActivityLetterboxWidth=-1 topActivityLetterboxHeight=-1 isUserFullscreenOverrideEnabled=false isSystemFullscreenOverrideEnabled=false cameraCompatTaskInfo=CameraCompatTaskInfo { cameraCompatControlState=hidden freeformCameraCompatMode=inactive}}}, pipTask = null, remoteTransition = null, displayChange = null, flags = 0, debugId = 12 }
05-20 11:03:30.387   579   600 V WindowManager:     startWCT=WindowContainerTransaction { changes = {} hops = [] errorCallbackToken=null taskFragmentOrganizer=null }
05-20 11:03:30.387   579   600 V WindowManager:     info={id=12 t=CLOSE f=0x0 trk=0 r=[0@Point(0, 0)] c=[
05-20 11:03:30.387   579   600 V WindowManager:         {WCT{RemoteToken{a5bbe19 Task{a1a151c #1 type=home}}} m=TO_FRONT f=SHOW_WALLPAPER|MOVE_TO_TOP leash=Surface(name=Task=1)/@0xcb6ede9 sb=Rect(0, 0 - 2560, 1600) eb=Rect(0, 0 - 2560, 1600) d=0 taskParent=-1},
05-20 11:03:30.387   579   600 V WindowManager:         {WCT{RemoteToken{bae96ad Task{d42400b #139 type=standard A=10214:de.tsschulz.tt_tagebuch}}} m=CLOSE f=NONE leash=Surface(name=Task=139)/@0xbbd2471 sb=Rect(0, 0 - 2560, 1600) eb=Rect(0, 0 - 2560, 1600) d=0 taskParent=-1},
05-20 11:03:30.387   579   600 V WindowManager:         {null m=TO_FRONT f=IS_WALLPAPER leash=Surface(name=WallpaperWindowToken{84ce560 token=android.os.Binder@2c8091d})/@0x605e0b3 sb=Rect(0, 0 - 2560, 1600) eb=Rect(0, 0 - 2560, 1600) d=0}
05-20 11:03:30.387   579   600 V WindowManager:     ]}
05-20 11:03:30.390   826   865 V WindowManagerShell:  animated by com.android.wm.shell.transition.RemoteTransitionHandler@4e4bb8
05-20 11:03:30.391   579  1741 W UserManagerService: Requested status bar icon for non-badged user 0
05-20 11:03:30.424   579  1741 W PackageConfigPersister: App-specific configuration not found for packageName: com.google.android.apps.nexuslauncher and userId: 0
05-20 11:03:30.917   579  1741 W WindowManager: Failed looking up window session=Session{bd2cc1f 826:u0a10185} callers=com.android.server.wm.WindowManagerService.removeClientToken:2058 com.android.server.wm.Session.remove:274 android.view.IWindowSession$Stub.onTransact:685 
05-20 11:03:30.918   826   865 V WindowManagerShell: Transition animation finished (aborted=false), notifying core (#12) android.os.BinderProxy@2c76a97@0
05-20 11:03:30.919   579   600 V WindowManager: Finish Transition (#12): created at 05-20 11:03:30.225 collect-started=0.025ms request-sent=0.078ms started=2.316ms ready=125.299ms sent=126.869ms finished=693.307ms
05-20 11:03:30.920   579  1741 W ActivityManager: pid 579 system sent binder code 7 with flags 1 to frozen apps and got error -32
