05-20 10:25:03.270   579   612 D ActivityManager: sync unfroze 1781 com.android.chrome for 3
05-20 10:25:03.320   579  2075 D OomAdjuster: Not killing cached processes
05-20 10:25:13.319   579   674 D ActivityManager: freezing 1781 com.android.chrome
05-20 10:25:14.617   579   612 D OomAdjuster: Not killing cached processes
05-20 10:25:14.618   579   612 D ActivityManager: sync unfroze 1282 com.google.android.gms for 3
05-20 10:25:14.619   579   665 D ActivityManager: sync unfroze 1578 com.google.android.apps.photos for 6
05-20 10:25:14.622   579  1092 W ProcessStats: Tracking association SourceState{4b90896 system/1000 ImpBg #2602} whose proc state 6 is better than process ProcessState{c8ce5a6 com.google.android.apps.photos/10167 pkg=com.google.android.apps.photos} proc state 14 (17 skipped)
05-20 10:25:14.637   579   665 D ActivityManager: sync unfroze 1546 com.google.android.googlequicksearchbox:search for 6
05-20 10:25:14.638   579   665 D ActivityManager: sync unfroze 2424 com.google.android.webview:sandboxed_process0:org.chromium.content.app.SandboxedProcessService0:0 for 6
05-20 10:25:14.676   579  1092 W JobScheduler: Job didn't exist in JobStore: 8212f81 #u0a143/-353 com.google.android.googlequicksearchbox/com.google.android.apps.gsa.tasks.BackgroundTasksJobService
05-20 10:25:19.647   579  1752 D OomAdjuster: Not killing cached processes
05-20 10:25:24.645   579   674 D ActivityManager: freezing 1578 com.google.android.apps.photos
05-20 10:25:24.677   579   674 D ActivityManager: freezing 1546 com.google.android.googlequicksearchbox:search
05-20 10:25:24.678   579   674 D ActivityManager: freezing 2424 com.google.android.webview:sandboxed_process0:org.chromium.content.app.SandboxedProcessService0:0
05-20 10:25:24.731   579   674 D ActivityManager: freezing 1282 com.google.android.gms
05-20 10:27:48.205   579  1092 D OomAdjuster: Not killing cached processes
05-20 10:27:51.661   579   579 I ContentCaptureManagerService: Content capture data sharing session terminated successfully for package 'com.google.android.googlequicksearchbox'
05-20 10:27:54.309   579   579 I ContentCaptureManagerService: Content capture data sharing session terminated successfully for package 'com.google.android.googlequicksearchbox'
05-20 10:27:56.965   579   611 D OomAdjuster: Not killing cached processes
05-20 10:27:58.546   579  2075 D ActivityManager: sync unfroze 2806 com.google.android.gms.unstable for 6
05-20 10:27:58.549   579  2075 W ProcessStats: Tracking association SourceState{d94461 com.google.android.gms.persistent/10144 BFgs #2632} whose proc state 4 is better than process ProcessState{1c4070b com.google.android.gms.unstable/10144 pkg=com.google.android.gms} proc state 14 (3 skipped)
05-20 10:28:03.603   579  2080 D OomAdjuster: Not killing cached processes
05-20 10:28:13.599   579  2080 D OomAdjuster: Not killing cached processes
05-20 10:28:13.625   579   674 D ActivityManager: freezing 2806 com.google.android.gms.unstable
05-20 10:28:44.629   579   612 D OomAdjuster: Not killing cached processes
05-20 10:28:44.631   579   665 D ActivityManager: sync unfroze 1525 com.google.android.calendar for 6
05-20 10:28:44.654   579   665 D ActivityManager: sync unfroze 1578 com.google.android.apps.photos for 6
05-20 10:28:44.654   579   665 W ProcessStats: Tracking association SourceState{4b90896 system/1000 ImpBg #2655} whose proc state 6 is better than process ProcessState{c8ce5a6 com.google.android.apps.photos/10167 pkg=com.google.android.apps.photos} proc state 14 (9 skipped)
05-20 10:28:44.658   579   665 D ActivityManager: sync unfroze 1546 com.google.android.googlequicksearchbox:search for 6
05-20 10:28:44.659   579   665 D ActivityManager: sync unfroze 2424 com.google.android.webview:sandboxed_process0:org.chromium.content.app.SandboxedProcessService0:0 for 6
05-20 10:28:44.675   579   675 I RescueParty: Starting to observe: [com.google.android.providers.media.module, android], updated namespace: storage_native_boot
05-20 10:28:44.676   579   611 I PackageWatchdog: Syncing state, reason: observing new packages
05-20 10:28:44.676   579   611 D PackageWatchdog: rescue-party-observer added the following packages to monitor [com.google.android.providers.media.module, android]
05-20 10:28:44.676   579   579 I PackageWatchdog: Syncing health check requests for packages: {}
05-20 10:28:44.676   579   579 I ExplicitHealthCheckController: Service not ready to get health check supported packages. Binding...
05-20 10:28:44.676   579   611 I PackageWatchdog: Syncing state, reason: updated observers
05-20 10:28:44.676   579   611 I PackageWatchdog: Saving observer state to file
05-20 10:28:44.677   579   579 I ExplicitHealthCheckController: Explicit health check service is bound
05-20 10:28:44.679   579   579 I PackageWatchdog: Syncing health check requests for packages: {}
05-20 10:28:44.679   579   579 I ExplicitHealthCheckController: Service not ready to get health check supported packages. Binding...
05-20 10:28:44.679   579   579 I ExplicitHealthCheckController: Not binding to service, service already connecting
05-20 10:28:44.679   579   579 I ExplicitHealthCheckController: Explicit health check service is connected ComponentInfo{com.google.android.ext.services/android.ext.services.watchdog.ExplicitHealthCheckServiceImpl}
05-20 10:28:44.679   579   579 I ExplicitHealthCheckController: Service initialized, syncing requests
05-20 10:28:44.679   579   579 I PackageWatchdog: Syncing health check requests for packages: {}
05-20 10:28:44.680   579   579 D ExplicitHealthCheckController: Getting health check supported packages
05-20 10:28:44.683   579  1092 I ExplicitHealthCheckController: Explicit health check supported packages [PackageConfig{com.google.android.networkstack, 86400000}]
05-20 10:28:44.683   579  1092 D PackageWatchdog: Received supported packages [PackageConfig{com.google.android.networkstack, 86400000}]
05-20 10:28:44.683   579  1092 D ExplicitHealthCheckController: Getting health check requested packages
05-20 10:28:44.683   579  1092 I ExplicitHealthCheckController: Explicit health check requested packages []
05-20 10:28:44.683   579  1092 I ExplicitHealthCheckController: No more health check requests, unbinding...
05-20 10:28:44.684   579  1092 I ExplicitHealthCheckController: Explicit health check service is unbound
05-20 10:28:44.684   579   846 E SettingsToPropertiesMapper: key=persist.device_config.storage_native_boot.transcode_compat_manifest value=com.yelp.android,0,com.yy.biu,0,com.groupme.android,0,air.tv.douyu.android,0,com.baidu.mbaby,0,com.vlocker.locker,0,com.znxh.hyhuo,0,com.yixia.xiaokaxiu,0 exceeds system property max length.
05-20 10:28:44.684   579   846 E SettingsToPropertiesMapper: key=persist.device_config.aconfig_flags.storage_native_boot.transcode_compat_manifest value=com.yelp.android,0,com.yy.biu,0,com.groupme.android,0,air.tv.douyu.android,0,com.baidu.mbaby,0,com.vlocker.locker,0,com.znxh.hyhuo,0,com.yixia.xiaokaxiu,0 exceeds system property max length.
05-20 10:28:44.702   579  2080 D ActivityManager: sync unfroze 1282 com.google.android.gms for 6
05-20 10:28:44.708   579  1752 W JobScheduler: Job didn't exist in JobStore: ab89651 #u0a143/-353 com.google.android.googlequicksearchbox/com.google.android.apps.gsa.tasks.BackgroundTasksJobService
05-20 10:28:44.745   579  2080 W JobScheduler: Job didn't exist in JobStore: fb218f6 {androidx.work.systemjobscheduler} #u0a149/47 @androidx.work.systemjobscheduler@com.google.android.calendar/androidx.work.impl.background.systemjob.SystemJobService
05-20 10:28:44.748   579   675 I RescueParty: Starting to observe: [android], updated namespace: clipboard
05-20 10:28:44.750   579   675 I RescueParty: Starting to observe: [android], updated namespace: nearby
05-20 10:28:44.752   579   611 I PackageWatchdog: Syncing state, reason: observing new packages
05-20 10:28:44.752   579   579 I PackageWatchdog: Syncing health check requests for packages: {}
05-20 10:28:44.752   579   579 I ExplicitHealthCheckController: Service not ready to get health check supported packages. Binding...
05-20 10:28:44.757   579   579 I ExplicitHealthCheckController: Explicit health check service is bound
05-20 10:28:44.758   579   675 I RescueParty: Starting to observe: [com.google.android.networkstack], updated namespace: connectivity
05-20 10:28:44.758   579   611 D PackageWatchdog: rescue-party-observer added the following packages to monitor [android]
05-20 10:28:44.759   579   579 I ExplicitHealthCheckController: Explicit health check service is connected ComponentInfo{com.google.android.ext.services/android.ext.services.watchdog.ExplicitHealthCheckServiceImpl}
05-20 10:28:44.759   579   675 I RescueParty: Starting to observe: [android, com.google.android.permissioncontroller], updated namespace: permissions
05-20 10:28:44.760   579   579 I ExplicitHealthCheckController: Service initialized, syncing requests
05-20 10:28:44.766   579   611 I PackageWatchdog: Syncing state, reason: updated observers
05-20 10:28:44.769   579   579 I PackageWatchdog: Syncing health check requests for packages: {}
05-20 10:28:44.770   579   579 D ExplicitHealthCheckController: Getting health check supported packages
05-20 10:28:44.771   579   675 I RescueParty: Starting to observe: [android], updated namespace: ota
05-20 10:28:44.771   579   895 I ExplicitHealthCheckController: Explicit health check supported packages [PackageConfig{com.google.android.networkstack, 86400000}]
05-20 10:28:44.771   579   895 D PackageWatchdog: Received supported packages [PackageConfig{com.google.android.networkstack, 86400000}]
05-20 10:28:44.771   579   895 D ExplicitHealthCheckController: Getting health check requested packages
05-20 10:28:44.772   579  1092 I ExplicitHealthCheckController: Explicit health check requested packages []
05-20 10:28:44.772   579   675 I RescueParty: Starting to observe: [android, com.android.settings, com.android.systemui], updated namespace: wifi
05-20 10:28:44.772   579  1092 I ExplicitHealthCheckController: No more health check requests, unbinding...
05-20 10:28:44.772   579  1092 I ExplicitHealthCheckController: Explicit health check service is unbound
05-20 10:28:44.774   579   611 I PackageWatchdog: Syncing state, reason: observing new packages
05-20 10:28:44.774   579   611 D PackageWatchdog: rescue-party-observer added the following packages to monitor [android]
05-20 10:28:44.774   579   611 I PackageWatchdog: Syncing state, reason: updated observers
05-20 10:28:44.774   579   611 I PackageWatchdog: Not pruning observers, elapsed time: 0ms
05-20 10:28:44.774   579   611 I PackageWatchdog: Saving observer state to file
05-20 10:28:44.776   579   611 I PackageWatchdog: Syncing state, reason: observing new packages
05-20 10:28:44.776   579   611 D PackageWatchdog: rescue-party-observer added the following packages to monitor [com.google.android.networkstack]
05-20 10:28:44.776   579   611 I PackageWatchdog: Syncing state, reason: updated observers
05-20 10:28:44.776   579   611 I PackageWatchdog: Not pruning observers, elapsed time: 0ms
05-20 10:28:44.776   579   611 I PackageWatchdog: Syncing state, reason: observing new packages
05-20 10:28:44.776   579   611 I PackageWatchdog: Not pruning observers, elapsed time: 0ms
05-20 10:28:44.776   579   611 D PackageWatchdog: rescue-party-observer added the following packages to monitor [android, com.google.android.permissioncontroller]
05-20 10:28:44.776   579   611 I PackageWatchdog: Syncing state, reason: updated observers
05-20 10:28:44.776   579   611 I PackageWatchdog: Not pruning observers, elapsed time: 0ms
05-20 10:28:44.776   579   611 I PackageWatchdog: Syncing state, reason: observing new packages
05-20 10:28:44.776   579   611 I PackageWatchdog: Not pruning observers, elapsed time: 0ms
05-20 10:28:44.776   579   611 D PackageWatchdog: rescue-party-observer added the following packages to monitor [android]
05-20 10:28:44.776   579   611 I PackageWatchdog: Syncing state, reason: updated observers
05-20 10:28:44.776   579   611 I PackageWatchdog: Not pruning observers, elapsed time: 0ms
05-20 10:28:44.776   579   611 I PackageWatchdog: Syncing state, reason: observing new packages
05-20 10:28:44.776   579   611 I PackageWatchdog: Not pruning observers, elapsed time: 0ms
05-20 10:28:44.776   579   611 D PackageWatchdog: rescue-party-observer added the following packages to monitor [android, com.android.settings, com.android.systemui]
05-20 10:28:44.776   579   611 I PackageWatchdog: Syncing state, reason: updated observers
05-20 10:28:44.776   579   611 I PackageWatchdog: Not pruning observers, elapsed time: 0ms
05-20 10:28:44.776   579   611 I PackageWatchdog: Saving observer state to file
05-20 10:28:44.778   579  2080 I ContentCaptureManagerService: Data share request accepted by Content Capture service
05-20 10:28:44.778   579   675 I RescueParty: Starting to observe: [android], updated namespace: appsearch
05-20 10:28:44.779   579   611 I PackageWatchdog: Syncing state, reason: observing new packages
05-20 10:28:44.779   579   579 I PackageWatchdog: Syncing health check requests for packages: {}
05-20 10:28:44.779   579   579 I ExplicitHealthCheckController: Service not ready to get health check supported packages. Binding...
05-20 10:28:44.781   579   579 I ExplicitHealthCheckController: Explicit health check service is bound
05-20 10:28:44.781   579   579 I PackageWatchdog: Syncing health check requests for packages: {}
05-20 10:28:44.781   579   579 I ExplicitHealthCheckController: Service not ready to get health check supported packages. Binding...
05-20 10:28:44.781   579   579 I ExplicitHealthCheckController: Not binding to service, service already connecting
05-20 10:28:44.781   579   611 D PackageWatchdog: rescue-party-observer added the following packages to monitor [android]
05-20 10:28:44.781   579   611 I PackageWatchdog: Syncing state, reason: updated observers
05-20 10:28:44.781   579   579 I ExplicitHealthCheckController: Explicit health check service is connected ComponentInfo{com.google.android.ext.services/android.ext.services.watchdog.ExplicitHealthCheckServiceImpl}
05-20 10:28:44.781   579   611 I PackageWatchdog: Saving observer state to file
05-20 10:28:44.781   579   579 I ExplicitHealthCheckController: Service initialized, syncing requests
05-20 10:28:44.785   579   579 I PackageWatchdog: Syncing health check requests for packages: {}
05-20 10:28:44.785   579   579 D ExplicitHealthCheckController: Getting health check supported packages
05-20 10:28:44.785   579  1092 I ExplicitHealthCheckController: Explicit health check supported packages [PackageConfig{com.google.android.networkstack, 86400000}]
05-20 10:28:44.785   579  1092 D PackageWatchdog: Received supported packages [PackageConfig{com.google.android.networkstack, 86400000}]
05-20 10:28:44.785   579  1092 D ExplicitHealthCheckController: Getting health check requested packages
05-20 10:28:44.785   579  1092 I ExplicitHealthCheckController: Explicit health check requested packages []
05-20 10:28:44.786   579  1092 I ExplicitHealthCheckController: No more health check requests, unbinding...
05-20 10:28:44.786   579  1092 I ExplicitHealthCheckController: Explicit health check service is unbound
05-20 10:28:44.791   579   675 I RescueParty: Starting to observe: [com.google.android.apps.nexuslauncher, com.android.settings, com.android.systemui], updated namespace: interaction_jank_monitor
05-20 10:28:44.791   579   611 I PackageWatchdog: Syncing state, reason: observing new packages
05-20 10:28:44.791   579   611 D PackageWatchdog: rescue-party-observer added the following packages to monitor [com.google.android.apps.nexuslauncher, com.android.settings, com.android.systemui]
05-20 10:28:44.791   579   611 I PackageWatchdog: Syncing state, reason: updated observers
05-20 10:28:44.791   579   611 I PackageWatchdog: Not pruning observers, elapsed time: 0ms
05-20 10:28:44.791   579   611 I PackageWatchdog: Saving observer state to file
05-20 10:28:44.793   579   579 I PackageWatchdog: Syncing health check requests for packages: {}
05-20 10:28:44.793   579   579 I ExplicitHealthCheckController: Service not ready to get health check supported packages. Binding...
05-20 10:28:44.794   579   579 I ExplicitHealthCheckController: Explicit health check service is bound
05-20 10:28:44.794   579   579 I ExplicitHealthCheckController: Explicit health check service is connected ComponentInfo{com.google.android.ext.services/android.ext.services.watchdog.ExplicitHealthCheckServiceImpl}
05-20 10:28:44.794   579   675 I RescueParty: Starting to observe: [android], updated namespace: wearable_sensing
05-20 10:28:44.794   579   579 I ExplicitHealthCheckController: Service initialized, syncing requests
05-20 10:28:44.794   579   579 I PackageWatchdog: Syncing health check requests for packages: {}
05-20 10:28:44.794   579   579 D ExplicitHealthCheckController: Getting health check supported packages
05-20 10:28:44.795   579   611 I PackageWatchdog: Syncing state, reason: observing new packages
05-20 10:28:44.795   579   579 I PackageWatchdog: Syncing health check requests for packages: {}
05-20 10:28:44.795   579   579 D ExplicitHealthCheckController: Getting health check supported packages
05-20 10:28:44.795   579  1092 I ExplicitHealthCheckController: Explicit health check supported packages [PackageConfig{com.google.android.networkstack, 86400000}]
05-20 10:28:44.795   579  1092 D PackageWatchdog: Received supported packages [PackageConfig{com.google.android.networkstack, 86400000}]
05-20 10:28:44.795   579  1092 D ExplicitHealthCheckController: Getting health check requested packages
05-20 10:28:44.795   579  1092 I ExplicitHealthCheckController: Explicit health check requested packages []
05-20 10:28:44.795   579  1092 I ExplicitHealthCheckController: No more health check requests, unbinding...
05-20 10:28:44.795   579  2080 I ExplicitHealthCheckController: Explicit health check supported packages [PackageConfig{com.google.android.networkstack, 86400000}]
05-20 10:28:44.795   579  2080 D PackageWatchdog: Received supported packages [PackageConfig{com.google.android.networkstack, 86400000}]
05-20 10:28:44.795   579  1092 I ExplicitHealthCheckController: Explicit health check service is unbound
05-20 10:28:44.795   579  2080 I ExplicitHealthCheckController: Service not ready to get health check requested packages. Binding...
05-20 10:28:44.795   579  2080 I ExplicitHealthCheckController: Explicit health check service is bound
05-20 10:28:44.796   579   579 I ExplicitHealthCheckController: Explicit health check service is connected ComponentInfo{com.google.android.ext.services/android.ext.services.watchdog.ExplicitHealthCheckServiceImpl}
05-20 10:28:44.796   579   579 I ExplicitHealthCheckController: Service initialized, syncing requests
05-20 10:28:44.796   579   579 I PackageWatchdog: Syncing health check requests for packages: {}
05-20 10:28:44.796   579   579 D ExplicitHealthCheckController: Getting health check supported packages
05-20 10:28:44.796   579  2080 I ExplicitHealthCheckController: Explicit health check supported packages [PackageConfig{com.google.android.networkstack, 86400000}]
05-20 10:28:44.796   579  2080 D PackageWatchdog: Received supported packages [PackageConfig{com.google.android.networkstack, 86400000}]
05-20 10:28:44.796   579  2080 D ExplicitHealthCheckController: Getting health check requested packages
05-20 10:28:44.796   579  2080 I ExplicitHealthCheckController: Explicit health check requested packages []
05-20 10:28:44.796   579  2080 I ExplicitHealthCheckController: No more health check requests, unbinding...
05-20 10:28:44.796   579  2080 I ExplicitHealthCheckController: Explicit health check service is unbound
05-20 10:28:44.796   579   611 D PackageWatchdog: rescue-party-observer added the following packages to monitor [android]
05-20 10:28:44.796   579   611 I PackageWatchdog: Syncing state, reason: updated observers
05-20 10:28:44.796   579   611 I PackageWatchdog: Saving observer state to file
05-20 10:28:44.797   579   675 I RescueParty: Starting to observe: [android], updated namespace: runtime_native
05-20 10:28:44.798   579   579 I PackageWatchdog: Syncing health check requests for packages: {}
05-20 10:28:44.798   579   579 I ExplicitHealthCheckController: Service not ready to get health check supported packages. Binding...
05-20 10:28:44.798   579   579 I ExplicitHealthCheckController: Explicit health check service is bound
05-20 10:28:44.799   579   579 I ExplicitHealthCheckController: Explicit health check service is connected ComponentInfo{com.google.android.ext.services/android.ext.services.watchdog.ExplicitHealthCheckServiceImpl}
05-20 10:28:44.799   579   579 I ExplicitHealthCheckController: Service initialized, syncing requests
05-20 10:28:44.799   579   579 I PackageWatchdog: Syncing health check requests for packages: {}
05-20 10:28:44.799   579   579 D ExplicitHealthCheckController: Getting health check supported packages
05-20 10:28:44.799   579   611 I PackageWatchdog: Syncing state, reason: observing new packages
05-20 10:28:44.799   579   911 I ExplicitHealthCheckController: Explicit health check supported packages [PackageConfig{com.google.android.networkstack, 86400000}]
05-20 10:28:44.799   579   611 D PackageWatchdog: rescue-party-observer added the following packages to monitor [android]
05-20 10:28:44.799   579   611 I PackageWatchdog: Syncing state, reason: updated observers
05-20 10:28:44.799   579   611 I PackageWatchdog: Not pruning observers, elapsed time: 0ms
05-20 10:28:44.799   579   611 I PackageWatchdog: Saving observer state to file
05-20 10:28:44.799   579   911 D PackageWatchdog: Received supported packages [PackageConfig{com.google.android.networkstack, 86400000}]
05-20 10:28:44.799   579   911 D ExplicitHealthCheckController: Getting health check requested packages
05-20 10:28:44.799   579  1752 I ExplicitHealthCheckController: Explicit health check requested packages []
05-20 10:28:44.799   579  1752 I ExplicitHealthCheckController: No more health check requests, unbinding...
05-20 10:28:44.799   579  1752 I ExplicitHealthCheckController: Explicit health check service is unbound
05-20 10:28:44.801   579   579 I PackageWatchdog: Syncing health check requests for packages: {}
05-20 10:28:44.801   579   579 I ExplicitHealthCheckController: Service not ready to get health check supported packages. Binding...
05-20 10:28:44.801   579   579 I ExplicitHealthCheckController: Explicit health check service is bound
05-20 10:28:44.801   579   579 I ExplicitHealthCheckController: Explicit health check service is connected ComponentInfo{com.google.android.ext.services/android.ext.services.watchdog.ExplicitHealthCheckServiceImpl}
05-20 10:28:44.801   579   579 I ExplicitHealthCheckController: Service initialized, syncing requests
05-20 10:28:44.801   579   579 I PackageWatchdog: Syncing health check requests for packages: {}
05-20 10:28:44.801   579   579 D ExplicitHealthCheckController: Getting health check supported packages
05-20 10:28:44.801   579   911 I ExplicitHealthCheckController: Explicit health check supported packages [PackageConfig{com.google.android.networkstack, 86400000}]
05-20 10:28:44.801   579   911 D PackageWatchdog: Received supported packages [PackageConfig{com.google.android.networkstack, 86400000}]
05-20 10:28:44.801   579   911 D ExplicitHealthCheckController: Getting health check requested packages
05-20 10:28:44.801   579   911 I ExplicitHealthCheckController: Explicit health check requested packages []
05-20 10:28:44.801   579   911 I ExplicitHealthCheckController: No more health check requests, unbinding...
05-20 10:28:44.801   579   911 I ExplicitHealthCheckController: Explicit health check service is unbound
05-20 10:28:44.809   579   675 I RescueParty: Starting to observe: [com.google.android.ext.services, com.google.android.adservices.api, android], updated namespace: adservices
05-20 10:28:44.809   579   611 I PackageWatchdog: Syncing state, reason: observing new packages
05-20 10:28:44.809   579   611 D PackageWatchdog: rescue-party-observer added the following packages to monitor [com.google.android.ext.services, com.google.android.adservices.api, android]
05-20 10:28:44.809   579   611 I PackageWatchdog: Syncing state, reason: updated observers
05-20 10:28:44.809   579   611 I PackageWatchdog: Not pruning observers, elapsed time: 0ms
05-20 10:28:44.809   579   611 I PackageWatchdog: Saving observer state to file
05-20 10:28:44.810   579   579 I PackageWatchdog: Syncing health check requests for packages: {}
05-20 10:28:44.810   579   579 I ExplicitHealthCheckController: Service not ready to get health check supported packages. Binding...
05-20 10:28:44.810   579   579 I ExplicitHealthCheckController: Explicit health check service is bound
05-20 10:28:44.811   579   579 I ExplicitHealthCheckController: Explicit health check service is connected ComponentInfo{com.google.android.ext.services/android.ext.services.watchdog.ExplicitHealthCheckServiceImpl}
05-20 10:28:44.811   579   579 I ExplicitHealthCheckController: Service initialized, syncing requests
05-20 10:28:44.811   579   579 I PackageWatchdog: Syncing health check requests for packages: {}
05-20 10:28:44.811   579   579 D ExplicitHealthCheckController: Getting health check supported packages
05-20 10:28:44.811   579   911 I ExplicitHealthCheckController: Explicit health check supported packages [PackageConfig{com.google.android.networkstack, 86400000}]
05-20 10:28:44.811   579   911 D PackageWatchdog: Received supported packages [PackageConfig{com.google.android.networkstack, 86400000}]
05-20 10:28:44.811   579   911 D ExplicitHealthCheckController: Getting health check requested packages
05-20 10:28:44.811   579   911 I ExplicitHealthCheckController: Explicit health check requested packages []
05-20 10:28:44.811   579   911 I ExplicitHealthCheckController: No more health check requests, unbinding...
05-20 10:28:44.811   579   911 I ExplicitHealthCheckController: Explicit health check service is unbound
05-20 10:28:44.822   579   675 I RescueParty: Starting to observe: [android], updated namespace: display_manager
05-20 10:28:44.822   579   611 I PackageWatchdog: Syncing state, reason: observing new packages
05-20 10:28:44.822   579   611 D PackageWatchdog: rescue-party-observer added the following packages to monitor [android]
05-20 10:28:44.822   579   579 I PackageWatchdog: Syncing health check requests for packages: {}
05-20 10:28:44.822   579   611 I PackageWatchdog: Syncing state, reason: updated observers
05-20 10:28:44.822   579   611 I PackageWatchdog: Not pruning observers, elapsed time: 0ms
05-20 10:28:44.822   579   579 I ExplicitHealthCheckController: Service not ready to get health check supported packages. Binding...
05-20 10:28:44.822   579   611 I PackageWatchdog: Saving observer state to file
05-20 10:28:44.822   579   633 W BrightnessThrottler: DeviceConfig ThermalBrightnessThrottlingData is null
05-20 10:28:44.822   579   579 I ExplicitHealthCheckController: Explicit health check service is bound
05-20 10:28:44.823   579   579 I PackageWatchdog: Syncing health check requests for packages: {}
05-20 10:28:44.823   579   579 I ExplicitHealthCheckController: Service not ready to get health check supported packages. Binding...
05-20 10:28:44.823   579   579 I ExplicitHealthCheckController: Not binding to service, service already connecting
05-20 10:28:44.823   579   579 I ExplicitHealthCheckController: Explicit health check service is connected ComponentInfo{com.google.android.ext.services/android.ext.services.watchdog.ExplicitHealthCheckServiceImpl}
05-20 10:28:44.823   579   579 I ExplicitHealthCheckController: Service initialized, syncing requests
05-20 10:28:44.823   579   579 I PackageWatchdog: Syncing health check requests for packages: {}
05-20 10:28:44.823   579   579 D ExplicitHealthCheckController: Getting health check supported packages
05-20 10:28:44.823   579   911 I ExplicitHealthCheckController: Explicit health check supported packages [PackageConfig{com.google.android.networkstack, 86400000}]
05-20 10:28:44.823   579   911 D PackageWatchdog: Received supported packages [PackageConfig{com.google.android.networkstack, 86400000}]
05-20 10:28:44.823   579   911 D ExplicitHealthCheckController: Getting health check requested packages
05-20 10:28:44.823   579   911 I ExplicitHealthCheckController: Explicit health check requested packages []
05-20 10:28:44.823   579   911 I ExplicitHealthCheckController: No more health check requests, unbinding...
05-20 10:28:44.823   579   911 I ExplicitHealthCheckController: Explicit health check service is unbound
05-20 10:28:44.825   579   675 I RescueParty: Starting to observe: [com.android.settings], updated namespace: activity_manager
05-20 10:28:44.825   579   611 I PackageWatchdog: Syncing state, reason: observing new packages
05-20 10:28:44.825   579   611 D PackageWatchdog: rescue-party-observer added the following packages to monitor [com.android.settings]
05-20 10:28:44.825   579   611 I PackageWatchdog: Syncing state, reason: updated observers
05-20 10:28:44.825   579   611 I PackageWatchdog: Not pruning observers, elapsed time: 0ms
05-20 10:28:44.825   579   611 I PackageWatchdog: Saving observer state to file
05-20 10:28:44.825   579   579 I PackageWatchdog: Syncing health check requests for packages: {}
05-20 10:28:44.825   579   579 I ExplicitHealthCheckController: Service not ready to get health check supported packages. Binding...
05-20 10:28:44.825   579   579 I ExplicitHealthCheckController: Explicit health check service is bound
05-20 10:28:44.825   579   579 I PackageWatchdog: Syncing health check requests for packages: {}
05-20 10:28:44.825   579   579 I ExplicitHealthCheckController: Service not ready to get health check supported packages. Binding...
05-20 10:28:44.825   579   579 I ExplicitHealthCheckController: Not binding to service, service already connecting
05-20 10:28:44.826   579   579 I ExplicitHealthCheckController: Explicit health check service is connected ComponentInfo{com.google.android.ext.services/android.ext.services.watchdog.ExplicitHealthCheckServiceImpl}
05-20 10:28:44.826   579   579 I ExplicitHealthCheckController: Service initialized, syncing requests
05-20 10:28:44.826   579   579 I PackageWatchdog: Syncing health check requests for packages: {}
05-20 10:28:44.826   579   579 D ExplicitHealthCheckController: Getting health check supported packages
05-20 10:28:44.826   579   911 I ExplicitHealthCheckController: Explicit health check supported packages [PackageConfig{com.google.android.networkstack, 86400000}]
05-20 10:28:44.826   579   911 D PackageWatchdog: Received supported packages [PackageConfig{com.google.android.networkstack, 86400000}]
05-20 10:28:44.826   579   911 D ExplicitHealthCheckController: Getting health check requested packages
05-20 10:28:44.826   579   911 I ExplicitHealthCheckController: Explicit health check requested packages []
05-20 10:28:44.826   579   911 I ExplicitHealthCheckController: No more health check requests, unbinding...
05-20 10:28:44.826   579   911 I ExplicitHealthCheckController: Explicit health check service is unbound
05-20 10:28:44.827   579   579 I AutofillManagerService: Ignoring change on package_deny_list_for_unimportant_view
05-20 10:28:44.828   579   579 I AutofillManagerService: Ignoring change on trigger_fill_request_on_filtered_important_views
05-20 10:28:44.828   579   579 I AutofillManagerService: Ignoring change on package_and_activity_allowlist_for_triggering_fill_request
05-20 10:28:44.828   579   579 I AutofillManagerService: Ignoring change on multiline_filter_enabled
05-20 10:28:44.828   579   579 I AutofillManagerService: Ignoring change on augmented_autofill_mode
05-20 10:28:44.828   579   579 I AutofillManagerService: Ignoring change on autofill_dialog_hints
05-20 10:28:44.828   579   579 I AutofillManagerService: Ignoring change on include_all_views_in_assist_structure
05-20 10:28:44.828   579   579 I AutofillManagerService: Ignoring change on should_enable_autofill_on_all_view_types
05-20 10:28:44.828   579   579 I AutofillManagerService: Ignoring change on autofill_save_dialog_landscape_body_height_max_percent
05-20 10:28:44.828   579   579 I AutofillManagerService: Ignoring change on non_autofillable_ime_action_ids
05-20 10:28:44.828   579   579 I AutofillManagerService: Ignoring change on autofill_save_dialog_portrait_body_height_max_percent
05-20 10:28:44.828   579   579 I AutofillManagerService: Ignoring change on include_all_autofill_type_not_none_views_in_assist_structure
05-20 10:28:44.828   579   579 I AutofillManagerService: Ignoring change on trigger_fill_request_on_unimportant_view
05-20 10:28:44.828   579   579 I AutofillManagerService: Ignoring change on autofill_dialog_enabled
05-20 10:28:44.828   579   675 I RescueParty: Starting to observe: [com.google.android.federatedcompute, com.google.android.ondevicepersonalization.services], updated namespace: on_device_personalization
05-20 10:28:44.828   579   579 D CompatChangeReporter: Compat change id reported: 311208629; UID 10129; state: ENABLED
05-20 10:28:44.828   579   611 I PackageWatchdog: Syncing state, reason: observing new packages
05-20 10:28:44.828   579   611 D PackageWatchdog: rescue-party-observer added the following packages to monitor [com.google.android.federatedcompute, com.google.android.ondevicepersonalization.services]
05-20 10:28:44.828   579   611 I PackageWatchdog: Syncing state, reason: updated observers
05-20 10:28:44.828   579   611 I PackageWatchdog: Not pruning observers, elapsed time: 0ms
05-20 10:28:44.828   579   611 I PackageWatchdog: Saving observer state to file
05-20 10:28:44.828   579   579 I PackageWatchdog: Syncing health check requests for packages: {}
05-20 10:28:44.828   579   579 I ExplicitHealthCheckController: Service not ready to get health check supported packages. Binding...
05-20 10:28:44.829   579   579 I ExplicitHealthCheckController: Explicit health check service is bound
05-20 10:28:44.829   579   579 I ExplicitHealthCheckController: Explicit health check service is connected ComponentInfo{com.google.android.ext.services/android.ext.services.watchdog.ExplicitHealthCheckServiceImpl}
05-20 10:28:44.829   579   579 I ExplicitHealthCheckController: Service initialized, syncing requests
05-20 10:28:44.829   579   579 I PackageWatchdog: Syncing health check requests for packages: {}
05-20 10:28:44.829   579   579 D ExplicitHealthCheckController: Getting health check supported packages
05-20 10:28:44.829   579  1092 I ExplicitHealthCheckController: Explicit health check supported packages [PackageConfig{com.google.android.networkstack, 86400000}]
05-20 10:28:44.829   579  1092 D PackageWatchdog: Received supported packages [PackageConfig{com.google.android.networkstack, 86400000}]
05-20 10:28:44.829   579  1092 D ExplicitHealthCheckController: Getting health check requested packages
05-20 10:28:44.829   579  1092 I ExplicitHealthCheckController: Explicit health check requested packages []
05-20 10:28:44.829   579  1092 I ExplicitHealthCheckController: No more health check requests, unbinding...
05-20 10:28:44.829   579  1092 I ExplicitHealthCheckController: Explicit health check service is unbound
05-20 10:28:44.835   579   675 I RescueParty: Starting to observe: [com.google.android.as, com.google.android.as.oss], updated namespace: device_personalization_services
05-20 10:28:44.836   579   611 I PackageWatchdog: Syncing state, reason: observing new packages
05-20 10:28:44.836   579   611 D PackageWatchdog: rescue-party-observer added the following packages to monitor [com.google.android.as, com.google.android.as.oss]
05-20 10:28:44.836   579   611 I PackageWatchdog: Syncing state, reason: updated observers
05-20 10:28:44.836   579   611 I PackageWatchdog: Not pruning observers, elapsed time: 0ms
05-20 10:28:44.836   579   611 I PackageWatchdog: Saving observer state to file
05-20 10:28:44.836   579   579 I PackageWatchdog: Syncing health check requests for packages: {}
05-20 10:28:44.836   579   579 I ExplicitHealthCheckController: Service not ready to get health check supported packages. Binding...
05-20 10:28:44.836   579   579 I ExplicitHealthCheckController: Explicit health check service is bound
05-20 10:28:44.836   579   579 I PackageWatchdog: Syncing health check requests for packages: {}
05-20 10:28:44.836   579   579 I ExplicitHealthCheckController: Service not ready to get health check supported packages. Binding...
05-20 10:28:44.836   579   579 I ExplicitHealthCheckController: Not binding to service, service already connecting
05-20 10:28:44.836   579   579 I ExplicitHealthCheckController: Explicit health check service is connected ComponentInfo{com.google.android.ext.services/android.ext.services.watchdog.ExplicitHealthCheckServiceImpl}
05-20 10:28:44.836   579   579 I ExplicitHealthCheckController: Service initialized, syncing requests
05-20 10:28:44.836   579   579 I PackageWatchdog: Syncing health check requests for packages: {}
05-20 10:28:44.836   579   579 D ExplicitHealthCheckController: Getting health check supported packages
05-20 10:28:44.836   579  1752 I ExplicitHealthCheckController: Explicit health check supported packages [PackageConfig{com.google.android.networkstack, 86400000}]
05-20 10:28:44.836   579  1752 D PackageWatchdog: Received supported packages [PackageConfig{com.google.android.networkstack, 86400000}]
05-20 10:28:44.836   579  1752 D ExplicitHealthCheckController: Getting health check requested packages
05-20 10:28:44.836   579  1752 I ExplicitHealthCheckController: Explicit health check requested packages []
05-20 10:28:44.836   579  1752 I ExplicitHealthCheckController: No more health check requests, unbinding...
05-20 10:28:44.836   579  1752 I ExplicitHealthCheckController: Explicit health check service is unbound
05-20 10:28:44.837   579   675 I RescueParty: Starting to observe: [android], updated namespace: app_compat
05-20 10:28:44.837   579   611 I PackageWatchdog: Syncing state, reason: observing new packages
05-20 10:28:44.837   579   611 D PackageWatchdog: rescue-party-observer added the following packages to monitor [android]
05-20 10:28:44.837   579   611 I PackageWatchdog: Syncing state, reason: updated observers
05-20 10:28:44.837   579   611 I PackageWatchdog: Not pruning observers, elapsed time: 0ms
05-20 10:28:44.837   579   611 I PackageWatchdog: Saving observer state to file
05-20 10:28:44.837   579   579 I PackageWatchdog: Syncing health check requests for packages: {}
05-20 10:28:44.837   579   579 I ExplicitHealthCheckController: Service not ready to get health check supported packages. Binding...
05-20 10:28:44.837   579   579 I ExplicitHealthCheckController: Explicit health check service is bound
05-20 10:28:44.838   579   579 I PackageWatchdog: Syncing health check requests for packages: {}
05-20 10:28:44.838   579   579 I ExplicitHealthCheckController: Service not ready to get health check supported packages. Binding...
05-20 10:28:44.838   579   579 I ExplicitHealthCheckController: Not binding to service, service already connecting
05-20 10:28:44.838   579   579 I ExplicitHealthCheckController: Explicit health check service is connected ComponentInfo{com.google.android.ext.services/android.ext.services.watchdog.ExplicitHealthCheckServiceImpl}
05-20 10:28:44.839   579   579 I ExplicitHealthCheckController: Service initialized, syncing requests
05-20 10:28:44.841   579   579 I PackageWatchdog: Syncing health check requests for packages: {}
05-20 10:28:44.841   579   579 D ExplicitHealthCheckController: Getting health check supported packages
05-20 10:28:44.841   579  1752 I ExplicitHealthCheckController: Explicit health check supported packages [PackageConfig{com.google.android.networkstack, 86400000}]
05-20 10:28:44.841   579  1752 D PackageWatchdog: Received supported packages [PackageConfig{com.google.android.networkstack, 86400000}]
05-20 10:28:44.841   579  1752 D ExplicitHealthCheckController: Getting health check requested packages
05-20 10:28:44.842   579  1752 I ExplicitHealthCheckController: Explicit health check requested packages []
05-20 10:28:44.842   579  1752 I ExplicitHealthCheckController: No more health check requests, unbinding...
05-20 10:28:44.842   579  1752 I ExplicitHealthCheckController: Explicit health check service is unbound
05-20 10:28:44.848   579   675 I RescueParty: Starting to observe: [com.google.android.providers.media.module], updated namespace: mediaprovider
05-20 10:28:44.848   579   611 I PackageWatchdog: Syncing state, reason: observing new packages
05-20 10:28:44.848   579   611 D PackageWatchdog: rescue-party-observer added the following packages to monitor [com.google.android.providers.media.module]
05-20 10:28:44.848   579   611 I PackageWatchdog: Syncing state, reason: updated observers
05-20 10:28:44.848   579   611 I PackageWatchdog: Saving observer state to file
05-20 10:28:44.849   579   675 I RescueParty: Starting to observe: [android], updated namespace: credential_manager
05-20 10:28:44.849   579   611 I PackageWatchdog: Syncing state, reason: observing new packages
05-20 10:28:44.849   579   611 I PackageWatchdog: Not pruning observers, elapsed time: 0ms
05-20 10:28:44.849   579   611 D PackageWatchdog: rescue-party-observer added the following packages to monitor [android]
05-20 10:28:44.849   579   611 I PackageWatchdog: Syncing state, reason: updated observers
05-20 10:28:44.849   579   611 I PackageWatchdog: Not pruning observers, elapsed time: 0ms
05-20 10:28:44.849   579   611 I PackageWatchdog: Saving observer state to file
05-20 10:28:44.849   579   579 I PackageWatchdog: Syncing health check requests for packages: {}
05-20 10:28:44.849   579   579 I ExplicitHealthCheckController: Service not ready to get health check supported packages. Binding...
05-20 10:28:44.850   579   579 I ExplicitHealthCheckController: Explicit health check service is bound
05-20 10:28:44.850   579   579 I PackageWatchdog: Syncing health check requests for packages: {}
05-20 10:28:44.850   579   579 I ExplicitHealthCheckController: Service not ready to get health check supported packages. Binding...
05-20 10:28:44.850   579   579 I ExplicitHealthCheckController: Not binding to service, service already connecting
05-20 10:28:44.850   579   579 I ExplicitHealthCheckController: Explicit health check service is connected ComponentInfo{com.google.android.ext.services/android.ext.services.watchdog.ExplicitHealthCheckServiceImpl}
05-20 10:28:44.850   579   579 I ExplicitHealthCheckController: Service initialized, syncing requests
05-20 10:28:44.850   579   579 I PackageWatchdog: Syncing health check requests for packages: {}
05-20 10:28:44.850   579   579 D ExplicitHealthCheckController: Getting health check supported packages
05-20 10:28:44.850   579  1752 I ExplicitHealthCheckController: Explicit health check supported packages [PackageConfig{com.google.android.networkstack, 86400000}]
05-20 10:28:44.850   579  1752 D PackageWatchdog: Received supported packages [PackageConfig{com.google.android.networkstack, 86400000}]
05-20 10:28:44.850   579  1752 D ExplicitHealthCheckController: Getting health check requested packages
05-20 10:28:44.850   579  1752 I ExplicitHealthCheckController: Explicit health check requested packages []
05-20 10:28:44.850   579  1752 I ExplicitHealthCheckController: No more health check requests, unbinding...
05-20 10:28:44.850   579  1752 I ExplicitHealthCheckController: Explicit health check service is unbound
05-20 10:28:44.851   579   675 I RescueParty: Starting to observe: [android], updated namespace: telephony
05-20 10:28:44.851   579   611 I PackageWatchdog: Syncing state, reason: observing new packages
05-20 10:28:44.851   579   611 D PackageWatchdog: rescue-party-observer added the following packages to monitor [android]
05-20 10:28:44.851   579   611 I PackageWatchdog: Syncing state, reason: updated observers
05-20 10:28:44.851   579   611 I PackageWatchdog: Not pruning observers, elapsed time: 0ms
05-20 10:28:44.851   579   611 I PackageWatchdog: Saving observer state to file
05-20 10:28:44.852   579   579 I PackageWatchdog: Syncing health check requests for packages: {}
05-20 10:28:44.852   579   579 I ExplicitHealthCheckController: Service not ready to get health check supported packages. Binding...
05-20 10:28:44.852   579   579 I ExplicitHealthCheckController: Explicit health check service is bound
05-20 10:28:44.852   579   579 I ExplicitHealthCheckController: Explicit health check service is connected ComponentInfo{com.google.android.ext.services/android.ext.services.watchdog.ExplicitHealthCheckServiceImpl}
05-20 10:28:44.852   579   579 I ExplicitHealthCheckController: Service initialized, syncing requests
05-20 10:28:44.852   579   579 I PackageWatchdog: Syncing health check requests for packages: {}
05-20 10:28:44.852   579   579 D ExplicitHealthCheckController: Getting health check supported packages
05-20 10:28:44.853   579  1092 I ExplicitHealthCheckController: Explicit health check supported packages [PackageConfig{com.google.android.networkstack, 86400000}]
05-20 10:28:44.853   579  1092 D PackageWatchdog: Received supported packages [PackageConfig{com.google.android.networkstack, 86400000}]
05-20 10:28:44.853   579  1092 D ExplicitHealthCheckController: Getting health check requested packages
05-20 10:28:44.853   579   675 I RescueParty: Starting to observe: [com.google.android.as.oss], updated namespace: aicore
05-20 10:28:44.853   579   611 I PackageWatchdog: Syncing state, reason: observing new packages
05-20 10:28:44.853   579   611 D PackageWatchdog: rescue-party-observer added the following packages to monitor [com.google.android.as.oss]
05-20 10:28:44.853   579   611 I PackageWatchdog: Syncing state, reason: updated observers
05-20 10:28:44.853   579   611 I PackageWatchdog: Not pruning observers, elapsed time: 0ms
05-20 10:28:44.853   579   611 I PackageWatchdog: Saving observer state to file
05-20 10:28:44.853   579  1752 I ExplicitHealthCheckController: Explicit health check requested packages []
05-20 10:28:44.853   579  1752 I ExplicitHealthCheckController: No more health check requests, unbinding...
05-20 10:28:44.853   579  1752 I ExplicitHealthCheckController: Explicit health check service is unbound
05-20 10:28:44.853   579   579 I PackageWatchdog: Syncing health check requests for packages: {}
05-20 10:28:44.853   579   579 I ExplicitHealthCheckController: Service not ready to get health check supported packages. Binding...
05-20 10:28:44.854   579   579 I ExplicitHealthCheckController: Explicit health check service is bound
05-20 10:28:44.854   579   579 I ExplicitHealthCheckController: Explicit health check service is connected ComponentInfo{com.google.android.ext.services/android.ext.services.watchdog.ExplicitHealthCheckServiceImpl}
05-20 10:28:44.854   579   579 I ExplicitHealthCheckController: Service initialized, syncing requests
05-20 10:28:44.854   579   579 I PackageWatchdog: Syncing health check requests for packages: {}
05-20 10:28:44.854   579   579 D ExplicitHealthCheckController: Getting health check supported packages
05-20 10:28:44.854   579  1092 I ExplicitHealthCheckController: Explicit health check supported packages [PackageConfig{com.google.android.networkstack, 86400000}]
05-20 10:28:44.854   579  1092 D PackageWatchdog: Received supported packages [PackageConfig{com.google.android.networkstack, 86400000}]
05-20 10:28:44.854   579  1092 D ExplicitHealthCheckController: Getting health check requested packages
05-20 10:28:44.854   579  1092 I ExplicitHealthCheckController: Explicit health check requested packages []
05-20 10:28:44.854   579  1092 I ExplicitHealthCheckController: No more health check requests, unbinding...
05-20 10:28:44.854   579  1092 I ExplicitHealthCheckController: Explicit health check service is unbound
05-20 10:28:44.854   579   675 I RescueParty: Starting to observe: [android, com.google.android.healthconnect.controller], updated namespace: health_fitness
05-20 10:28:44.854   579   611 I PackageWatchdog: Syncing state, reason: observing new packages
05-20 10:28:44.854   579   611 D PackageWatchdog: rescue-party-observer added the following packages to monitor [android, com.google.android.healthconnect.controller]
05-20 10:28:44.855   579   611 I PackageWatchdog: Syncing state, reason: updated observers
05-20 10:28:44.855   579   611 I PackageWatchdog: Not pruning observers, elapsed time: 0ms
05-20 10:28:44.855   579   611 I PackageWatchdog: Saving observer state to file
05-20 10:28:44.855   579   579 I PackageWatchdog: Syncing health check requests for packages: {}
05-20 10:28:44.855   579   579 I ExplicitHealthCheckController: Service not ready to get health check supported packages. Binding...
05-20 10:28:44.855   579   579 I ExplicitHealthCheckController: Explicit health check service is bound
05-20 10:28:44.855   579   675 I RescueParty: Starting to observe: [android], updated namespace: app_standby
05-20 10:28:44.855   579   611 I PackageWatchdog: Syncing state, reason: observing new packages
05-20 10:28:44.855   579   611 D PackageWatchdog: rescue-party-observer added the following packages to monitor [android]
05-20 10:28:44.855   579   611 I PackageWatchdog: Syncing state, reason: updated observers
05-20 10:28:44.855   579   611 I PackageWatchdog: Not pruning observers, elapsed time: 0ms
05-20 10:28:44.855   579   611 I PackageWatchdog: Saving observer state to file
05-20 10:28:44.856   579   579 I ExplicitHealthCheckController: Explicit health check service is connected ComponentInfo{com.google.android.ext.services/android.ext.services.watchdog.ExplicitHealthCheckServiceImpl}
05-20 10:28:44.856   579   579 I ExplicitHealthCheckController: Service initialized, syncing requests
