05-20 10:22:38.907   579   579 D SystemServerTiming: OnBootPhase_520_com.android.server.midi.MidiService$Lifecycle
05-20 10:22:38.907   579   579 D SystemServerTiming: OnBootPhase_520_com.android.server.adb.AdbService$Lifecycle
05-20 10:22:38.907   579   579 D SystemServerTiming: OnBootPhase_520_com.android.server.usb.UsbService$Lifecycle
05-20 10:22:38.907   579   579 D SystemServerTiming: OnBootPhase_520_com.android.server.SerialService$Lifecycle
05-20 10:22:38.907   579   579 D SystemServerTiming: OnBootPhase_520_com.android.server.twilight.TwilightService
05-20 10:22:38.907   579   579 D SystemServerTiming: OnBootPhase_520_com.android.server.display.color.ColorDisplayService
05-20 10:22:38.907   579   579 D SystemServerTiming: OnBootPhase_520_com.android.server.job.JobSchedulerService
05-20 10:22:38.907   579   579 D SystemServerTiming: OnBootPhase_520_com.android.server.soundtrigger.SoundTriggerService
05-20 10:22:38.907   579   579 D SoundTriggerService: onBootPhase: 520 : false
05-20 10:22:38.907   579   579 D SystemServerTiming: OnBootPhase_520_com.android.server.trust.TrustManagerService
05-20 10:22:38.907   579   579 D SystemServerTiming: OnBootPhase_520_com.android.server.backup.BackupManagerService$Lifecycle
05-20 10:22:38.907   579   579 D SystemServerTiming: OnBootPhase_520_com.android.server.appwidget.AppWidgetService
05-20 10:22:38.907   579   579 D SystemServerTiming: OnBootPhase_520_com.android.server.voiceinteraction.VoiceInteractionManagerService
05-20 10:22:38.907   579   579 D SystemServerTiming: OnBootPhase_520_com.android.server.GestureLauncherService
05-20 10:22:38.907   579   579 D SystemServerTiming: OnBootPhase_520_com.android.server.SensorNotificationService
05-20 10:22:38.907   579   579 D SystemServerTiming: OnBootPhase_520_com.android.server.emergency.EmergencyAffordanceService
05-20 10:22:38.907   579   579 D SystemServerTiming: OnBootPhase_520_com.android.server.blob.BlobStoreManagerService
05-20 10:22:38.907   579   579 D SystemServerTiming: OnBootPhase_520_com.android.server.dreams.DreamManagerService
05-20 10:22:38.907   579   579 D SystemServerTiming: OnBootPhase_520_com.android.server.print.PrintManagerService
05-20 10:22:38.907   579   579 D SystemServerTiming: OnBootPhase_520_com.android.server.security.AttestationVerificationManagerService
05-20 10:22:38.907   579   579 D SystemServerTiming: OnBootPhase_520_com.android.server.companion.CompanionDeviceManagerService
05-20 10:22:38.907   579   579 D SystemServerTiming: OnBootPhase_520_com.android.server.companion.virtual.VirtualDeviceManagerService
05-20 10:22:38.907   579   579 D SystemServerTiming: OnBootPhase_520_com.android.server.restrictions.RestrictionsManagerService
05-20 10:22:38.907   579   579 D SystemServerTiming: OnBootPhase_520_com.android.server.media.MediaSessionService
05-20 10:22:38.907   579   579 D SystemServerTiming: OnBootPhase_520_com.android.server.media.MediaResourceMonitorService
05-20 10:22:38.907   579   579 D SystemServerTiming: OnBootPhase_520_com.android.server.biometrics.sensors.face.FaceService
05-20 10:22:38.907   579   579 D SystemServerTiming: OnBootPhase_520_com.android.server.biometrics.sensors.fingerprint.FingerprintService
05-20 10:22:38.907   579   579 D SystemServerTiming: OnBootPhase_520_com.android.server.biometrics.BiometricService
05-20 10:22:38.907   579   579 D SystemServerTiming: OnBootPhase_520_com.android.server.biometrics.AuthService
05-20 10:22:38.907   579   579 D SystemServerTiming: OnBootPhase_520_com.android.server.adaptiveauth.AdaptiveAuthService
05-20 10:22:38.907   579   579 D SystemServerTiming: OnBootPhase_520_com.android.server.pm.ShortcutService$Lifecycle
05-20 10:22:38.907   579   579 D ShortcutService: onBootPhase: 520
05-20 10:22:38.907   579   579 D SystemServerTiming: OnBootPhase_520_com.android.server.pm.LauncherAppsService
05-20 10:22:38.907   579   579 D SystemServerTiming: OnBootPhase_520_com.android.server.pm.CrossProfileAppsService
05-20 10:22:38.907   579   579 D SystemServerTiming: OnBootPhase_520_com.android.server.people.PeopleService
05-20 10:22:38.907   579   579 D SystemServerTiming: OnBootPhase_520_com.android.server.media.metrics.MediaMetricsManagerService
05-20 10:22:38.907   579   579 D SystemServerTiming: OnBootPhase_520_com.android.server.pm.BackgroundInstallControlService
05-20 10:22:38.907   579   579 D SystemServerTiming: OnBootPhase_520_com.android.server.media.projection.MediaProjectionManagerService
05-20 10:22:38.907   579   579 D SystemServerTiming: OnBootPhase_520_com.android.server.slice.SliceManagerService$Lifecycle
05-20 10:22:38.907   579   579 D SystemServerTiming: OnBootPhase_520_com.android.server.stats.StatsCompanion$Lifecycle
05-20 10:22:38.907   579   579 D SystemServerTiming: OnBootPhase_520_com.android.server.scheduling.RebootReadinessManagerService$Lifecycle
05-20 10:22:38.907   579   579 D SystemServerTiming: OnBootPhase_520_com.android.server.stats.pull.StatsPullAtomService
05-20 10:22:38.907   579   579 D SystemServerTiming: OnBootPhase_520_com.android.server.stats.bootstrap.StatsBootstrapAtomService$Lifecycle
05-20 10:22:38.907   579   579 D SystemServerTiming: OnBootPhase_520_com.android.server.incident.IncidentCompanionService
05-20 10:22:38.907   579   579 D SystemServerTiming: OnBootPhase_520_com.android.server.sdksandbox.SdkSandboxManagerService$Lifecycle
05-20 10:22:38.908   579   579 D SystemServerTiming: OnBootPhase_520_com.android.server.adservices.AdServicesManagerService$Lifecycle
05-20 10:22:38.908   579   579 D SystemServerTiming: OnBootPhase_520_com.android.server.ondevicepersonalization.OnDevicePersonalizationSystemService$Lifecycle
05-20 10:22:38.908   579   579 D SystemServerTiming: OnBootPhase_520_android.os.profiling.ProfilingService$Lifecycle
05-20 10:22:38.908   579   579 D SystemServerTiming: OnBootPhase_520_com.android.server.autofill.AutofillManagerService
05-20 10:22:38.908   579   579 D SystemServerTiming: OnBootPhase_520_com.android.server.credentials.CredentialManagerService
05-20 10:22:38.908   579   579 D SystemServerTiming: OnBootPhase_520_com.android.server.translation.TranslationManagerService
05-20 10:22:38.908   579   579 D SystemServerTiming: OnBootPhase_520_com.android.server.clipboard.ClipboardService
05-20 10:22:38.908   579   579 D SystemServerTiming: OnBootPhase_520_com.android.server.appbinding.AppBindingService$Lifecycle
05-20 10:22:38.908   579   579 D SystemServerTiming: OnBootPhase_520_com.android.server.tracing.TracingServiceProxy
05-20 10:22:38.908   579   579 D SystemServerTiming: OnBootPhase_520_com.android.server.policy.PermissionPolicyService
05-20 10:22:38.909   579   579 D SystemServerTiming: OnBootPhase_520_com.android.server.pm.StagingManager$Lifecycle
05-20 10:22:38.909   579   579 D SystemServerTiming: OnBootPhase_520_com.android.server.app.GameManagerService$Lifecycle
05-20 10:22:38.909   579   579 D SystemServerTiming: StartSafetyCenterService
05-20 10:22:38.909   579   579 I SystemServiceManager: Starting com.android.safetycenter.SafetyCenterService
05-20 10:22:38.931   579   579 D SystemServerTiming: AppSearchModule
05-20 10:22:39.085   579   579 I SystemServiceManager: Starting com.android.server.appsearch.AppSearchModule$Lifecycle
05-20 10:22:39.093   579   579 D SystemServerTiming: StartMediaCommunicationService
05-20 10:22:39.093   579   579 I SystemServiceManager: Starting com.android.server.media.MediaCommunicationService
05-20 10:22:39.095   579   579 D SystemServerTiming: AppCompatOverridesService
05-20 10:22:39.095   579   579 I SystemServiceManager: Starting com.android.server.compat.overrides.AppCompatOverridesService$Lifecycle
05-20 10:22:39.095   579   579 D SystemServerTiming: HealthConnectManagerService
05-20 10:22:39.095   579   579 I SystemServiceManager: Starting com.android.server.healthconnect.HealthConnectManagerService
05-20 10:22:39.097   579   579 E HealthConnectResContext: Attempted to fetch resources before Health Connect resources APK is loaded!
05-20 10:22:39.097   579   579 E HealthConnectResContext: java.lang.IllegalStateException
05-20 10:22:39.097   579   579 E HealthConnectResContext: 	at com.android.server.healthconnect.migration.notification.HealthConnectResourcesContext.resolvePackageInfo(HealthConnectResourcesContext.java:130)
05-20 10:22:39.097   579   579 E HealthConnectResContext: 	at com.android.server.healthconnect.migration.notification.HealthConnectResourcesContext.initialisePackageNames(HealthConnectResourcesContext.java:88)
05-20 10:22:39.097   579   579 E HealthConnectResContext: 	at com.android.server.healthconnect.migration.notification.HealthConnectResourcesContext.<init>(HealthConnectResourcesContext.java:83)
05-20 10:22:39.097   579   579 E HealthConnectResContext: 	at com.android.server.healthconnect.migration.notification.HealthConnectResourcesContext.<init>(HealthConnectResourcesContext.java:70)
05-20 10:22:39.097   579   579 E HealthConnectResContext: 	at com.android.server.healthconnect.migration.notification.MigrationNotificationFactory.<init>(MigrationNotificationFactory.java:108)
05-20 10:22:39.097   579   579 E HealthConnectResContext: 	at com.android.server.healthconnect.migration.notification.MigrationNotificationSender.<init>(MigrationNotificationSender.java:60)
05-20 10:22:39.097   579   579 E HealthConnectResContext: 	at com.android.server.healthconnect.HealthConnectManagerService.<init>(HealthConnectManagerService.java:100)
05-20 10:22:39.097   579   579 E HealthConnectResContext: 	at java.lang.reflect.Constructor.newInstance0(Native Method)
05-20 10:22:39.097   579   579 E HealthConnectResContext: 	at java.lang.reflect.Constructor.newInstance(Constructor.java:343)
05-20 10:22:39.097   579   579 E HealthConnectResContext: 	at com.android.server.SystemServiceManager.startService(SystemServiceManager.java:242)
05-20 10:22:39.097   579   579 E HealthConnectResContext: 	at com.android.server.SystemServiceManager.startService(SystemServiceManager.java:155)
05-20 10:22:39.097   579   579 E HealthConnectResContext: 	at com.android.server.SystemServer.startOtherServices(SystemServer.java:2991)
05-20 10:22:39.097   579   579 E HealthConnectResContext: 	at com.android.server.SystemServer.run(SystemServer.java:936)
05-20 10:22:39.097   579   579 E HealthConnectResContext: 	at com.android.server.SystemServer.main(SystemServer.java:657)
05-20 10:22:39.097   579   579 E HealthConnectResContext: 	at java.lang.reflect.Method.invoke(Native Method)
05-20 10:22:39.097   579   579 E HealthConnectResContext: 	at com.android.internal.os.RuntimeInit$MethodAndArgsCaller.run(RuntimeInit.java:580)
05-20 10:22:39.097   579   579 E HealthConnectResContext: 	at com.android.internal.os.ZygoteInit.main(ZygoteInit.java:864)
05-20 10:22:39.098   579   579 D SystemServerTiming: DeviceLockService
05-20 10:22:39.099   579   579 I SystemServiceManager: Starting com.android.server.devicelock.DeviceLockService
05-20 10:22:39.099   579   579 D DeviceLockService: DeviceLockService constructor
05-20 10:22:39.100   579   579 I DeviceLockService: Registering device_lock
05-20 10:22:39.100   579   579 D SystemServerTiming: StartSensitiveContentProtectionManager
05-20 10:22:39.101   579   579 I SystemServiceManager: Starting com.android.server.SensitiveContentProtectionManagerService
05-20 10:22:39.101   579   579 D SystemServerTiming: PhaseActivityManagerReady
05-20 10:22:39.101   579   579 D SystemServerTiming: controllersReady
05-20 10:22:39.128   579   579 D SystemServerTiming: killProcesses
05-20 10:22:39.128   579   579 I ActivityManager: System now ready
05-20 10:22:39.129   579   579 D SystemServerTiming: updateTopComponentForFactoryTest
05-20 10:22:39.129   579   579 D SystemServerTiming: registerActivityLaunchObserver
05-20 10:22:39.129   579   579 D SystemServerTiming: watchDeviceProvisioning
05-20 10:22:39.130   579   579 D SystemServerTiming: retrieveSettings
05-20 10:22:39.131   579   579 I ActivityTaskManager: Config changes=10008000 {1.0 ?mcc0mnc [en_US] ldltr sw800dp w1280dp h800dp 320dpi xlrg land finger qwerty/v/v dpad/v winConfig={ mBounds=Rect(0, 0 - 2560, 1600) mAppBounds=Rect(0, 0 - 2560, 1600) mMaxBounds=Rect(0, 0 - 2560, 1600) mDisplayRotation=ROTATION_0 mWindowingMode=fullscreen mActivityType=undefined mAlwaysOnTop=undefined mRotation=ROTATION_0} s.6 fontWeightAdjustment=0}
05-20 10:22:39.131   579   579 I WindowManager: Override config changes=10008000 {1.0 ?mcc0mnc [en_US] ldltr sw800dp w1280dp h800dp 320dpi xlrg land finger qwerty/v/v dpad/v winConfig={ mBounds=Rect(0, 0 - 2560, 1600) mAppBounds=Rect(0, 0 - 2560, 1600) mMaxBounds=Rect(0, 0 - 2560, 1600) mDisplayRotation=ROTATION_0 mWindowingMode=fullscreen mActivityType=undefined mAlwaysOnTop=undefined mRotation=ROTATION_0} s.6 fontWeightAdjustment=0} for displayId=0
05-20 10:22:39.132   579   579 D SystemServerTiming: Ugm.onSystemReady
05-20 10:22:39.133   579   579 D SystemServerTiming: updateForceBackgroundCheck
05-20 10:22:39.133   579   579 I SystemServer: Making services ready
05-20 10:22:39.133   579   579 D SystemServerTiming: StartActivityManagerReadyPhase
05-20 10:22:39.133   579   579 I SystemServiceManager: Starting phase 550
05-20 10:22:39.133   579   579 D SystemServerTiming: OnBootPhase_550
05-20 10:22:39.133   579   579 D SystemServerTiming: OnBootPhase_550_com.android.server.security.FileIntegrityService
05-20 10:22:39.133   579   579 D SystemServerTiming: OnBootPhase_550_com.android.server.pm.Installer
05-20 10:22:39.133   579   579 D SystemServerTiming: OnBootPhase_550_com.android.server.os.DeviceIdentifiersPolicyService
05-20 10:22:39.133   579   579 D SystemServerTiming: OnBootPhase_550_com.android.server.flags.FeatureFlagsService
05-20 10:22:39.133   579   579 D SystemServerTiming: OnBootPhase_550_com.android.server.uri.UriGrantsManagerService$Lifecycle
05-20 10:22:39.133   579   579 D SystemServerTiming: OnBootPhase_550_com.android.server.powerstats.PowerStatsService
05-20 10:22:39.133   579   579 D SystemServerTiming: OnBootPhase_550_com.android.server.permission.access.AccessCheckingService
05-20 10:22:39.133   579   579 D SystemServerTiming: OnBootPhase_550_com.android.server.wm.ActivityTaskManagerService$Lifecycle
05-20 10:22:39.133   579   579 D SystemServerTiming: OnBootPhase_550_com.android.server.am.ActivityManagerService$Lifecycle
05-20 10:22:39.134   579   579 D SystemServerTiming: OnBootPhase_550_com.android.server.pm.DataLoaderManagerService
05-20 10:22:39.134   579   579 D SystemServerTiming: OnBootPhase_550_com.android.server.power.PowerManagerService
05-20 10:22:39.134   579   579 D SystemServerTiming: OnBootPhase_550_com.android.server.power.ThermalManagerService
05-20 10:22:39.142   579   579 I ThermalManagerService$ThermalHalWrapper: Thermal HAL 2.0 service connected.
05-20 10:22:39.142   579   579 D SystemServerTiming: OnBootPhase_550_com.android.server.recoverysystem.RecoverySystemService$Lifecycle
05-20 10:22:39.142   579   579 D SystemServerTiming: OnBootPhase_550_com.android.server.lights.LightsService
05-20 10:22:39.142   579   579 D SystemServerTiming: OnBootPhase_550_com.android.server.display.DisplayManagerService
05-20 10:22:39.142   579   579 D SystemServerTiming: OnBootPhase_550_com.android.server.pm.verify.domain.DomainVerificationService
05-20 10:22:39.142   579   579 D SystemServerTiming: OnBootPhase_550_com.android.server.pm.PackageInstallerService$Lifecycle
05-20 10:22:39.142   579   579 D SystemServerTiming: OnBootPhase_550_com.android.server.pm.UserManagerService$LifeCycle
05-20 10:22:39.142   579   579 D SystemServerTiming: OnBootPhase_550_com.android.server.om.OverlayManagerService
05-20 10:22:39.142   579   579 D SystemServerTiming: OnBootPhase_550_com.android.server.resources.ResourcesManagerService
05-20 10:22:39.142   579   579 D SystemServerTiming: OnBootPhase_550_com.android.server.sensorprivacy.SensorPrivacyService
05-20 10:22:39.143   579   600 D BrightnessThermalClamper: New thermal throttling status = 0
05-20 10:22:39.143   579   579 D SystemServerTiming: OnBootPhase_550_com.android.server.sensors.SensorService
05-20 10:22:39.143   579   579 D SystemServerTiming: OnBootPhase_550_com.android.server.SystemConfigService
05-20 10:22:39.143   579   579 D SystemServerTiming: OnBootPhase_550_com.android.server.BatteryService
05-20 10:22:39.143   579   579 D SystemServerTiming: OnBootPhase_550_com.android.server.usage.UsageStatsService
05-20 10:22:39.144   579   579 D SystemServerTiming: OnBootPhase_550_com.android.server.webkit.WebViewUpdateService
05-20 10:22:39.144   579   579 D SystemServerTiming: OnBootPhase_550_com.android.server.CachedDeviceStateService
05-20 10:22:39.144   579   579 D SystemServerTiming: OnBootPhase_550_com.android.server.BinderCallsStatsService$LifeCycle
05-20 10:22:39.144   579   579 D SystemServerTiming: OnBootPhase_550_com.android.server.LooperStatsService$Lifecycle
05-20 10:22:39.144   579   579 D SystemServerTiming: OnBootPhase_550_com.android.server.rollback.RollbackManagerService
05-20 10:22:39.144   579   579 D SystemServerTiming: OnBootPhase_550_com.android.server.os.NativeTombstoneManagerService
05-20 10:22:39.144   579   579 D SystemServerTiming: OnBootPhase_550_com.android.server.os.BugreportManagerService
05-20 10:22:39.144   579   579 D SystemServerTiming: OnBootPhase_550_com.android.server.gpu.GpuService
05-20 10:22:39.144   579   579 D SystemServerTiming: OnBootPhase_550_com.android.server.security.rkp.RemoteProvisioningService
05-20 10:22:39.144   579   579 D SystemServerTiming: OnBootPhase_550_com.android.server.security.KeyChainSystemService
05-20 10:22:39.144   579   579 D SystemServerTiming: OnBootPhase_550_com.android.server.BinaryTransparencyService
05-20 10:22:39.144   579   579 D SystemServerTiming: OnBootPhase_550_com.android.server.telecom.TelecomLoaderService
05-20 10:22:39.145   579   579 W ActivityManager: Too early to start/bind service in system_server: Phase=550 ComponentInfo{com.android.server.telecom/com.android.server.telecom.components.TelecomService}
05-20 10:22:39.146   579   579 W ActivityManager: Too early to start/bind service in system_server: Phase=550 ComponentInfo{com.android.server.telecom/com.android.server.telecom.components.TelecomService}
05-20 10:22:39.146   579   579 D SystemServerTiming: OnBootPhase_550_com.android.server.accounts.AccountManagerService$Lifecycle
05-20 10:22:39.146   579   579 D SystemServerTiming: OnBootPhase_550_com.android.server.content.ContentService$Lifecycle
05-20 10:22:39.146   579   579 D SystemServerTiming: OnBootPhase_550_com.android.server.deviceconfig.DeviceConfigInit$Lifecycle
05-20 10:22:39.146   579   579 D SystemServerTiming: OnBootPhase_550_com.android.server.DropBoxManagerService
05-20 10:22:39.146   579   579 D SystemServerTiming: OnBootPhase_550_com.android.ecm.EnhancedConfirmationService
05-20 10:22:39.146   579   579 D SystemServerTiming: OnBootPhase_550_com.android.server.power.hint.HintManagerService
05-20 10:22:39.146   579   579 D SystemServerTiming: OnBootPhase_550_com.android.role.RoleService
05-20 10:22:39.146   579   579 D SystemServerTiming: OnBootPhase_550_com.android.server.vibrator.VibratorManagerService$Lifecycle
05-20 10:22:39.146   579   579 D SystemServerTiming: OnBootPhase_550_com.android.server.alarm.AlarmManagerService
05-20 10:22:39.146   579   579 D SystemServerTiming: OnBootPhase_550_com.android.server.devicestate.DeviceStateManagerService
05-20 10:22:39.146   579   579 D SystemServerTiming: OnBootPhase_550_com.android.server.camera.CameraServiceProxy
05-20 10:22:39.146   579   579 D SystemServerTiming: OnBootPhase_550_com.android.server.bluetooth.BluetoothService
05-20 10:22:39.146   579   579 D SystemServerTiming: OnBootPhase_550_com.android.server.connectivity.IpConnectivityMetrics
05-20 10:22:39.146   579   579 D SystemServerTiming: OnBootPhase_550_com.android.server.net.watchlist.NetworkWatchlistService$Lifecycle
05-20 10:22:39.146   579   579 D SystemServerTiming: OnBootPhase_550_com.android.server.PinnerService
05-20 10:22:39.146   579   579 D SystemServerTiming: OnBootPhase_550_com.android.server.integrity.AppIntegrityManagerService
05-20 10:22:39.146   579   579 D SystemServerTiming: OnBootPhase_550_com.android.server.logcat.LogcatManagerService
05-20 10:22:39.146   579   579 D SystemServerTiming: OnBootPhase_550_com.android.server.inputmethod.InputMethodManagerService$Lifecycle
05-20 10:22:39.146   579   671 D SystemServerTimingAsync: InitThreadPoolExec:Lazily initialize IMMS#mImeDrawsImeNavBarRes
05-20 10:22:39.151   579   670 E NativeTombstoneManager: Tombstone's UID (1002) not an app, ignoring
05-20 10:22:39.154   579   670 E NativeTombstoneManager: Tombstone's UID (1002) not an app, ignoring
05-20 10:22:39.160   579   671 D SystemServerTimingAsync: InitThreadPoolExec:Start AdditionalSubtypeMapRepository's writer thread
05-20 10:22:39.160   579   579 D SystemServerTiming: OnBootPhase_550_com.android.server.accessibility.AccessibilityManagerService$Lifecycle
05-20 10:22:39.160   579   579 D SystemServerTiming: OnBootPhase_550_com.android.server.StorageManagerService$Lifecycle
05-20 10:22:39.160   579   579 D SystemServerTiming: OnBootPhase_550_com.android.server.usage.StorageStatsService$Lifecycle
05-20 10:22:39.160   579   579 D SystemServerTiming: OnBootPhase_550_com.android.server.UiModeManagerService
05-20 10:22:39.160   579   579 D SystemServerTiming: OnBootPhase_550_com.android.server.locales.LocaleManagerService
05-20 10:22:39.160   579   579 D SystemServerTiming: OnBootPhase_550_com.android.server.grammaticalinflection.GrammaticalInflectionService
05-20 10:22:39.160   579   579 D SystemServerTiming: OnBootPhase_550_com.android.server.apphibernation.AppHibernationService
05-20 10:22:39.160   579   579 D SystemServerTiming: OnBootPhase_550_com.android.server.locksettings.LockSettingsService$Lifecycle
05-20 10:22:39.160   579   579 D SystemServerTiming: OnBootPhase_550_com.android.server.testharness.TestHarnessModeService
05-20 10:22:39.160   579   579 D SystemServerTiming: OnBootPhase_550_com.android.server.DeviceIdleController
05-20 10:22:39.160   579   579 D SystemServerTiming: OnBootPhase_550_com.android.server.devicepolicy.DevicePolicyManagerService$Lifecycle
05-20 10:22:39.160   579   579 I DevicePolicyManager: Migrating password complexity to policy engine
05-20 10:22:39.160   579   579 I DevicePolicyManager: Migrating suspended packages to policy engine
05-20 10:22:39.161   579   579 D SystemServerTiming: OnBootPhase_550_com.android.server.musicrecognition.MusicRecognitionManagerService
05-20 10:22:39.161   579   579 D SystemServerTiming: OnBootPhase_550_com.android.server.contentcapture.ContentCaptureManagerService
05-20 10:22:39.161   579   579 D SystemServerTiming: OnBootPhase_550_com.android.server.systemcaptions.SystemCaptionsManagerService
05-20 10:22:39.161   579   579 D SystemServerTiming: OnBootPhase_550_com.android.server.texttospeech.TextToSpeechManagerService
05-20 10:22:39.161   579   579 D SystemServerTiming: OnBootPhase_550_com.android.server.wearable.WearableSensingManagerService
05-20 10:22:39.161   579   579 D SystemServerTiming: OnBootPhase_550_com.android.server.ondeviceintelligence.OnDeviceIntelligenceManagerService
05-20 10:22:39.161   579   579 D SystemServerTiming: OnBootPhase_550_com.android.server.ambientcontext.AmbientContextManagerService
05-20 10:22:39.161   579   579 D SystemServerTiming: OnBootPhase_550_com.android.server.speech.SpeechRecognitionManagerService
05-20 10:22:39.161   579   579 D SystemServerTiming: OnBootPhase_550_com.android.server.appprediction.AppPredictionManagerService
05-20 10:22:39.161   579   579 D SystemServerTiming: OnBootPhase_550_com.android.server.contentsuggestions.ContentSuggestionsManagerService
05-20 10:22:39.161   579   579 D SystemServerTiming: OnBootPhase_550_com.android.server.searchui.SearchUiManagerService
05-20 10:22:39.161   579   579 D SystemServerTiming: OnBootPhase_550_com.android.server.smartspace.SmartspaceManagerService
05-20 10:22:39.161   579   579 D SystemServerTiming: OnBootPhase_550_com.android.server.contextualsearch.ContextualSearchManagerService
05-20 10:22:39.161   579   579 D SystemServerTiming: OnBootPhase_550_com.android.server.graphics.fonts.FontManagerService$Lifecycle
05-20 10:22:39.161   579   579 D SystemServerTiming: OnBootPhase_550_com.android.server.textservices.TextServicesManagerService$Lifecycle
05-20 10:22:39.161   579   579 D SystemServerTiming: OnBootPhase_550_com.android.server.textclassifier.TextClassificationManagerService$Lifecycle
05-20 10:22:39.161   579   579 D SystemServerTiming: OnBootPhase_550_com.android.server.NetworkScoreService$Lifecycle
05-20 10:22:39.161   579   579 D SystemServerTiming: OnBootPhase_550_com.android.server.NetworkStatsServiceInitializer
05-20 10:22:39.162   175   175 W vold    : There is no valid blk device path for data partition
05-20 10:22:39.162   175   175 W vold    : Cannot find dev sysfs path
05-20 10:22:39.162   579   697 W StorageManagerService: Failed to get storage lifetime
05-20 10:22:39.180   579   579 D SystemServerTiming: OnBootPhase_550_com.android.server.wifi.WifiService
05-20 10:22:39.180   579   579 D SystemServerTiming: OnBootPhase_550_com.android.server.wifi.scanner.WifiScanningService
05-20 10:22:39.180   579   579 D SystemServerTiming: OnBootPhase_550_com.android.server.wifi.p2p.WifiP2pService
05-20 10:22:39.180   579   579 D SystemServerTiming: OnBootPhase_550_com.android.server.ConnectivityServiceInitializer
05-20 10:22:39.180   579   579 D SystemServerTiming: OnBootPhase_550_com.android.server.notification.NotificationManagerService
05-20 10:22:39.180   579   579 D SystemServerTiming: OnBootPhase_550_com.android.server.storage.DeviceStorageMonitorService
05-20 10:22:39.180   579   579 D SystemServerTiming: OnBootPhase_550_com.android.server.timedetector.TimeDetectorService$Lifecycle
05-20 10:22:39.180   579   579 D SystemServerTiming: OnBootPhase_550_com.android.server.location.LocationManagerService$Lifecycle
05-20 10:22:39.180   579   579 D SystemServerTiming: OnBootPhase_550_com.android.server.timezonedetector.TimeZoneDetectorService$Lifecycle
05-20 10:22:39.180   579   579 D SystemServerTiming: OnBootPhase_550_com.android.server.location.altitude.AltitudeService$Lifecycle
05-20 10:22:39.180   579   579 D SystemServerTiming: OnBootPhase_550_com.android.server.timezonedetector.location.LocationTimeZoneManagerService$Lifecycle
05-20 10:22:39.180   579   579 D SystemServerTiming: OnBootPhase_550_com.android.server.search.SearchManagerService$Lifecycle
05-20 10:22:39.180   579   579 D SystemServerTiming: OnBootPhase_550_com.android.server.wallpaper.WallpaperManagerService$Lifecycle
05-20 10:22:39.181   579   579 V WallpaperManagerService: bindWallpaperComponentLocked: componentName=ComponentInfo{com.android.systemui/com.android.systemui.wallpapers.ImageWallpaper}
05-20 10:22:39.181   579   579 D WallpaperManagerService: WPMS.bindWallpaperComponentLocked-ComponentInfo{com.android.systemui/com.android.systemui.wallpapers.ImageWallpaper}
05-20 10:22:39.182   579   579 D CompatChangeReporter: Compat change id reported: 151861875; UID 10185; state: ENABLED
05-20 10:22:39.183   579   579 I WallpaperDataParser: No static wallpaper imagery; defaults will be shown
05-20 10:22:39.185   579   579 D WallpaperCropper: WPMS.generateCrop
05-20 10:22:39.185   579   579 W WallpaperCropper: Invalid wallpaper data
05-20 10:22:39.185   579   579 E WallpaperCropper: Unable to apply new wallpaper
05-20 10:22:39.185   579   579 D SystemServerTiming: OnBootPhase_550_com.android.server.wallpapereffectsgeneration.WallpaperEffectsGenerationManagerService
05-20 10:22:39.185   579   579 D SystemServerTiming: OnBootPhase_550_com.android.server.audio.AudioService$Lifecycle
05-20 10:22:39.185   579   579 D SystemServerTiming: OnBootPhase_550_com.android.server.soundtrigger_middleware.SoundTriggerMiddlewareService$Lifecycle
05-20 10:22:39.185   579   579 D SystemServerTiming: OnBootPhase_550_com.android.server.DockObserver
05-20 10:22:39.186   579   579 D SystemServerTiming: OnBootPhase_550_com.android.server.midi.MidiService$Lifecycle
05-20 10:22:39.186   579   579 D SystemServerTiming: OnBootPhase_550_com.android.server.adb.AdbService$Lifecycle
05-20 10:22:39.186   579   579 D SystemServerTiming: OnBootPhase_550_com.android.server.usb.UsbService$Lifecycle
05-20 10:22:39.186   579   579 D SystemServerTiming: OnBootPhase_550_com.android.server.SerialService$Lifecycle
05-20 10:22:39.186   579   579 D SystemServerTiming: OnBootPhase_550_com.android.server.twilight.TwilightService
05-20 10:22:39.186   579   579 D SystemServerTiming: OnBootPhase_550_com.android.server.display.color.ColorDisplayService
05-20 10:22:39.186   579   579 D SystemServerTiming: OnBootPhase_550_com.android.server.job.JobSchedulerService
05-20 10:22:39.186   579   579 D SystemServerTiming: OnBootPhase_550_com.android.server.soundtrigger.SoundTriggerService
05-20 10:22:39.186   579   579 D SoundTriggerService: onBootPhase: 550 : false
05-20 10:22:39.186   579   607 D SystemServerTimingAsync: InitThreadPoolExec:UsbService$Lifecycle#onBootPhase
05-20 10:22:39.186   579   579 D SystemServerTiming: OnBootPhase_550_com.android.server.trust.TrustManagerService
05-20 10:22:39.186   579   579 D SystemServerTiming: OnBootPhase_550_com.android.server.backup.BackupManagerService$Lifecycle
05-20 10:22:39.186   579   579 D SystemServerTiming: OnBootPhase_550_com.android.server.appwidget.AppWidgetService
05-20 10:22:39.186   579   579 D SystemServerTiming: OnBootPhase_550_com.android.server.voiceinteraction.VoiceInteractionManagerService
05-20 10:22:39.186   579   579 D SystemServerTiming: OnBootPhase_550_com.android.server.GestureLauncherService
05-20 10:22:39.186   579   579 D SystemServerTiming: OnBootPhase_550_com.android.server.SensorNotificationService
05-20 10:22:39.186   579   579 D SystemServerTiming: OnBootPhase_550_com.android.server.emergency.EmergencyAffordanceService
05-20 10:22:39.186   579   579 D SystemServerTiming: OnBootPhase_550_com.android.server.blob.BlobStoreManagerService
05-20 10:22:39.187   579   579 D SystemServerTiming: OnBootPhase_550_com.android.server.dreams.DreamManagerService
05-20 10:22:39.187   579   579 D SystemServerTiming: OnBootPhase_550_com.android.server.print.PrintManagerService
05-20 10:22:39.187   579   579 D SystemServerTiming: OnBootPhase_550_com.android.server.security.AttestationVerificationManagerService
05-20 10:22:39.187   579   579 D SystemServerTiming: OnBootPhase_550_com.android.server.companion.CompanionDeviceManagerService
05-20 10:22:39.187   579   579 D SystemServerTiming: OnBootPhase_550_com.android.server.companion.virtual.VirtualDeviceManagerService
05-20 10:22:39.187   579   579 D SystemServerTiming: OnBootPhase_550_com.android.server.restrictions.RestrictionsManagerService
05-20 10:22:39.187   579   579 D SystemServerTiming: OnBootPhase_550_com.android.server.media.MediaSessionService
05-20 10:22:39.187   579   579 D SystemServerTiming: OnBootPhase_550_com.android.server.media.MediaResourceMonitorService
05-20 10:22:39.187   579   579 D SystemServerTiming: OnBootPhase_550_com.android.server.biometrics.sensors.face.FaceService
05-20 10:22:39.187   579   579 D SystemServerTiming: OnBootPhase_550_com.android.server.biometrics.sensors.fingerprint.FingerprintService
05-20 10:22:39.187   579   579 D SystemServerTiming: OnBootPhase_550_com.android.server.biometrics.BiometricService
05-20 10:22:39.187   579   579 D SystemServerTiming: OnBootPhase_550_com.android.server.biometrics.AuthService
05-20 10:22:39.187   579   579 D SystemServerTiming: OnBootPhase_550_com.android.server.adaptiveauth.AdaptiveAuthService
05-20 10:22:39.187   579   579 D SystemServerTiming: OnBootPhase_550_com.android.server.pm.ShortcutService$Lifecycle
05-20 10:22:39.187   579   579 D ShortcutService: onBootPhase: 550
05-20 10:22:39.187   579   579 D SystemServerTiming: OnBootPhase_550_com.android.server.pm.LauncherAppsService
05-20 10:22:39.187   579   579 D SystemServerTiming: OnBootPhase_550_com.android.server.pm.CrossProfileAppsService
05-20 10:22:39.187   579   579 D SystemServerTiming: OnBootPhase_550_com.android.server.people.PeopleService
05-20 10:22:39.187   579   579 D SystemServerTiming: OnBootPhase_550_com.android.server.media.metrics.MediaMetricsManagerService
05-20 10:22:39.187   579   579 D SystemServerTiming: OnBootPhase_550_com.android.server.pm.BackgroundInstallControlService
05-20 10:22:39.187   579   579 D SystemServerTiming: OnBootPhase_550_com.android.server.media.projection.MediaProjectionManagerService
05-20 10:22:39.187   579   579 D SystemServerTiming: OnBootPhase_550_com.android.server.slice.SliceManagerService$Lifecycle
05-20 10:22:39.187   579   579 D SystemServerTiming: OnBootPhase_550_com.android.server.stats.StatsCompanion$Lifecycle
05-20 10:22:39.187   579   579 D SystemServerTiming: OnBootPhase_550_com.android.server.scheduling.RebootReadinessManagerService$Lifecycle
05-20 10:22:39.187   579   579 D SystemServerTiming: OnBootPhase_550_com.android.server.stats.pull.StatsPullAtomService
05-20 10:22:39.187   579   579 D SystemServerTiming: OnBootPhase_550_com.android.server.stats.bootstrap.StatsBootstrapAtomService$Lifecycle
05-20 10:22:39.187   579   579 D SystemServerTiming: OnBootPhase_550_com.android.server.incident.IncidentCompanionService
05-20 10:22:39.187   579   579 D SystemServerTiming: OnBootPhase_550_com.android.server.sdksandbox.SdkSandboxManagerService$Lifecycle
05-20 10:22:39.187   579   579 D SystemServerTiming: OnBootPhase_550_com.android.server.adservices.AdServicesManagerService$Lifecycle
05-20 10:22:39.187   579   579 D SystemServerTiming: OnBootPhase_550_com.android.server.ondevicepersonalization.OnDevicePersonalizationSystemService$Lifecycle
05-20 10:22:39.187   579   579 D SystemServerTiming: OnBootPhase_550_android.os.profiling.ProfilingService$Lifecycle
05-20 10:22:39.187   579   579 D SystemServerTiming: OnBootPhase_550_com.android.server.autofill.AutofillManagerService
05-20 10:22:39.187   579   579 D SystemServerTiming: OnBootPhase_550_com.android.server.credentials.CredentialManagerService
05-20 10:22:39.187   579   579 D SystemServerTiming: OnBootPhase_550_com.android.server.translation.TranslationManagerService
05-20 10:22:39.187   579   579 D SystemServerTiming: OnBootPhase_550_com.android.server.clipboard.ClipboardService
05-20 10:22:39.187   579   579 D SystemServerTiming: OnBootPhase_550_com.android.server.appbinding.AppBindingService$Lifecycle
05-20 10:22:39.188   579   579 I AppBindingService: Updating constants with: null
05-20 10:22:39.188   579   579 D SystemServerTiming: OnBootPhase_550_com.android.server.tracing.TracingServiceProxy
05-20 10:22:39.188   579   579 D SystemServerTiming: OnBootPhase_550_com.android.server.policy.PermissionPolicyService
05-20 10:22:39.188   579   579 D SystemServerTiming: Permission_grant_default_permissions-0
05-20 10:22:39.188   579   579 D SystemServerTiming: Permission_synchronize_permissions-0
05-20 10:22:39.189   579   579 D SystemServerTiming: Permission_synchronize_addPackages-0
05-20 10:22:39.190   579   596 I UsbPortManager: all: opID:1 successful
05-20 10:22:39.193   579   613 I ActivityManager: Start proc 826:com.android.systemui/u0a185 for service {com.android.systemui/com.android.systemui.wallpapers.ImageWallpaper}
05-20 10:22:39.193   579   745 W BroadcastLoopers: Found previously unknown looper Thread[AudioDeviceBroker,5,main]
05-20 10:22:39.203   579   579 D SystemServerTiming: Permission_syncPackages-0
05-20 10:22:39.214   579   649 D GameManagerService: User ID '0' does not have a Game Mode selected for package: 'com.android.systemui'
05-20 10:22:39.217   579   579 D SystemServerTiming: OnBootPhase_550_com.android.server.pm.StagingManager$Lifecycle
05-20 10:22:39.217   579   579 D SystemServerTiming: OnBootPhase_550_com.android.server.app.GameManagerService$Lifecycle
05-20 10:22:39.217   579   579 D SystemServerTiming: OnBootPhase_550_com.android.safetycenter.SafetyCenterService
05-20 10:22:39.217   579   579 D SystemServerTiming: OnBootPhase_550_com.android.server.appsearch.AppSearchModule$Lifecycle
05-20 10:22:39.217   579   579 D SystemServerTiming: OnBootPhase_550_com.android.server.media.MediaCommunicationService
05-20 10:22:39.217   579   579 D SystemServerTiming: OnBootPhase_550_com.android.server.compat.overrides.AppCompatOverridesService$Lifecycle
05-20 10:22:39.217   579   579 D SystemServerTiming: OnBootPhase_550_com.android.server.healthconnect.HealthConnectManagerService
05-20 10:22:39.217   579   579 D SystemServerTiming: OnBootPhase_550_com.android.server.devicelock.DeviceLockService
05-20 10:22:39.218   579   579 D DeviceLockService: onBootPhase: 550
05-20 10:22:39.218   579   579 D SystemServerTiming: OnBootPhase_550_com.android.server.SensitiveContentProtectionManagerService
05-20 10:22:39.218   579   579 D SystemServerTiming: StartObservingNativeCrashes
05-20 10:22:39.218   579   579 D SystemServerTiming: RegisterAppOpsPolicy
05-20 10:22:39.224   579   579 D SystemServerTiming: MakeNetworkManagementServiceReady
05-20 10:22:39.224   579   647 D SystemServerTimingAsync: InitThreadPoolExec:WebViewFactoryPreparation
05-20 10:22:39.224   579   647 I SystemServer: WebViewFactoryPreparation
05-20 10:22:39.225   579   647 D SystemServerTimingAsync: WebViewFactoryPreparation
05-20 10:22:39.225   579   579 D SystemServerTiming: MakeConnectivityServiceReady
05-20 10:22:39.231   579   621 W BatteryExternalStatsWorker: error reading modem stats:ERROR_PHONE_NOT_AVAILABLE
05-20 10:22:39.232   579   647 E AppOps  : Bad call made by uid 1000. Package "android" does not belong to uid 1037.
05-20 10:22:39.232   579   647 E AppOps  : Cannot checkOperation: non-application UID 1037
05-20 10:22:39.245   579   724 W NetworkPolicy: setRestrictBackgroundUL: already false
05-20 10:22:39.250   579   613 I ActivityManager: Start proc 848:WebViewLoader-x86_64/1037 [android.webkit.WebViewLibraryLoader$RelroFileCreator] for 
05-20 10:22:39.272   579   579 D SystemServerTiming: MakeVpnManagerServiceReady
05-20 10:22:39.273   579   596 D GameManagerService: User ID '0' does not have a Game Mode selected for package: 'android'
05-20 10:22:39.275   579   579 D SystemServerTiming: MakeVcnManagementServiceReady
05-20 10:22:39.300   579   579 D SystemServerTiming: MakeNetworkPolicyServiceReady
05-20 10:22:39.306   579   739 I VcnManagementService: new snapshot: TelephonySubscriptionSnapshot{ mActiveDataSubId=-1, mSubIdToInfoMap={}, mSubIdToCarrierConfigMap={}, mPrivilegedPackages={} }
05-20 10:22:39.316   579   579 D SystemServerTiming: PhaseThirdPartyAppsCanStart
05-20 10:22:39.316   579   579 I SystemServiceManager: Starting phase 600
05-20 10:22:39.317   579   579 D SystemServerTiming: OnBootPhase_600
05-20 10:22:39.317   579   579 D SystemServerTiming: OnBootPhase_600_com.android.server.security.FileIntegrityService
05-20 10:22:39.317   579   579 D SystemServerTiming: OnBootPhase_600_com.android.server.pm.Installer
05-20 10:22:39.317   579   579 D SystemServerTiming: OnBootPhase_600_com.android.server.os.DeviceIdentifiersPolicyService
05-20 10:22:39.317   579   579 D SystemServerTiming: OnBootPhase_600_com.android.server.flags.FeatureFlagsService
05-20 10:22:39.317   579   579 D SystemServerTiming: OnBootPhase_600_com.android.server.uri.UriGrantsManagerService$Lifecycle
05-20 10:22:39.317   579   579 D SystemServerTiming: OnBootPhase_600_com.android.server.powerstats.PowerStatsService
05-20 10:22:39.317   579   579 D SystemServerTiming: OnBootPhase_600_com.android.server.permission.access.AccessCheckingService
05-20 10:22:39.317   579   579 D SystemServerTiming: OnBootPhase_600_com.android.server.wm.ActivityTaskManagerService$Lifecycle
05-20 10:22:39.317   579   579 D SystemServerTiming: OnBootPhase_600_com.android.server.am.ActivityManagerService$Lifecycle
05-20 10:22:39.326   826   826 V WindowManagerShell: Adding init callback for DisplayChangeController
05-20 10:22:39.326   826   826 V WindowManagerShell: Adding init callback for DisplayController
05-20 10:22:39.326   826   826 V WindowManagerShell: Adding init callback for DisplayInsetsController
05-20 10:22:39.327   579   649 W PackageManager: Invalid dex load report. loadingPackageName=null, uid=1037
05-20 10:22:39.327   826   826 V WindowManagerShell: Adding init callback for DisplayImeController
05-20 10:22:39.327   826   826 V WindowManagerShell: Adding init callback for ShellController
05-20 10:22:39.329   579   579 I ExplicitHealthCheckController: Explicit health checks enabled.
05-20 10:22:39.329   579   579 I PackageWatchdog: Syncing state, reason: health check state enabled
05-20 10:22:39.330   579   611 I PackageWatchdog: Saving observer state to file
05-20 10:22:39.330   579   579 D ActivityManager: ThemeHomeDelay: Home launch is not delayable, skipping timeout creation
05-20 10:22:39.330   579   579 D SystemServerTiming: OnBootPhase_600_com.android.server.pm.DataLoaderManagerService
05-20 10:22:39.330   579   579 D SystemServerTiming: OnBootPhase_600_com.android.server.power.PowerManagerService
05-20 10:22:39.330   579   579 D SystemServerTiming: OnBootPhase_600_com.android.server.power.ThermalManagerService
05-20 10:22:39.330   579   579 D SystemServerTiming: OnBootPhase_600_com.android.server.recoverysystem.RecoverySystemService$Lifecycle
05-20 10:22:39.330   579   579 D SystemServerTiming: OnBootPhase_600_com.android.server.lights.LightsService
05-20 10:22:39.330   579   579 D SystemServerTiming: OnBootPhase_600_com.android.server.display.DisplayManagerService
05-20 10:22:39.330   579   579 D SystemServerTiming: OnBootPhase_600_com.android.server.pm.verify.domain.DomainVerificationService
05-20 10:22:39.330   579   579 D SystemServerTiming: OnBootPhase_600_com.android.server.pm.PackageInstallerService$Lifecycle
05-20 10:22:39.330   579   579 D SystemServerTiming: OnBootPhase_600_com.android.server.pm.UserManagerService$LifeCycle
05-20 10:22:39.330   579   579 D SystemServerTiming: OnBootPhase_600_com.android.server.om.OverlayManagerService
05-20 10:22:39.330   579   579 D SystemServerTiming: OnBootPhase_600_com.android.server.resources.ResourcesManagerService
05-20 10:22:39.330   579   579 D SystemServerTiming: OnBootPhase_600_com.android.server.sensorprivacy.SensorPrivacyService
05-20 10:22:39.330   579   579 D SystemServerTiming: OnBootPhase_600_com.android.server.sensors.SensorService
05-20 10:22:39.330   579   579 D SystemServerTiming: OnBootPhase_600_com.android.server.SystemConfigService
05-20 10:22:39.330   579   579 D SystemServerTiming: OnBootPhase_600_com.android.server.BatteryService
05-20 10:22:39.330   579   579 D SystemServerTiming: OnBootPhase_600_com.android.server.usage.UsageStatsService
05-20 10:22:39.332   579   579 D SystemServerTiming: OnBootPhase_600_com.android.server.webkit.WebViewUpdateService
05-20 10:22:39.332   579   579 D SystemServerTiming: OnBootPhase_600_com.android.server.CachedDeviceStateService
05-20 10:22:39.332   579   579 D SystemServerTiming: OnBootPhase_600_com.android.server.BinderCallsStatsService$LifeCycle
05-20 10:22:39.332   579   579 D SystemServerTiming: OnBootPhase_600_com.android.server.LooperStatsService$Lifecycle
05-20 10:22:39.332   579   579 D SystemServerTiming: OnBootPhase_600_com.android.server.rollback.RollbackManagerService
05-20 10:22:39.332   579   579 D SystemServerTiming: OnBootPhase_600_com.android.server.os.NativeTombstoneManagerService
05-20 10:22:39.332   579   579 D SystemServerTiming: OnBootPhase_600_com.android.server.os.BugreportManagerService
05-20 10:22:39.332   579   579 D SystemServerTiming: OnBootPhase_600_com.android.server.gpu.GpuService
05-20 10:22:39.332   579   579 D SystemServerTiming: OnBootPhase_600_com.android.server.security.rkp.RemoteProvisioningService
05-20 10:22:39.332   579   579 D SystemServerTiming: OnBootPhase_600_com.android.server.security.KeyChainSystemService
05-20 10:22:39.332   579   579 D SystemServerTiming: OnBootPhase_600_com.android.server.BinaryTransparencyService
05-20 10:22:39.332   579   579 D SystemServerTiming: OnBootPhase_600_com.android.server.telecom.TelecomLoaderService
05-20 10:22:39.332   579   579 D SystemServerTiming: OnBootPhase_600_com.android.server.accounts.AccountManagerService$Lifecycle
05-20 10:22:39.332   579   579 D SystemServerTiming: OnBootPhase_600_com.android.server.content.ContentService$Lifecycle
05-20 10:22:39.332   579   579 D SystemServerTiming: OnBootPhase_600_com.android.server.deviceconfig.DeviceConfigInit$Lifecycle
05-20 10:22:39.332   579   579 D SystemServerTiming: OnBootPhase_600_com.android.server.DropBoxManagerService
05-20 10:22:39.332   579   579 D SystemServerTiming: OnBootPhase_600_com.android.ecm.EnhancedConfirmationService
05-20 10:22:39.332   579   579 D SystemServerTiming: OnBootPhase_600_com.android.server.power.hint.HintManagerService
05-20 10:22:39.332   579   723 W BroadcastLoopers: Found previously unknown looper Thread[NetworkStats,5,main]
05-20 10:22:39.332   579   579 D SystemServerTiming: OnBootPhase_600_com.android.role.RoleService
05-20 10:22:39.332   579   579 D SystemServerTiming: OnBootPhase_600_com.android.server.vibrator.VibratorManagerService$Lifecycle
05-20 10:22:39.332   579   579 D SystemServerTiming: OnBootPhase_600_com.android.server.alarm.AlarmManagerService
05-20 10:22:39.333   579   579 D SystemServerTiming: OnBootPhase_600_com.android.server.devicestate.DeviceStateManagerService
05-20 10:22:39.333   579   579 D SystemServerTiming: OnBootPhase_600_com.android.server.camera.CameraServiceProxy
05-20 10:22:39.333   579   579 D SystemServerTiming: OnBootPhase_600_com.android.server.bluetooth.BluetoothService
05-20 10:22:39.333   579   579 D SystemServerTiming: OnBootPhase_600_com.android.server.connectivity.IpConnectivityMetrics
05-20 10:22:39.333   579   579 D SystemServerTiming: OnBootPhase_600_com.android.server.net.watchlist.NetworkWatchlistService$Lifecycle
05-20 10:22:39.333   579   579 D SystemServerTiming: OnBootPhase_600_com.android.server.PinnerService
05-20 10:22:39.333   579   579 D SystemServerTiming: OnBootPhase_600_com.android.server.integrity.AppIntegrityManagerService
05-20 10:22:39.333   579   579 D SystemServerTiming: OnBootPhase_600_com.android.server.logcat.LogcatManagerService
05-20 10:22:39.333   579   579 D SystemServerTiming: OnBootPhase_600_com.android.server.inputmethod.InputMethodManagerService$Lifecycle
05-20 10:22:39.333   579   579 D SystemServerTiming: OnBootPhase_600_com.android.server.accessibility.AccessibilityManagerService$Lifecycle
05-20 10:22:39.333   579   579 D SystemServerTiming: OnBootPhase_600_com.android.server.StorageManagerService$Lifecycle
05-20 10:22:39.333   579   579 D SystemServerTiming: OnBootPhase_600_com.android.server.usage.StorageStatsService$Lifecycle
05-20 10:22:39.333   579   579 D SystemServerTiming: OnBootPhase_600_com.android.server.UiModeManagerService
05-20 10:22:39.333   579   579 D SystemServerTiming: OnBootPhase_600_com.android.server.locales.LocaleManagerService
05-20 10:22:39.333   579   579 D SystemServerTiming: OnBootPhase_600_com.android.server.grammaticalinflection.GrammaticalInflectionService
05-20 10:22:39.333   579   579 D SystemServerTiming: OnBootPhase_600_com.android.server.apphibernation.AppHibernationService
05-20 10:22:39.333   579   579 D SystemServerTiming: OnBootPhase_600_com.android.server.locksettings.LockSettingsService$Lifecycle
05-20 10:22:39.333   579   579 D SystemServerTiming: OnBootPhase_600_com.android.server.testharness.TestHarnessModeService
05-20 10:22:39.333   579   579 D SystemServerTiming: OnBootPhase_600_com.android.server.DeviceIdleController
05-20 10:22:39.333   579   579 D SystemServerTiming: OnBootPhase_600_com.android.server.devicepolicy.DevicePolicyManagerService$Lifecycle
05-20 10:22:39.333   579   579 D SystemServerTiming: OnBootPhase_600_com.android.server.musicrecognition.MusicRecognitionManagerService
05-20 10:22:39.334   579   579 D SystemServerTiming: OnBootPhase_600_com.android.server.contentcapture.ContentCaptureManagerService
05-20 10:22:39.334   579   579 D SystemServerTiming: OnBootPhase_600_com.android.server.systemcaptions.SystemCaptionsManagerService
05-20 10:22:39.334   579   579 D SystemServerTiming: OnBootPhase_600_com.android.server.texttospeech.TextToSpeechManagerService
05-20 10:22:39.334   579   579 D SystemServerTiming: OnBootPhase_600_com.android.server.wearable.WearableSensingManagerService
05-20 10:22:39.334   579   579 D SystemServerTiming: OnBootPhase_600_com.android.server.ondeviceintelligence.OnDeviceIntelligenceManagerService
05-20 10:22:39.335   579   579 W OnDeviceIntelligenceManagerService: Couldn't pre-start remote ondeviceintelligence services.
05-20 10:22:39.335   579   579 W OnDeviceIntelligenceManagerService: java.lang.IllegalStateException: Remote service is not configured to complete the request.
05-20 10:22:39.335   579   579 W OnDeviceIntelligenceManagerService: 	at com.android.server.ondeviceintelligence.OnDeviceIntelligenceManagerService.validateServiceElevated(OnDeviceIntelligenceManagerService.java:838)
05-20 10:22:39.335   579   579 W OnDeviceIntelligenceManagerService: 	at com.android.server.ondeviceintelligence.OnDeviceIntelligenceManagerService.lambda$ensureRemoteInferenceServiceInitialized$2(OnDeviceIntelligenceManagerService.java:622)
05-20 10:22:39.335   579   579 W OnDeviceIntelligenceManagerService: 	at com.android.server.ondeviceintelligence.OnDeviceIntelligenceManagerService.$r8$lambda$qWFNamOCjZtux7sLH__Vr5HGTvc(OnDeviceIntelligenceManagerService.java:0)
05-20 10:22:39.335   579   579 W OnDeviceIntelligenceManagerService: 	at com.android.server.ondeviceintelligence.OnDeviceIntelligenceManagerService$$ExternalSyntheticLambda4.runOrThrow(R8$$SyntheticClass:0)
05-20 10:22:39.335   579   579 W OnDeviceIntelligenceManagerService: 	at android.os.Binder.withCleanCallingIdentity(Binder.java:550)
