05-20 10:35:46.956   579  2075 D CoreBackPreview: Window{2d687c4 u0 Pop-Up Window}: Setting back callback OnBackInvokedCallbackInfo{mCallback=android.window.IOnBackInvokedCallback$Stub$Proxy@55cc62e, mPriority=0, mIsAnimationCallback=false}
05-20 10:35:47.024   579  2075 W PackageConfigPersister: App-specific configuration not found for packageName: de.tsschulz.tt_tagebuch and userId: 0
05-20 10:35:47.793   579  2074 D CoreBackPreview: Window{2d687c4 u0 Pop-Up Window}: Setting back callback null
05-20 10:35:47.794   579  2074 E WindowManager: Unknown window type: 1002
05-20 10:35:47.800   579   603 V WindowManager: Unknown focus tokens, dropping reportFocusChanged
05-20 10:35:47.841   579  2075 W PackageConfigPersister: App-specific configuration not found for packageName: de.tsschulz.tt_tagebuch and userId: 0
05-20 10:35:53.669   579  2077 I ActivityManager: Killing 1833:com.google.android.as.oss/u0a123 (adj 965): empty #17
05-20 10:35:53.684   579   601 D DisplayManagerService: Drop pending events for gone uid 10123
05-20 10:35:54.714   579   674 D ActivityManager: freezing 2201 com.android.vending
05-20 10:35:54.715   579   674 D ActivityManager: freezing 3617 com.android.vending:background
05-20 10:35:55.841   579  2077 D CompatChangeReporter: Compat change id reported: 319212206; UID 10214; state: ENABLED
05-20 10:36:03.709   579   674 D ActivityManager: freezing 1282 com.google.android.gms
05-20 10:36:06.689   579   674 D ActivityManager: freezing 4586 com.android.keychain
05-20 10:36:06.690   579   674 D ActivityManager: freezing 992 com.android.settings
05-20 10:36:06.690   579   674 D ActivityManager: freezing 1783 com.google.android.settings.intelligence
05-20 10:36:13.980   579   797 E ClipboardService: Denying clipboard access to com.android.chrome, application is not in focus nor is it a system service for user 0
05-20 10:37:44.722   579   602 E DiscreteRegistry: Deleting file 1778592962879tl
05-20 10:37:44.722   579   602 E DiscreteRegistry: Deleting file 1778593857828tl
05-20 10:37:44.722   579   602 E DiscreteRegistry: Deleting file 1778595725219tl
05-20 10:37:44.722   579   602 E DiscreteRegistry: Deleting file 1778597536437tl
05-20 10:37:44.722   579   602 E DiscreteRegistry: Deleting file 1778599449770tl
05-20 10:37:44.722   579   602 E DiscreteRegistry: Deleting file 1778601363098tl
05-20 10:37:44.722   579   602 E DiscreteRegistry: Deleting file 1778603270446tl
05-20 10:37:44.722   579   602 E DiscreteRegistry: Deleting file 1778604203650tl
05-20 10:37:44.722   579   602 E DiscreteRegistry: Deleting file 1778606093855tl
05-20 10:37:44.722   579   602 E DiscreteRegistry: Deleting file 1778608088276tl
05-20 10:37:44.722   579   602 E DiscreteRegistry: Deleting file 1778610184834tl
05-20 10:37:44.722   579   602 E DiscreteRegistry: Deleting file 1778612038079tl
05-20 10:37:44.722   579   602 E DiscreteRegistry: Deleting file 1778613882326tl
05-20 10:37:44.722   579   602 E DiscreteRegistry: Deleting file 1778615684481tl
05-20 10:37:44.722   579   602 E DiscreteRegistry: Deleting file 1778617591811tl
05-20 10:37:44.722   579   602 E DiscreteRegistry: Deleting file 1778619406043tl
05-20 10:37:44.722   579   602 E DiscreteRegistry: Deleting file 1778621247435tl
05-20 10:37:44.723   579   602 E DiscreteRegistry: Deleting file 1778622139774tl
05-20 10:37:44.723   579   602 E DiscreteRegistry: Deleting file 1778622151522tl
05-20 10:37:44.723   579   602 E DiscreteRegistry: Deleting file 1778624028854tl
05-20 10:37:44.723   579   602 E DiscreteRegistry: Deleting file 1778625843028tl
05-20 10:37:44.723   579   602 E DiscreteRegistry: Deleting file 1778627789336tl
05-20 10:37:44.723   579   602 E DiscreteRegistry: Deleting file 1778629984493tl
05-20 10:37:44.723   579   602 E DiscreteRegistry: Deleting file 1778632018345tl
05-20 10:37:44.723   579   602 E DiscreteRegistry: Deleting file 1778633961934tl
05-20 10:37:44.723   579   602 E DiscreteRegistry: Deleting file 1778634878494tl
05-20 10:37:44.723   579   602 E DiscreteRegistry: Deleting file 1778637150769tl
05-20 10:37:44.723   579   602 E DiscreteRegistry: Deleting file 1778639287013tl
05-20 10:37:44.723   579   602 E DiscreteRegistry: Deleting file 1778640188092tl
05-20 10:37:44.723   579   602 E DiscreteRegistry: Deleting file 1778642278593tl
05-20 10:37:44.723   579   602 E DiscreteRegistry: Deleting file 1778644369084tl
05-20 10:37:44.723   579   602 E DiscreteRegistry: Deleting file 1778646360494tl
05-20 10:37:44.723   579   602 E DiscreteRegistry: Deleting file 1778648255681tl
05-20 10:37:44.723   579   602 E DiscreteRegistry: Deleting file 1778649156741tl
05-20 10:37:44.723   579   602 E DiscreteRegistry: Deleting file 1778650985170tl
05-20 10:37:44.723   579   602 E DiscreteRegistry: Deleting file 1778652829513tl
05-20 10:37:44.723   579   602 E DiscreteRegistry: Deleting file 1778654710615tl
05-20 10:37:44.723   579   602 E DiscreteRegistry: Deleting file 1778656838100tl
05-20 10:37:44.723   579   602 E DiscreteRegistry: Deleting file 1778659434617tl
05-20 10:37:44.723   579   602 E DiscreteRegistry: Deleting file 1778660058923tl
05-20 10:37:52.597   579  2077 D CoreBackPreview: Window{100161d u0 Pop-Up Window}: Setting back callback OnBackInvokedCallbackInfo{mCallback=android.window.IOnBackInvokedCallback$Stub$Proxy@aa479bf, mPriority=0, mIsAnimationCallback=false}
05-20 10:37:52.655   579  2074 W PackageConfigPersister: App-specific configuration not found for packageName: de.tsschulz.tt_tagebuch and userId: 0
05-20 10:37:53.456   579  2077 D CoreBackPreview: Window{100161d u0 Pop-Up Window}: Setting back callback null
05-20 10:37:53.457   579  2074 E WindowManager: Unknown window type: 1002
05-20 10:37:53.466   579   603 V WindowManager: Unknown focus tokens, dropping reportFocusChanged
05-20 10:37:53.504   579  2074 W PackageConfigPersister: App-specific configuration not found for packageName: de.tsschulz.tt_tagebuch and userId: 0
05-20 10:39:49.435   579  1092 I ActivityManager: Force stopping de.tsschulz.tt_tagebuch appid=10214 user=0: from pid 5017
05-20 10:39:49.436   579   601 D DisplayManagerService: Drop pending events for gone uid 10214
05-20 10:39:49.436   579  1092 D CompatChangeReporter: Compat change id reported: 151861875; UID 10214; state: ENABLED
05-20 10:39:49.436   579  1092 I ActivityManager: Killing 4635:de.tsschulz.tt_tagebuch/u0a214 (adj 0): stop de.tsschulz.tt_tagebuch due to from pid 5017
05-20 10:39:49.437   579  1092 W ActivityTaskManager: Force removing ActivityRecord{9617994 u0 de.tsschulz.tt_tagebuch/.app.MainActivity t138 f}}: app died, no saved state
05-20 10:39:49.438   826   865 V WindowManagerShell: Transition requested (#10): android.os.BinderProxy@7ef6b87 TransitionRequestInfo { type = CLOSE, triggerTask = TaskInfo{userId=0 taskId=138 displayId=0 isRunning=false baseIntent=Intent { act=android.intent.action.MAIN cat=[android.intent.category.LAUNCHER] flg=0x10000000 cmp=de.tsschulz.tt_tagebuch/.app.MainActivity } baseActivity=null topActivity=null origActivity=null realActivity=ComponentInfo{de.tsschulz.tt_tagebuch/de.tsschulz.tt_tagebuch.app.MainActivity} numActivities=0 lastActiveTime=779289 supportsMultiWindow=true resizeMode=1 isResizeable=true minWidth=-1 minHeight=-1 defaultMinSize=220 token=WCT{android.window.IWindowContainerToken$Stub$Proxy@51e1ab4} topActivityType=1 pictureInPictureParams=null shouldDockBigOverlays=false launchIntoPipHostTaskId=-1 lastParentTaskIdBeforePip=-1 displayCutoutSafeInsets=null topActivityInfo=null launchCookies=[] positionInParent=Point(0, 0) parentTaskId=-1 isFocused=true isVisible=true isVisibleRequested=true isSleeping=false locusId=null displayAreaFeatureId=1 isTopActivityTransparent=false appCompatTaskInfo=AppCompatTaskInfo { topActivityInSizeCompat=false topActivityEligibleForLetterboxEducation= falseisLetterboxEducationEnabled= false isLetterboxDoubleTapEnabled= false topActivityEligibleForUserAspectRatioButton= false topActivityBoundsLetterboxed= false isFromLetterboxDoubleTap= false topActivityLetterboxVerticalPosition= -1 topActivityLetterboxHorizontalPosition= -1 topActivityLetterboxWidth=-1 topActivityLetterboxHeight=-1 isUserFullscreenOverrideEnabled=false isSystemFullscreenOverrideEnabled=false cameraCompatTaskInfo=CameraCompatTaskInfo { cameraCompatControlState=hidden freeformCameraCompatMode=inactive}}}, pipTask = null, remoteTransition = null, displayChange = null, flags = 0, debugId = 10 }
05-20 10:39:49.440   579  1092 I ActivityManager: Killing 2109:com.google.android.apps.scone/u0a137 (adj 985): empty #17
05-20 10:39:49.440   579  1092 I AppsFilter: interaction: PackageSetting{51e0b6c de.tt_tagebuch.app/10212} -> PackageSetting{5c018ad de.tsschulz.tt_tagebuch/10214} BLOCKED
05-20 10:39:49.440   579  1092 I AppsFilter: interaction: PackageSetting{265bdca de.tsschulz.timeclock/10213} -> PackageSetting{5c018ad de.tsschulz.tt_tagebuch/10214} BLOCKED
05-20 10:39:49.443   826   865 D WindowManagerShell: setLauncherKeepClearAreaHeight: visible=false, height=202
05-20 10:39:49.444   826   865 D WindowManagerShell: setLauncherKeepClearAreaHeight: visible=true, height=202
05-20 10:39:49.459   579   953 I WindowManager: WIN DEATH: Window{3b3f1b u0 de.tsschulz.tt_tagebuch/de.tsschulz.tt_tagebuch.app.MainActivity}
05-20 10:39:49.464   579   665 D ActivityManager: sync unfroze 1546 com.google.android.googlequicksearchbox:search for 6
05-20 10:39:49.465   579   665 D ActivityManager: sync unfroze 2424 com.google.android.webview:sandboxed_process0:org.chromium.content.app.SandboxedProcessService0:0 for 6
05-20 10:39:49.489   579  1070 V ActivityManager: Got obituary of 4635:de.tsschulz.tt_tagebuch
05-20 10:39:49.490   579   601 D DisplayManagerService: Drop pending events for gone uid 10137
05-20 10:39:49.490   579   603 W ActivityManager: setHasOverlayUi called on unknown pid: 4635
05-20 10:39:49.490   579   603 W ProcessStats: Tracking association SourceState{4586bdb com.google.android.googlequicksearchbox:search/10143 BTop #2984} whose proc state 2 is better than process ProcessState{4e2afd4 com.google.android.webview:sandboxed_process0:org.chromium.content.app.SandboxedProcessService0:0/10143 pkg=com.google.android.googlequicksearchbox} proc state 14 (0 skipped)
05-20 10:39:49.538   579   603 V WindowManager: Unknown focus tokens, dropping reportFocusChanged
05-20 10:39:49.566   826  1518 V WindowManagerShell: onTransitionReady(transaction=2486786064836)
05-20 10:39:49.566   826   865 V WindowManagerShell: onTransitionReady (#10) android.os.BinderProxy@7ef6b87: {id=10 t=CLOSE f=0x0 trk=0 r=[0@Point(0, 0)] c=[{WCT{android.window.IWindowContainerToken$Stub$Proxy@48d93d9} m=TO_FRONT f=SHOW_WALLPAPER|MOVE_TO_TOP leash=Surface(name=Task=1)/@0x52c66dd sb=Rect(0, 0 - 2560, 1600) eb=Rect(0, 0 - 2560, 1600) d=0 taskParent=-1},{WCT{android.window.IWindowContainerToken$Stub$Proxy@62a419e} m=CLOSE f=NONE leash=Surface(name=Task=138)/@0x72d5252 sb=Rect(0, 0 - 2560, 1600) eb=Rect(0, 0 - 2560, 1600) d=0 taskParent=-1},{null m=TO_FRONT f=IS_WALLPAPER leash=Surface(name=WallpaperWindowToken{84ce560 token=android.os.Binder@2c8091d})/@0xacd3923 sb=Rect(0, 0 - 2560, 1600) eb=Rect(0, 0 - 2560, 1600) d=0}]}
05-20 10:39:49.567   826   865 V WindowManagerShell: Playing animation for (#10) android.os.BinderProxy@7ef6b87@0
05-20 10:39:49.567   826   865 V WindowManagerShell:  try handler com.android.wm.shell.transition.DefaultMixedHandler@f809c59
05-20 10:39:49.567   826   865 V WindowManagerShell:  try handler com.android.wm.shell.keyguard.KeyguardTransitionHandler@f3be01e
05-20 10:39:49.567   826   865 V WindowManagerShell:  try handler com.android.wm.shell.pip.PipTransition@ffbc0ff
05-20 10:39:49.567   826   865 V WindowManagerShell:  try handler com.android.wm.shell.activityembedding.ActivityEmbeddingController@7390ecc
05-20 10:39:49.567   826   865 V WindowManagerShell:  try handler com.android.wm.shell.splitscreen.StageCoordinator@395a515
05-20 10:39:49.567   826   865 V WindowManagerShell:  try handler com.android.wm.shell.desktopmode.DesktopTasksController@241e02a
05-20 10:39:49.567   826   865 V WindowManagerShell:  try handler com.android.wm.shell.recents.RecentsTransitionHandler@2d56e1b
05-20 10:39:49.567   826   865 V ShellRecents: RecentsTransitionHandler.startAnimation: no controller found
05-20 10:39:49.567   826   865 V WindowManagerShell:  try handler com.android.wm.shell.transition.RemoteTransitionHandler@4e4bb8
05-20 10:39:49.568   826   865 V WindowManagerShell: Transition doesn't have explicit remote, search filters for match for {id=10 t=CLOSE f=0x0 trk=0 r=[0@Point(0, 0)] c=[{WCT{android.window.IWindowContainerToken$Stub$Proxy@48d93d9} m=TO_FRONT f=SHOW_WALLPAPER|MOVE_TO_TOP leash=Surface(name=Task=1)/@0x52c66dd sb=Rect(0, 0 - 2560, 1600) eb=Rect(0, 0 - 2560, 1600) d=0 taskParent=-1},{WCT{android.window.IWindowContainerToken$Stub$Proxy@62a419e} m=CLOSE f=NONE leash=Surface(name=Task=138)/@0x72d5252 sb=Rect(0, 0 - 2560, 1600) eb=Rect(0, 0 - 2560, 1600) d=0 taskParent=-1},{null m=TO_FRONT f=IS_WALLPAPER leash=Surface(name=WallpaperWindowToken{84ce560 token=android.os.Binder@2c8091d})/@0xacd3923 sb=Rect(0, 0 - 2560, 1600) eb=Rect(0, 0 - 2560, 1600) d=0}]}
05-20 10:39:49.568   826   865 V WindowManagerShell:  Checking filter Pair{{types=[] flags=0x0] notFlags=0x0 checks=[{atype=undefined independent=true modes=[OPEN,TO_FRONT] flags=IN_TASK_WITH_EMBEDDED_ACTIVITY mustBeTask=false order=ANY topActivity=ComponentInfo{com.google.android.apps.nexuslauncher/com.google.android.apps.nexuslauncher.NexusLauncherActivity} launchCookie=null},{atype=undefined independent=true modes=[CLOSE,TO_BACK] flags=IN_TASK_WITH_EMBEDDED_ACTIVITY mustBeTask=false order=ANY topActivity=null launchCookie=null}]} RemoteTransition { remoteTransition = android.window.IRemoteTransition$Stub$Proxy@e30447f, appThread = android.app.IApplicationThread$Stub$Proxy@8a60c4c, debugName = OverlaySwipeBack }}
05-20 10:39:49.568   826   865 V WindowManagerShell:  Checking filter Pair{{types=[] flags=0x0] notFlags=0x0 checks=[{atype=dream independent=true modes=[OPEN,TO_FRONT] flags=NONE mustBeTask=false order=ANY topActivity=null launchCookie=null},{atype=home independent=true modes=[CLOSE,TO_BACK] flags=NONE mustBeTask=false order=ANY topActivity=null launchCookie=null}]} RemoteTransition { remoteTransition = android.window.IRemoteTransition$Stub$Proxy@53a9495, appThread = android.app.IApplicationThread$Stub$Proxy@374d9aa, debugName = LauncherToDream }}
05-20 10:39:49.568   826   865 V WindowManagerShell:  Checking filter Pair{{types=[] flags=0x0] notFlags=0x100 checks=[{atype=home independent=true modes=[OPEN,TO_FRONT] flags=NONE mustBeTask=false order=TOP topActivity=ComponentInfo{com.google.android.apps.nexuslauncher/com.google.android.apps.nexuslauncher.NexusLauncherActivity} launchCookie=null},{atype=standard independent=true modes=[CLOSE,TO_BACK] flags=NONE mustBeTask=false order=ANY topActivity=null launchCookie=null}]} RemoteTransition { remoteTransition = android.window.IRemoteTransition$Stub$Proxy@68ea99b, appThread = android.app.IApplicationThread$Stub$Proxy@b4da138, debugName = QuickstepLaunchHome }}
05-20 10:39:49.568   826   865 D RemoteTransitionHandler: Found filterPair{{types=[] flags=0x0] notFlags=0x100 checks=[{atype=home independent=true modes=[OPEN,TO_FRONT] flags=NONE mustBeTask=false order=TOP topActivity=ComponentInfo{com.google.android.apps.nexuslauncher/com.google.android.apps.nexuslauncher.NexusLauncherActivity} launchCookie=null},{atype=standard independent=true modes=[CLOSE,TO_BACK] flags=NONE mustBeTask=false order=ANY topActivity=null launchCookie=null}]} RemoteTransition { remoteTransition = android.window.IRemoteTransition$Stub$Proxy@68ea99b, appThread = android.app.IApplicationThread$Stub$Proxy@b4da138, debugName = QuickstepLaunchHome }}
05-20 10:39:49.568   826   865 V WindowManagerShell:  Delegate animation for (#10) to RemoteTransition { remoteTransition = android.window.IRemoteTransition$Stub$Proxy@68ea99b, appThread = android.app.IApplicationThread$Stub$Proxy@b4da138, debugName = QuickstepLaunchHome }
05-20 10:39:49.590   579  2077 D CompatChangeReporter: Compat change id reported: 229362273; UID 10143; state: ENABLED
05-20 10:39:49.605   579   600 V WindowManager: Sent Transition (#10) createdAt=05-20 10:39:49.437 via request=TransitionRequestInfo { type = CLOSE, triggerTask = TaskInfo{userId=0 taskId=138 displayId=0 isRunning=false baseIntent=Intent { act=android.intent.action.MAIN cat=[android.intent.category.LAUNCHER] flg=0x10000000 cmp=de.tsschulz.tt_tagebuch/.app.MainActivity } baseActivity=null topActivity=null origActivity=null realActivity=ComponentInfo{de.tsschulz.tt_tagebuch/de.tsschulz.tt_tagebuch.app.MainActivity} numActivities=0 lastActiveTime=779289 supportsMultiWindow=true resizeMode=1 isResizeable=true minWidth=-1 minHeight=-1 defaultMinSize=220 token=WCT{RemoteToken{8264963 Task{e040c3d #138 type=standard A=10214:de.tsschulz.tt_tagebuch}}} topActivityType=1 pictureInPictureParams=null shouldDockBigOverlays=false launchIntoPipHostTaskId=-1 lastParentTaskIdBeforePip=-1 displayCutoutSafeInsets=null topActivityInfo=null launchCookies=[] positionInParent=Point(0, 0) parentTaskId=-1 isFocused=true isVisible=true isVisibleRequested=true isSleeping=false locusId=null displayAreaFeatureId=1 isTopActivityTransparent=false appCompatTaskInfo=AppCompatTaskInfo { topActivityInSizeCompat=false topActivityEligibleForLetterboxEducation= falseisLetterboxEducationEnabled= false isLetterboxDoubleTapEnabled= false topActivityEligibleForUserAspectRatioButton= false topActivityBoundsLetterboxed= false isFromLetterboxDoubleTap= false topActivityLetterboxVerticalPosition= -1 topActivityLetterboxHorizontalPosition= -1 topActivityLetterboxWidth=-1 topActivityLetterboxHeight=-1 isUserFullscreenOverrideEnabled=false isSystemFullscreenOverrideEnabled=false cameraCompatTaskInfo=CameraCompatTaskInfo { cameraCompatControlState=hidden freeformCameraCompatMode=inactive}}}, pipTask = null, remoteTransition = null, displayChange = null, flags = 0, debugId = 10 }
05-20 10:39:49.605   579   600 V WindowManager:     startWCT=WindowContainerTransaction { changes = {} hops = [] errorCallbackToken=null taskFragmentOrganizer=null }
05-20 10:39:49.605   579   600 V WindowManager:     info={id=10 t=CLOSE f=0x0 trk=0 r=[0@Point(0, 0)] c=[
05-20 10:39:49.605   579   600 V WindowManager:         {WCT{RemoteToken{a5bbe19 Task{a1a151c #1 type=home}}} m=TO_FRONT f=SHOW_WALLPAPER|MOVE_TO_TOP leash=Surface(name=Task=1)/@0xcb6ede9 sb=Rect(0, 0 - 2560, 1600) eb=Rect(0, 0 - 2560, 1600) d=0 taskParent=-1},
05-20 10:39:49.605   579   600 V WindowManager:         {WCT{RemoteToken{8264963 Task{e040c3d #138 type=standard A=10214:de.tsschulz.tt_tagebuch}}} m=CLOSE f=NONE leash=Surface(name=Task=138)/@0xa6bf7c7 sb=Rect(0, 0 - 2560, 1600) eb=Rect(0, 0 - 2560, 1600) d=0 taskParent=-1},
05-20 10:39:49.605   579   600 V WindowManager:         {null m=TO_FRONT f=IS_WALLPAPER leash=Surface(name=WallpaperWindowToken{84ce560 token=android.os.Binder@2c8091d})/@0x605e0b3 sb=Rect(0, 0 - 2560, 1600) eb=Rect(0, 0 - 2560, 1600) d=0}
05-20 10:39:49.605   579   600 V WindowManager:     ]}
05-20 10:39:49.615   826   865 V WindowManagerShell:  animated by com.android.wm.shell.transition.RemoteTransitionHandler@4e4bb8
05-20 10:39:49.629   579  2074 W UserManagerService: Requested status bar icon for non-badged user 0
05-20 10:39:49.648   579  2074 W PackageConfigPersister: App-specific configuration not found for packageName: com.google.android.apps.nexuslauncher and userId: 0
05-20 10:39:50.134   579  2074 W WindowManager: Failed looking up window session=Session{bd2cc1f 826:u0a10185} callers=com.android.server.wm.WindowManagerService.removeClientToken:2058 com.android.server.wm.Session.remove:274 android.view.IWindowSession$Stub.onTransact:685 
05-20 10:39:50.135   826   865 V WindowManagerShell: Transition animation finished (aborted=false), notifying core (#10) android.os.BinderProxy@7ef6b87@0
05-20 10:39:50.135   579   600 V WindowManager: Finish Transition (#10): created at 05-20 10:39:49.437 collect-started=0.025ms request-sent=0.077ms started=2.073ms ready=127.286ms sent=128.201ms finished=697.962ms
05-20 10:39:50.137   579  2074 W ActivityManager: pid 579 system sent binder code 7 with flags 1 to frozen apps and got error -32
05-20 10:39:50.137   579  2074 W WindowManager: Exception thrown during dispatchAppVisibility Window{3b3f1b u0 de.tsschulz.tt_tagebuch/de.tsschulz.tt_tagebuch.app.MainActivity EXITING}
05-20 10:39:50.137   579  2074 W WindowManager: android.os.DeadObjectException
05-20 10:39:50.137   579  2074 W WindowManager: 	at android.os.BinderProxy.transactNative(Native Method)
05-20 10:39:50.137   579  2074 W WindowManager: 	at android.os.BinderProxy.transact(BinderProxy.java:586)
05-20 10:39:50.137   579  2074 W WindowManager: 	at android.view.IWindow$Stub$Proxy.dispatchAppVisibility(IWindow.java:553)
05-20 10:39:50.137   579  2074 W WindowManager: 	at com.android.server.wm.WindowState.sendAppVisibilityToClients(WindowState.java:3253)
05-20 10:39:50.137   579  2074 W WindowManager: 	at com.android.server.wm.WindowContainer.sendAppVisibilityToClients(WindowContainer.java:1289)
05-20 10:39:50.137   579  2074 W WindowManager: 	at com.android.server.wm.WindowToken.setClientVisible(WindowToken.java:403)
05-20 10:39:50.137   579  2074 W WindowManager: 	at com.android.server.wm.ActivityRecord.setClientVisible(ActivityRecord.java:7166)
05-20 10:39:50.137   579  2074 W WindowManager: 	at com.android.server.wm.ActivityRecord.postApplyAnimation(ActivityRecord.java:5881)
05-20 10:39:50.137   579  2074 W WindowManager: 	at com.android.server.wm.ActivityRecord.commitVisibility(ActivityRecord.java:5823)
05-20 10:39:50.137   579  2074 W WindowManager: 	at com.android.server.wm.Transition.finishTransition(Transition.java:1286)
05-20 10:39:50.137   579  2074 W WindowManager: 	at com.android.server.wm.TransitionController.finishTransition(TransitionController.java:937)
05-20 10:39:50.137   579  2074 W WindowManager: 	at com.android.server.wm.WindowOrganizerController.finishTransition(WindowOrganizerController.java:494)
05-20 10:39:50.137   579  2074 W WindowManager: 	at android.window.IWindowOrganizerController$Stub.onTransact(IWindowOrganizerController.java:289)
05-20 10:39:50.137   579  2074 W WindowManager: 	at com.android.server.wm.WindowOrganizerController.onTransact(WindowOrganizerController.java:204)
05-20 10:39:50.137   579  2074 W WindowManager: 	at android.os.Binder.execTransactInternal(Binder.java:1505)
05-20 10:39:50.137   579  2074 W WindowManager: 	at android.os.Binder.execTransact(Binder.java:1444)
05-20 10:39:50.139   826   865 V WindowManagerShell: Track 0 became idle
05-20 10:39:50.139   826   865 V WindowManagerShell: All active transition animations finished
05-20 10:39:50.139   579  2077 W UserManagerService: Requested status bar icon for non-badged user 0
05-20 10:39:50.139   579  2074 W UserManagerService: Requested status bar icon for non-badged user 0
05-20 10:39:50.140   826   865 V ShellDesktopMode: Task Vanished: #138 closed=true
05-20 10:39:53.140   579  1425 E TaskPersister: File error accessing recents directory (directory doesn't exist?).
05-20 10:39:59.448   579   674 D ActivityManager: freezing 4662 com.google.android.apps.wellbeing
05-20 10:41:04.685   579   674 D ActivityManager: freezing 1546 com.google.android.googlequicksearchbox:search
05-20 10:41:04.686   579   674 D ActivityManager: freezing 2424 com.google.android.webview:sandboxed_process0:org.chromium.content.app.SandboxedProcessService0:0
05-20 10:42:38.133   579   664 I UsageStatsService: User[0] Flushing usage stats to disk
05-20 10:44:45.912   579   612 D CompatChangeReporter: Compat change id reported: 135754954; UID 10122; state: ENABLED
05-20 10:44:45.915   579   613 D CompatChangeReporter: Compat change id reported: 143937733; UID 10122; state: ENABLED
05-20 10:44:45.924   579   665 D ActivityManager: sync unfroze 1578 com.google.android.apps.photos for 6
05-20 10:44:45.946   579   665 D ActivityManager: sync unfroze 1546 com.google.android.googlequicksearchbox:search for 6
05-20 10:44:45.948   579   665 D ActivityManager: sync unfroze 2424 com.google.android.webview:sandboxed_process0:org.chromium.content.app.SandboxedProcessService0:0 for 6
05-20 10:44:45.958   579   579 W ProcessStats: Tracking association SourceState{4b90896 system/1000 ImpBg #3007} whose proc state 6 is better than process ProcessState{c8ce5a6 com.google.android.apps.photos/10167 pkg=com.google.android.apps.photos} proc state 14 (7 skipped)
05-20 10:44:45.972   579   665 D ActivityManager: sync unfroze 2201 com.android.vending for 6
05-20 10:44:45.974   579   665 D ActivityManager: sync unfroze 3617 com.android.vending:background for 6
05-20 10:44:45.992   579   613 W ActivityManager: Slow operation: 80ms so far, now at startProcess: done updating battery stats
05-20 10:44:45.992   579   613 W ActivityManager: Slow operation: 80ms so far, now at startProcess: building log message
05-20 10:44:45.992   579   613 I ActivityManager: Start proc 5130:com.google.android.configupdater/u0a122 for broadcast {com.google.android.configupdater/com.google.android.configupdater.PhenotypeBroadcastReceiver}
05-20 10:44:45.992   579   613 W ActivityManager: Slow operation: 80ms so far, now at startProcess: starting to update pids map
05-20 10:44:45.992   579   613 W ActivityManager: Slow operation: 80ms so far, now at startProcess: done updating pids map
05-20 10:44:46.101   579   953 W JobScheduler: Job didn't exist in JobStore: c9e69a1 #u0a143/-353 com.google.android.googlequicksearchbox/com.google.android.apps.gsa.tasks.BackgroundTasksJobService
05-20 10:44:53.080   579  2077 I ActivityManager: Force stopping de.tsschulz.tt_tagebuch appid=10214 user=0: from pid 5188
05-20 10:44:53.081   579  2077 I AppsFilter: interaction: PackageSetting{51e0b6c de.tt_tagebuch.app/10212} -> PackageSetting{5c018ad de.tsschulz.tt_tagebuch/10214} BLOCKED
05-20 10:44:53.081   579  2077 I AppsFilter: interaction: PackageSetting{265bdca de.tsschulz.timeclock/10213} -> PackageSetting{5c018ad de.tsschulz.tt_tagebuch/10214} BLOCKED
05-20 10:44:53.350   579  2077 I ActivityManager: Force stopping de.tsschulz.tt_tagebuch appid=10214 user=0: from pid 5209
05-20 10:44:53.351   579  2077 I AppsFilter: interaction: PackageSetting{51e0b6c de.tt_tagebuch.app/10212} -> PackageSetting{5c018ad de.tsschulz.tt_tagebuch/10214} BLOCKED
05-20 10:44:53.351   579  2077 I AppsFilter: interaction: PackageSetting{265bdca de.tsschulz.timeclock/10213} -> PackageSetting{5c018ad de.tsschulz.tt_tagebuch/10214} BLOCKED
05-20 10:44:53.368   579  2077 W ActivityTaskManager: callingPackage for (uid=2000, pid=5214) has no WPC
05-20 10:44:53.369   579  2077 W OptProp : Cannot read opt property android.window.PROPERTY_COMPAT_ALLOW_USER_ASPECT_RATIO_OVERRIDE
05-20 10:44:53.369   579  2077 W OptProp : Cannot read opt property android.window.PROPERTY_COMPAT_ALLOW_USER_ASPECT_RATIO_FULLSCREEN_OVERRIDE
05-20 10:44:53.369   579  2077 W OptProp : Cannot read opt property android.window.PROPERTY_COMPAT_ALLOW_ORIENTATION_OVERRIDE
05-20 10:44:53.370   579  2077 W OptProp : Cannot read opt property android.window.PROPERTY_COMPAT_ALLOW_RESIZEABLE_ACTIVITY_OVERRIDES
05-20 10:44:53.370   579  2077 W OptProp : Cannot read opt property android.window.PROPERTY_COMPAT_ALLOW_MIN_ASPECT_RATIO_OVERRIDE
05-20 10:44:53.374   826   865 V WindowManagerShell: Transition requested (#11): android.os.BinderProxy@f1a7016 TransitionRequestInfo { type = OPEN, triggerTask = TaskInfo{userId=0 taskId=139 displayId=0 isRunning=true baseIntent=Intent { act=android.intent.action.MAIN cat=[android.intent.category.LAUNCHER] flg=0x10000000 cmp=de.tsschulz.tt_tagebuch/.app.MainActivity } baseActivity=ComponentInfo{de.tsschulz.tt_tagebuch/de.tsschulz.tt_tagebuch.app.MainActivity} topActivity=ComponentInfo{de.tsschulz.tt_tagebuch/de.tsschulz.tt_tagebuch.app.MainActivity} origActivity=null realActivity=ComponentInfo{de.tsschulz.tt_tagebuch/de.tsschulz.tt_tagebuch.app.MainActivity} numActivities=1 lastActiveTime=1344768 supportsMultiWindow=true resizeMode=1 isResizeable=true minWidth=-1 minHeight=-1 defaultMinSize=220 token=WCT{android.window.IWindowContainerToken$Stub$Proxy@36c9d97} topActivityType=1 pictureInPictureParams=null shouldDockBigOverlays=false launchIntoPipHostTaskId=-1 lastParentTaskIdBeforePip=-1 displayCutoutSafeInsets=null topActivityInfo=ActivityInfo{70d4b84 de.tsschulz.tt_tagebuch.app.MainActivity} launchCookies=[] positionInParent=Point(0, 0) parentTaskId=-1 isFocused=false isVisible=false isVisibleRequested=false isSleeping=false locusId=null displayAreaFeatureId=1 isTopActivityTransparent=false appCompatTaskInfo=AppCompatTaskInfo { topActivityInSizeCompat=false topActivityEligibleForLetterboxEducation= falseisLetterboxEducationEnabled= true isLetterboxDoubleTapEnabled= false topActivityEligibleForUserAspectRatioButton= true topActivityBoundsLetterboxed= false isFromLetterboxDoubleTap= false topActivityLetterboxVerticalPosition= -1 topActivityLetterboxHorizontalPosition= -1 topActivityLetterboxWidth=2560 topActivityLetterboxHeight=1600 isUserFullscreenOverrideEnabled=false isSystemFullscreenOverrideEnabled=false cameraCompatTaskInfo=CameraCompatTaskInfo { cameraCompatControlState=hidden freeformCameraCompatMode=inactive}}}, pipTask = null, remoteTransition = null, displayChange = null, flags = 0, debugId = 11 }
05-20 10:44:53.374   579  1070 D CompatChangeReporter: Compat change id reported: 309578419; UID 10214; state: ENABLED
05-20 10:44:53.374   579  2077 I ActivityTaskManager: START u0 {act=android.intent.action.MAIN cat=[android.intent.category.LAUNCHER] flg=0x10000000 cmp=de.tsschulz.tt_tagebuch/.app.MainActivity} with LAUNCH_MULTIPLE from uid 2000 (BAL_ALLOW_PERMISSION) result code=0
05-20 10:44:53.379   826   865 D WindowManagerShell: setLauncherKeepClearAreaHeight: visible=false, height=202
05-20 10:44:53.380   579  1070 I AppsFilter: interaction: PackageSetting{51e0b6c de.tt_tagebuch.app/10212} -> PackageSetting{fd2d1e7 de.tsschulz.tt_tagebuch/10214} BLOCKED
05-20 10:44:53.380   579  1070 I AppsFilter: interaction: PackageSetting{265bdca de.tsschulz.timeclock/10213} -> PackageSetting{fd2d1e7 de.tsschulz.tt_tagebuch/10214} BLOCKED
05-20 10:44:53.387   579   613 I ActivityManager: Start proc 5217:de.tsschulz.tt_tagebuch/u0a214 for next-top-activity {de.tsschulz.tt_tagebuch/de.tsschulz.tt_tagebuch.app.MainActivity}
05-20 10:44:53.390   579  2077 W OptProp : Cannot read opt property android.window.PROPERTY_COMPAT_ALLOW_DISPLAY_ORIENTATION_OVERRIDE
05-20 10:44:53.393   579  2074 D CoreBackPreview: Window{7033432 u0 Splash Screen de.tsschulz.tt_tagebuch}: Setting back callback OnBackInvokedCallbackInfo{mCallback=android.window.IOnBackInvokedCallback$Stub$Proxy@c29178a, mPriority=0, mIsAnimationCallback=false}
05-20 10:44:53.514   826   897 V WindowManagerShell: onTransitionReady(transaction=2486786064876)
05-20 10:44:53.514   826   865 V WindowManagerShell: onTransitionReady (#11) android.os.BinderProxy@f1a7016: {id=11 t=OPEN f=0x0 trk=0 r=[0@Point(0, 0)] c=[{WCT{android.window.IWindowContainerToken$Stub$Proxy@973d823} m=OPEN f=NONE leash=Surface(name=Task=139)/@0x39c9db4 sb=Rect(0, 0 - 2560, 1600) eb=Rect(0, 0 - 2560, 1600) d=0 taskParent=-1},{WCT{android.window.IWindowContainerToken$Stub$Proxy@3fe120} m=TO_BACK f=SHOW_WALLPAPER leash=Surface(name=Task=1)/@0xef42ddd sb=Rect(0, 0 - 2560, 1600) eb=Rect(0, 0 - 2560, 1600) d=0 taskParent=-1}]}
05-20 10:44:53.515   579   600 V WindowManager: Sent Transition (#11) createdAt=05-20 10:44:53.370 via request=TransitionRequestInfo { type = OPEN, triggerTask = TaskInfo{userId=0 taskId=139 displayId=0 isRunning=true baseIntent=Intent { act=android.intent.action.MAIN cat=[android.intent.category.LAUNCHER] flg=0x10000000 cmp=de.tsschulz.tt_tagebuch/.app.MainActivity } baseActivity=ComponentInfo{de.tsschulz.tt_tagebuch/de.tsschulz.tt_tagebuch.app.MainActivity} topActivity=ComponentInfo{de.tsschulz.tt_tagebuch/de.tsschulz.tt_tagebuch.app.MainActivity} origActivity=null realActivity=ComponentInfo{de.tsschulz.tt_tagebuch/de.tsschulz.tt_tagebuch.app.MainActivity} numActivities=1 lastActiveTime=1344768 supportsMultiWindow=true resizeMode=1 isResizeable=true minWidth=-1 minHeight=-1 defaultMinSize=220 token=WCT{RemoteToken{bae96ad Task{d42400b #139 type=standard A=10214:de.tsschulz.tt_tagebuch}}} topActivityType=1 pictureInPictureParams=null shouldDockBigOverlays=false launchIntoPipHostTaskId=-1 lastParentTaskIdBeforePip=-1 displayCutoutSafeInsets=null topActivityInfo=ActivityInfo{294bc30 de.tsschulz.tt_tagebuch.app.MainActivity} launchCookies=[] positionInParent=Point(0, 0) parentTaskId=-1 isFocused=false isVisible=false isVisibleRequested=false isSleeping=false locusId=null displayAreaFeatureId=1 isTopActivityTransparent=false appCompatTaskInfo=AppCompatTaskInfo { topActivityInSizeCompat=false topActivityEligibleForLetterboxEducation= falseisLetterboxEducationEnabled= true isLetterboxDoubleTapEnabled= false topActivityEligibleForUserAspectRatioButton= true topActivityBoundsLetterboxed= false isFromLetterboxDoubleTap= false topActivityLetterboxVerticalPosition= -1 topActivityLetterboxHorizontalPosition= -1 topActivityLetterboxWidth=2560 topActivityLetterboxHeight=1600 isUserFullscreenOverrideEnabled=false isSystemFullscreenOverrideEnabled=false cameraCompatTaskInfo=CameraCompatTaskInfo { cameraCompatControlState=hidden freeformCameraCompatMode=inactive}}}, pipTask = null, remoteTransition = null, displayChange = null, flags = 0, debugId = 11 }
05-20 10:44:53.515   579   600 V WindowManager:     startWCT=WindowContainerTransaction { changes = {} hops = [] errorCallbackToken=null taskFragmentOrganizer=null }
05-20 10:44:53.515   579   600 V WindowManager:     info={id=11 t=OPEN f=0x0 trk=0 r=[0@Point(0, 0)] c=[
05-20 10:44:53.515   579   600 V WindowManager:         {WCT{RemoteToken{bae96ad Task{d42400b #139 type=standard A=10214:de.tsschulz.tt_tagebuch}}} m=OPEN f=NONE leash=Surface(name=Task=139)/@0xbbd2471 sb=Rect(0, 0 - 2560, 1600) eb=Rect(0, 0 - 2560, 1600) d=0 taskParent=-1},
05-20 10:44:53.515   579   600 V WindowManager:         {WCT{RemoteToken{a5bbe19 Task{a1a151c #1 type=home}}} m=TO_BACK f=SHOW_WALLPAPER leash=Surface(name=Task=1)/@0xcb6ede9 sb=Rect(0, 0 - 2560, 1600) eb=Rect(0, 0 - 2560, 1600) d=0 taskParent=-1}
05-20 10:44:53.515   579   600 V WindowManager:     ]}
05-20 10:44:53.518   579  1070 W UserManagerService: Requested status bar icon for non-badged user 0
05-20 10:44:53.519   826   865 V WindowManagerShell: Playing animation for (#11) android.os.BinderProxy@f1a7016@0
05-20 10:44:53.519   826   865 V WindowManagerShell:  try handler com.android.wm.shell.transition.DefaultMixedHandler@f809c59
05-20 10:44:53.519   826   865 V WindowManagerShell:  try handler com.android.wm.shell.keyguard.KeyguardTransitionHandler@f3be01e
05-20 10:44:53.519   826   865 V WindowManagerShell:  try handler com.android.wm.shell.pip.PipTransition@ffbc0ff
05-20 10:44:53.519   826   865 V WindowManagerShell:  try handler com.android.wm.shell.activityembedding.ActivityEmbeddingController@7390ecc
05-20 10:44:53.519   826   865 V WindowManagerShell:  try handler com.android.wm.shell.splitscreen.StageCoordinator@395a515
05-20 10:44:53.519   826   865 V WindowManagerShell:  try handler com.android.wm.shell.desktopmode.DesktopTasksController@241e02a
05-20 10:44:53.519   826   865 V WindowManagerShell:  try handler com.android.wm.shell.recents.RecentsTransitionHandler@2d56e1b
05-20 10:44:53.519   826   865 V ShellRecents: RecentsTransitionHandler.startAnimation: no controller found
05-20 10:44:53.519   826   865 V WindowManagerShell:  try handler com.android.wm.shell.transition.RemoteTransitionHandler@4e4bb8
05-20 10:44:53.519   826   865 V WindowManagerShell: Transition doesn't have explicit remote, search filters for match for {id=11 t=OPEN f=0x0 trk=0 r=[0@Point(0, 0)] c=[{WCT{android.window.IWindowContainerToken$Stub$Proxy@973d823} m=OPEN f=NONE leash=Surface(name=Task=139)/@0x39c9db4 sb=Rect(0, 0 - 2560, 1600) eb=Rect(0, 0 - 2560, 1600) d=0 taskParent=-1},{WCT{android.window.IWindowContainerToken$Stub$Proxy@3fe120} m=TO_BACK f=SHOW_WALLPAPER leash=Surface(name=Task=1)/@0xef42ddd sb=Rect(0, 0 - 2560, 1600) eb=Rect(0, 0 - 2560, 1600) d=0 taskParent=-1}]}
05-20 10:44:53.519   826   865 V WindowManagerShell:  Checking filter Pair{{types=[] flags=0x0] notFlags=0x0 checks=[{atype=undefined independent=true modes=[OPEN,TO_FRONT] flags=IN_TASK_WITH_EMBEDDED_ACTIVITY mustBeTask=false order=ANY topActivity=ComponentInfo{com.google.android.apps.nexuslauncher/com.google.android.apps.nexuslauncher.NexusLauncherActivity} launchCookie=null},{atype=undefined independent=true modes=[CLOSE,TO_BACK] flags=IN_TASK_WITH_EMBEDDED_ACTIVITY mustBeTask=false order=ANY topActivity=null launchCookie=null}]} RemoteTransition { remoteTransition = android.window.IRemoteTransition$Stub$Proxy@e30447f, appThread = android.app.IApplicationThread$Stub$Proxy@8a60c4c, debugName = OverlaySwipeBack }}
05-20 10:44:53.519   826   865 V WindowManagerShell:  Checking filter Pair{{types=[] flags=0x0] notFlags=0x0 checks=[{atype=dream independent=true modes=[OPEN,TO_FRONT] flags=NONE mustBeTask=false order=ANY topActivity=null launchCookie=null},{atype=home independent=true modes=[CLOSE,TO_BACK] flags=NONE mustBeTask=false order=ANY topActivity=null launchCookie=null}]} RemoteTransition { remoteTransition = android.window.IRemoteTransition$Stub$Proxy@53a9495, appThread = android.app.IApplicationThread$Stub$Proxy@374d9aa, debugName = LauncherToDream }}
05-20 10:44:53.519   826   865 V WindowManagerShell:  Checking filter Pair{{types=[] flags=0x0] notFlags=0x100 checks=[{atype=home independent=true modes=[OPEN,TO_FRONT] flags=NONE mustBeTask=false order=TOP topActivity=ComponentInfo{com.google.android.apps.nexuslauncher/com.google.android.apps.nexuslauncher.NexusLauncherActivity} launchCookie=null},{atype=standard independent=true modes=[CLOSE,TO_BACK] flags=NONE mustBeTask=false order=ANY topActivity=null launchCookie=null}]} RemoteTransition { remoteTransition = android.window.IRemoteTransition$Stub$Proxy@68ea99b, appThread = android.app.IApplicationThread$Stub$Proxy@b4da138, debugName = QuickstepLaunchHome }}
05-20 10:44:53.519   826   865 V WindowManagerShell:  Delegate animation for (#11) to null
05-20 10:44:53.519   826   865 V WindowManagerShell:  try handler com.android.wm.shell.transition.DefaultTransitionHandler@7d98593
05-20 10:44:53.519   826   865 V WindowManagerShell: start default transition animation, info = {id=11 t=OPEN f=0x0 trk=0 r=[0@Point(0, 0)] c=[{WCT{android.window.IWindowContainerToken$Stub$Proxy@973d823} m=OPEN f=NONE leash=Surface(name=Task=139)/@0x39c9db4 sb=Rect(0, 0 - 2560, 1600) eb=Rect(0, 0 - 2560, 1600) d=0 taskParent=-1},{WCT{android.window.IWindowContainerToken$Stub$Proxy@3fe120} m=TO_BACK f=SHOW_WALLPAPER leash=Surface(name=Task=1)/@0xef42ddd sb=Rect(0, 0 - 2560, 1600) eb=Rect(0, 0 - 2560, 1600) d=0 taskParent=-1}]}
05-20 10:44:53.520   826   865 V WindowManagerShell: loadAnimation: anim=android.view.animation.AnimationSet@858b377 animAttr=0x13 type=OPEN isEntrance=false
05-20 10:44:53.520   826   865 V WindowManagerShell: loadAnimation: anim=android.view.animation.AnimationSet@c1b1013 animAttr=0x12 type=OPEN isEntrance=true
05-20 10:44:53.521   826   865 V WindowManagerShell:  animated by com.android.wm.shell.transition.DefaultTransitionHandler@7d98593
05-20 10:44:53.817   826   865 V WindowManagerShell: Transition animation finished (aborted=false), notifying core (#11) android.os.BinderProxy@f1a7016@0
05-20 10:44:53.818   579   600 V WindowManager: Finish Transition (#11): created at 05-20 10:44:53.370 collect-started=0.034ms request-sent=3.311ms started=4.313ms ready=142.326ms sent=143.611ms finished=447.668ms
05-20 10:44:53.819   826   865 V WindowManagerShell: Track 0 became idle
05-20 10:44:53.819   826   865 V WindowManagerShell: All active transition animations finished
05-20 10:44:53.819   579  1070 W UserManagerService: Requested status bar icon for non-badged user 0
05-20 10:44:53.819   579  1070 W UserManagerService: Requested status bar icon for non-badged user 0
05-20 10:44:53.958   579  1070 I AppsFilter: interaction: PackageSetting{fd2d1e7 de.tsschulz.tt_tagebuch/10214} -> PackageSetting{7d075cf com.android.cts.priv.ctsshim/10197} BLOCKED
05-20 10:44:53.958   579  1070 I AppsFilter: interaction: PackageSetting{fd2d1e7 de.tsschulz.tt_tagebuch/10214} -> PackageSetting{4c16b5c com.google.android.youtube/10169} BLOCKED
05-20 10:44:53.958   579  1070 I AppsFilter: interaction: PackageSetting{fd2d1e7 de.tsschulz.tt_tagebuch/10214} -> PackageSetting{265bdca de.tsschulz.timeclock/10213} BLOCKED
05-20 10:44:53.958   579  1070 I AppsFilter: interaction: PackageSetting{fd2d1e7 de.tsschulz.tt_tagebuch/10214} -> PackageSetting{a38ee65 com.android.internal.display.cutout.emulation.corner/10002} BLOCKED
05-20 10:44:53.958   579  1070 I AppsFilter: interaction: PackageSetting{fd2d1e7 de.tsschulz.tt_tagebuch/10214} -> PackageSetting{9fe773a com.android.internal.display.cutout.emulation.double/10005} BLOCKED
05-20 10:44:53.959   579  1070 I AppsFilter: interaction: PackageSetting{fd2d1e7 de.tsschulz.tt_tagebuch/10214} -> PackageSetting{a889feb com.google.android.carrierlocation/10119} BLOCKED
05-20 10:44:53.959   579  1070 I AppsFilter: interaction: PackageSetting{fd2d1e7 de.tsschulz.tt_tagebuch/10214} -> PackageSetting{7a7e148 com.google.android.googlequicksearchbox/10143} BLOCKED
05-20 10:44:53.959   579  1070 I AppsFilter: interaction: PackageSetting{fd2d1e7 de.tsschulz.tt_tagebuch/10214} -> PackageSetting{ecf0be1 com.android.settings.overlay.tangorpro/10043} BLOCKED
05-20 10:44:53.959   579  1070 I AppsFilter: interaction: PackageSetting{fd2d1e7 de.tsschulz.tt_tagebuch/10214} -> PackageSetting{4cccd06 com.google.android.onetimeinitializer/10126} BLOCKED
05-20 10:44:53.959   579  1070 I AppsFilter: interaction: PackageSetting{fd2d1e7 de.tsschulz.tt_tagebuch/10214} -> PackageSetting{a4f4fc7 com.google.android.ext.shared/10109} BLOCKED
05-20 10:44:53.959   579  1070 I AppsFilter: interaction: PackageSetting{fd2d1e7 de.tsschulz.tt_tagebuch/10214} -> PackageSetting{8fdc9f4 com.android.virtualmachine.res/10201} BLOCKED
05-20 10:44:53.959   579  1070 I AppsFilter: interaction: PackageSetting{fd2d1e7 de.tsschulz.tt_tagebuch/10214} -> PackageSetting{e4f851d com.android.managedprovisioning.auto_generated_rro_product__/10040} BLOCKED
05-20 10:44:53.959   579  1070 I AppsFilter: interaction: PackageSetting{fd2d1e7 de.tsschulz.tt_tagebuch/10214} -> PackageSetting{3d8b392 com.google.android.apps.nest.castauth/10121} BLOCKED
05-20 10:44:53.959   579  1070 I AppsFilter: interaction: PackageSetting{fd2d1e7 de.tsschulz.tt_tagebuch/10214} -> PackageSetting{ee72163 com.google.android.server.deviceconfig.resources/10200} BLOCKED
05-20 10:44:53.959   579  1070 I AppsFilter: interaction: PackageSetting{fd2d1e7 de.tsschulz.tt_tagebuch/10214} -> PackageSetting{a279160 com.android.systemui.emulation.pixel_3_xl/10045} BLOCKED
05-20 10:44:53.959   579  1070 I AppsFilter: interaction: PackageSetting{fd2d1e7 de.tsschulz.tt_tagebuch/10214} -> PackageSetting{1645619 com.android.systemui.emulation.pixel_4_xl/10052} BLOCKED
05-20 10:44:53.959   579  1070 I AppsFilter: interaction: PackageSetting{fd2d1e7 de.tsschulz.tt_tagebuch/10214} -> PackageSetting{a4a76de com.android.systemui.emulation.pixel_fold/10064} BLOCKED
05-20 10:44:53.959   579  1070 I AppsFilter: interaction: PackageSetting{fd2d1e7 de.tsschulz.tt_tagebuch/10214} -> PackageSetting{fa070bf com.android.providers.telephony.auto_generated_characteristics_rro/10067} BLOCKED
05-20 10:44:53.959   579  1070 I AppsFilter: interaction: PackageSetting{fd2d1e7 de.tsschulz.tt_tagebuch/10214} -> PackageSetting{c64638c com.android.htmlviewer/10112} BLOCKED
05-20 10:44:53.959   579  1070 I AppsFilter: interaction: PackageSetting{fd2d1e7 de.tsschulz.tt_tagebuch/10214} -> PackageSetting{75b3ad5 com.google.android.health.connect.backuprestore/10203} BLOCKED
05-20 10:44:53.959   579  1070 I AppsFilter: interaction: PackageSetting{fd2d1e7 de.tsschulz.tt_tagebuch/10214} -> PackageSetting{38322ea com.android.systemui.auto_generated_rro_product__/10065} BLOCKED
05-20 10:44:53.959   579  1070 I AppsFilter: interaction: PackageSetting{fd2d1e7 de.tsschulz.tt_tagebuch/10214} -> PackageSetting{e7559db com.google.android.soundpicker/10166} BLOCKED
05-20 10:44:53.959   579  1070 I AppsFilter: interaction: PackageSetting{fd2d1e7 de.tsschulz.tt_tagebuch/10214} -> PackageSetting{3ba2c78 com.google.android.marvin.talkbackoverlay/10080} BLOCKED
05-20 10:44:53.959   579  1070 I AppsFilter: interaction: PackageSetting{fd2d1e7 de.tsschulz.tt_tagebuch/10214} -> PackageSetting{ca1af51 com.google.android.configupdater/10122} BLOCKED
05-20 10:44:53.959   579  1070 I AppsFilter: interaction: PackageSetting{fd2d1e7 de.tsschulz.tt_tagebuch/10214} -> PackageSetting{de883b6 com.android.internal.emulation.pixel_3a_xl/10012} BLOCKED
05-20 10:44:53.959   579  1070 I AppsFilter: interaction: PackageSetting{fd2d1e7 de.tsschulz.tt_tagebuch/10214} -> PackageSetting{8e5b8b7 com.android.internal.emulation.pixel_6_pro/10026} BLOCKED
05-20 10:44:53.959   579  1070 I AppsFilter: interaction: PackageSetting{fd2d1e7 de.tsschulz.tt_tagebuch/10214} -> PackageSetting{ca19824 com.android.internal.emulation.pixel_7_pro/10022} BLOCKED
05-20 10:44:53.959   579  1070 I AppsFilter: interaction: PackageSetting{fd2d1e7 de.tsschulz.tt_tagebuch/10214} -> PackageSetting{d00ef8d com.android.internal.emulation.pixel_8_pro/10025} BLOCKED
05-20 10:44:53.959   579  1070 I AppsFilter: interaction: PackageSetting{fd2d1e7 de.tsschulz.tt_tagebuch/10214} -> PackageSetting{6712542 com.android.internal.emulation.pixel_3a/10011} BLOCKED
05-20 10:44:53.959   579  1070 I AppsFilter: interaction: PackageSetting{fd2d1e7 de.tsschulz.tt_tagebuch/10214} -> PackageSetting{a932953 com.android.internal.emulation.pixel_4a/10016} BLOCKED
05-20 10:44:53.959   579  1070 I AppsFilter: interaction: PackageSetting{fd2d1e7 de.tsschulz.tt_tagebuch/10214} -> PackageSetting{721290 com.android.internal.emulation.pixel_6a/10020} BLOCKED
05-20 10:44:53.959   579  1070 I AppsFilter: interaction: PackageSetting{fd2d1e7 de.tsschulz.tt_tagebuch/10214} -> PackageSetting{d99f789 com.android.internal.emulation.pixel_7a/10024} BLOCKED
05-20 10:44:53.959   579  1070 I AppsFilter: interaction: PackageSetting{fd2d1e7 de.tsschulz.tt_tagebuch/10214} -> PackageSetting{f0538e com.android.internal.emulation.pixel_8a/10037} BLOCKED
05-20 10:44:53.959   579  1070 I AppsFilter: interaction: PackageSetting{fd2d1e7 de.tsschulz.tt_tagebuch/10214} -> PackageSetting{d9d07af com.google.android.overlay.googlewebview/10032} BLOCKED
05-20 10:44:53.959   579  1070 I AppsFilter: interaction: PackageSetting{fd2d1e7 de.tsschulz.tt_tagebuch/10214} -> PackageSetting{48dc7bc com.google.android.hotspot2.osulogin/10191} BLOCKED
05-20 10:44:53.959   579  1070 I AppsFilter: interaction: PackageSetting{fd2d1e7 de.tsschulz.tt_tagebuch/10214} -> PackageSetting{aa18345 com.android.simappdialog/10115} BLOCKED
05-20 10:44:53.959   579  1070 I AppsFilter: interaction: PackageSetting{fd2d1e7 de.tsschulz.tt_tagebuch/10214} -> PackageSetting{9221a9a com.android.internal.display.cutout.emulation.hole/10006} BLOCKED
05-20 10:44:53.959   579  1070 I AppsFilter: interaction: PackageSetting{fd2d1e7 de.tsschulz.tt_tagebuch/10214} -> PackageSetting{4bc6fcb com.android.internal.display.cutout.emulation.tall/10015} BLOCKED
05-20 10:44:53.959   579  1070 I AppsFilter: interaction: PackageSetting{fd2d1e7 de.tsschulz.tt_tagebuch/10214} -> PackageSetting{4da3a8 com.android.internal.systemui.navbar.threebutton/10036} BLOCKED
05-20 10:44:53.959   579  1070 I AppsFilter: interaction: PackageSetting{fd2d1e7 de.tsschulz.tt_tagebuch/10214} -> PackageSetting{4dc0ec1 com.android.hotwordenrollment.xgoogle/10130} BLOCKED
05-20 10:44:53.959   579  1070 I AppsFilter: interaction: PackageSetting{fd2d1e7 de.tsschulz.tt_tagebuch/10214} -> PackageSetting{8774666 com.android.camera2/10146} BLOCKED
05-20 10:44:53.959   579  1070 I AppsFilter: interaction: PackageSetting{fd2d1e7 de.tsschulz.tt_tagebuch/10214} -> PackageSetting{b203da7 com.android.internal.ranchu.commonoverlay/10041} BLOCKED
05-20 10:44:53.959   579  1070 I AppsFilter: interaction: PackageSetting{fd2d1e7 de.tsschulz.tt_tagebuch/10214} -> PackageSetting{5ad5254 com.google.android.docksetup.auto_generated_rro_product__/10007} BLOCKED
05-20 10:44:53.959   579  1070 I AppsFilter: interaction: PackageSetting{fd2d1e7 de.tsschulz.tt_tagebuch/10214} -> PackageSetting{ad9d5fd com.google.android.deskclock/10163} BLOCKED
05-20 10:44:53.959   579  1070 I AppsFilter: interaction: PackageSetting{fd2d1e7 de.tsschulz.tt_tagebuch/10214} -> PackageSetting{ca162f2 com.android.internal.systemui.navbar.twobutton/10035} BLOCKED
05-20 10:44:53.959   579  1070 I AppsFilter: interaction: PackageSetting{fd2d1e7 de.tsschulz.tt_tagebuch/10214} -> PackageSetting{6090d43 com.google.android.as/10129} BLOCKED
05-20 10:44:53.959   579  1070 I AppsFilter: interaction: PackageSetting{fd2d1e7 de.tsschulz.tt_tagebuch/10214} -> PackageSetting{8b73fc0 com.google.android.gm/10172} BLOCKED
05-20 10:44:53.959   579  1070 I AppsFilter: interaction: PackageSetting{fd2d1e7 de.tsschulz.tt_tagebuch/10214} -> PackageSetting{9f2d4f9 com.android.systemui.emulation.pixel_3/10047} BLOCKED
05-20 10:44:53.959   579  1070 I AppsFilter: interaction: PackageSetting{fd2d1e7 de.tsschulz.tt_tagebuch/10214} -> PackageSetting{adebc3e com.android.systemui.emulation.pixel_4/10051} BLOCKED
05-20 10:44:53.959   579  1070 I AppsFilter: interaction: PackageSetting{fd2d1e7 de.tsschulz.tt_tagebuch/10214} -> PackageSetting{4253a9f com.android.systemui.emulation.pixel_5/10054} BLOCKED
