05-20 10:22:38.535   579   579 E SoundTriggerMiddlewareImpl: 	at com.android.server.soundtrigger_middleware.SoundTriggerModule.attachToHal(SoundTriggerModule.java:176)
05-20 10:22:38.535   579   579 E SoundTriggerMiddlewareImpl: 	at com.android.server.soundtrigger_middleware.SoundTriggerModule.<init>(SoundTriggerModule.java:105)
05-20 10:22:38.535   579   579 E SoundTriggerMiddlewareImpl: 	at com.android.server.soundtrigger_middleware.SoundTriggerMiddlewareImpl.<init>(SoundTriggerMiddlewareImpl.java:86)
05-20 10:22:38.535   579   579 E SoundTriggerMiddlewareImpl: 	at com.android.server.soundtrigger_middleware.SoundTriggerMiddlewareService$Lifecycle.onStart(SoundTriggerMiddlewareService.java:248)
05-20 10:22:38.535   579   579 E SoundTriggerMiddlewareImpl: 	at com.android.server.SystemServiceManager.startService(SystemServiceManager.java:280)
05-20 10:22:38.535   579   579 E SoundTriggerMiddlewareImpl: 	at com.android.server.SystemServiceManager.startService(SystemServiceManager.java:257)
05-20 10:22:38.535   579   579 E SoundTriggerMiddlewareImpl: 	at com.android.server.SystemServer.startOtherServices(SystemServer.java:2277)
05-20 10:22:38.535   579   579 E SoundTriggerMiddlewareImpl: 	at com.android.server.SystemServer.run(SystemServer.java:936)
05-20 10:22:38.535   579   579 E SoundTriggerMiddlewareImpl: 	at com.android.server.SystemServer.main(SystemServer.java:657)
05-20 10:22:38.535   579   579 E SoundTriggerMiddlewareImpl: 	at java.lang.reflect.Method.invoke(Native Method)
05-20 10:22:38.535   579   579 E SoundTriggerMiddlewareImpl: 	at com.android.internal.os.RuntimeInit$MethodAndArgsCaller.run(RuntimeInit.java:580)
05-20 10:22:38.535   579   579 E SoundTriggerMiddlewareImpl: 	at com.android.internal.os.ZygoteInit.main(ZygoteInit.java:864)
05-20 10:22:38.537   579   579 D SystemServerTiming: StartDockObserver
05-20 10:22:38.537   579   579 I SystemServiceManager: Starting com.android.server.DockObserver
05-20 10:22:38.537   579   579 I DockObserver: No extcon dock device found in this kernel.
05-20 10:22:38.537   579   579 D SystemServerTiming: StartWiredAccessoryManager
05-20 10:22:38.538   579   579 W WiredAccessoryManager: This kernel does not have usb audio support
05-20 10:22:38.538   579   579 W WiredAccessoryManager: This kernel does not have HDMI audio support
05-20 10:22:38.538   579   579 D SystemServerTiming: StartMidiManager
05-20 10:22:38.538   579   579 I SystemServiceManager: Starting com.android.server.midi.MidiService$Lifecycle
05-20 10:22:38.540   579   579 D SystemServerTiming: StartAdbService
05-20 10:22:38.541   579   579 I SystemServiceManager: Starting com.android.server.adb.AdbService$Lifecycle
05-20 10:22:38.542   579   579 D SystemServerTiming: StartUsbService
05-20 10:22:38.542   579   579 I SystemServiceManager: Starting com.android.server.usb.UsbService$Lifecycle
05-20 10:22:38.543   579   659 D SystemServerTimingAsync: InitThreadPoolExec:UsbService$Lifecycle#onStart
05-20 10:22:38.543   579   579 D SystemServerTiming: StartSerialService
05-20 10:22:38.543   579   579 I SystemServiceManager: Starting com.android.server.SerialService$Lifecycle
05-20 10:22:38.543   579   579 D SystemServerTiming: StartHardwarePropertiesManagerService
05-20 10:22:38.544   579   659 I UsbDeviceManager: failed to write to /sys/class/android_usb/android0/f_rndis/ethaddr
05-20 10:22:38.544   579   659 D UsbPortManager: Querying USB Gadget HAL version
05-20 10:22:38.547   579   579 D SystemServerTiming: StartTwilightService
05-20 10:22:38.547   579   579 I SystemServiceManager: Starting com.android.server.twilight.TwilightService
05-20 10:22:38.547   579   579 D SystemServerTiming: StartColorDisplay
05-20 10:22:38.547   579   579 I SystemServiceManager: Starting com.android.server.display.color.ColorDisplayService
05-20 10:22:38.547   579   659 E UsbDeviceManager: connectToProxy: usb gadget hidl hal service not found.
05-20 10:22:38.547   579   659 E UsbDeviceManager: java.util.NoSuchElementException
05-20 10:22:38.547   579   659 E UsbDeviceManager: 	at android.os.HwBinder.getService(Native Method)
05-20 10:22:38.547   579   659 E UsbDeviceManager: 	at android.hardware.usb.gadget.V1_0.IUsbGadget.getService(IUsbGadget.java:57)
05-20 10:22:38.547   579   659 E UsbDeviceManager: 	at android.hardware.usb.gadget.V1_0.IUsbGadget.getService(IUsbGadget.java:64)
05-20 10:22:38.547   579   659 E UsbDeviceManager: 	at com.android.server.usb.hal.gadget.UsbGadgetHidl.isServicePresent(UsbGadgetHidl.java:128)
05-20 10:22:38.547   579   659 E UsbDeviceManager: 	at com.android.server.usb.hal.gadget.UsbGadgetHalInstance.getInstance(UsbGadgetHalInstance.java:39)
05-20 10:22:38.547   579   659 E UsbDeviceManager: 	at com.android.server.usb.UsbDeviceManager.<init>(UsbDeviceManager.java:319)
05-20 10:22:38.547   579   659 E UsbDeviceManager: 	at com.android.server.usb.UsbService.<init>(UsbService.java:198)
05-20 10:22:38.547   579   659 E UsbDeviceManager: 	at com.android.server.usb.UsbService$Lifecycle.lambda$onStart$0(UsbService.java:106)
05-20 10:22:38.547   579   659 E UsbDeviceManager: 	at com.android.server.usb.UsbService$Lifecycle.$r8$lambda$HIZVSW8uTg1XjWF6etZh-bC1WP4(UsbService.java:0)
05-20 10:22:38.547   579   659 E UsbDeviceManager: 	at com.android.server.usb.UsbService$Lifecycle$$ExternalSyntheticLambda0.run(R8$$SyntheticClass:0)
05-20 10:22:38.547   579   659 E UsbDeviceManager: 	at com.android.server.SystemServerInitThreadPool.lambda$submitTask$0(SystemServerInitThreadPool.java:107)
05-20 10:22:38.547   579   659 E UsbDeviceManager: 	at com.android.server.SystemServerInitThreadPool.$r8$lambda$KBkrFsHiqcxWyjNRg1WxRI4WNHA(SystemServerInitThreadPool.java:0)
05-20 10:22:38.547   579   659 E UsbDeviceManager: 	at com.android.server.SystemServerInitThreadPool$$ExternalSyntheticLambda1.run(R8$$SyntheticClass:0)
05-20 10:22:38.547   579   659 E UsbDeviceManager: 	at java.util.concurrent.Executors$RunnableAdapter.call(Executors.java:487)
05-20 10:22:38.547   579   659 E UsbDeviceManager: 	at java.util.concurrent.FutureTask.run(FutureTask.java:264)
05-20 10:22:38.547   579   659 E UsbDeviceManager: 	at java.util.concurrent.ThreadPoolExecutor.runWorker(ThreadPoolExecutor.java:1145)
05-20 10:22:38.547   579   659 E UsbDeviceManager: 	at java.util.concurrent.ThreadPoolExecutor$Worker.run(ThreadPoolExecutor.java:644)
05-20 10:22:38.547   579   659 E UsbDeviceManager: 	at com.android.internal.util.ConcurrentUtils$1$1.run(ConcurrentUtils.java:65)
05-20 10:22:38.547   579   659 E UsbPortManager: USB Gadget HAL AIDL/HIDL not present
05-20 10:22:38.547   579   659 D UsbDeviceManager: getInstance done
05-20 10:22:38.547   579   659 E UsbDeviceManager: Failed to open control for mtp
05-20 10:22:38.548   579   659 E UsbDeviceManager: Failed to open control for ptp
05-20 10:22:38.548   579   579 D SystemServerTiming: StartJobScheduler
05-20 10:22:38.548   579   579 I SystemServiceManager: Starting com.android.server.job.JobSchedulerService
05-20 10:22:38.549   579   659 W StorageManagerService: No primary storage defined yet; hacking together a stub
05-20 10:22:38.551   579   659 D UsbPortManager: Querying USB HAL version
05-20 10:22:38.552   579   659 I UsbPortManager: USB HAL AIDL present
05-20 10:22:38.554   579   659 D UsbPortManager: getInstance done
05-20 10:22:38.556   579   596 I UsbPortManager: all: opID:1 successful
05-20 10:22:38.568   579   602 D JobStore: Start tag: job-info
05-20 10:22:38.570   579   579 D CompatChangeReporter: Compat change id reported: 319212206; UID 1000; state: ENABLED
05-20 10:22:38.573   579   579 V HistoricalRegistry: Interaction before persistence initialized
05-20 10:22:38.573   579   579 V HistoricalRegistry: Interaction before persistence initialized
05-20 10:22:38.574   579   579 D SystemServerTiming: StartSoundTrigger
05-20 10:22:38.574   579   579 I SystemServiceManager: Starting com.android.server.soundtrigger.SoundTriggerService
05-20 10:22:38.574   579   602 D JobStore: Start tag: job-info
05-20 10:22:38.575   579   579 D SystemServerTiming: StartTrustManager
05-20 10:22:38.575   579   579 I SystemServiceManager: Starting com.android.server.trust.TrustManagerService
05-20 10:22:38.575   579   602 D JobStore: Start tag: job-info
05-20 10:22:38.575   579   579 D SystemServerTiming: StartBackupManager
05-20 10:22:38.575   579   579 I SystemServiceManager: Starting com.android.server.backup.BackupManagerService$Lifecycle
05-20 10:22:38.576   579   602 D JobStore: Start tag: job-info
05-20 10:22:38.576   579   579 D BackupManagerService: Default backup user id = 0
05-20 10:22:38.576   579   579 D SystemServerTiming: StartAppWidgetService
05-20 10:22:38.576   579   579 I SystemServiceManager: Starting com.android.server.appwidget.AppWidgetService
05-20 10:22:38.582   579   579 D SystemServerTiming: StartVoiceRecognitionManager
05-20 10:22:38.582   579   579 I SystemServiceManager: Starting com.android.server.voiceinteraction.VoiceInteractionManagerService
05-20 10:22:38.585   579   748 W BroadcastLoopers: Found previously unknown looper Thread[AudioService,5,main]
05-20 10:22:38.586   579   602 D JobStore: Start tag: job-info
05-20 10:22:38.588   579   602 D JobStore: Start tag: job-info
05-20 10:22:38.589   579   602 D JobStore: Start tag: job-info
05-20 10:22:38.590   579   602 D JobStore: Start tag: job-info
05-20 10:22:38.591   579   602 D JobStore: Start tag: job-info
05-20 10:22:38.591   579   602 D JobStore: Start tag: job-info
05-20 10:22:38.592   579   602 D JobStore: Start tag: job-info
05-20 10:22:38.593   579   602 D JobStore: Start tag: job-info
05-20 10:22:38.593   579   602 D JobStore: Start tag: job-info
05-20 10:22:38.593   579   602 I JobStore: Read 57 jobs
05-20 10:22:38.692   579   579 D SystemServerTiming: StartGestureLauncher
05-20 10:22:38.692   579   579 I SystemServiceManager: Starting com.android.server.GestureLauncherService
05-20 10:22:38.692   579   579 D SystemServerTiming: StartSensorNotification
05-20 10:22:38.692   579   579 I SystemServiceManager: Starting com.android.server.SensorNotificationService
05-20 10:22:38.693   579   579 D SystemServerTiming: StartDiskStatsService
05-20 10:22:38.694   579   579 D CompatChangeReporter: Compat change id reported: 311402873; UID 1000; state: ENABLED
05-20 10:22:38.694   579   579 D CompatChangeReporter: Compat change id reported: 323349338; UID 1000; state: ENABLED
05-20 10:22:38.695   579   579 D SystemServerTiming: RuntimeService
05-20 10:22:38.695   579   579 D SystemServerTiming: StartNetworkTimeUpdateService
05-20 10:22:38.695   579   579 D SystemServerTiming: CertBlacklister
05-20 10:22:38.696   579   579 D SystemServerTiming: StartEmergencyAffordanceService
05-20 10:22:38.696   579   579 I SystemServiceManager: Starting com.android.server.emergency.EmergencyAffordanceService
05-20 10:22:38.696   579   579 D SystemServerTiming: startBlobStoreManagerService
05-20 10:22:38.696   579   579 I SystemServiceManager: Starting com.android.server.blob.BlobStoreManagerService
05-20 10:22:38.697   579   579 D SystemServerTiming: StartDreamManager
05-20 10:22:38.697   579   579 I SystemServiceManager: Starting com.android.server.dreams.DreamManagerService
05-20 10:22:38.697   579   579 D SystemServerTiming: AddGraphicsStatsService
05-20 10:22:38.698   579   579 D SystemServerTiming: StartPrintManager
05-20 10:22:38.698   579   579 I SystemServiceManager: Starting com.android.server.print.PrintManagerService
05-20 10:22:38.699   579   579 D SystemServerTiming: StartAttestationVerificationService
05-20 10:22:38.699   579   579 I SystemServiceManager: Starting com.android.server.security.AttestationVerificationManagerService
05-20 10:22:38.700   579   579 D AVF     : Started
05-20 10:22:38.701   579   579 D SystemServerTiming: StartCompanionDeviceManager
05-20 10:22:38.701   579   579 I SystemServiceManager: Starting com.android.server.companion.CompanionDeviceManagerService
05-20 10:22:38.703   579   579 I CDM_CompanionTransportManager: Registering OnTransportsChangedListener
05-20 10:22:38.705   579   579 I CDM_AssociationDiskStore: Reading associations for user 0 from disk.
05-20 10:22:38.705   579   771 I CDM_ObservableUuidStore: Reading ObservableUuid for user 0 from file=/data/system_de/0/observing_uuids_presence.xml
05-20 10:22:38.705   579   771 D CDM_ObservableUuidStore: File does not exist -> Abort
05-20 10:22:38.706   579   579 D SystemServerTiming: StartVirtualDeviceManager
05-20 10:22:38.706   579   579 I SystemServiceManager: Starting com.android.server.companion.virtual.VirtualDeviceManagerService
05-20 10:22:38.707   579   579 D SystemServerTiming: StartRestrictionManager
05-20 10:22:38.707   579   579 I SystemServiceManager: Starting com.android.server.restrictions.RestrictionsManagerService
05-20 10:22:38.707   579   579 D SystemServerTiming: StartMediaSessionService
05-20 10:22:38.707   579   579 I SystemServiceManager: Starting com.android.server.media.MediaSessionService
05-20 10:22:38.710   579   579 D SystemServerTiming: StartMediaResourceMonitor
05-20 10:22:38.710   579   579 I SystemServiceManager: Starting com.android.server.media.MediaResourceMonitorService
05-20 10:22:38.710   579   579 D SystemServerTiming: StartMediaRouterService
05-20 10:22:38.710   579   579 V HistoricalRegistry: Interaction before persistence initialized
05-20 10:22:38.711   579   579 D SystemServerTiming: StartFaceSensor
05-20 10:22:38.711   579   579 I SystemServiceManager: Starting com.android.server.biometrics.sensors.face.FaceService
05-20 10:22:38.711   579   579 D SystemServerTiming: StartFingerprintSensor
05-20 10:22:38.711   579   579 I SystemServiceManager: Starting com.android.server.biometrics.sensors.fingerprint.FingerprintService
05-20 10:22:38.712   579   579 D SystemServerTiming: StartBiometricService
05-20 10:22:38.712   579   579 I SystemServiceManager: Starting com.android.server.biometrics.BiometricService
05-20 10:22:38.713   579   579 D SystemServerTiming: StartAuthService
05-20 10:22:38.713   579   579 I SystemServiceManager: Starting com.android.server.biometrics.AuthService
05-20 10:22:38.714   579   579 D SystemServerTiming: StartAdaptiveAuthService
05-20 10:22:38.714   579   579 I SystemServiceManager: Starting com.android.server.adaptiveauth.AdaptiveAuthService
05-20 10:22:38.715   579   579 D SystemServerTiming: StartDynamicCodeLoggingService
05-20 10:22:38.716   579   579 D SystemServerTiming: StartPruneInstantAppsJobService
05-20 10:22:38.716   579   579 D SystemServerTiming: StartSelinuxAuditLogsService
05-20 10:22:38.728   579   579 D SelinuxAuditLogs: SelinuxAuditLogsService scheduled successfully.
05-20 10:22:38.728   579   579 D SystemServerTiming: StartShortcutServiceLifecycle
05-20 10:22:38.728   579   579 I SystemServiceManager: Starting com.android.server.pm.ShortcutService$Lifecycle
05-20 10:22:38.733   579   579 V HistoricalRegistry: Interaction before persistence initialized
05-20 10:22:38.735   579   579 D SystemServerTiming: StartLauncherAppsService
05-20 10:22:38.735   579   579 I SystemServiceManager: Starting com.android.server.pm.LauncherAppsService
05-20 10:22:38.741   579   579 D SystemServerTiming: StartCrossProfileAppsService
05-20 10:22:38.741   579   579 I SystemServiceManager: Starting com.android.server.pm.CrossProfileAppsService
05-20 10:22:38.741   579   579 D SystemServerTiming: StartPeopleService
05-20 10:22:38.741   579   579 I SystemServiceManager: Starting com.android.server.people.PeopleService
05-20 10:22:38.741   579   579 D SystemServerTiming: StartMediaMetricsManager
05-20 10:22:38.741   579   579 I SystemServiceManager: Starting com.android.server.media.metrics.MediaMetricsManagerService
05-20 10:22:38.743   579   579 D SystemServerTiming: StartBackgroundInstallControlService
05-20 10:22:38.743   579   579 I SystemServiceManager: Starting com.android.server.pm.BackgroundInstallControlService
05-20 10:22:38.745   579   579 D SystemServerTiming: StartMediaProjectionManager
05-20 10:22:38.745   579   579 I SystemServiceManager: Starting com.android.server.media.projection.MediaProjectionManagerService
05-20 10:22:38.758   579   777 D FaceProvider/virtual: Adding AIDL configs
05-20 10:22:38.759   579   777 D FaceProvider/virtual: Added: com.android.server.biometrics.sensors.face.aidl.Sensor@b2e4806
05-20 10:22:38.760   579   777 D BiometricService: Registering ID: 4 Modality: 8 Strength: 15
05-20 10:22:38.760   579   776 D FingerprintProvider/default: Adding AIDL configs
05-20 10:22:38.760   579   776 D FingerprintProvider/default: Added: com.android.server.biometrics.sensors.fingerprint.aidl.Sensor@2173853
05-20 10:22:38.760   579   777 D BiometricStrengthController: updateStrengths: revert sensorId=4 to oemStrength=15
05-20 10:22:38.761   579   777 D BiometricService/Sensor: updateStrength: Before(ID(4), oemStrength: 15, updatedStrength: 15, modality 8, state: 0, cookie: 0) After(ID(4), oemStrength: 15, updatedStrength: 15, modality 8, state: 0, cookie: 0)
05-20 10:22:38.761   579   774 D BiometricScheduler: [Added] {[1] com.android.server.biometrics.sensors.fingerprint.aidl.FingerprintInternalCleanupClient, proto=7, owner=android, cookie=0, requestId=-1, userId=0}, new queue size: 1
05-20 10:22:38.761   579   774 D BiometricScheduler: [Starting User] {[2] com.android.server.biometrics.sensors.fingerprint.aidl.FingerprintStartUserClient, proto=17, owner=android, cookie=0, requestId=-1, userId=0}
05-20 10:22:38.761   579   774 D FingerprintProvider/default: Daemon was null, reconnecting
05-20 10:22:38.761   579   776 D BiometricService: Registering ID: 0 Modality: 2 Strength: 15
05-20 10:22:38.761   579   776 D BiometricStrengthController: updateStrengths: revert sensorId=4 to oemStrength=15
05-20 10:22:38.761   579   775 D BiometricScheduler: [Added] {[0] com.android.server.biometrics.sensors.face.aidl.FaceInternalCleanupClient, proto=7, owner=android, cookie=0, requestId=-1, userId=0}, new queue size: 1
05-20 10:22:38.762   579   775 D BiometricScheduler: [Starting User] {[3] com.android.server.biometrics.sensors.face.aidl.FaceStartUserClient, proto=17, owner=android, cookie=0, requestId=-1, userId=0}
05-20 10:22:38.762   579   775 D FaceProvider/virtual: Daemon was null, reconnecting
05-20 10:22:38.762   579   776 D BiometricService/Sensor: updateStrength: Before(ID(4), oemStrength: 15, updatedStrength: 15, modality 8, state: 0, cookie: 0) After(ID(4), oemStrength: 15, updatedStrength: 15, modality 8, state: 0, cookie: 0)
05-20 10:22:38.762   579   776 D BiometricStrengthController: updateStrengths: revert sensorId=0 to oemStrength=15
05-20 10:22:38.762   579   776 D BiometricService/Sensor: updateStrength: Before(ID(0), oemStrength: 15, updatedStrength: 15, modality 2, state: 0, cookie: 0) After(ID(0), oemStrength: 15, updatedStrength: 15, modality 2, state: 0, cookie: 0)
05-20 10:22:38.764   579   579 D SystemServerTiming: StartSliceManagerService
05-20 10:22:38.764   579   579 I SystemServiceManager: Starting com.android.server.slice.SliceManagerService$Lifecycle
05-20 10:22:38.765   579   774 D Sensor  : New fingerprint session created for user: 0 with hal version: 3
05-20 10:22:38.765   579   774 D BiometricScheduler: [Added] {[4] com.android.server.biometrics.sensors.fingerprint.aidl.FingerprintGetAuthenticatorIdClient, proto=5, owner=android, cookie=0, requestId=-1, userId=0}, new queue size: 2
05-20 10:22:38.765   579   774 V BiometricScheduler: Not idle, current operation: {[2] com.android.server.biometrics.sensors.fingerprint.aidl.FingerprintStartUserClient, proto=17, owner=android, cookie=0, requestId=-1, userId=0}, State: 2
05-20 10:22:38.765   579   774 D BiometricScheduler: [Added] {[5] com.android.server.biometrics.sensors.fingerprint.aidl.FingerprintInternalCleanupClient, proto=7, owner=android, cookie=0, requestId=-1, userId=0}, new queue size: 3
05-20 10:22:38.765   579   774 V BiometricScheduler: Not idle, current operation: {[2] com.android.server.biometrics.sensors.fingerprint.aidl.FingerprintStartUserClient, proto=17, owner=android, cookie=0, requestId=-1, userId=0}, State: 2
05-20 10:22:38.766   579   774 D BiometricScheduler: [Client finished] {[2] com.android.server.biometrics.sensors.fingerprint.aidl.FingerprintStartUserClient, proto=17, owner=android, cookie=0, requestId=-1, userId=0}, success: true
05-20 10:22:38.766   579   579 D SystemServerTiming: StartStatsCompanion
05-20 10:22:38.766   579   775 D Sensor  : New face session created for user: 0 with hal version: 4
05-20 10:22:38.766   579   775 D BiometricScheduler: [Added] {[6] com.android.server.biometrics.sensors.face.aidl.FaceGetAuthenticatorIdClient, proto=5, owner=android, cookie=0, requestId=-1, userId=0}, new queue size: 2
05-20 10:22:38.766   579   775 V BiometricScheduler: Not idle, current operation: {[3] com.android.server.biometrics.sensors.face.aidl.FaceStartUserClient, proto=17, owner=android, cookie=0, requestId=-1, userId=0}, State: 2
05-20 10:22:38.766   579   775 D BiometricScheduler: [Added] {[7] com.android.server.biometrics.sensors.face.aidl.FaceInternalCleanupClient, proto=7, owner=android, cookie=0, requestId=-1, userId=0}, new queue size: 3
05-20 10:22:38.766   579   775 V BiometricScheduler: Not idle, current operation: {[3] com.android.server.biometrics.sensors.face.aidl.FaceStartUserClient, proto=17, owner=android, cookie=0, requestId=-1, userId=0}, State: 2
05-20 10:22:38.766   579   775 D BiometricScheduler: [Client finished] {[3] com.android.server.biometrics.sensors.face.aidl.FaceStartUserClient, proto=17, owner=android, cookie=0, requestId=-1, userId=0}, success: true
05-20 10:22:38.766   579   774 D BiometricScheduler: [Polled] {[1] com.android.server.biometrics.sensors.fingerprint.aidl.FingerprintInternalCleanupClient, proto=7, owner=android, cookie=0, requestId=-1, userId=0}, State: 0
05-20 10:22:38.767   579   775 D BiometricScheduler: [Polled] {[0] com.android.server.biometrics.sensors.face.aidl.FaceInternalCleanupClient, proto=7, owner=android, cookie=0, requestId=-1, userId=0}, State: 0
05-20 10:22:38.767   579   579 I SystemServiceManager: Starting com.android.server.stats.StatsCompanion$Lifecycle
05-20 10:22:38.767   579   774 D BiometricScheduler: [Started] {[1] com.android.server.biometrics.sensors.fingerprint.aidl.FingerprintInternalCleanupClient, proto=7, owner=android, cookie=0, requestId=-1, userId=0}
05-20 10:22:38.767   579   774 W BiometricStateCallback: Other authentication client: FingerprintInternalCleanupClient
05-20 10:22:38.767   579   774 D BiometricStateCallback: State updated from 0 to 0, client {[1] com.android.server.biometrics.sensors.fingerprint.aidl.FingerprintInternalCleanupClient, proto=7, owner=android, cookie=0, requestId=-1, userId=0}
05-20 10:22:38.767   579   774 D Biometrics/InternalCleanupClient: Starting enumerate: {[8] com.android.server.biometrics.sensors.fingerprint.aidl.FingerprintInternalEnumerateClient, proto=6, owner=android, cookie=0, requestId=-1, userId=0} enrolledList size:0
05-20 10:22:38.767   579   775 D BiometricScheduler: [Started] {[0] com.android.server.biometrics.sensors.face.aidl.FaceInternalCleanupClient, proto=7, owner=android, cookie=0, requestId=-1, userId=0}
05-20 10:22:38.767   579   775 W BiometricStateCallback: Other authentication client: FaceInternalCleanupClient
05-20 10:22:38.767   579   775 D BiometricStateCallback: State updated from 0 to 0, client {[0] com.android.server.biometrics.sensors.face.aidl.FaceInternalCleanupClient, proto=7, owner=android, cookie=0, requestId=-1, userId=0}
05-20 10:22:38.767   579   775 D Biometrics/InternalCleanupClient: Starting enumerate: {[9] com.android.server.biometrics.sensors.face.aidl.FaceInternalEnumerateClient, proto=6, owner=android, cookie=0, requestId=-1, userId=0} enrolledList size:0
05-20 10:22:38.767   579   775 V BiometricSchedulerOperation: started: {[0] com.android.server.biometrics.sensors.face.aidl.FaceInternalCleanupClient, proto=7, owner=android, cookie=0, requestId=-1, userId=0}, State: 2
05-20 10:22:38.767   579   774 V BiometricSchedulerOperation: started: {[1] com.android.server.biometrics.sensors.fingerprint.aidl.FingerprintInternalCleanupClient, proto=7, owner=android, cookie=0, requestId=-1, userId=0}, State: 2
05-20 10:22:38.767   579   774 D Biometrics/InternalCleanupClient: onEnumerated, remaining: 0
05-20 10:22:38.767   579   774 D Biometrics/InternalEnumerateClient: Null identifier
05-20 10:22:38.767   579   774 D Biometrics/InternalCleanupClient: Enumerate onClientFinished: {[8] com.android.server.biometrics.sensors.fingerprint.aidl.FingerprintInternalEnumerateClient, proto=6, owner=android, cookie=0, requestId=-1, userId=0}, success: true
05-20 10:22:38.767   579   774 D BiometricStateCallback: Client finished, state updated to 0, client {[1] com.android.server.biometrics.sensors.fingerprint.aidl.FingerprintInternalCleanupClient, proto=7, owner=android, cookie=0, requestId=-1, userId=0}
05-20 10:22:38.767   579   774 D BiometricStateCallback: Enrollment state changed: false
05-20 10:22:38.767   579   774 D BiometricSchedulerOperation: [Finished / destroy]: {[1] com.android.server.biometrics.sensors.fingerprint.aidl.FingerprintInternalCleanupClient, proto=7, owner=android, cookie=0, requestId=-1, userId=0}
05-20 10:22:38.768   579   774 D BiometricScheduler: [Finishing] {[1] com.android.server.biometrics.sensors.fingerprint.aidl.FingerprintInternalCleanupClient, proto=7, owner=android, cookie=0, requestId=-1, userId=0}, success: true
05-20 10:22:38.768   579   774 D BiometricScheduler: [Polled] {[4] com.android.server.biometrics.sensors.fingerprint.aidl.FingerprintGetAuthenticatorIdClient, proto=5, owner=android, cookie=0, requestId=-1, userId=0}, State: 0
05-20 10:22:38.768   579   774 D BiometricScheduler: [Started] {[4] com.android.server.biometrics.sensors.fingerprint.aidl.FingerprintGetAuthenticatorIdClient, proto=5, owner=android, cookie=0, requestId=-1, userId=0}
05-20 10:22:38.768   579   774 V BiometricSchedulerOperation: started: {[4] com.android.server.biometrics.sensors.fingerprint.aidl.FingerprintGetAuthenticatorIdClient, proto=5, owner=android, cookie=0, requestId=-1, userId=0}, State: 2
05-20 10:22:38.768   579   774 D BiometricSchedulerOperation: [Finished / destroy]: {[4] com.android.server.biometrics.sensors.fingerprint.aidl.FingerprintGetAuthenticatorIdClient, proto=5, owner=android, cookie=0, requestId=-1, userId=0}
05-20 10:22:38.768   579   774 D BiometricScheduler: [Finishing] {[4] com.android.server.biometrics.sensors.fingerprint.aidl.FingerprintGetAuthenticatorIdClient, proto=5, owner=android, cookie=0, requestId=-1, userId=0}, success: true
05-20 10:22:38.768   579   775 D Biometrics/InternalCleanupClient: onEnumerated, remaining: 0
05-20 10:22:38.768   579   775 D Biometrics/InternalEnumerateClient: Null identifier
05-20 10:22:38.768   579   775 D Biometrics/InternalCleanupClient: Enumerate onClientFinished: {[9] com.android.server.biometrics.sensors.face.aidl.FaceInternalEnumerateClient, proto=6, owner=android, cookie=0, requestId=-1, userId=0}, success: true
05-20 10:22:38.768   579   775 D BiometricStateCallback: Client finished, state updated to 0, client {[0] com.android.server.biometrics.sensors.face.aidl.FaceInternalCleanupClient, proto=7, owner=android, cookie=0, requestId=-1, userId=0}
05-20 10:22:38.768   579   775 D BiometricStateCallback: Enrollment state changed: false
05-20 10:22:38.768   579   775 D BiometricSchedulerOperation: [Finished / destroy]: {[0] com.android.server.biometrics.sensors.face.aidl.FaceInternalCleanupClient, proto=7, owner=android, cookie=0, requestId=-1, userId=0}
05-20 10:22:38.768   579   775 D BiometricScheduler: [Finishing] {[0] com.android.server.biometrics.sensors.face.aidl.FaceInternalCleanupClient, proto=7, owner=android, cookie=0, requestId=-1, userId=0}, success: true
05-20 10:22:38.768   579   579 D SystemServerTiming: StartRebootReadinessManagerService
05-20 10:22:38.768   579   775 D BiometricScheduler: [Polled] {[6] com.android.server.biometrics.sensors.face.aidl.FaceGetAuthenticatorIdClient, proto=5, owner=android, cookie=0, requestId=-1, userId=0}, State: 0
05-20 10:22:38.768   579   775 D BiometricScheduler: [Started] {[6] com.android.server.biometrics.sensors.face.aidl.FaceGetAuthenticatorIdClient, proto=5, owner=android, cookie=0, requestId=-1, userId=0}
05-20 10:22:38.768   579   774 D BiometricScheduler: [Polled] {[5] com.android.server.biometrics.sensors.fingerprint.aidl.FingerprintInternalCleanupClient, proto=7, owner=android, cookie=0, requestId=-1, userId=0}, State: 0
05-20 10:22:38.768   579   774 D BiometricScheduler: [Started] {[5] com.android.server.biometrics.sensors.fingerprint.aidl.FingerprintInternalCleanupClient, proto=7, owner=android, cookie=0, requestId=-1, userId=0}
05-20 10:22:38.768   579   774 W BiometricStateCallback: Other authentication client: FingerprintInternalCleanupClient
05-20 10:22:38.768   579   774 D BiometricStateCallback: State updated from 0 to 0, client {[5] com.android.server.biometrics.sensors.fingerprint.aidl.FingerprintInternalCleanupClient, proto=7, owner=android, cookie=0, requestId=-1, userId=0}
05-20 10:22:38.768   579   774 D Biometrics/InternalCleanupClient: Starting enumerate: {[10] com.android.server.biometrics.sensors.fingerprint.aidl.FingerprintInternalEnumerateClient, proto=6, owner=android, cookie=0, requestId=-1, userId=0} enrolledList size:0
05-20 10:22:38.768   579   774 V BiometricSchedulerOperation: started: {[5] com.android.server.biometrics.sensors.fingerprint.aidl.FingerprintInternalCleanupClient, proto=7, owner=android, cookie=0, requestId=-1, userId=0}, State: 2
05-20 10:22:38.768   579   774 D Biometrics/InternalCleanupClient: onEnumerated, remaining: 0
05-20 10:22:38.768   579   774 D Biometrics/InternalEnumerateClient: Null identifier
05-20 10:22:38.768   579   774 D Biometrics/InternalCleanupClient: Enumerate onClientFinished: {[10] com.android.server.biometrics.sensors.fingerprint.aidl.FingerprintInternalEnumerateClient, proto=6, owner=android, cookie=0, requestId=-1, userId=0}, success: true
05-20 10:22:38.768   579   774 D BiometricStateCallback: Client finished, state updated to 0, client {[5] com.android.server.biometrics.sensors.fingerprint.aidl.FingerprintInternalCleanupClient, proto=7, owner=android, cookie=0, requestId=-1, userId=0}
05-20 10:22:38.768   579   774 D BiometricStateCallback: Enrollment state changed: false
05-20 10:22:38.768   579   774 D BiometricSchedulerOperation: [Finished / destroy]: {[5] com.android.server.biometrics.sensors.fingerprint.aidl.FingerprintInternalCleanupClient, proto=7, owner=android, cookie=0, requestId=-1, userId=0}
05-20 10:22:38.768   579   579 I SystemServiceManager: Starting com.android.server.scheduling.RebootReadinessManagerService$Lifecycle
05-20 10:22:38.768   579   774 D BiometricScheduler: [Finishing] {[5] com.android.server.biometrics.sensors.fingerprint.aidl.FingerprintInternalCleanupClient, proto=7, owner=android, cookie=0, requestId=-1, userId=0}, success: true
05-20 10:22:38.768   579   774 D BiometricScheduler: No operations, returning to idle
05-20 10:22:38.769   579   775 V BiometricSchedulerOperation: started: {[6] com.android.server.biometrics.sensors.face.aidl.FaceGetAuthenticatorIdClient, proto=5, owner=android, cookie=0, requestId=-1, userId=0}, State: 2
05-20 10:22:38.769   579   775 D BiometricSchedulerOperation: [Finished / destroy]: {[6] com.android.server.biometrics.sensors.face.aidl.FaceGetAuthenticatorIdClient, proto=5, owner=android, cookie=0, requestId=-1, userId=0}
05-20 10:22:38.769   579   775 D BiometricScheduler: [Finishing] {[6] com.android.server.biometrics.sensors.face.aidl.FaceGetAuthenticatorIdClient, proto=5, owner=android, cookie=0, requestId=-1, userId=0}, success: true
05-20 10:22:38.769   579   775 D BiometricScheduler: [Polled] {[7] com.android.server.biometrics.sensors.face.aidl.FaceInternalCleanupClient, proto=7, owner=android, cookie=0, requestId=-1, userId=0}, State: 0
05-20 10:22:38.769   579   775 D BiometricScheduler: [Started] {[7] com.android.server.biometrics.sensors.face.aidl.FaceInternalCleanupClient, proto=7, owner=android, cookie=0, requestId=-1, userId=0}
05-20 10:22:38.769   579   775 W BiometricStateCallback: Other authentication client: FaceInternalCleanupClient
05-20 10:22:38.769   579   775 D BiometricStateCallback: State updated from 0 to 0, client {[7] com.android.server.biometrics.sensors.face.aidl.FaceInternalCleanupClient, proto=7, owner=android, cookie=0, requestId=-1, userId=0}
05-20 10:22:38.769   579   775 D Biometrics/InternalCleanupClient: Starting enumerate: {[11] com.android.server.biometrics.sensors.face.aidl.FaceInternalEnumerateClient, proto=6, owner=android, cookie=0, requestId=-1, userId=0} enrolledList size:0
05-20 10:22:38.769   579   775 V BiometricSchedulerOperation: started: {[7] com.android.server.biometrics.sensors.face.aidl.FaceInternalCleanupClient, proto=7, owner=android, cookie=0, requestId=-1, userId=0}, State: 2
05-20 10:22:38.769   579   775 D Biometrics/InternalCleanupClient: onEnumerated, remaining: 0
05-20 10:22:38.769   579   775 D Biometrics/InternalEnumerateClient: Null identifier
05-20 10:22:38.769   579   775 D Biometrics/InternalCleanupClient: Enumerate onClientFinished: {[11] com.android.server.biometrics.sensors.face.aidl.FaceInternalEnumerateClient, proto=6, owner=android, cookie=0, requestId=-1, userId=0}, success: true
05-20 10:22:38.769   579   775 D BiometricStateCallback: Client finished, state updated to 0, client {[7] com.android.server.biometrics.sensors.face.aidl.FaceInternalCleanupClient, proto=7, owner=android, cookie=0, requestId=-1, userId=0}
05-20 10:22:38.769   579   775 D BiometricStateCallback: Enrollment state changed: false
05-20 10:22:38.769   579   775 D BiometricSchedulerOperation: [Finished / destroy]: {[7] com.android.server.biometrics.sensors.face.aidl.FaceInternalCleanupClient, proto=7, owner=android, cookie=0, requestId=-1, userId=0}
05-20 10:22:38.769   579   775 D BiometricScheduler: [Finishing] {[7] com.android.server.biometrics.sensors.face.aidl.FaceInternalCleanupClient, proto=7, owner=android, cookie=0, requestId=-1, userId=0}, success: true
05-20 10:22:38.769   579   775 D BiometricScheduler: No operations, returning to idle
05-20 10:22:38.771   579   579 D SystemServerTiming: StartStatsPullAtomService
05-20 10:22:38.771   579   579 I SystemServiceManager: Starting com.android.server.stats.pull.StatsPullAtomService
05-20 10:22:38.771   579   579 D SystemServerTiming: StatsBootstrapAtomService
05-20 10:22:38.771   579   579 I SystemServiceManager: Starting com.android.server.stats.bootstrap.StatsBootstrapAtomService$Lifecycle
05-20 10:22:38.771   579   579 D SystemServerTiming: StartIncidentCompanionService
05-20 10:22:38.771   579   579 I SystemServiceManager: Starting com.android.server.incident.IncidentCompanionService
05-20 10:22:38.771   579   579 D SystemServerTiming: StarSdkSandboxManagerService
05-20 10:22:38.771   579   579 I SystemServiceManager: Starting com.android.server.sdksandbox.SdkSandboxManagerService$Lifecycle
05-20 10:22:38.777   579   579 D SystemServerTiming: StartAdServicesManagerService
05-20 10:22:38.777   579   579 I SystemServiceManager: Starting com.android.server.adservices.AdServicesManagerService$Lifecycle
05-20 10:22:38.778   579   579 D SystemServerTiming: StartOnDevicePersonalizationSystemService
05-20 10:22:38.778   579   579 I SystemServiceManager: Starting com.android.server.ondevicepersonalization.OnDevicePersonalizationSystemService$Lifecycle
05-20 10:22:38.778   579   579 D SystemServerTiming: StartProfilingCompanion
05-20 10:22:38.779   579   579 I SystemServiceManager: Starting android.os.profiling.ProfilingService$Lifecycle
05-20 10:22:38.780   579   579 D SystemServerTiming: StartAutoFillService
05-20 10:22:38.780   579   579 I SystemServiceManager: Starting com.android.server.autofill.AutofillManagerService
05-20 10:22:38.781   579   579 E AutofillManagerServiceImpl: Bad service name: com.google.android.gms/.autofill.service.AutofillService
05-20 10:22:38.781   579   579 E RemoteAugmentedAutofillService: Bad service name for flags 1048704: com.google.android.as/com.google.android.apps.miphone.aiai.app.AiAiAugmentedAutofillService
05-20 10:22:38.783   579   579 D SystemServerTiming: StartCredentialManagerService
05-20 10:22:38.783   579   579 I SystemServiceManager: Starting com.android.server.credentials.CredentialManagerService
05-20 10:22:38.784   579   579 D SystemServerTiming: StartTranslationManagerService
05-20 10:22:38.784   579   579 I SystemServiceManager: Starting com.android.server.translation.TranslationManagerService
05-20 10:22:38.784   579   579 D SystemServerTiming: StartClipboardService
05-20 10:22:38.784   579   579 I SystemServiceManager: Starting com.android.server.clipboard.ClipboardService
05-20 10:22:38.786   579   579 D SystemServerTiming: AppServiceManager
05-20 10:22:38.786   579   579 I SystemServiceManager: Starting com.android.server.appbinding.AppBindingService$Lifecycle
05-20 10:22:38.786   579   579 D SystemServerTiming: startTracingServiceProxy
05-20 10:22:38.787   579   579 I SystemServiceManager: Starting com.android.server.tracing.TracingServiceProxy
05-20 10:22:38.787   579   579 D SystemServerTiming: MakeLockSettingsServiceReady
05-20 10:22:38.791   579   579 I LockSettingsService: Device implements AIDL AuthSecret HAL
05-20 10:22:38.792   579   579 D SystemServerTiming: StartBootPhaseLockSettingsReady
05-20 10:22:38.792   579   579 I SystemServiceManager: Starting phase 480
05-20 10:22:38.792   579   579 D SystemServerTiming: OnBootPhase_480
05-20 10:22:38.792   579   579 D SystemServerTiming: OnBootPhase_480_com.android.server.security.FileIntegrityService
05-20 10:22:38.792   579   579 D SystemServerTiming: OnBootPhase_480_com.android.server.pm.Installer
05-20 10:22:38.792   579   579 D SystemServerTiming: OnBootPhase_480_com.android.server.os.DeviceIdentifiersPolicyService
05-20 10:22:38.792   579   579 D SystemServerTiming: OnBootPhase_480_com.android.server.flags.FeatureFlagsService
05-20 10:22:38.792   579   579 D SystemServerTiming: OnBootPhase_480_com.android.server.uri.UriGrantsManagerService$Lifecycle
05-20 10:22:38.792   579   579 D SystemServerTiming: OnBootPhase_480_com.android.server.powerstats.PowerStatsService
05-20 10:22:38.792   579   579 D SystemServerTiming: OnBootPhase_480_com.android.server.permission.access.AccessCheckingService
05-20 10:22:38.792   579   579 D SystemServerTiming: OnBootPhase_480_com.android.server.wm.ActivityTaskManagerService$Lifecycle
05-20 10:22:38.792   579   579 D SystemServerTiming: OnBootPhase_480_com.android.server.am.ActivityManagerService$Lifecycle
05-20 10:22:38.792   579   579 D SystemServerTiming: OnBootPhase_480_com.android.server.pm.DataLoaderManagerService
05-20 10:22:38.792   579   579 D SystemServerTiming: OnBootPhase_480_com.android.server.power.PowerManagerService
05-20 10:22:38.792   579   579 D SystemServerTiming: OnBootPhase_480_com.android.server.power.ThermalManagerService
05-20 10:22:38.792   579   579 D SystemServerTiming: OnBootPhase_480_com.android.server.recoverysystem.RecoverySystemService$Lifecycle
05-20 10:22:38.792   579   579 D SystemServerTiming: OnBootPhase_480_com.android.server.lights.LightsService
05-20 10:22:38.792   579   579 D SystemServerTiming: OnBootPhase_480_com.android.server.display.DisplayManagerService
05-20 10:22:38.792   579   579 D SystemServerTiming: OnBootPhase_480_com.android.server.pm.verify.domain.DomainVerificationService
05-20 10:22:38.792   579   579 D SystemServerTiming: OnBootPhase_480_com.android.server.pm.PackageInstallerService$Lifecycle
05-20 10:22:38.792   579   579 D SystemServerTiming: OnBootPhase_480_com.android.server.pm.UserManagerService$LifeCycle
05-20 10:22:38.792   579   579 D SystemServerTiming: OnBootPhase_480_com.android.server.om.OverlayManagerService
05-20 10:22:38.792   579   579 D SystemServerTiming: OnBootPhase_480_com.android.server.resources.ResourcesManagerService
05-20 10:22:38.792   579   579 D SystemServerTiming: OnBootPhase_480_com.android.server.sensorprivacy.SensorPrivacyService
05-20 10:22:38.792   579   579 D SystemServerTiming: OnBootPhase_480_com.android.server.sensors.SensorService
05-20 10:22:38.792   579   579 D SystemServerTiming: OnBootPhase_480_com.android.server.SystemConfigService
05-20 10:22:38.792   579   579 D SystemServerTiming: OnBootPhase_480_com.android.server.BatteryService
05-20 10:22:38.792   579   579 D SystemServerTiming: OnBootPhase_480_com.android.server.usage.UsageStatsService
05-20 10:22:38.793   579   579 D SystemServerTiming: OnBootPhase_480_com.android.server.webkit.WebViewUpdateService
05-20 10:22:38.793   579   579 D SystemServerTiming: OnBootPhase_480_com.android.server.CachedDeviceStateService
05-20 10:22:38.793   579   579 D SystemServerTiming: OnBootPhase_480_com.android.server.BinderCallsStatsService$LifeCycle
05-20 10:22:38.793   579   579 D SystemServerTiming: OnBootPhase_480_com.android.server.LooperStatsService$Lifecycle
05-20 10:22:38.793   579   579 D SystemServerTiming: OnBootPhase_480_com.android.server.rollback.RollbackManagerService
05-20 10:22:38.793   579   579 D SystemServerTiming: OnBootPhase_480_com.android.server.os.NativeTombstoneManagerService
05-20 10:22:38.793   579   579 D SystemServerTiming: OnBootPhase_480_com.android.server.os.BugreportManagerService
05-20 10:22:38.793   579   579 D SystemServerTiming: OnBootPhase_480_com.android.server.gpu.GpuService
05-20 10:22:38.793   579   579 D SystemServerTiming: OnBootPhase_480_com.android.server.security.rkp.RemoteProvisioningService
05-20 10:22:38.793   579   579 D SystemServerTiming: OnBootPhase_480_com.android.server.security.KeyChainSystemService
05-20 10:22:38.793   579   579 D SystemServerTiming: OnBootPhase_480_com.android.server.BinaryTransparencyService
05-20 10:22:38.793   579   579 D SystemServerTiming: OnBootPhase_480_com.android.server.telecom.TelecomLoaderService
05-20 10:22:38.793   579   579 D SystemServerTiming: OnBootPhase_480_com.android.server.accounts.AccountManagerService$Lifecycle
05-20 10:22:38.793   579   579 D SystemServerTiming: OnBootPhase_480_com.android.server.content.ContentService$Lifecycle
05-20 10:22:38.793   579   579 D SystemServerTiming: OnBootPhase_480_com.android.server.deviceconfig.DeviceConfigInit$Lifecycle
05-20 10:22:38.793   579   579 D SystemServerTiming: OnBootPhase_480_com.android.server.DropBoxManagerService
05-20 10:22:38.793   579   579 D SystemServerTiming: OnBootPhase_480_com.android.ecm.EnhancedConfirmationService
05-20 10:22:38.793   579   579 D SystemServerTiming: OnBootPhase_480_com.android.server.power.hint.HintManagerService
05-20 10:22:38.793   579   579 D SystemServerTiming: OnBootPhase_480_com.android.role.RoleService
05-20 10:22:38.793   579   579 D SystemServerTiming: OnBootPhase_480_com.android.server.vibrator.VibratorManagerService$Lifecycle
05-20 10:22:38.793   579   579 D SystemServerTiming: OnBootPhase_480_com.android.server.alarm.AlarmManagerService
05-20 10:22:38.793   579   579 D SystemServerTiming: OnBootPhase_480_com.android.server.devicestate.DeviceStateManagerService
05-20 10:22:38.793   579   579 D SystemServerTiming: OnBootPhase_480_com.android.server.camera.CameraServiceProxy
05-20 10:22:38.793   579   579 D SystemServerTiming: OnBootPhase_480_com.android.server.bluetooth.BluetoothService
05-20 10:22:38.793   579   579 D SystemServerTiming: OnBootPhase_480_com.android.server.connectivity.IpConnectivityMetrics
05-20 10:22:38.793   579   579 D SystemServerTiming: OnBootPhase_480_com.android.server.net.watchlist.NetworkWatchlistService$Lifecycle
05-20 10:22:38.793   579   579 D SystemServerTiming: OnBootPhase_480_com.android.server.PinnerService
05-20 10:22:38.793   579   579 D SystemServerTiming: OnBootPhase_480_com.android.server.integrity.AppIntegrityManagerService
05-20 10:22:38.793   579   579 D SystemServerTiming: OnBootPhase_480_com.android.server.logcat.LogcatManagerService
05-20 10:22:38.793   579   579 D SystemServerTiming: OnBootPhase_480_com.android.server.inputmethod.InputMethodManagerService$Lifecycle
05-20 10:22:38.793   579   579 D SystemServerTiming: OnBootPhase_480_com.android.server.accessibility.AccessibilityManagerService$Lifecycle
05-20 10:22:38.793   579   579 D SystemServerTiming: OnBootPhase_480_com.android.server.StorageManagerService$Lifecycle
05-20 10:22:38.793   579   579 D SystemServerTiming: OnBootPhase_480_com.android.server.usage.StorageStatsService$Lifecycle
05-20 10:22:38.793   579   579 D SystemServerTiming: OnBootPhase_480_com.android.server.UiModeManagerService
05-20 10:22:38.793   579   579 D SystemServerTiming: OnBootPhase_480_com.android.server.locales.LocaleManagerService
05-20 10:22:38.793   579   579 D SystemServerTiming: OnBootPhase_480_com.android.server.grammaticalinflection.GrammaticalInflectionService
05-20 10:22:38.793   579   579 D SystemServerTiming: OnBootPhase_480_com.android.server.apphibernation.AppHibernationService
05-20 10:22:38.793   579   579 D SystemServerTiming: OnBootPhase_480_com.android.server.locksettings.LockSettingsService$Lifecycle
05-20 10:22:38.793   579   579 D SystemServerTiming: OnBootPhase_480_com.android.server.testharness.TestHarnessModeService
05-20 10:22:38.793   579   579 D SystemServerTiming: OnBootPhase_480_com.android.server.DeviceIdleController
05-20 10:22:38.793   579   579 D SystemServerTiming: OnBootPhase_480_com.android.server.devicepolicy.DevicePolicyManagerService$Lifecycle
05-20 10:22:38.796   579   579 D SystemServerTiming: OnBootPhase_480_com.android.server.musicrecognition.MusicRecognitionManagerService
05-20 10:22:38.796   579   579 D SystemServerTiming: OnBootPhase_480_com.android.server.contentcapture.ContentCaptureManagerService
05-20 10:22:38.796   579   579 D SystemServerTiming: OnBootPhase_480_com.android.server.systemcaptions.SystemCaptionsManagerService
05-20 10:22:38.796   579   579 D SystemServerTiming: OnBootPhase_480_com.android.server.texttospeech.TextToSpeechManagerService
05-20 10:22:38.796   579   579 D SystemServerTiming: OnBootPhase_480_com.android.server.wearable.WearableSensingManagerService
05-20 10:22:38.796   579   579 D SystemServerTiming: OnBootPhase_480_com.android.server.ondeviceintelligence.OnDeviceIntelligenceManagerService
05-20 10:22:38.796   579   579 D SystemServerTiming: OnBootPhase_480_com.android.server.ambientcontext.AmbientContextManagerService
05-20 10:22:38.796   579   579 D SystemServerTiming: OnBootPhase_480_com.android.server.speech.SpeechRecognitionManagerService
05-20 10:22:38.796   579   579 D SystemServerTiming: OnBootPhase_480_com.android.server.appprediction.AppPredictionManagerService
05-20 10:22:38.796   579   579 D SystemServerTiming: OnBootPhase_480_com.android.server.contentsuggestions.ContentSuggestionsManagerService
05-20 10:22:38.796   579   579 D SystemServerTiming: OnBootPhase_480_com.android.server.searchui.SearchUiManagerService
05-20 10:22:38.796   579   579 D SystemServerTiming: OnBootPhase_480_com.android.server.smartspace.SmartspaceManagerService
05-20 10:22:38.796   579   579 D SystemServerTiming: OnBootPhase_480_com.android.server.contextualsearch.ContextualSearchManagerService
05-20 10:22:38.796   579   579 D SystemServerTiming: OnBootPhase_480_com.android.server.graphics.fonts.FontManagerService$Lifecycle
05-20 10:22:38.796   579   647 D SystemServerTimingAsync: InitThreadPoolExec:DevicePolicyManager
05-20 10:22:38.796   579   579 D SystemServerTiming: OnBootPhase_480_com.android.server.textservices.TextServicesManagerService$Lifecycle
05-20 10:22:38.796   579   579 D SystemServerTiming: OnBootPhase_480_com.android.server.textclassifier.TextClassificationManagerService$Lifecycle
05-20 10:22:38.796   579   579 D SystemServerTiming: OnBootPhase_480_com.android.server.NetworkScoreService$Lifecycle
05-20 10:22:38.796   579   579 D SystemServerTiming: OnBootPhase_480_com.android.server.NetworkStatsServiceInitializer
05-20 10:22:38.796   579   579 D SystemServerTiming: OnBootPhase_480_com.android.server.wifi.WifiService
05-20 10:22:38.796   579   579 D SystemServerTiming: OnBootPhase_480_com.android.server.wifi.scanner.WifiScanningService
05-20 10:22:38.796   579   579 D SystemServerTiming: OnBootPhase_480_com.android.server.wifi.p2p.WifiP2pService
05-20 10:22:38.796   579   579 D SystemServerTiming: OnBootPhase_480_com.android.server.ConnectivityServiceInitializer
05-20 10:22:38.796   579   579 D SystemServerTiming: OnBootPhase_480_com.android.server.notification.NotificationManagerService
05-20 10:22:38.796   579   579 D SystemServerTiming: OnBootPhase_480_com.android.server.storage.DeviceStorageMonitorService
05-20 10:22:38.796   579   579 D SystemServerTiming: OnBootPhase_480_com.android.server.timedetector.TimeDetectorService$Lifecycle
05-20 10:22:38.796   579   579 D SystemServerTiming: OnBootPhase_480_com.android.server.location.LocationManagerService$Lifecycle
05-20 10:22:38.796   579   579 D SystemServerTiming: OnBootPhase_480_com.android.server.timezonedetector.TimeZoneDetectorService$Lifecycle
05-20 10:22:38.796   579   579 D SystemServerTiming: OnBootPhase_480_com.android.server.location.altitude.AltitudeService$Lifecycle
05-20 10:22:38.796   579   579 D SystemServerTiming: OnBootPhase_480_com.android.server.timezonedetector.location.LocationTimeZoneManagerService$Lifecycle
05-20 10:22:38.796   579   579 D SystemServerTiming: OnBootPhase_480_com.android.server.search.SearchManagerService$Lifecycle
05-20 10:22:38.796   579   579 D SystemServerTiming: OnBootPhase_480_com.android.server.wallpaper.WallpaperManagerService$Lifecycle
05-20 10:22:38.796   579   579 D SystemServerTiming: OnBootPhase_480_com.android.server.wallpapereffectsgeneration.WallpaperEffectsGenerationManagerService
05-20 10:22:38.796   579   579 D SystemServerTiming: OnBootPhase_480_com.android.server.audio.AudioService$Lifecycle
