05-20 11:15:59.221   579  2070 W WindowManager: 	at com.android.server.wm.Transition.finishTransition(Transition.java:1286)
05-20 11:15:59.221   579  2070 W WindowManager: 	at com.android.server.wm.TransitionController.finishTransition(TransitionController.java:937)
05-20 11:15:59.221   579  2070 W WindowManager: 	at com.android.server.wm.WindowOrganizerController.finishTransition(WindowOrganizerController.java:494)
05-20 11:15:59.221   579  2070 W WindowManager: 	at android.window.IWindowOrganizerController$Stub.onTransact(IWindowOrganizerController.java:289)
05-20 11:15:59.221   579  2070 W WindowManager: 	at com.android.server.wm.WindowOrganizerController.onTransact(WindowOrganizerController.java:204)
05-20 11:15:59.221   579  2070 W WindowManager: 	at android.os.Binder.execTransactInternal(Binder.java:1505)
05-20 11:15:59.221   579  2070 W WindowManager: 	at android.os.Binder.execTransact(Binder.java:1444)
05-20 11:15:59.224   826   865 V WindowManagerShell: Track 0 became idle
05-20 11:15:59.224   826   865 V WindowManagerShell: All active transition animations finished
05-20 11:15:59.224   579  1070 W UserManagerService: Requested status bar icon for non-badged user 0
05-20 11:15:59.225   826   865 V ShellDesktopMode: Task Vanished: #142 closed=true
05-20 11:15:59.225   579  1070 W UserManagerService: Requested status bar icon for non-badged user 0
05-20 11:16:02.224   579  1425 E TaskPersister: File error accessing recents directory (directory doesn't exist?).
05-20 11:17:13.755   579   674 D ActivityManager: freezing 1546 com.google.android.googlequicksearchbox:search
05-20 11:17:13.756   579   674 D ActivityManager: freezing 2424 com.google.android.webview:sandboxed_process0:org.chromium.content.app.SandboxedProcessService0:0
05-20 11:18:44.276   579  1727 I ActivityManager: Force stopping de.tsschulz.tt_tagebuch appid=10214 user=0: from pid 6615
05-20 11:18:44.277   579  1727 I AppsFilter: interaction: PackageSetting{51e0b6c de.tt_tagebuch.app/10212} -> PackageSetting{574192f de.tsschulz.tt_tagebuch/10214} BLOCKED
05-20 11:18:44.277   579  1727 I AppsFilter: interaction: PackageSetting{265bdca de.tsschulz.timeclock/10213} -> PackageSetting{574192f de.tsschulz.tt_tagebuch/10214} BLOCKED
05-20 11:18:44.501   579  1727 I ActivityManager: Force stopping de.tsschulz.tt_tagebuch appid=10214 user=0: from pid 6630
05-20 11:18:44.502   579  1727 I AppsFilter: interaction: PackageSetting{51e0b6c de.tt_tagebuch.app/10212} -> PackageSetting{574192f de.tsschulz.tt_tagebuch/10214} BLOCKED
05-20 11:18:44.502   579  1727 I AppsFilter: interaction: PackageSetting{265bdca de.tsschulz.timeclock/10213} -> PackageSetting{574192f de.tsschulz.tt_tagebuch/10214} BLOCKED
05-20 11:18:44.524   579  1727 W ActivityTaskManager: callingPackage for (uid=2000, pid=6635) has no WPC
05-20 11:18:44.525   579  1727 W OptProp : Cannot read opt property android.window.PROPERTY_COMPAT_ALLOW_USER_ASPECT_RATIO_OVERRIDE
05-20 11:18:44.525   579  1727 W OptProp : Cannot read opt property android.window.PROPERTY_COMPAT_ALLOW_USER_ASPECT_RATIO_FULLSCREEN_OVERRIDE
05-20 11:18:44.525   579  1727 W OptProp : Cannot read opt property android.window.PROPERTY_COMPAT_ALLOW_ORIENTATION_OVERRIDE
05-20 11:18:44.525   579  1727 W OptProp : Cannot read opt property android.window.PROPERTY_COMPAT_ALLOW_RESIZEABLE_ACTIVITY_OVERRIDES
05-20 11:18:44.525   579  1727 W OptProp : Cannot read opt property android.window.PROPERTY_COMPAT_ALLOW_MIN_ASPECT_RATIO_OVERRIDE
05-20 11:18:44.528   579  1727 I ActivityTaskManager: START u0 {act=android.intent.action.MAIN cat=[android.intent.category.LAUNCHER] flg=0x10000000 cmp=de.tsschulz.tt_tagebuch/.app.MainActivity} with LAUNCH_MULTIPLE from uid 2000 (BAL_ALLOW_PERMISSION) result code=0
05-20 11:18:44.529   826   865 V WindowManagerShell: Transition requested (#21): android.os.BinderProxy@3ac7376 TransitionRequestInfo { type = OPEN, triggerTask = TaskInfo{userId=0 taskId=143 displayId=0 isRunning=true baseIntent=Intent { act=android.intent.action.MAIN cat=[android.intent.category.LAUNCHER] flg=0x10000000 cmp=de.tsschulz.tt_tagebuch/.app.MainActivity } baseActivity=ComponentInfo{de.tsschulz.tt_tagebuch/de.tsschulz.tt_tagebuch.app.MainActivity} topActivity=ComponentInfo{de.tsschulz.tt_tagebuch/de.tsschulz.tt_tagebuch.app.MainActivity} origActivity=null realActivity=ComponentInfo{de.tsschulz.tt_tagebuch/de.tsschulz.tt_tagebuch.app.MainActivity} numActivities=1 lastActiveTime=3375922 supportsMultiWindow=true resizeMode=1 isResizeable=true minWidth=-1 minHeight=-1 defaultMinSize=220 token=WCT{android.window.IWindowContainerToken$Stub$Proxy@edf4d77} topActivityType=1 pictureInPictureParams=null shouldDockBigOverlays=false launchIntoPipHostTaskId=-1 lastParentTaskIdBeforePip=-1 displayCutoutSafeInsets=null topActivityInfo=ActivityInfo{fb86de4 de.tsschulz.tt_tagebuch.app.MainActivity} launchCookies=[] positionInParent=Point(0, 0) parentTaskId=-1 isFocused=false isVisible=false isVisibleRequested=false isSleeping=false locusId=null displayAreaFeatureId=1 isTopActivityTransparent=false appCompatTaskInfo=AppCompatTaskInfo { topActivityInSizeCompat=false topActivityEligibleForLetterboxEducation= falseisLetterboxEducationEnabled= true isLetterboxDoubleTapEnabled= false topActivityEligibleForUserAspectRatioButton= true topActivityBoundsLetterboxed= false isFromLetterboxDoubleTap= false topActivityLetterboxVerticalPosition= -1 topActivityLetterboxHorizontalPosition= -1 topActivityLetterboxWidth=2560 topActivityLetterboxHeight=1600 isUserFullscreenOverrideEnabled=false isSystemFullscreenOverrideEnabled=false cameraCompatTaskInfo=CameraCompatTaskInfo { cameraCompatControlState=hidden freeformCameraCompatMode=inactive}}}, pipTask = null, remoteTransition = null, displayChange = null, flags = 0, debugId = 21 }
05-20 11:18:44.529   579  1727 D CompatChangeReporter: Compat change id reported: 309578419; UID 10214; state: ENABLED
05-20 11:18:44.531   579   911 I AppsFilter: interaction: PackageSetting{51e0b6c de.tt_tagebuch.app/10212} -> PackageSetting{ec78ec1 de.tsschulz.tt_tagebuch/10214} BLOCKED
05-20 11:18:44.531   579   911 I AppsFilter: interaction: PackageSetting{265bdca de.tsschulz.timeclock/10213} -> PackageSetting{ec78ec1 de.tsschulz.tt_tagebuch/10214} BLOCKED
05-20 11:18:44.534   826   865 D WindowManagerShell: setLauncherKeepClearAreaHeight: visible=false, height=202
05-20 11:18:44.538   579  1727 W OptProp : Cannot read opt property android.window.PROPERTY_COMPAT_ALLOW_DISPLAY_ORIENTATION_OVERRIDE
05-20 11:18:44.552   579  1727 D CoreBackPreview: Window{7fd55fd u0 Splash Screen de.tsschulz.tt_tagebuch}: Setting back callback OnBackInvokedCallbackInfo{mCallback=android.window.IOnBackInvokedCallback$Stub$Proxy@c2cba9f, mPriority=0, mIsAnimationCallback=false}
05-20 11:18:44.555   579   613 I ActivityManager: Start proc 6638:de.tsschulz.tt_tagebuch/u0a214 for next-top-activity {de.tsschulz.tt_tagebuch/de.tsschulz.tt_tagebuch.app.MainActivity}
05-20 11:18:44.723   579   600 V WindowManager: Sent Transition (#21) createdAt=05-20 11:18:44.525 via request=TransitionRequestInfo { type = OPEN, triggerTask = TaskInfo{userId=0 taskId=143 displayId=0 isRunning=true baseIntent=Intent { act=android.intent.action.MAIN cat=[android.intent.category.LAUNCHER] flg=0x10000000 cmp=de.tsschulz.tt_tagebuch/.app.MainActivity } baseActivity=ComponentInfo{de.tsschulz.tt_tagebuch/de.tsschulz.tt_tagebuch.app.MainActivity} topActivity=ComponentInfo{de.tsschulz.tt_tagebuch/de.tsschulz.tt_tagebuch.app.MainActivity} origActivity=null realActivity=ComponentInfo{de.tsschulz.tt_tagebuch/de.tsschulz.tt_tagebuch.app.MainActivity} numActivities=1 lastActiveTime=3375922 supportsMultiWindow=true resizeMode=1 isResizeable=true minWidth=-1 minHeight=-1 defaultMinSize=220 token=WCT{RemoteToken{cd57884 Task{4d50345 #143 type=standard A=10214:de.tsschulz.tt_tagebuch}}} topActivityType=1 pictureInPictureParams=null shouldDockBigOverlays=false launchIntoPipHostTaskId=-1 lastParentTaskIdBeforePip=-1 displayCutoutSafeInsets=null topActivityInfo=ActivityInfo{bb4b86d de.tsschulz.tt_tagebuch.app.MainActivity} launchCookies=[] positionInParent=Point(0, 0) parentTaskId=-1 isFocused=false isVisible=false isVisibleRequested=false isSleeping=false locusId=null displayAreaFeatureId=1 isTopActivityTransparent=false appCompatTaskInfo=AppCompatTaskInfo { topActivityInSizeCompat=false topActivityEligibleForLetterboxEducation= falseisLetterboxEducationEnabled= true isLetterboxDoubleTapEnabled= false topActivityEligibleForUserAspectRatioButton= true topActivityBoundsLetterboxed= false isFromLetterboxDoubleTap= false topActivityLetterboxVerticalPosition= -1 topActivityLetterboxHorizontalPosition= -1 topActivityLetterboxWidth=2560 topActivityLetterboxHeight=1600 isUserFullscreenOverrideEnabled=false isSystemFullscreenOverrideEnabled=false cameraCompatTaskInfo=CameraCompatTaskInfo { cameraCompatControlState=hidden freeformCameraCompatMode=inactive}}}, pipTask = null, remoteTransition = null, displayChange = null, flags = 0, debugId = 21 }
05-20 11:18:44.723   579   600 V WindowManager:     startWCT=WindowContainerTransaction { changes = {} hops = [] errorCallbackToken=null taskFragmentOrganizer=null }
05-20 11:18:44.724   579   600 V WindowManager:     info={id=21 t=OPEN f=0x0 trk=0 r=[0@Point(0, 0)] c=[
05-20 11:18:44.724   579   600 V WindowManager:         {WCT{RemoteToken{cd57884 Task{4d50345 #143 type=standard A=10214:de.tsschulz.tt_tagebuch}}} m=OPEN f=NONE leash=Surface(name=Task=143)/@0xb53de4a sb=Rect(0, 0 - 2560, 1600) eb=Rect(0, 0 - 2560, 1600) d=0 taskParent=-1},
05-20 11:18:44.724   579   600 V WindowManager:         {WCT{RemoteToken{a5bbe19 Task{a1a151c #1 type=home}}} m=TO_BACK f=SHOW_WALLPAPER leash=Surface(name=Task=1)/@0xcb6ede9 sb=Rect(0, 0 - 2560, 1600) eb=Rect(0, 0 - 2560, 1600) d=0 taskParent=-1}
05-20 11:18:44.724   579   600 V WindowManager:     ]}
05-20 11:18:44.727   826  4701 V WindowManagerShell: onTransitionReady(transaction=2486786065502)
05-20 11:18:44.730   826   865 V WindowManagerShell: onTransitionReady (#21) android.os.BinderProxy@3ac7376: {id=21 t=OPEN f=0x0 trk=0 r=[0@Point(0, 0)] c=[{WCT{android.window.IWindowContainerToken$Stub$Proxy@410de03} m=OPEN f=NONE leash=Surface(name=Task=143)/@0x1f6a626 sb=Rect(0, 0 - 2560, 1600) eb=Rect(0, 0 - 2560, 1600) d=0 taskParent=-1},{WCT{android.window.IWindowContainerToken$Stub$Proxy@825a180} m=TO_BACK f=SHOW_WALLPAPER leash=Surface(name=Task=1)/@0x4088267 sb=Rect(0, 0 - 2560, 1600) eb=Rect(0, 0 - 2560, 1600) d=0 taskParent=-1}]}
05-20 11:18:44.731   579  1727 W UserManagerService: Requested status bar icon for non-badged user 0
05-20 11:18:44.734   826   865 V WindowManagerShell: Playing animation for (#21) android.os.BinderProxy@3ac7376@0
05-20 11:18:44.735   826   865 V WindowManagerShell:  try handler com.android.wm.shell.transition.DefaultMixedHandler@f809c59
05-20 11:18:44.735   826   865 V WindowManagerShell:  try handler com.android.wm.shell.keyguard.KeyguardTransitionHandler@f3be01e
05-20 11:18:44.735   826   865 V WindowManagerShell:  try handler com.android.wm.shell.pip.PipTransition@ffbc0ff
05-20 11:18:44.735   826   865 V WindowManagerShell:  try handler com.android.wm.shell.activityembedding.ActivityEmbeddingController@7390ecc
05-20 11:18:44.735   826   865 V WindowManagerShell:  try handler com.android.wm.shell.splitscreen.StageCoordinator@395a515
05-20 11:18:44.735   826   865 V WindowManagerShell:  try handler com.android.wm.shell.desktopmode.DesktopTasksController@241e02a
05-20 11:18:44.735   826   865 V WindowManagerShell:  try handler com.android.wm.shell.recents.RecentsTransitionHandler@2d56e1b
05-20 11:18:44.735   826   865 V ShellRecents: RecentsTransitionHandler.startAnimation: no controller found
05-20 11:18:44.735   826   865 V WindowManagerShell:  try handler com.android.wm.shell.transition.RemoteTransitionHandler@4e4bb8
05-20 11:18:44.735   826   865 V WindowManagerShell: Transition doesn't have explicit remote, search filters for match for {id=21 t=OPEN f=0x0 trk=0 r=[0@Point(0, 0)] c=[{WCT{android.window.IWindowContainerToken$Stub$Proxy@410de03} m=OPEN f=NONE leash=Surface(name=Task=143)/@0x1f6a626 sb=Rect(0, 0 - 2560, 1600) eb=Rect(0, 0 - 2560, 1600) d=0 taskParent=-1},{WCT{android.window.IWindowContainerToken$Stub$Proxy@825a180} m=TO_BACK f=SHOW_WALLPAPER leash=Surface(name=Task=1)/@0x4088267 sb=Rect(0, 0 - 2560, 1600) eb=Rect(0, 0 - 2560, 1600) d=0 taskParent=-1}]}
05-20 11:18:44.735   826   865 V WindowManagerShell:  Checking filter Pair{{types=[] flags=0x0] notFlags=0x0 checks=[{atype=undefined independent=true modes=[OPEN,TO_FRONT] flags=IN_TASK_WITH_EMBEDDED_ACTIVITY mustBeTask=false order=ANY topActivity=ComponentInfo{com.google.android.apps.nexuslauncher/com.google.android.apps.nexuslauncher.NexusLauncherActivity} launchCookie=null},{atype=undefined independent=true modes=[CLOSE,TO_BACK] flags=IN_TASK_WITH_EMBEDDED_ACTIVITY mustBeTask=false order=ANY topActivity=null launchCookie=null}]} RemoteTransition { remoteTransition = android.window.IRemoteTransition$Stub$Proxy@e30447f, appThread = android.app.IApplicationThread$Stub$Proxy@8a60c4c, debugName = OverlaySwipeBack }}
05-20 11:18:44.735   826   865 V WindowManagerShell:  Checking filter Pair{{types=[] flags=0x0] notFlags=0x0 checks=[{atype=dream independent=true modes=[OPEN,TO_FRONT] flags=NONE mustBeTask=false order=ANY topActivity=null launchCookie=null},{atype=home independent=true modes=[CLOSE,TO_BACK] flags=NONE mustBeTask=false order=ANY topActivity=null launchCookie=null}]} RemoteTransition { remoteTransition = android.window.IRemoteTransition$Stub$Proxy@53a9495, appThread = android.app.IApplicationThread$Stub$Proxy@374d9aa, debugName = LauncherToDream }}
05-20 11:18:44.735   826   865 V WindowManagerShell:  Checking filter Pair{{types=[] flags=0x0] notFlags=0x100 checks=[{atype=home independent=true modes=[OPEN,TO_FRONT] flags=NONE mustBeTask=false order=TOP topActivity=ComponentInfo{com.google.android.apps.nexuslauncher/com.google.android.apps.nexuslauncher.NexusLauncherActivity} launchCookie=null},{atype=standard independent=true modes=[CLOSE,TO_BACK] flags=NONE mustBeTask=false order=ANY topActivity=null launchCookie=null}]} RemoteTransition { remoteTransition = android.window.IRemoteTransition$Stub$Proxy@68ea99b, appThread = android.app.IApplicationThread$Stub$Proxy@b4da138, debugName = QuickstepLaunchHome }}
05-20 11:18:44.735   826   865 V WindowManagerShell:  Delegate animation for (#21) to null
05-20 11:18:44.735   826   865 V WindowManagerShell:  try handler com.android.wm.shell.transition.DefaultTransitionHandler@7d98593
05-20 11:18:44.735   826   865 V WindowManagerShell: start default transition animation, info = {id=21 t=OPEN f=0x0 trk=0 r=[0@Point(0, 0)] c=[{WCT{android.window.IWindowContainerToken$Stub$Proxy@410de03} m=OPEN f=NONE leash=Surface(name=Task=143)/@0x1f6a626 sb=Rect(0, 0 - 2560, 1600) eb=Rect(0, 0 - 2560, 1600) d=0 taskParent=-1},{WCT{android.window.IWindowContainerToken$Stub$Proxy@825a180} m=TO_BACK f=SHOW_WALLPAPER leash=Surface(name=Task=1)/@0x4088267 sb=Rect(0, 0 - 2560, 1600) eb=Rect(0, 0 - 2560, 1600) d=0 taskParent=-1}]}
05-20 11:18:44.737   826   865 V WindowManagerShell: loadAnimation: anim=android.view.animation.AnimationSet@4ba60f1 animAttr=0x13 type=OPEN isEntrance=false
05-20 11:18:44.738   826   865 V WindowManagerShell: loadAnimation: anim=android.view.animation.AnimationSet@3a8ae44 animAttr=0x12 type=OPEN isEntrance=true
05-20 11:18:44.742   826   865 V WindowManagerShell:  animated by com.android.wm.shell.transition.DefaultTransitionHandler@7d98593
05-20 11:18:45.033   826   865 V WindowManagerShell: Transition animation finished (aborted=false), notifying core (#21) android.os.BinderProxy@3ac7376@0
05-20 11:18:45.034   579   600 V WindowManager: Finish Transition (#21): created at 05-20 11:18:44.525 collect-started=0.024ms request-sent=2.281ms started=4.362ms ready=183.387ms sent=188.649ms finished=508.453ms
05-20 11:18:45.035   826   865 V WindowManagerShell: Track 0 became idle
05-20 11:18:45.035   826   865 V WindowManagerShell: All active transition animations finished
05-20 11:18:45.038   579  1727 W UserManagerService: Requested status bar icon for non-badged user 0
05-20 11:18:45.039   579  1727 W UserManagerService: Requested status bar icon for non-badged user 0
05-20 11:18:45.545   579  1727 I AppsFilter: interaction: PackageSetting{ec78ec1 de.tsschulz.tt_tagebuch/10214} -> PackageSetting{7d075cf com.android.cts.priv.ctsshim/10197} BLOCKED
05-20 11:18:45.545   579  1727 I AppsFilter: interaction: PackageSetting{ec78ec1 de.tsschulz.tt_tagebuch/10214} -> PackageSetting{4c16b5c com.google.android.youtube/10169} BLOCKED
05-20 11:18:45.545   579  1727 I AppsFilter: interaction: PackageSetting{ec78ec1 de.tsschulz.tt_tagebuch/10214} -> PackageSetting{265bdca de.tsschulz.timeclock/10213} BLOCKED
05-20 11:18:45.545   579  1727 I AppsFilter: interaction: PackageSetting{ec78ec1 de.tsschulz.tt_tagebuch/10214} -> PackageSetting{a38ee65 com.android.internal.display.cutout.emulation.corner/10002} BLOCKED
05-20 11:18:45.545   579  1727 I AppsFilter: interaction: PackageSetting{ec78ec1 de.tsschulz.tt_tagebuch/10214} -> PackageSetting{9fe773a com.android.internal.display.cutout.emulation.double/10005} BLOCKED
05-20 11:18:45.545   579  1727 I AppsFilter: interaction: PackageSetting{ec78ec1 de.tsschulz.tt_tagebuch/10214} -> PackageSetting{a889feb com.google.android.carrierlocation/10119} BLOCKED
05-20 11:18:45.545   579  1727 I AppsFilter: interaction: PackageSetting{ec78ec1 de.tsschulz.tt_tagebuch/10214} -> PackageSetting{7a7e148 com.google.android.googlequicksearchbox/10143} BLOCKED
05-20 11:18:45.545   579  1727 I AppsFilter: interaction: PackageSetting{ec78ec1 de.tsschulz.tt_tagebuch/10214} -> PackageSetting{ecf0be1 com.android.settings.overlay.tangorpro/10043} BLOCKED
05-20 11:18:45.545   579  1727 I AppsFilter: interaction: PackageSetting{ec78ec1 de.tsschulz.tt_tagebuch/10214} -> PackageSetting{4cccd06 com.google.android.onetimeinitializer/10126} BLOCKED
05-20 11:18:45.545   579  1727 I AppsFilter: interaction: PackageSetting{ec78ec1 de.tsschulz.tt_tagebuch/10214} -> PackageSetting{a4f4fc7 com.google.android.ext.shared/10109} BLOCKED
05-20 11:18:45.545   579  1727 I AppsFilter: interaction: PackageSetting{ec78ec1 de.tsschulz.tt_tagebuch/10214} -> PackageSetting{8fdc9f4 com.android.virtualmachine.res/10201} BLOCKED
05-20 11:18:45.545   579  1727 I AppsFilter: interaction: PackageSetting{ec78ec1 de.tsschulz.tt_tagebuch/10214} -> PackageSetting{e4f851d com.android.managedprovisioning.auto_generated_rro_product__/10040} BLOCKED
05-20 11:18:45.545   579  1727 I AppsFilter: interaction: PackageSetting{ec78ec1 de.tsschulz.tt_tagebuch/10214} -> PackageSetting{3d8b392 com.google.android.apps.nest.castauth/10121} BLOCKED
05-20 11:18:45.545   579  1727 I AppsFilter: interaction: PackageSetting{ec78ec1 de.tsschulz.tt_tagebuch/10214} -> PackageSetting{ee72163 com.google.android.server.deviceconfig.resources/10200} BLOCKED
05-20 11:18:45.545   579  1727 I AppsFilter: interaction: PackageSetting{ec78ec1 de.tsschulz.tt_tagebuch/10214} -> PackageSetting{a279160 com.android.systemui.emulation.pixel_3_xl/10045} BLOCKED
05-20 11:18:45.545   579  1727 I AppsFilter: interaction: PackageSetting{ec78ec1 de.tsschulz.tt_tagebuch/10214} -> PackageSetting{1645619 com.android.systemui.emulation.pixel_4_xl/10052} BLOCKED
05-20 11:18:45.545   579  1727 I AppsFilter: interaction: PackageSetting{ec78ec1 de.tsschulz.tt_tagebuch/10214} -> PackageSetting{a4a76de com.android.systemui.emulation.pixel_fold/10064} BLOCKED
05-20 11:18:45.545   579  1727 I AppsFilter: interaction: PackageSetting{ec78ec1 de.tsschulz.tt_tagebuch/10214} -> PackageSetting{fa070bf com.android.providers.telephony.auto_generated_characteristics_rro/10067} BLOCKED
05-20 11:18:45.545   579  1727 I AppsFilter: interaction: PackageSetting{ec78ec1 de.tsschulz.tt_tagebuch/10214} -> PackageSetting{c64638c com.android.htmlviewer/10112} BLOCKED
05-20 11:18:45.545   579  1727 I AppsFilter: interaction: PackageSetting{ec78ec1 de.tsschulz.tt_tagebuch/10214} -> PackageSetting{75b3ad5 com.google.android.health.connect.backuprestore/10203} BLOCKED
05-20 11:18:45.545   579  1727 I AppsFilter: interaction: PackageSetting{ec78ec1 de.tsschulz.tt_tagebuch/10214} -> PackageSetting{38322ea com.android.systemui.auto_generated_rro_product__/10065} BLOCKED
05-20 11:18:45.545   579  1727 I AppsFilter: interaction: PackageSetting{ec78ec1 de.tsschulz.tt_tagebuch/10214} -> PackageSetting{e7559db com.google.android.soundpicker/10166} BLOCKED
05-20 11:18:45.545   579  1727 I AppsFilter: interaction: PackageSetting{ec78ec1 de.tsschulz.tt_tagebuch/10214} -> PackageSetting{3ba2c78 com.google.android.marvin.talkbackoverlay/10080} BLOCKED
05-20 11:18:45.545   579  1727 I AppsFilter: interaction: PackageSetting{ec78ec1 de.tsschulz.tt_tagebuch/10214} -> PackageSetting{ca1af51 com.google.android.configupdater/10122} BLOCKED
05-20 11:18:45.545   579  1727 I AppsFilter: interaction: PackageSetting{ec78ec1 de.tsschulz.tt_tagebuch/10214} -> PackageSetting{de883b6 com.android.internal.emulation.pixel_3a_xl/10012} BLOCKED
05-20 11:18:45.545   579  1727 I AppsFilter: interaction: PackageSetting{ec78ec1 de.tsschulz.tt_tagebuch/10214} -> PackageSetting{8e5b8b7 com.android.internal.emulation.pixel_6_pro/10026} BLOCKED
05-20 11:18:45.545   579  1727 I AppsFilter: interaction: PackageSetting{ec78ec1 de.tsschulz.tt_tagebuch/10214} -> PackageSetting{ca19824 com.android.internal.emulation.pixel_7_pro/10022} BLOCKED
05-20 11:18:45.545   579  1727 I AppsFilter: interaction: PackageSetting{ec78ec1 de.tsschulz.tt_tagebuch/10214} -> PackageSetting{d00ef8d com.android.internal.emulation.pixel_8_pro/10025} BLOCKED
05-20 11:18:45.545   579  1727 I AppsFilter: interaction: PackageSetting{ec78ec1 de.tsschulz.tt_tagebuch/10214} -> PackageSetting{6712542 com.android.internal.emulation.pixel_3a/10011} BLOCKED
05-20 11:18:45.545   579  1727 I AppsFilter: interaction: PackageSetting{ec78ec1 de.tsschulz.tt_tagebuch/10214} -> PackageSetting{a932953 com.android.internal.emulation.pixel_4a/10016} BLOCKED
05-20 11:18:45.545   579  1727 I AppsFilter: interaction: PackageSetting{ec78ec1 de.tsschulz.tt_tagebuch/10214} -> PackageSetting{721290 com.android.internal.emulation.pixel_6a/10020} BLOCKED
05-20 11:18:45.545   579  1727 I AppsFilter: interaction: PackageSetting{ec78ec1 de.tsschulz.tt_tagebuch/10214} -> PackageSetting{d99f789 com.android.internal.emulation.pixel_7a/10024} BLOCKED
05-20 11:18:45.545   579  1727 I AppsFilter: interaction: PackageSetting{ec78ec1 de.tsschulz.tt_tagebuch/10214} -> PackageSetting{f0538e com.android.internal.emulation.pixel_8a/10037} BLOCKED
05-20 11:18:45.545   579  1727 I AppsFilter: interaction: PackageSetting{ec78ec1 de.tsschulz.tt_tagebuch/10214} -> PackageSetting{d9d07af com.google.android.overlay.googlewebview/10032} BLOCKED
05-20 11:18:45.545   579  1727 I AppsFilter: interaction: PackageSetting{ec78ec1 de.tsschulz.tt_tagebuch/10214} -> PackageSetting{48dc7bc com.google.android.hotspot2.osulogin/10191} BLOCKED
05-20 11:18:45.545   579  1727 I AppsFilter: interaction: PackageSetting{ec78ec1 de.tsschulz.tt_tagebuch/10214} -> PackageSetting{aa18345 com.android.simappdialog/10115} BLOCKED
05-20 11:18:45.545   579  1727 I AppsFilter: interaction: PackageSetting{ec78ec1 de.tsschulz.tt_tagebuch/10214} -> PackageSetting{9221a9a com.android.internal.display.cutout.emulation.hole/10006} BLOCKED
05-20 11:18:45.545   579  1727 I AppsFilter: interaction: PackageSetting{ec78ec1 de.tsschulz.tt_tagebuch/10214} -> PackageSetting{4bc6fcb com.android.internal.display.cutout.emulation.tall/10015} BLOCKED
05-20 11:18:45.545   579  1727 I AppsFilter: interaction: PackageSetting{ec78ec1 de.tsschulz.tt_tagebuch/10214} -> PackageSetting{4da3a8 com.android.internal.systemui.navbar.threebutton/10036} BLOCKED
05-20 11:18:45.545   579  1727 I AppsFilter: interaction: PackageSetting{ec78ec1 de.tsschulz.tt_tagebuch/10214} -> PackageSetting{4dc0ec1 com.android.hotwordenrollment.xgoogle/10130} BLOCKED
05-20 11:18:45.545   579  1727 I AppsFilter: interaction: PackageSetting{ec78ec1 de.tsschulz.tt_tagebuch/10214} -> PackageSetting{8774666 com.android.camera2/10146} BLOCKED
05-20 11:18:45.545   579  1727 I AppsFilter: interaction: PackageSetting{ec78ec1 de.tsschulz.tt_tagebuch/10214} -> PackageSetting{b203da7 com.android.internal.ranchu.commonoverlay/10041} BLOCKED
05-20 11:18:45.545   579  1727 I AppsFilter: interaction: PackageSetting{ec78ec1 de.tsschulz.tt_tagebuch/10214} -> PackageSetting{5ad5254 com.google.android.docksetup.auto_generated_rro_product__/10007} BLOCKED
05-20 11:18:45.545   579  1727 I AppsFilter: interaction: PackageSetting{ec78ec1 de.tsschulz.tt_tagebuch/10214} -> PackageSetting{ad9d5fd com.google.android.deskclock/10163} BLOCKED
05-20 11:18:45.545   579  1727 I AppsFilter: interaction: PackageSetting{ec78ec1 de.tsschulz.tt_tagebuch/10214} -> PackageSetting{ca162f2 com.android.internal.systemui.navbar.twobutton/10035} BLOCKED
05-20 11:18:45.545   579  1727 I AppsFilter: interaction: PackageSetting{ec78ec1 de.tsschulz.tt_tagebuch/10214} -> PackageSetting{6090d43 com.google.android.as/10129} BLOCKED
05-20 11:18:45.545   579  1727 I AppsFilter: interaction: PackageSetting{ec78ec1 de.tsschulz.tt_tagebuch/10214} -> PackageSetting{8b73fc0 com.google.android.gm/10172} BLOCKED
05-20 11:18:45.545   579  1727 I AppsFilter: interaction: PackageSetting{ec78ec1 de.tsschulz.tt_tagebuch/10214} -> PackageSetting{9f2d4f9 com.android.systemui.emulation.pixel_3/10047} BLOCKED
05-20 11:18:45.545   579  1727 I AppsFilter: interaction: PackageSetting{ec78ec1 de.tsschulz.tt_tagebuch/10214} -> PackageSetting{adebc3e com.android.systemui.emulation.pixel_4/10051} BLOCKED
05-20 11:18:45.545   579  1727 I AppsFilter: interaction: PackageSetting{ec78ec1 de.tsschulz.tt_tagebuch/10214} -> PackageSetting{4253a9f com.android.systemui.emulation.pixel_5/10054} BLOCKED
05-20 11:18:45.545   579  1727 I AppsFilter: interaction: PackageSetting{ec78ec1 de.tsschulz.tt_tagebuch/10214} -> PackageSetting{1b097ec com.android.systemui.emulation.pixel_6/10055} BLOCKED
05-20 11:18:45.545   579  1727 I AppsFilter: interaction: PackageSetting{ec78ec1 de.tsschulz.tt_tagebuch/10214} -> PackageSetting{302c7b5 com.android.systemui.emulation.pixel_7/10058} BLOCKED
05-20 11:18:45.545   579  1727 I AppsFilter: interaction: PackageSetting{ec78ec1 de.tsschulz.tt_tagebuch/10214} -> PackageSetting{c065e4a com.android.systemui.emulation.pixel_8/10061} BLOCKED
05-20 11:18:45.545   579  1727 I AppsFilter: interaction: PackageSetting{ec78ec1 de.tsschulz.tt_tagebuch/10214} -> PackageSetting{6ace1bb com.android.printspooler/10116} BLOCKED
05-20 11:18:45.545   579  1727 I AppsFilter: interaction: PackageSetting{ec78ec1 de.tsschulz.tt_tagebuch/10214} -> PackageSetting{60546d8 com.android.hotwordenrollment.okgoogle/10128} BLOCKED
05-20 11:18:45.545   579  1727 I AppsFilter: interaction: PackageSetting{ec78ec1 de.tsschulz.tt_tagebuch/10214} -> PackageSetting{ee52a31 com.google.android.connectivity.resources.goldfish.overlay/10078} BLOCKED
05-20 11:18:45.545   579  1727 I AppsFilter: interaction: PackageSetting{ec78ec1 de.tsschulz.tt_tagebuch/10214} -> PackageSetting{d541516 com.android.dreams.basic/10104} BLOCKED
05-20 11:18:45.545   579  1727 I AppsFilter: interaction: PackageSetting{ec78ec1 de.tsschulz.tt_tagebuch/10214} -> PackageSetting{3dde97 com.google.android.networkstack.tethering.emulator/10027} BLOCKED
05-20 11:18:45.545   579  1727 I AppsFilter: interaction: PackageSetting{ec78ec1 de.tsschulz.tt_tagebuch/10214} -> PackageSetting{3f3f884 com.android.providers.settings.auto_generated_rro_product__/10048} BLOCKED
05-20 11:18:45.545   579  1727 I AppsFilter: interaction: PackageSetting{ec78ec1 de.tsschulz.tt_tagebuch/10214} -> PackageSetting{eb1386d com.google.android.as.oss/10123} BLOCKED
05-20 11:18:45.545   579  1727 I AppsFilter: interaction: PackageSetting{ec78ec1 de.tsschulz.tt_tagebuch/10214} -> PackageSetting{1f46ca2 com.android.traceur.auto_generated_rro_product__/10073} BLOCKED
05-20 11:18:45.545   579  1727 I AppsFilter: interaction: PackageSetting{ec78ec1 de.tsschulz.tt_tagebuch/10214} -> PackageSetting{577cd33 com.google.android.devicelockcontroller/10207} BLOCKED
05-20 11:18:45.545   579  1727 I AppsFilter: interaction: PackageSetting{ec78ec1 de.tsschulz.tt_tagebuch/10214} -> PackageSetting{cfa18f0 com.android.internal.emulation.pixel_3/10008} BLOCKED
05-20 11:18:45.545   579  1727 I AppsFilter: interaction: PackageSetting{ec78ec1 de.tsschulz.tt_tagebuch/10214} -> PackageSetting{3b5ee69 com.android.internal.emulation.pixel_4/10013} BLOCKED
05-20 11:18:45.545   579  1727 I AppsFilter: interaction: PackageSetting{ec78ec1 de.tsschulz.tt_tagebuch/10214} -> PackageSetting{150b0ee com.android.internal.emulation.pixel_5/10017} BLOCKED
05-20 11:18:45.545   579  1727 I AppsFilter: interaction: PackageSetting{ec78ec1 de.tsschulz.tt_tagebuch/10214} -> PackageSetting{b58098f com.android.internal.emulation.pixel_6/10019} BLOCKED
05-20 11:18:45.545   579  1727 I AppsFilter: interaction: PackageSetting{ec78ec1 de.tsschulz.tt_tagebuch/10214} -> PackageSetting{affd41c com.android.internal.emulation.pixel_7/10021} BLOCKED
05-20 11:18:45.545   579  1727 I AppsFilter: interaction: PackageSetting{ec78ec1 de.tsschulz.tt_tagebuch/10214} -> PackageSetting{b360825 com.android.internal.emulation.pixel_8/10023} BLOCKED
05-20 11:18:45.545   579  1727 I AppsFilter: interaction: PackageSetting{ec78ec1 de.tsschulz.tt_tagebuch/10214} -> PackageSetting{e1aedfa com.google.android.captiveportallogin/10106} BLOCKED
05-20 11:18:45.545   579  1727 I AppsFilter: interaction: PackageSetting{ec78ec1 de.tsschulz.tt_tagebuch/10214} -> PackageSetting{f55afab android.auto_generated_characteristics_rro/10077} BLOCKED
05-20 11:18:45.545   579  1727 I AppsFilter: interaction: PackageSetting{ec78ec1 de.tsschulz.tt_tagebuch/10214} -> PackageSetting{c441608 com.google.android.appsearch.apk/10189} BLOCKED
05-20 11:18:45.545   579  1727 I AppsFilter: interaction: PackageSetting{ec78ec1 de.tsschulz.tt_tagebuch/10214} -> PackageSetting{9e401a1 com.android.musicfx/10096} BLOCKED
05-20 11:18:45.545   579  1727 I AppsFilter: interaction: PackageSetting{ec78ec1 de.tsschulz.tt_tagebuch/10214} -> PackageSetting{219efc6 com.google.android.apps.docs/10150} BLOCKED
05-20 11:18:45.545   579  1727 I AppsFilter: interaction: PackageSetting{ec78ec1 de.tsschulz.tt_tagebuch/10214} -> PackageSetting{8ddf277 com.google.android.apps.maps/10158} BLOCKED
05-20 11:18:45.545   579  1727 I AppsFilter: interaction: PackageSetting{ec78ec1 de.tsschulz.tt_tagebuch/10214} -> PackageSetting{53d9b87 com.google.android.apps.kids.home/10135} BLOCKED
05-20 11:18:45.545   579  1727 I AppsFilter: interaction: PackageSetting{ec78ec1 de.tsschulz.tt_tagebuch/10214} -> PackageSetting{51e0b6c de.tt_tagebuch.app/10212} BLOCKED
05-20 11:18:45.545   579  1727 I AppsFilter: interaction: PackageSetting{ec78ec1 de.tsschulz.tt_tagebuch/10214} -> PackageSetting{2088ab4 com.google.android.markup/10152} BLOCKED
05-20 11:18:45.545   579  1727 I AppsFilter: interaction: PackageSetting{ec78ec1 de.tsschulz.tt_tagebuch/10214} -> PackageSetting{31e16dd com.android.providers.settings.auto_generated_rro_vendor__/10081} BLOCKED
05-20 11:18:45.545   579  1727 I AppsFilter: interaction: PackageSetting{ec78ec1 de.tsschulz.tt_tagebuch/10214} -> PackageSetting{ab54252 com.google.android.webview/10165} BLOCKED
05-20 11:18:45.545   579  1727 I AppsFilter: interaction: PackageSetting{ec78ec1 de.tsschulz.tt_tagebuch/10214} -> PackageSetting{6ce6923 com.google.android.apps.carrier.log/10120} BLOCKED
05-20 11:18:45.545   579  1727 I AppsFilter: interaction: PackageSetting{ec78ec1 de.tsschulz.tt_tagebuch/10214} -> PackageSetting{dfd9e20 com.google.android.rkpdapp/10211} BLOCKED
05-20 11:18:45.545   579  1727 I AppsFilter: interaction: PackageSetting{ec78ec1 de.tsschulz.tt_tagebuch/10214} -> PackageSetting{7ea43d9 com.google.android.contacts/10147} BLOCKED
05-20 11:18:45.545   579  1727 I AppsFilter: interaction: PackageSetting{ec78ec1 de.tsschulz.tt_tagebuch/10214} -> PackageSetting{241319e com.android.phone.auto_generated_characteristics_rro/10066} BLOCKED
05-20 11:18:45.545   579  1727 I AppsFilter: interaction: PackageSetting{ec78ec1 de.tsschulz.tt_tagebuch/10214} -> PackageSetting{114747f com.google.android.overlay.googleconfig/10029} BLOCKED
05-20 11:18:45.545   579  1727 I AppsFilter: interaction: PackageSetting{ec78ec1 de.tsschulz.tt_tagebuch/10214} -> PackageSetting{a6e7c4c com.android.chrome/10145} BLOCKED
05-20 11:18:45.545   579  1727 I AppsFilter: interaction: PackageSetting{ec78ec1 de.tsschulz.tt_tagebuch/10214} -> PackageSetting{9b24495 com.android.dialer/10127} BLOCKED
05-20 11:18:45.545   579  1727 I AppsFilter: interaction: PackageSetting{ec78ec1 de.tsschulz.tt_tagebuch/10214} -> PackageSetting{20ac9aa com.google.android.apps.customization.pixel/10155} BLOCKED
05-20 11:18:45.545   579  1727 I AppsFilter: interaction: PackageSetting{ec78ec1 de.tsschulz.tt_tagebuch/10214} -> PackageSetting{b85d99b com.google.android.tag/10099} BLOCKED
05-20 11:18:45.545   579  1727 I AppsFilter: interaction: PackageSetting{ec78ec1 de.tsschulz.tt_tagebuch/10214} -> PackageSetting{92d1138 com.google.android.overlay.permissioncontroller/10031} BLOCKED
05-20 11:18:45.545   579  1727 I AppsFilter: interaction: PackageSetting{ec78ec1 de.tsschulz.tt_tagebuch/10214} -> PackageSetting{cbf9511 com.google.android.partnersetup/10136} BLOCKED
05-20 11:18:45.545   579  1727 I AppsFilter: interaction: PackageSetting{ec78ec1 de.tsschulz.tt_tagebuch/10214} -> PackageSetting{923d676 com.google.android.apps.wallpaper.nexus/10154} BLOCKED
05-20 11:18:45.545   579  1727 I AppsFilter: interaction: PackageSetting{ec78ec1 de.tsschulz.tt_tagebuch/10214} -> PackageSetting{4de7477 com.google.android.apps.wallpaper.pixel/10156} BLOCKED
05-20 11:18:45.545   579  1727 I AppsFilter: interaction: PackageSetting{ec78ec1 de.tsschulz.tt_tagebuch/10214} -> PackageSetting{53e08e4 com.google.android.apps.nexuslauncher/10180} BLOCKED
05-20 11:18:45.545   579  1727 I AppsFilter: interaction: PackageSetting{ec78ec1 de.tsschulz.tt_tagebuch/10214} -> PackageSetting{677714d com.android.theme.font.notoserifsource/10030} BLOCKED
05-20 11:18:45.545   579  1727 I AppsFilter: interaction: PackageSetting{ec78ec1 de.tsschulz.tt_tagebuch/10214} -> PackageSetting{3eee402 com.google.android.safetycenter.resources/10204} BLOCKED
05-20 11:18:45.545   579  1727 I AppsFilter: interaction: PackageSetting{ec78ec1 de.tsschulz.tt_tagebuch/10214} -> PackageSetting{1bbe113 com.android.internal.display.cutout.emulation.waterfall/10009} BLOCKED
05-20 11:18:45.545   579  1727 I AppsFilter: interaction: PackageSetting{ec78ec1 de.tsschulz.tt_tagebuch/10214} -> PackageSetting{344cf50 com.android.internal.systemui.navbar.transparent/10074} BLOCKED
05-20 11:18:45.545   579  1727 I AppsFilter: interaction: PackageSetting{ec78ec1 de.tsschulz.tt_tagebuch/10214} -> PackageSetting{356d549 com.google.android.connectivity.resources/10195} BLOCKED
05-20 11:18:45.545   579  1727 I AppsFilter: interaction: PackageSetting{ec78ec1 de.tsschulz.tt_tagebuch/10214} -> PackageSetting{6b3e4e com.android.providers.contacts.auto_generated_rro_product__/10001} BLOCKED
05-20 11:18:45.545   579  1727 I AppsFilter: interaction: PackageSetting{ec78ec1 de.tsschulz.tt_tagebuch/10214} -> PackageSetting{8f97b6f com.google.android.feedback/10175} BLOCKED
05-20 11:18:45.545   579  1727 I AppsFilter: interaction: PackageSetting{ec78ec1 de.tsschulz.tt_tagebuch/10214} -> PackageSetting{caf907c com.google.android.printservice.recommendation/10110} BLOCKED
05-20 11:18:45.545   579  1727 I AppsFilter: interaction: PackageSetting{ec78ec1 de.tsschulz.tt_tagebuch/10214} -> PackageSetting{ae7d05 com.google.android.apps.photos/10167} BLOCKED
05-20 11:18:45.545   579  1727 I AppsFilter: interaction: PackageSetting{ec78ec1 de.tsschulz.tt_tagebuch/10214} -> PackageSetting{9e9779b com.google.android.calendar/10149} BLOCKED
05-20 11:18:45.545   579  1727 I AppsFilter: interaction: PackageSetting{ec78ec1 de.tsschulz.tt_tagebuch/10214} -> PackageSetting{b40f15a com.google.android.documentsui/10090} BLOCKED
05-20 11:18:45.545   579  1727 I AppsFilter: interaction: PackageSetting{ec78ec1 de.tsschulz.tt_tagebuch/10214} -> PackageSetting{9cc5f8b com.google.android.overlay.titanconfig/10068} BLOCKED
05-20 11:18:45.545   579  1727 I AppsFilter: interaction: PackageSetting{ec78ec1 de.tsschulz.tt_tagebuch/10214} -> PackageSetting{1a33868 com.android.systemui.emulation.pixel_3a_xl/10050} BLOCKED
05-20 11:18:45.545   579  1727 I AppsFilter: interaction: PackageSetting{ec78ec1 de.tsschulz.tt_tagebuch/10214} -> PackageSetting{61ee481 com.android.systemui.emulation.pixel_6_pro/10056} BLOCKED
05-20 11:18:45.545   579  1727 I AppsFilter: interaction: PackageSetting{ec78ec1 de.tsschulz.tt_tagebuch/10214} -> PackageSetting{18cc926 com.android.systemui.emulation.pixel_7_pro/10059} BLOCKED
05-20 11:18:45.545   579  1727 I AppsFilter: interaction: PackageSetting{ec78ec1 de.tsschulz.tt_tagebuch/10214} -> PackageSetting{79f6967 com.android.systemui.emulation.pixel_8_pro/10062} BLOCKED
05-20 11:18:45.545   579  1727 I AppsFilter: interaction: PackageSetting{ec78ec1 de.tsschulz.tt_tagebuch/10214} -> PackageSetting{da77314 com.android.devicediagnostics.auto_generated_rro_product__/10000} BLOCKED
05-20 11:18:45.545   579  1727 I AppsFilter: interaction: PackageSetting{ec78ec1 de.tsschulz.tt_tagebuch/10214} -> PackageSetting{ad447bd com.android.providers.partnerbookmarks/10114} BLOCKED
05-20 11:18:45.545   579  1727 I AppsFilter: interaction: PackageSetting{ec78ec1 de.tsschulz.tt_tagebuch/10214} -> PackageSetting{36c51b2 com.android.wallpaper.livepicker/10094} BLOCKED
05-20 11:18:45.545   579  1727 I AppsFilter: interaction: PackageSetting{ec78ec1 de.tsschulz.tt_tagebuch/10214} -> PackageSetting{7af3503 com.google.android.apps.youtube.kids/10168} BLOCKED
05-20 11:18:45.545   579  1727 I AppsFilter: interaction: PackageSetting{ec78ec1 de.tsschulz.tt_tagebuch/10214} -> PackageSetting{b12ac80 com.google.android.apps.safetyhub.hideapps/10162} BLOCKED
05-20 11:18:45.546   579  1727 I AppsFilter: interaction: PackageSetting{ec78ec1 de.tsschulz.tt_tagebuch/10214} -> PackageSetting{282a2b9 com.android.imsserviceentitlement/10133} BLOCKED
05-20 11:18:45.546   579  1727 I AppsFilter: interaction: PackageSetting{ec78ec1 de.tsschulz.tt_tagebuch/10214} -> PackageSetting{349d6fe com.google.assistant.hubui/10140} BLOCKED
05-20 11:18:45.546   579  1727 I AppsFilter: interaction: PackageSetting{ec78ec1 de.tsschulz.tt_tagebuch/10214} -> PackageSetting{c661e5f com.google.android.healthconnect.controller/10202} BLOCKED
05-20 11:18:45.546   579  1727 I AppsFilter: interaction: PackageSetting{ec78ec1 de.tsschulz.tt_tagebuch/10214} -> PackageSetting{13610ac com.google.android.apps.nest.dockmanager.app/10125} BLOCKED
05-20 11:18:45.546   579  1727 I AppsFilter: interaction: PackageSetting{ec78ec1 de.tsschulz.tt_tagebuch/10214} -> PackageSetting{e21b175 com.android.internal.emulation.pixel_2_xl/10018} BLOCKED
05-20 11:18:45.546   579  1727 I AppsFilter: interaction: PackageSetting{ec78ec1 de.tsschulz.tt_tagebuch/10214} -> PackageSetting{de8650a com.android.internal.emulation.pixel_3_xl/10010} BLOCKED
05-20 11:18:45.546   579  1727 I AppsFilter: interaction: PackageSetting{ec78ec1 de.tsschulz.tt_tagebuch/10214} -> PackageSetting{a78417b com.android.internal.emulation.pixel_4_xl/10014} BLOCKED
05-20 11:18:45.546   579  1727 I AppsFilter: interaction: PackageSetting{ec78ec1 de.tsschulz.tt_tagebuch/10214} -> PackageSetting{9498b98 com.android.internal.emulation.pixel_fold/10028} BLOCKED
05-20 11:18:45.546   579  1727 I AppsFilter: interaction: PackageSetting{ec78ec1 de.tsschulz.tt_tagebuch/10214} -> PackageSetting{c68eff1 com.android.bookmarkprovider/10101} BLOCKED
05-20 11:18:45.546   579  1727 I AppsFilter: interaction: PackageSetting{ec78ec1 de.tsschulz.tt_tagebuch/10214} -> PackageSetting{72fc7d6 com.google.android.overlay.pixelconfigcommon/10042} BLOCKED
05-20 11:18:45.546   579  1727 I AppsFilter: interaction: PackageSetting{ec78ec1 de.tsschulz.tt_tagebuch/10214} -> PackageSetting{3bf7a57 com.android.systemui.emulation.pixel_3a/10049} BLOCKED
05-20 11:18:45.546   579  1727 I AppsFilter: interaction: PackageSetting{ec78ec1 de.tsschulz.tt_tagebuch/10214} -> PackageSetting{617c944 com.android.systemui.emulation.pixel_4a/10053} BLOCKED
05-20 11:18:45.546   579  1727 I AppsFilter: interaction: PackageSetting{ec78ec1 de.tsschulz.tt_tagebuch/10214} -> PackageSetting{60b9a2d com.android.systemui.emulation.pixel_6a/10057} BLOCKED
05-20 11:18:45.546   579  1727 I AppsFilter: interaction: PackageSetting{ec78ec1 de.tsschulz.tt_tagebuch/10214} -> PackageSetting{7b88b62 com.android.systemui.emulation.pixel_7a/10060} BLOCKED
05-20 11:18:45.546   579  1727 I AppsFilter: interaction: PackageSetting{ec78ec1 de.tsschulz.tt_tagebuch/10214} -> PackageSetting{3d764f3 com.android.systemui.emulation.pixel_8a/10063} BLOCKED
05-20 11:18:45.546   579  1727 I AppsFilter: interaction: PackageSetting{ec78ec1 de.tsschulz.tt_tagebuch/10214} -> PackageSetting{a6a35b0 com.google.android.settings.intelligence/10139} BLOCKED
05-20 11:18:45.546   579  1727 I AppsFilter: interaction: PackageSetting{ec78ec1 de.tsschulz.tt_tagebuch/10214} -> PackageSetting{1b4ac29 com.google.android.apps.books/10159} BLOCKED
05-20 11:18:45.546   579  1727 I AppsFilter: interaction: PackageSetting{ec78ec1 de.tsschulz.tt_tagebuch/10214} -> PackageSetting{702df7b com.google.android.projection.gearhead/10124} BLOCKED
05-20 11:18:45.546   579  1727 I AppsFilter: interaction: PackageSetting{ec78ec1 de.tsschulz.tt_tagebuch/10214} -> PackageSetting{717fbae com.google.android.apps.scone/10137} BLOCKED
05-20 11:18:45.546   579  1727 I AppsFilter: interaction: PackageSetting{ec78ec1 de.tsschulz.tt_tagebuch/10214} -> PackageSetting{a795d4f com.google.android.uwb.resources/10196} BLOCKED
05-20 11:18:45.546   579  1727 I AppsFilter: interaction: PackageSetting{ec78ec1 de.tsschulz.tt_tagebuch/10214} -> PackageSetting{a34fcdc com.google.android.apps.chromecast.app/10138} BLOCKED
05-20 11:18:45.546   579  1727 I AppsFilter: interaction: PackageSetting{ec78ec1 de.tsschulz.tt_tagebuch/10214} -> PackageSetting{72d198 com.android.cts.ctsshim/10198} BLOCKED
05-20 11:18:45.546   579  1727 I AppsFilter: interaction: PackageSetting{ec78ec1 de.tsschulz.tt_tagebuch/10214} -> PackageSetting{bc2e1e5 com.google.android.wifi.resources/10190} BLOCKED
05-20 11:18:45.546   579  1727 I AppsFilter: interaction: PackageSetting{ec78ec1 de.tsschulz.tt_tagebuch/10214} -> PackageSetting{eec24ba com.google.android.wifi.dialog/10192} BLOCKED
05-20 11:18:45.546   579  1727 I AppsFilter: interaction: PackageSetting{ec78ec1 de.tsschulz.tt_tagebuch/10214} -> PackageSetting{f987f6b com.android.wallpaper/10184} BLOCKED
05-20 11:18:45.546   579  1727 I AppsFilter: interaction: PackageSetting{ec78ec1 de.tsschulz.tt_tagebuch/10214} -> PackageSetting{2830ac8 com.google.android.apps.wallpaper/10186} BLOCKED
05-20 11:18:45.546   579  1727 I AppsFilter: interaction: PackageSetting{ec78ec1 de.tsschulz.tt_tagebuch/10214} -> PackageSetting{dc4b761 com.google.android.keep/10148} BLOCKED
05-20 11:18:45.546   579  1727 I AppsFilter: interaction: PackageSetting{ec78ec1 de.tsschulz.tt_tagebuch/10214} -> PackageSetting{2a7d286 com.google.android.odad/10134} BLOCKED
05-20 11:18:45.546   579  1727 I AppsFilter: interaction: PackageSetting{ec78ec1 de.tsschulz.tt_tagebuch/10214} -> PackageSetting{d3da747 com.android.settings.auto_generated_rro_product__/10044} BLOCKED
05-20 11:18:45.546   579  1727 I AppsFilter: interaction: PackageSetting{ec78ec1 de.tsschulz.tt_tagebuch/10214} -> PackageSetting{4220b74 com.android.companiondevicemanager.auto_generated_characteristics_rro/10004} BLOCKED
05-20 11:18:45.546   579  1727 I AppsFilter: interaction: PackageSetting{ec78ec1 de.tsschulz.tt_tagebuch/10214} -> PackageSetting{1b4689d com.android.internal.systemui.navbar.gestural/10038} BLOCKED
05-20 11:18:45.546   579  1727 I AppsFilter: interaction: PackageSetting{ec78ec1 de.tsschulz.tt_tagebuch/10214} -> PackageSetting{81e9112 com.google.android.apps.youtube.music/10171} BLOCKED
05-20 11:18:45.546   579  1727 I AppsFilter: interaction: PackageSetting{ec78ec1 de.tsschulz.tt_tagebuch/10214} -> PackageSetting{b2370e3 com.android.bluetoothmidiservice/10103} BLOCKED
05-20 11:18:45.546   579  1727 I AppsFilter: interaction: PackageSetting{ec78ec1 de.tsschulz.tt_tagebuch/10214} -> PackageSetting{d0e6ae0 com.android.storagemanager.auto_generated_rro_product__/10046} BLOCKED
05-20 11:18:45.546   579  1727 I AppsFilter: interaction: PackageSetting{ec78ec1 de.tsschulz.tt_tagebuch/10214} -> PackageSetting{cf3f199 com.google.android.cellbroadcastreceiver/10206} BLOCKED
05-20 11:18:45.546   579  1727 I AppsFilter: interaction: PackageSetting{ec78ec1 de.tsschulz.tt_tagebuch/10214} -> PackageSetting{cd0ac5e android.auto_generated_rro_product__/10076} BLOCKED
05-20 11:18:45.546   579  1727 I AppsFilter: interaction: PackageSetting{ec78ec1 de.tsschulz.tt_tagebuch/10214} -> PackageSetting{1b92fd com.google.android.inputmethod.latin/10157} BLOCKED
05-20 11:18:45.546   579  1727 I AppsFilter: interaction: PackageSetting{ec78ec1 de.tsschulz.tt_tagebuch/10214} -> PackageSetting{812383f android.auto_generated_rro_vendor__/10079} BLOCKED
05-20 11:18:45.546   579  1727 I AppsFilter: interaction: PackageSetting{ec78ec1 de.tsschulz.tt_tagebuch/10214} -> PackageSetting{c9f550c com.google.android.apps.restore/10131} BLOCKED
05-20 11:18:45.566   579  1727 W OptProp : Cannot read opt property android.window.PROPERTY_COMPAT_ENABLE_FAKE_FOCUS
05-20 11:18:45.566   579  1727 D CompatChangeReporter: Compat change id reported: 324203798; UID 10214; state: ENABLED
05-20 11:18:45.947   579  1727 D CoreBackPreview: Window{e9e2182 u0 de.tsschulz.tt_tagebuch/de.tsschulz.tt_tagebuch.app.MainActivity}: Setting back callback OnBackInvokedCallbackInfo{mCallback=android.window.IOnBackInvokedCallback$Stub$Proxy@908e1fc, mPriority=0, mIsAnimationCallback=false}
05-20 11:18:46.192   579  1727 W PackageConfigPersister: App-specific configuration not found for packageName: de.tsschulz.tt_tagebuch and userId: 0
05-20 11:18:46.470   579  1727 D CoreBackPreview: Window{7fd55fd u0 Splash Screen de.tsschulz.tt_tagebuch EXITING}: Setting back callback null
05-20 11:18:48.541   579  1425 E TaskPersister: File error accessing recents directory (directory doesn't exist?).
05-20 11:18:55.838   185  6664 I keystore2: system/security/keystore2/watchdog/src/lib.rs:319 - Watchdog thread idle -> terminating. Have a great day.
05-20 11:19:03.542   579  1727 D CoreBackPreview: Window{14d3436 u0 Pop-Up Window}: Setting back callback OnBackInvokedCallbackInfo{mCallback=android.window.IOnBackInvokedCallback$Stub$Proxy@35d3f10, mPriority=0, mIsAnimationCallback=false}
05-20 11:19:03.627   579   911 W PackageConfigPersister: App-specific configuration not found for packageName: de.tsschulz.tt_tagebuch and userId: 0
05-20 11:19:04.612   579   911 D CoreBackPreview: Window{14d3436 u0 Pop-Up Window}: Setting back callback null
05-20 11:19:04.614   579   911 E WindowManager: Unknown window type: 1002
05-20 11:19:04.617   579   603 V WindowManager: Unknown focus tokens, dropping reportFocusChanged
05-20 11:19:04.665   579   911 W PackageConfigPersister: App-specific configuration not found for packageName: de.tsschulz.tt_tagebuch and userId: 0
05-20 11:19:05.971   579  1070 D CoreBackPreview: Window{e379a1c u0 de.tsschulz.tt_tagebuch/de.tsschulz.tt_tagebuch.app.MainActivity}: Setting back callback OnBackInvokedCallbackInfo{mCallback=android.window.IOnBackInvokedCallback$Stub$Proxy@fa385c6, mPriority=0, mIsAnimationCallback=false}
05-20 11:19:05.994   579  1070 D CompatChangeReporter: Compat change id reported: 319212206; UID 10214; state: ENABLED
05-20 11:19:06.120   579  1727 W PackageConfigPersister: App-specific configuration not found for packageName: de.tsschulz.tt_tagebuch and userId: 0
05-20 11:22:26.404   579  1727 D CoreBackPreview: Window{e379a1c u0 de.tsschulz.tt_tagebuch/de.tsschulz.tt_tagebuch.app.MainActivity}: Setting back callback null
05-20 11:22:26.434   579   603 V WindowManager: Unknown focus tokens, dropping reportFocusChanged
05-20 11:22:26.456   579  1727 W PackageConfigPersister: App-specific configuration not found for packageName: de.tsschulz.tt_tagebuch and userId: 0
05-20 11:22:28.654   579   621 W BatteryExternalStatsWorker: error reading modem stats:ERROR_PHONE_NOT_AVAILABLE
05-20 11:22:28.662   579   911 W BatteryExternalStatsWorker: error reading Bluetooth stats: 11
05-20 11:22:28.667   579   621 W KernelCpuProcStringReader: File not found. It's normal if not implemented: /proc/uid_concurrent_policy_time
05-20 11:22:38.302   579   664 I UsageStatsService: User[0] Flushing usage stats to disk
05-20 11:22:39.988   579   846 E DiscreteRegistry: Deleting file 1778663990299tl
05-20 11:23:08.758   579   612 D ActivityManager: sync unfroze 2424 com.google.android.webview:sandboxed_process0:org.chromium.content.app.SandboxedProcessService0:0 for 3
05-20 11:23:08.759   579   612 D ActivityManager: sync unfroze 1546 com.google.android.googlequicksearchbox:search for 3
05-20 11:23:08.836   579  1070 D ActivityManager: sync unfroze 1282 com.google.android.gms for 6
05-20 11:23:08.868   579  2074 W ProcessStats: Tracking association SourceState{901abed com.google.android.googlequicksearchbox:search/10143 Receivr #3391} whose proc state 10 is better than process ProcessState{9aa7c69 com.google.android.gms/10144 pkg=com.google.android.gms} proc state 14 (7 skipped)
05-20 11:23:22.115   579  1727 I ActivityManager: Force stopping de.tsschulz.tt_tagebuch appid=10214 user=0: from pid 6870
05-20 11:23:22.115   579   601 D DisplayManagerService: Drop pending events for gone uid 10214
