05-20 10:22:37.333   579   579 W PackageManager: Skipping provider name com.google.android.settings.intelligence (in package com.google.android.settings.intelligence): name already used by com.google.android.settings.intelligence
05-20 10:22:37.333   579   579 W PackageManager: Failed to scan /product/priv-app/SmartDisplayPrebuilt: Package com.google.assistant.hubui at /product/priv-app/SmartDisplayPrebuilt ignored: updated version 427921 better than this 34520
05-20 10:22:37.334   579   579 W PackageManager: Failed to scan /product/priv-app/Phonesky: Package com.android.vending at /product/priv-app/Phonesky ignored: updated version 85132430 better than this 84132530
05-20 10:22:37.339   579   579 W PackageManager: Failed to scan /product/priv-app/PrebuiltGmsCore: Package com.google.android.gms at /product/priv-app/PrebuiltGmsCore ignored: updated version 261734038 better than this 242335041
05-20 10:22:37.339   579   579 W PackageManager: Failed to parse /product/app/Chrome: Missing base APK in /product/app/Chrome
05-20 10:22:37.340   579   579 W PackageManager: Failed to scan /product/app/Chrome-Stub: Package com.android.chrome at /product/app/Chrome-Stub ignored: updated version 777816738 better than this 636771938
05-20 10:22:37.340   579   579 W PackageManager: Failed to scan /product/app/CalendarGooglePrebuilt: Package com.google.android.calendar at /product/app/CalendarGooglePrebuilt ignored: updated version 2018115564 better than this 2017394391
05-20 10:22:37.341   579   579 W PackageManager: Failed to scan /product/app/GoogleKeepPrebuilt: Package com.google.android.keep at /product/app/GoogleKeepPrebuilt ignored: updated version 220659917 better than this 220543551
05-20 10:22:37.341   579   579 W PackageManager: Failed to scan /product/app/Drive: Package com.google.android.apps.docs at /product/app/Drive ignored: updated version 214460808 better than this 213587435
05-20 10:22:37.347   579   579 W PackageManager: Failed to scan /product/app/GoogleTTS: Package com.google.android.tts at /product/app/GoogleTTS ignored: updated version 210636288 better than this 210476567
05-20 10:22:37.347   579   579 W PackageManager: Failed to scan /product/app/GoogleContacts: Package com.google.android.contacts at /product/app/GoogleContacts ignored: updated version 3274411 better than this 3176399
05-20 10:22:37.348   579   579 W PackageManager: Failed to scan /product/app/LatinIMEGooglePrebuilt: Package com.google.android.inputmethod.latin at /product/app/LatinIMEGooglePrebuilt ignored: updated version 175753816 better than this 143544272
05-20 10:22:37.353   579   579 W PackageManager: Failed to scan /product/app/Maps: Package com.google.android.apps.maps at /product/app/Maps ignored: updated version 1068569600 better than this 1067529190
05-20 10:22:37.354   579   579 W PackageManager: Failed to scan /product/app/PrebuiltDeskClockGoogle: Package com.google.android.deskclock at /product/app/PrebuiltDeskClockGoogle ignored: updated version 76063990 better than this 76002074
05-20 10:22:37.355   579   579 W PackageManager: Failed to scan /product/app/PlayBooksPrebuilt: Package com.google.android.apps.books at /product/app/PlayBooksPrebuilt ignored: updated version 359046 better than this 142891
05-20 10:22:37.355   579   579 W PackageManager: Failed to parse /product/app/TrichromeLibrary: Missing base APK in /product/app/TrichromeLibrary
05-20 10:22:37.355   579   579 W PackageManager: Failed to parse /product/app/WebViewGoogle: Missing base APK in /product/app/WebViewGoogle
05-20 10:22:37.355   579   579 W PackageManager: Failed to scan /product/app/TrichromeLibrary-Stub: Package com.google.android.trichromelibrary_636771938 at /product/app/TrichromeLibrary-Stub ignored: updated version 636771938 better than this 636771938
05-20 10:22:37.356   579   579 W PackageManager: Failed to scan /product/app/WebViewGoogle-Stub: Package com.google.android.webview at /product/app/WebViewGoogle-Stub ignored: updated version 777812008 better than this 636771938
05-20 10:22:37.356   579   579 W PackageManager: Failed to scan /product/app/PrebuiltGmail: Package com.google.android.gm at /product/app/PrebuiltGmail ignored: updated version 65751793 better than this 64551108
05-20 10:22:37.356   579   579 W PackageManager: Failed to scan /product/app/Photos: Package com.google.android.apps.photos at /product/app/Photos ignored: updated version 51684210 better than this 48965350
05-20 10:22:37.357   579   579 W PackageManager: Failed to scan /product/app/YouTubeMusicPrebuilt: Package com.google.android.apps.youtube.music at /product/app/YouTubeMusicPrebuilt ignored: updated version 91850280 better than this 64953280
05-20 10:22:37.357   579   579 W PackageManager: Failed to scan /product/app/YouTubeKidsPrebuilt: Package com.google.android.apps.youtube.kids at /product/app/YouTubeKidsPrebuilt ignored: updated version 170635036 better than this 152000044
05-20 10:22:37.358   579   579 W PackageManager: Failed to scan /product/app/YouTube: Package com.google.android.youtube at /product/app/YouTube ignored: updated version 1561171562 better than this 1545868784
05-20 10:22:37.368   579   579 I ApexManager: Registering com.google.android.healthconnect.controller as apk-in-apex of com.android.healthfitness
05-20 10:22:37.370   579   579 I ApexManager: Registering com.google.android.health.connect.backuprestore as apk-in-apex of com.android.healthfitness
05-20 10:22:37.370   579   579 I ApexManager: Registering com.google.android.wifi.resources as apk-in-apex of com.android.wifi
05-20 10:22:37.371   579   579 I ApexManager: Registering com.google.android.wifi.dialog as apk-in-apex of com.android.wifi
05-20 10:22:37.371   579   579 I ApexManager: Registering com.google.android.hotspot2.osulogin as apk-in-apex of com.android.wifi
05-20 10:22:37.373   579   579 I ApexManager: Registering com.android.nfc as apk-in-apex of com.android.nfcservices
05-20 10:22:37.374   579   579 I ApexManager: Registering com.google.android.bluetooth as apk-in-apex of com.android.btservices
05-20 10:22:37.376   579   579 I ApexManager: Registering com.google.android.providers.media.module as apk-in-apex of com.android.mediaprovider
05-20 10:22:37.377   579   579 I ApexManager: Registering com.google.android.networkstack.tethering as apk-in-apex of com.android.tethering
05-20 10:22:37.378   579   579 I ApexManager: Registering com.google.android.connectivity.resources as apk-in-apex of com.android.tethering
05-20 10:22:37.379   579   579 I ApexManager: Registering com.google.android.adservices.api as apk-in-apex of com.android.adservices
05-20 10:22:37.380   579   579 I ApexManager: Registering com.google.android.sdksandbox as apk-in-apex of com.android.adservices
05-20 10:22:37.382   579   579 I ApexManager: Registering com.google.android.uwb.resources as apk-in-apex of com.android.uwb
05-20 10:22:37.384   579   579 I ApexManager: Registering com.google.android.cellbroadcastservice as apk-in-apex of com.android.cellbroadcast
05-20 10:22:37.385   579   579 I ApexManager: Registering com.google.android.cellbroadcastreceiver as apk-in-apex of com.android.cellbroadcast
05-20 10:22:37.386   579   579 I ApexManager: Registering com.google.android.safetycenter.resources as apk-in-apex of com.android.permission
05-20 10:22:37.386   579   579 I ApexManager: Registering com.google.android.permissioncontroller as apk-in-apex of com.android.permission
05-20 10:22:37.388   579   579 I ApexManager: Registering com.google.android.appsearch.apk as apk-in-apex of com.android.appsearch
05-20 10:22:37.389   579   579 I ApexManager: Registering com.google.android.ext.services as apk-in-apex of com.android.extservices
05-20 10:22:37.390   579   579 I ApexManager: Registering com.google.android.devicelockcontroller as apk-in-apex of com.android.devicelock
05-20 10:22:37.392   579   579 I ApexManager: Registering com.google.android.rkpdapp as apk-in-apex of com.android.rkpd
05-20 10:22:37.393   579   579 I ApexManager: Registering com.android.cts.priv.ctsshim as apk-in-apex of com.android.apex.cts.shim
05-20 10:22:37.394   579   579 I ApexManager: Registering com.android.cts.ctsshim as apk-in-apex of com.android.apex.cts.shim
05-20 10:22:37.396   579   579 I ApexManager: Registering com.google.android.ondevicepersonalization.services as apk-in-apex of com.android.ondevicepersonalization
05-20 10:22:37.397   579   579 I ApexManager: Registering com.google.android.federatedcompute as apk-in-apex of com.android.ondevicepersonalization
05-20 10:22:37.398   579   579 I ApexManager: Registering com.android.virtualmachine.res as apk-in-apex of com.android.virt
05-20 10:22:37.399   579   579 I ApexManager: Registering com.google.android.server.deviceconfig.resources as apk-in-apex of com.android.configinfrastructure
05-20 10:22:37.403   579   579 I PackageManager: Finished scanning system apps. Time: 218 ms, packageCount: 259 , timePerPackage: 0 , cached: 284
05-20 10:22:37.404   579   579 W PackageManager: Relax SCAN_REQUIRE_KNOWN requirement for package com.google.android.trichromelibrary_636771938
05-20 10:22:37.417   579   579 W PackageManager: Relax SCAN_REQUIRE_KNOWN requirement for package com.google.android.webview
05-20 10:22:37.426   579   579 W PackageManager: Relax SCAN_REQUIRE_KNOWN requirement for package com.android.vending
05-20 10:22:37.441   579   641 W PackageParsing: No actions in intent-filter at /data/app/~~VYq8yp-ukks266cT6ohKHQ==/com.google.android.calendar-cDTjWpMj4U2YgGx9BoGmkA==/base.apk Binary XML file line #1063
05-20 10:22:37.452   579   641 W PackageParsing: Unknown element under <manifest>: uses-sdk at /data/app/~~VYq8yp-ukks266cT6ohKHQ==/com.google.android.calendar-cDTjWpMj4U2YgGx9BoGmkA==/base.apk Binary XML file line #0
05-20 10:22:37.453   579   641 W PackageParsing: Unknown element under <manifest>: uses-sdk at /data/app/~~VYq8yp-ukks266cT6ohKHQ==/com.google.android.calendar-cDTjWpMj4U2YgGx9BoGmkA==/base.apk Binary XML file line #0
05-20 10:22:37.453   579   641 W PackageParsing: Unknown element under <manifest>: uses-sdk at /data/app/~~VYq8yp-ukks266cT6ohKHQ==/com.google.android.calendar-cDTjWpMj4U2YgGx9BoGmkA==/base.apk Binary XML file line #0
05-20 10:22:37.457   579   579 W PackageManager: Relax SCAN_REQUIRE_KNOWN requirement for package com.google.android.calendar
05-20 10:22:37.470   579   640 W PackageParsing: Unknown element under <manifest>: uses-sdk at /data/app/~~Wd8xBQzUlmHL4FGMtonRQg==/com.google.android.apps.books-ogkmwJXz2Mx9vs5bo1lBFA==/base.apk Binary XML file line #0
05-20 10:22:37.470   579   640 W PackageParsing: Unknown element under <manifest>: uses-sdk at /data/app/~~Wd8xBQzUlmHL4FGMtonRQg==/com.google.android.apps.books-ogkmwJXz2Mx9vs5bo1lBFA==/base.apk Binary XML file line #0
05-20 10:22:37.471   579   640 W PackageParsing: Unknown element under <manifest>: uses-sdk at /data/app/~~Wd8xBQzUlmHL4FGMtonRQg==/com.google.android.apps.books-ogkmwJXz2Mx9vs5bo1lBFA==/base.apk Binary XML file line #0
05-20 10:22:37.471   579   643 W PackageParsing: Unknown element under <manifest>: uses-sdk at /data/app/~~neVW7vjNvgRnVJ6mQymVbA==/com.android.chrome-wXjQ5XZbSnB6iCq_r8LivQ==/base.apk Binary XML file line #3
05-20 10:22:37.471   579   643 W PackageParsing: Unknown element under <manifest>: module at /data/app/~~neVW7vjNvgRnVJ6mQymVbA==/com.android.chrome-wXjQ5XZbSnB6iCq_r8LivQ==/base.apk Binary XML file line #5
05-20 10:22:37.471   579   643 W PackageParsing: Unknown element under <manifest>: uses-permission at /data/app/~~neVW7vjNvgRnVJ6mQymVbA==/com.android.chrome-wXjQ5XZbSnB6iCq_r8LivQ==/base.apk Binary XML file line #9
05-20 10:22:37.471   579   643 W PackageParsing: Unknown element under <manifest>: uses-permission at /data/app/~~neVW7vjNvgRnVJ6mQymVbA==/com.android.chrome-wXjQ5XZbSnB6iCq_r8LivQ==/base.apk Binary XML file line #10
05-20 10:22:37.471   579   643 W PackageParsing: Unknown element under <manifest>: uses-permission at /data/app/~~neVW7vjNvgRnVJ6mQymVbA==/com.android.chrome-wXjQ5XZbSnB6iCq_r8LivQ==/base.apk Binary XML file line #11
05-20 10:22:37.471   579   643 W PackageParsing: Unknown element under <manifest>: uses-permission at /data/app/~~neVW7vjNvgRnVJ6mQymVbA==/com.android.chrome-wXjQ5XZbSnB6iCq_r8LivQ==/base.apk Binary XML file line #12
05-20 10:22:37.471   579   643 W PackageParsing: Unknown element under <manifest>: queries at /data/app/~~neVW7vjNvgRnVJ6mQymVbA==/com.android.chrome-wXjQ5XZbSnB6iCq_r8LivQ==/base.apk Binary XML file line #14
05-20 10:22:37.473   579   579 W PackageManager: Relax SCAN_REQUIRE_KNOWN requirement for package com.google.android.apps.books
05-20 10:22:37.489   579   643 W PackageParsing: Unknown element under <manifest>: uses-sdk at /data/app/~~neVW7vjNvgRnVJ6mQymVbA==/com.android.chrome-wXjQ5XZbSnB6iCq_r8LivQ==/base.apk Binary XML file line #0
05-20 10:22:37.490   579   641 W PackageParsing: Unknown element under <manifest>: uses-sdk at /data/app/~~3RuzbX_QAbK-msPJHzsy8w==/com.google.android.tts-OAf_Zyt3h3nHglbgrcxAzQ==/base.apk Binary XML file line #0
05-20 10:22:37.490   579   643 W PackageParsing: Unknown element under <manifest>: uses-sdk at /data/app/~~neVW7vjNvgRnVJ6mQymVbA==/com.android.chrome-wXjQ5XZbSnB6iCq_r8LivQ==/base.apk Binary XML file line #3
05-20 10:22:37.490   579   643 W PackageParsing: Unknown element under <manifest>: module at /data/app/~~neVW7vjNvgRnVJ6mQymVbA==/com.android.chrome-wXjQ5XZbSnB6iCq_r8LivQ==/base.apk Binary XML file line #5
05-20 10:22:37.490   579   641 W PackageParsing: Unknown element under <manifest>: uses-sdk at /data/app/~~3RuzbX_QAbK-msPJHzsy8w==/com.google.android.tts-OAf_Zyt3h3nHglbgrcxAzQ==/base.apk Binary XML file line #0
05-20 10:22:37.490   579   641 W PackageParsing: Unknown element under <manifest>: uses-sdk at /data/app/~~3RuzbX_QAbK-msPJHzsy8w==/com.google.android.tts-OAf_Zyt3h3nHglbgrcxAzQ==/base.apk Binary XML file line #0
05-20 10:22:37.492   579   643 W PackageParsing: Unknown element under <manifest>: uses-sdk at /data/app/~~neVW7vjNvgRnVJ6mQymVbA==/com.android.chrome-wXjQ5XZbSnB6iCq_r8LivQ==/base.apk Binary XML file line #3
05-20 10:22:37.492   579   643 W PackageParsing: Unknown element under <manifest>: module at /data/app/~~neVW7vjNvgRnVJ6mQymVbA==/com.android.chrome-wXjQ5XZbSnB6iCq_r8LivQ==/base.apk Binary XML file line #5
05-20 10:22:37.492   579   643 W PackageParsing: Unknown element under <manifest>: uses-permission at /data/app/~~neVW7vjNvgRnVJ6mQymVbA==/com.android.chrome-wXjQ5XZbSnB6iCq_r8LivQ==/base.apk Binary XML file line #9
05-20 10:22:37.492   579   643 W PackageParsing: Unknown element under <manifest>: uses-split at /data/app/~~neVW7vjNvgRnVJ6mQymVbA==/com.android.chrome-wXjQ5XZbSnB6iCq_r8LivQ==/base.apk Binary XML file line #53
05-20 10:22:37.493   579   579 W PackageManager: Relax SCAN_REQUIRE_KNOWN requirement for package com.google.android.tts
05-20 10:22:37.494   579   643 W PackageParsing: Unknown element under <manifest>: uses-sdk at /data/app/~~neVW7vjNvgRnVJ6mQymVbA==/com.android.chrome-wXjQ5XZbSnB6iCq_r8LivQ==/base.apk Binary XML file line #3
05-20 10:22:37.494   579   643 W PackageParsing: Unknown element under <manifest>: module at /data/app/~~neVW7vjNvgRnVJ6mQymVbA==/com.android.chrome-wXjQ5XZbSnB6iCq_r8LivQ==/base.apk Binary XML file line #5
05-20 10:22:37.496   579   643 W PackageParsing: Unknown element under <manifest>: uses-sdk at /data/app/~~neVW7vjNvgRnVJ6mQymVbA==/com.android.chrome-wXjQ5XZbSnB6iCq_r8LivQ==/base.apk Binary XML file line #3
05-20 10:22:37.496   579   643 W PackageParsing: Unknown element under <manifest>: module at /data/app/~~neVW7vjNvgRnVJ6mQymVbA==/com.android.chrome-wXjQ5XZbSnB6iCq_r8LivQ==/base.apk Binary XML file line #5
05-20 10:22:37.498   579   579 W PackageManager: Relax SCAN_REQUIRE_KNOWN requirement for package com.android.chrome
05-20 10:22:37.512   579   643 W PackageParsing: Unknown element under <manifest>: uses-sdk at /data/app/~~Yz80wdvppOTYS9vnB7z2lQ==/com.google.assistant.hubui-O6Avm0pdTfwme5AIY0ZqaQ==/base.apk Binary XML file line #0
05-20 10:22:37.512   579   643 W PackageParsing: Unknown element under <manifest>: uses-sdk at /data/app/~~Yz80wdvppOTYS9vnB7z2lQ==/com.google.assistant.hubui-O6Avm0pdTfwme5AIY0ZqaQ==/base.apk Binary XML file line #0
05-20 10:22:37.513   579   643 W PackageParsing: Unknown element under <manifest>: uses-sdk at /data/app/~~Yz80wdvppOTYS9vnB7z2lQ==/com.google.assistant.hubui-O6Avm0pdTfwme5AIY0ZqaQ==/base.apk Binary XML file line #0
05-20 10:22:37.513   579   643 W PackageParsing: Unknown element under <manifest>: uses-sdk at /data/app/~~Yz80wdvppOTYS9vnB7z2lQ==/com.google.assistant.hubui-O6Avm0pdTfwme5AIY0ZqaQ==/base.apk Binary XML file line #0
05-20 10:22:37.514   579   579 W PackageManager: Relax SCAN_REQUIRE_KNOWN requirement for package com.google.assistant.hubui
05-20 10:22:37.515   579   641 W PackageParsing: Unknown element under <manifest>: uses-sdk at /data/app/~~eMqsgEnrRHv24tbPiiTRxA==/com.google.android.apps.youtube.music-02IRsssTBRBlo7l1o1xIJA==/base.apk Binary XML file line #0
05-20 10:22:37.515   579   641 W PackageParsing: Unknown element under <manifest>: uses-sdk at /data/app/~~eMqsgEnrRHv24tbPiiTRxA==/com.google.android.apps.youtube.music-02IRsssTBRBlo7l1o1xIJA==/base.apk Binary XML file line #0
05-20 10:22:37.518   579   579 W PackageManager: Relax SCAN_REQUIRE_KNOWN requirement for package com.google.android.apps.youtube.music
05-20 10:22:37.522   579   640 W PackageParsing: Unknown element under <manifest>: uses-sdk at /data/app/~~1HNY6THwHP6h9XJDYur2Iw==/com.google.android.apps.photos-A1hj654ViI6Z7_sfsMEy7g==/base.apk Binary XML file line #0
05-20 10:22:37.522   579   640 W PackageParsing: Unknown element under <manifest>: uses-sdk at /data/app/~~1HNY6THwHP6h9XJDYur2Iw==/com.google.android.apps.photos-A1hj654ViI6Z7_sfsMEy7g==/base.apk Binary XML file line #0
05-20 10:22:37.522   579   640 W PackageParsing: Unknown element under <manifest>: uses-sdk at /data/app/~~1HNY6THwHP6h9XJDYur2Iw==/com.google.android.apps.photos-A1hj654ViI6Z7_sfsMEy7g==/base.apk Binary XML file line #0
05-20 10:22:37.526   579   579 W PackageManager: Relax SCAN_REQUIRE_KNOWN requirement for package com.google.android.apps.photos
05-20 10:22:37.547   579   641 W PackageParsing: No actions in intent-filter at /data/app/~~vCaWnXWDZOhNiQoVLdAgYA==/com.google.android.keep-p2Z6pYRlUIrK-DOWhkWEGw==/base.apk Binary XML file line #905
05-20 10:22:37.551   579   641 W PackageParsing: Unknown element under <manifest>: uses-sdk at /data/app/~~vCaWnXWDZOhNiQoVLdAgYA==/com.google.android.keep-p2Z6pYRlUIrK-DOWhkWEGw==/base.apk Binary XML file line #0
05-20 10:22:37.551   579   641 W PackageParsing: Unknown element under <manifest>: uses-sdk at /data/app/~~vCaWnXWDZOhNiQoVLdAgYA==/com.google.android.keep-p2Z6pYRlUIrK-DOWhkWEGw==/base.apk Binary XML file line #0
05-20 10:22:37.551   579   641 W PackageParsing: Unknown element under <manifest>: uses-sdk at /data/app/~~vCaWnXWDZOhNiQoVLdAgYA==/com.google.android.keep-p2Z6pYRlUIrK-DOWhkWEGw==/base.apk Binary XML file line #0
05-20 10:22:37.552   579   643 W PackageParsing: Unknown element under <manifest>: uses-sdk at /data/app/~~OR_Zj1pWRL6BniRRMHnmpg==/com.google.android.apps.docs-7U6eaTc2yj7KA9kDrR8wtQ==/base.apk Binary XML file line #0
05-20 10:22:37.552   579   643 W PackageParsing: Unknown element under <manifest>: uses-sdk at /data/app/~~OR_Zj1pWRL6BniRRMHnmpg==/com.google.android.apps.docs-7U6eaTc2yj7KA9kDrR8wtQ==/base.apk Binary XML file line #0
05-20 10:22:37.552   579   643 W PackageParsing: Unknown element under <manifest>: uses-sdk at /data/app/~~OR_Zj1pWRL6BniRRMHnmpg==/com.google.android.apps.docs-7U6eaTc2yj7KA9kDrR8wtQ==/base.apk Binary XML file line #0
05-20 10:22:37.553   579   579 W PackageManager: Relax SCAN_REQUIRE_KNOWN requirement for package com.google.android.keep
05-20 10:22:37.555   579   640 W PackageParsing: Unknown element under <manifest>: uses-sdk at /data/app/~~rcb63tHRmzifnvPoy1wSyQ==/com.google.android.deskclock-itEE_pQUfNw6s0PS02AC5A==/base.apk Binary XML file line #0
05-20 10:22:37.556   579   579 W PackageManager: Relax SCAN_REQUIRE_KNOWN requirement for package com.google.android.apps.docs
05-20 10:22:37.558   579   579 W PackageManager: Relax SCAN_REQUIRE_KNOWN requirement for package com.google.android.deskclock
05-20 10:22:37.564   579   641 W PackageParsing: Unknown element under <manifest>: meta-data at /data/app/~~mh5qe7uc_nAa9eqcfBO0pQ==/com.google.android.apps.kids.home-BsyBsupccUCHMQrYdCNI0g==/base.apk Binary XML file line #77
05-20 10:22:37.568   579   641 W PackageParsing: Unknown element under <manifest>: uses-sdk at /data/app/~~mh5qe7uc_nAa9eqcfBO0pQ==/com.google.android.apps.kids.home-BsyBsupccUCHMQrYdCNI0g==/base.apk Binary XML file line #0
05-20 10:22:37.568   579   641 W PackageParsing: Unknown element under <manifest>: uses-sdk at /data/app/~~mh5qe7uc_nAa9eqcfBO0pQ==/com.google.android.apps.kids.home-BsyBsupccUCHMQrYdCNI0g==/base.apk Binary XML file line #0
05-20 10:22:37.570   579   579 W PackageManager: Relax SCAN_REQUIRE_KNOWN requirement for package com.google.android.apps.kids.home
05-20 10:22:37.575   579   643 W PackageParsing: Unknown element under <manifest>: uses-sdk at /data/app/~~dACX83C8GbLS4fbhwF-Mdw==/com.google.android.apps.youtube.kids-8z9cchDXancveBvPVw9cxw==/base.apk Binary XML file line #0
05-20 10:22:37.575   579   643 W PackageParsing: Unknown element under <manifest>: uses-sdk at /data/app/~~dACX83C8GbLS4fbhwF-Mdw==/com.google.android.apps.youtube.kids-8z9cchDXancveBvPVw9cxw==/base.apk Binary XML file line #0
05-20 10:22:37.576   579   643 W PackageParsing: Unknown element under <manifest>: uses-sdk at /data/app/~~dACX83C8GbLS4fbhwF-Mdw==/com.google.android.apps.youtube.kids-8z9cchDXancveBvPVw9cxw==/base.apk Binary XML file line #0
05-20 10:22:37.577   579   579 W PackageManager: Relax SCAN_REQUIRE_KNOWN requirement for package com.google.android.apps.youtube.kids
05-20 10:22:37.597   579   640 W PackageParsing: Unknown element under <manifest>: uses-sdk at /data/app/~~71ocSCpjM5vCIJ3noDjUnA==/com.google.android.apps.maps-MC4_mmjJPQtVZh9CzmiHqg==/base.apk Binary XML file line #0
05-20 10:22:37.597   579   640 W PackageParsing: Unknown element under <manifest>: uses-sdk at /data/app/~~71ocSCpjM5vCIJ3noDjUnA==/com.google.android.apps.maps-MC4_mmjJPQtVZh9CzmiHqg==/base.apk Binary XML file line #0
05-20 10:22:37.597   579   640 W PackageParsing: Unknown element under <manifest>: uses-sdk at /data/app/~~71ocSCpjM5vCIJ3noDjUnA==/com.google.android.apps.maps-MC4_mmjJPQtVZh9CzmiHqg==/base.apk Binary XML file line #0
05-20 10:22:37.601   579   579 W PackageManager: Relax SCAN_REQUIRE_KNOWN requirement for package com.google.android.apps.maps
05-20 10:22:37.607   579   641 W PackageParsing: Unknown element under <manifest>: uses-sdk at /data/app/~~GbG4kf9b-ZyYBzbveZG84Q==/com.google.android.apps.chromecast.app-JY2wL-NMCOdyQ1t0t476Jg==/base.apk Binary XML file line #0
05-20 10:22:37.607   579   643 W PackageParsing: Unknown element under <manifest>: uses-sdk at /data/app/~~5fBmuVBFKqgsQyOEM1RiZw==/com.google.android.youtube-oxnjs9-A2baH0SBXUKCTkA==/base.apk Binary XML file line #0
05-20 10:22:37.607   579   641 W PackageParsing: Unknown element under <manifest>: uses-sdk at /data/app/~~GbG4kf9b-ZyYBzbveZG84Q==/com.google.android.apps.chromecast.app-JY2wL-NMCOdyQ1t0t476Jg==/base.apk Binary XML file line #0
05-20 10:22:37.607   579   643 W PackageParsing: Unknown element under <manifest>: uses-sdk at /data/app/~~5fBmuVBFKqgsQyOEM1RiZw==/com.google.android.youtube-oxnjs9-A2baH0SBXUKCTkA==/base.apk Binary XML file line #0
05-20 10:22:37.607   579   641 W PackageParsing: Unknown element under <manifest>: uses-sdk at /data/app/~~GbG4kf9b-ZyYBzbveZG84Q==/com.google.android.apps.chromecast.app-JY2wL-NMCOdyQ1t0t476Jg==/base.apk Binary XML file line #0
05-20 10:22:37.607   579   643 W PackageParsing: Unknown element under <manifest>: uses-sdk at /data/app/~~5fBmuVBFKqgsQyOEM1RiZw==/com.google.android.youtube-oxnjs9-A2baH0SBXUKCTkA==/base.apk Binary XML file line #0
05-20 10:22:37.608   579   642 W PackageParsing: Unknown element under <manifest>: uses-sdk at /data/app/~~l1x2-qoIOrzHDyobiXV1zw==/com.google.android.gms-L92u56eljqz_9O8lVSj32Q==/base.apk Binary XML file line #10
05-20 10:22:37.608   579   642 W PackageParsing: Unknown element under <manifest>: module at /data/app/~~l1x2-qoIOrzHDyobiXV1zw==/com.google.android.gms-L92u56eljqz_9O8lVSj32Q==/base.apk Binary XML file line #14
05-20 10:22:37.608   579   642 W PackageParsing: Unknown element under <manifest>: uses-sdk at /data/app/~~l1x2-qoIOrzHDyobiXV1zw==/com.google.android.gms-L92u56eljqz_9O8lVSj32Q==/base.apk Binary XML file line #10
05-20 10:22:37.608   579   642 W PackageParsing: Unknown element under <manifest>: module at /data/app/~~l1x2-qoIOrzHDyobiXV1zw==/com.google.android.gms-L92u56eljqz_9O8lVSj32Q==/base.apk Binary XML file line #14
05-20 10:22:37.608   579   642 W PackageParsing: Unknown element under <manifest>: permission at /data/app/~~l1x2-qoIOrzHDyobiXV1zw==/com.google.android.gms-L92u56eljqz_9O8lVSj32Q==/base.apk Binary XML file line #24
05-20 10:22:37.608   579   642 W PackageParsing: Unknown element under <manifest>: uses-sdk at /data/app/~~l1x2-qoIOrzHDyobiXV1zw==/com.google.android.gms-L92u56eljqz_9O8lVSj32Q==/base.apk Binary XML file line #10
05-20 10:22:37.608   579   642 W PackageParsing: Unknown element under <manifest>: module at /data/app/~~l1x2-qoIOrzHDyobiXV1zw==/com.google.android.gms-L92u56eljqz_9O8lVSj32Q==/base.apk Binary XML file line #14
05-20 10:22:37.608   579   642 W PackageParsing: Unknown element under <manifest>: permission at /data/app/~~l1x2-qoIOrzHDyobiXV1zw==/com.google.android.gms-L92u56eljqz_9O8lVSj32Q==/base.apk Binary XML file line #24
05-20 10:22:37.609   579   579 W PackageManager: Relax SCAN_REQUIRE_KNOWN requirement for package com.google.android.youtube
05-20 10:22:37.609   579   642 W PackageParsing: Unknown element under <manifest>: uses-sdk at /data/app/~~l1x2-qoIOrzHDyobiXV1zw==/com.google.android.gms-L92u56eljqz_9O8lVSj32Q==/base.apk Binary XML file line #10
05-20 10:22:37.609   579   642 W PackageParsing: Unknown element under <manifest>: module at /data/app/~~l1x2-qoIOrzHDyobiXV1zw==/com.google.android.gms-L92u56eljqz_9O8lVSj32Q==/base.apk Binary XML file line #14
05-20 10:22:37.609   579   642 W PackageParsing: Unknown element under <manifest>: permission at /data/app/~~l1x2-qoIOrzHDyobiXV1zw==/com.google.android.gms-L92u56eljqz_9O8lVSj32Q==/base.apk Binary XML file line #24
05-20 10:22:37.609   579   642 W PackageParsing: Unknown element under <manifest>: uses-sdk at /data/app/~~l1x2-qoIOrzHDyobiXV1zw==/com.google.android.gms-L92u56eljqz_9O8lVSj32Q==/base.apk Binary XML file line #10
05-20 10:22:37.609   579   642 W PackageParsing: Unknown element under <manifest>: module at /data/app/~~l1x2-qoIOrzHDyobiXV1zw==/com.google.android.gms-L92u56eljqz_9O8lVSj32Q==/base.apk Binary XML file line #14
05-20 10:22:37.609   579   642 W PackageParsing: Unknown element under <manifest>: uses-feature at /data/app/~~l1x2-qoIOrzHDyobiXV1zw==/com.google.android.gms-L92u56eljqz_9O8lVSj32Q==/base.apk Binary XML file line #24
05-20 10:22:37.609   579   642 W PackageParsing: Unknown element under <manifest>: queries at /data/app/~~l1x2-qoIOrzHDyobiXV1zw==/com.google.android.gms-L92u56eljqz_9O8lVSj32Q==/base.apk Binary XML file line #28
05-20 10:22:37.609   579   642 W PackageParsing: Unknown element under <manifest>: permission at /data/app/~~l1x2-qoIOrzHDyobiXV1zw==/com.google.android.gms-L92u56eljqz_9O8lVSj32Q==/base.apk Binary XML file line #34
05-20 10:22:37.610   579   642 W PackageParsing: Unknown element under <manifest>: uses-sdk at /data/app/~~l1x2-qoIOrzHDyobiXV1zw==/com.google.android.gms-L92u56eljqz_9O8lVSj32Q==/base.apk Binary XML file line #10
05-20 10:22:37.610   579   642 W PackageParsing: Unknown element under <manifest>: module at /data/app/~~l1x2-qoIOrzHDyobiXV1zw==/com.google.android.gms-L92u56eljqz_9O8lVSj32Q==/base.apk Binary XML file line #14
05-20 10:22:37.610   579   642 W PackageParsing: Unknown element under <manifest>: permission at /data/app/~~l1x2-qoIOrzHDyobiXV1zw==/com.google.android.gms-L92u56eljqz_9O8lVSj32Q==/base.apk Binary XML file line #24
05-20 10:22:37.610   579   579 W PackageManager: Relax SCAN_REQUIRE_KNOWN requirement for package com.google.android.apps.chromecast.app
05-20 10:22:37.612   579   642 W PackageParsing: Unknown element under <manifest>: uses-sdk at /data/app/~~l1x2-qoIOrzHDyobiXV1zw==/com.google.android.gms-L92u56eljqz_9O8lVSj32Q==/base.apk Binary XML file line #10
05-20 10:22:37.612   579   642 W PackageParsing: Unknown element under <manifest>: module at /data/app/~~l1x2-qoIOrzHDyobiXV1zw==/com.google.android.gms-L92u56eljqz_9O8lVSj32Q==/base.apk Binary XML file line #14
05-20 10:22:37.612   579   642 W PackageParsing: Unknown element under <manifest>: uses-feature at /data/app/~~l1x2-qoIOrzHDyobiXV1zw==/com.google.android.gms-L92u56eljqz_9O8lVSj32Q==/base.apk Binary XML file line #24
05-20 10:22:37.612   579   642 W PackageParsing: Unknown element under <manifest>: queries at /data/app/~~l1x2-qoIOrzHDyobiXV1zw==/com.google.android.gms-L92u56eljqz_9O8lVSj32Q==/base.apk Binary XML file line #28
05-20 10:22:37.612   579   642 W PackageParsing: Unknown element under <manifest>: permission at /data/app/~~l1x2-qoIOrzHDyobiXV1zw==/com.google.android.gms-L92u56eljqz_9O8lVSj32Q==/base.apk Binary XML file line #34
05-20 10:22:37.613   579   642 W PackageParsing: Unknown element under <manifest>: uses-sdk at /data/app/~~l1x2-qoIOrzHDyobiXV1zw==/com.google.android.gms-L92u56eljqz_9O8lVSj32Q==/base.apk Binary XML file line #10
05-20 10:22:37.613   579   642 W PackageParsing: Unknown element under <manifest>: module at /data/app/~~l1x2-qoIOrzHDyobiXV1zw==/com.google.android.gms-L92u56eljqz_9O8lVSj32Q==/base.apk Binary XML file line #14
05-20 10:22:37.613   579   642 W PackageParsing: Unknown element under <manifest>: permission at /data/app/~~l1x2-qoIOrzHDyobiXV1zw==/com.google.android.gms-L92u56eljqz_9O8lVSj32Q==/base.apk Binary XML file line #24
05-20 10:22:37.613   579   642 W PackageParsing: Unknown element under <manifest>: uses-sdk at /data/app/~~l1x2-qoIOrzHDyobiXV1zw==/com.google.android.gms-L92u56eljqz_9O8lVSj32Q==/base.apk Binary XML file line #3
05-20 10:22:37.613   579   642 W PackageParsing: Unknown element under <manifest>: module at /data/app/~~l1x2-qoIOrzHDyobiXV1zw==/com.google.android.gms-L92u56eljqz_9O8lVSj32Q==/base.apk Binary XML file line #6
05-20 10:22:37.613   579   642 W PackageParsing: Unknown element under <manifest>: uses-sdk at /data/app/~~l1x2-qoIOrzHDyobiXV1zw==/com.google.android.gms-L92u56eljqz_9O8lVSj32Q==/base.apk Binary XML file line #0
05-20 10:22:37.614   579   642 W PackageParsing: Unknown element under <manifest>: uses-sdk at /data/app/~~l1x2-qoIOrzHDyobiXV1zw==/com.google.android.gms-L92u56eljqz_9O8lVSj32Q==/base.apk Binary XML file line #0
05-20 10:22:37.615   579   642 W PackageParsing: Unknown element under <manifest>: uses-sdk at /data/app/~~l1x2-qoIOrzHDyobiXV1zw==/com.google.android.gms-L92u56eljqz_9O8lVSj32Q==/base.apk Binary XML file line #10
05-20 10:22:37.615   579   642 W PackageParsing: Unknown element under <manifest>: module at /data/app/~~l1x2-qoIOrzHDyobiXV1zw==/com.google.android.gms-L92u56eljqz_9O8lVSj32Q==/base.apk Binary XML file line #14
05-20 10:22:37.642   579   640 W PackageParsing: Unknown element under <manifest>: uses-sdk at /data/app/~~hUGoPxaH0nzvl4VEtc-xiA==/com.google.android.contacts-yBajfcP1mgi88N4n6J4kKw==/base.apk Binary XML file line #0
05-20 10:22:37.642   579   640 W PackageParsing: Unknown element under <manifest>: uses-sdk at /data/app/~~hUGoPxaH0nzvl4VEtc-xiA==/com.google.android.contacts-yBajfcP1mgi88N4n6J4kKw==/base.apk Binary XML file line #0
05-20 10:22:37.642   579   640 W PackageParsing: Unknown element under <manifest>: uses-sdk at /data/app/~~hUGoPxaH0nzvl4VEtc-xiA==/com.google.android.contacts-yBajfcP1mgi88N4n6J4kKw==/base.apk Binary XML file line #0
05-20 10:22:37.651   579   579 W PackageManager: Relax SCAN_REQUIRE_KNOWN requirement for package com.google.android.contacts
05-20 10:22:37.654   579   579 W PackageManager: Relax SCAN_REQUIRE_KNOWN requirement for package com.google.android.gms
05-20 10:22:37.657   579   642 W PackageParsing: Unknown element under <manifest>: uses-sdk at /data/app/~~yTFz61bCshVNuMmCPw1BaQ==/com.google.android.partnersetup-EalUdRlFHZipvmfP5-n68A==/base.apk Binary XML file line #0
05-20 10:22:37.658   579   642 W PackageParsing: Unknown element under <manifest>: uses-sdk at /data/app/~~yTFz61bCshVNuMmCPw1BaQ==/com.google.android.partnersetup-EalUdRlFHZipvmfP5-n68A==/base.apk Binary XML file line #0
05-20 10:22:37.658   579   642 W PackageParsing: Unknown element under <manifest>: uses-sdk at /data/app/~~yTFz61bCshVNuMmCPw1BaQ==/com.google.android.partnersetup-EalUdRlFHZipvmfP5-n68A==/base.apk Binary XML file line #0
05-20 10:22:37.668   579   579 W PackageManager: Relax SCAN_REQUIRE_KNOWN requirement for package com.google.android.partnersetup
05-20 10:22:37.670   579   640 W PackageParsing: Unknown element under <manifest>: uses-sdk at /data/app/~~JDOvNgaY0V32Wa8oz4KvNw==/com.google.android.as.oss-UsqRwJvd2FyDvDqTLY1TqA==/base.apk Binary XML file line #0
05-20 10:22:37.670   579   640 W PackageParsing: Unknown element under <manifest>: uses-sdk at /data/app/~~JDOvNgaY0V32Wa8oz4KvNw==/com.google.android.as.oss-UsqRwJvd2FyDvDqTLY1TqA==/base.apk Binary XML file line #0
05-20 10:22:37.670   579   640 W PackageParsing: Unknown element under <manifest>: uses-sdk at /data/app/~~JDOvNgaY0V32Wa8oz4KvNw==/com.google.android.as.oss-UsqRwJvd2FyDvDqTLY1TqA==/base.apk Binary XML file line #0
05-20 10:22:37.671   579   579 W PackageManager: Relax SCAN_REQUIRE_KNOWN requirement for package com.google.android.as.oss
05-20 10:22:37.676   579   643 W PackageParsing: Ignoring duplicate uses-permissions/uses-permissions-sdk-m: android.permission.ACCESS_NETWORK_STATE in package: com.google.android.gm at: Binary XML file line #332
05-20 10:22:37.676   579   643 W PackageParsing: Ignoring duplicate uses-permissions/uses-permissions-sdk-m: android.permission.FOREGROUND_SERVICE in package: com.google.android.gm at: Binary XML file line #335
05-20 10:22:37.676   579   643 W PackageParsing: Ignoring duplicate uses-permissions/uses-permissions-sdk-m: android.permission.FOREGROUND_SERVICE_DATA_SYNC in package: com.google.android.gm at: Binary XML file line #336
05-20 10:22:37.676   579   643 W PackageParsing: Ignoring duplicate uses-permissions/uses-permissions-sdk-m: android.permission.INTERNET in package: com.google.android.gm at: Binary XML file line #337
05-20 10:22:37.676   579   643 W PackageParsing: Ignoring duplicate uses-permissions/uses-permissions-sdk-m: android.permission.RECEIVE_BOOT_COMPLETED in package: com.google.android.gm at: Binary XML file line #338
05-20 10:22:37.676   579   643 W PackageParsing: Ignoring duplicate uses-permissions/uses-permissions-sdk-m: android.permission.VIBRATE in package: com.google.android.gm at: Binary XML file line #339
05-20 10:22:37.676   579   643 W PackageParsing: Ignoring duplicate uses-permissions/uses-permissions-sdk-m: android.permission.WAKE_LOCK in package: com.google.android.gm at: Binary XML file line #340
05-20 10:22:37.676   579   643 W PackageParsing: Ignoring duplicate uses-permissions/uses-permissions-sdk-m: android.permission.WRITE_EXTERNAL_STORAGE in package: com.google.android.gm at: Binary XML file line #342
05-20 10:22:37.676   579   643 W PackageParsing: Ignoring duplicate uses-permissions/uses-permissions-sdk-m: android.permission.POST_NOTIFICATIONS in package: com.google.android.gm at: Binary XML file line #343
05-20 10:22:37.676   579   643 W PackageParsing: Ignoring duplicate uses-permissions/uses-permissions-sdk-m: com.google.android.c2dm.permission.RECEIVE in package: com.google.android.gm at: Binary XML file line #345
05-20 10:22:37.676   579   643 W PackageParsing: Ignoring duplicate uses-permissions/uses-permissions-sdk-m: android.permission.GET_PACKAGE_SIZE in package: com.google.android.gm at: Binary XML file line #346
05-20 10:22:37.676   579   643 W PackageParsing: Ignoring duplicate uses-permissions/uses-permissions-sdk-m: com.google.android.providers.gsf.permission.READ_GSERVICES in package: com.google.android.gm at: Binary XML file line #347
05-20 10:22:37.676   579   643 W PackageParsing: Ignoring duplicate uses-permissions/uses-permissions-sdk-m: com.google.android.providers.gsf.permission.READ_GSERVICES in package: com.google.android.gm at: Binary XML file line #352
05-20 10:22:37.676   579   643 W PackageParsing: Ignoring duplicate uses-permissions/uses-permissions-sdk-m: android.permission.GET_PACKAGE_SIZE in package: com.google.android.gm at: Binary XML file line #353
05-20 10:22:37.676   579   643 W PackageParsing: Ignoring duplicate uses-permissions/uses-permissions-sdk-m: android.permission.ACCESS_NETWORK_STATE in package: com.google.android.gm at: Binary XML file line #355
05-20 10:22:37.676   579   643 W PackageParsing: Ignoring duplicate uses-permissions/uses-permissions-sdk-m: android.permission.CAMERA in package: com.google.android.gm at: Binary XML file line #367
05-20 10:22:37.676   579   643 W PackageParsing: Ignoring duplicate uses-permissions/uses-permissions-sdk-m: android.permission.FOREGROUND_SERVICE in package: com.google.android.gm at: Binary XML file line #382
05-20 10:22:37.676   579   643 W PackageParsing: Ignoring duplicate uses-permissions/uses-permissions-sdk-m: android.permission.INTERNET in package: com.google.android.gm at: Binary XML file line #383
05-20 10:22:37.676   579   643 W PackageParsing: Ignoring duplicate uses-permissions/uses-permissions-sdk-m: android.permission.RECORD_AUDIO in package: com.google.android.gm at: Binary XML file line #385
05-20 10:22:37.676   579   643 W PackageParsing: Ignoring duplicate uses-permissions/uses-permissions-sdk-m: android.permission.WAKE_LOCK in package: com.google.android.gm at: Binary XML file line #386
05-20 10:22:37.676   579   643 W PackageParsing: Ignoring duplicate uses-permissions/uses-permissions-sdk-m: android.permission.POST_NOTIFICATIONS in package: com.google.android.gm at: Binary XML file line #395
05-20 10:22:37.676   579   643 W PackageParsing: Ignoring duplicate uses-permissions/uses-permissions-sdk-m: android.permission.FOREGROUND_SERVICE_DATA_SYNC in package: com.google.android.gm at: Binary XML file line #401
05-20 10:22:37.676   579   643 W PackageParsing: Ignoring duplicate uses-permissions/uses-permissions-sdk-m: com.google.android.gm.DYNAMIC_RECEIVER_NOT_EXPORTED_PERMISSION in package: com.google.android.gm at: Binary XML file line #407
05-20 10:22:37.676   579   643 W PackageParsing: Ignoring duplicate uses-permissions/uses-permissions-sdk-m: android.permission.VIBRATE in package: com.google.android.gm at: Binary XML file line #408
05-20 10:22:37.676   579   643 W PackageParsing: Ignoring duplicate uses-permissions/uses-permissions-sdk-m: android.permission.READ_CONTACTS in package: com.google.android.gm at: Binary XML file line #409
05-20 10:22:37.676   579   643 W PackageParsing: Ignoring duplicate uses-permissions/uses-permissions-sdk-m: com.google.android.hangouts.START_HANGOUT in package: com.google.android.gm at: Binary XML file line #410
05-20 10:22:37.678   579   643 W PackageParsing: No actions in intent-filter at /data/app/~~pv2tKq5_X__n2HrrphlwPw==/com.google.android.gm-xGGA9e9MZQ1VsVmjy8TWFw==/base.apk Binary XML file line #962
05-20 10:22:37.678   579   643 W PackageParsing: No actions in intent-filter at /data/app/~~pv2tKq5_X__n2HrrphlwPw==/com.google.android.gm-xGGA9e9MZQ1VsVmjy8TWFw==/base.apk Binary XML file line #1018
05-20 10:22:37.686   579   643 W PackageParsing: Unknown element under <manifest>: uses-sdk at /data/app/~~pv2tKq5_X__n2HrrphlwPw==/com.google.android.gm-xGGA9e9MZQ1VsVmjy8TWFw==/base.apk Binary XML file line #0
05-20 10:22:37.686   579   643 W PackageParsing: Unknown element under <manifest>: uses-sdk at /data/app/~~pv2tKq5_X__n2HrrphlwPw==/com.google.android.gm-xGGA9e9MZQ1VsVmjy8TWFw==/base.apk Binary XML file line #0
05-20 10:22:37.687   579   643 W PackageParsing: Unknown element under <manifest>: uses-sdk at /data/app/~~pv2tKq5_X__n2HrrphlwPw==/com.google.android.gm-xGGA9e9MZQ1VsVmjy8TWFw==/base.apk Binary XML file line #0
05-20 10:22:37.689   579   579 W PackageManager: Relax SCAN_REQUIRE_KNOWN requirement for package com.google.android.gm
05-20 10:22:37.691   579   641 W PackageParsing: Unknown element under <manifest>: uses-sdk at /data/app/~~_WjU3ZvHyh-AXH8E-GXk5Q==/com.google.android.inputmethod.latin-7if6xG-KSPljkhzGqf0MxA==/base.apk Binary XML file line #9
05-20 10:22:37.691   579   641 W PackageParsing: Unknown element under <manifest>: module at /data/app/~~_WjU3ZvHyh-AXH8E-GXk5Q==/com.google.android.inputmethod.latin-7if6xG-KSPljkhzGqf0MxA==/base.apk Binary XML file line #11
05-20 10:22:37.691   579   641 W PackageParsing: Unknown element under <manifest>: uses-sdk at /data/app/~~_WjU3ZvHyh-AXH8E-GXk5Q==/com.google.android.inputmethod.latin-7if6xG-KSPljkhzGqf0MxA==/base.apk Binary XML file line #0
05-20 10:22:37.691   579   641 W PackageParsing: Unknown element under <manifest>: uses-sdk at /data/app/~~_WjU3ZvHyh-AXH8E-GXk5Q==/com.google.android.inputmethod.latin-7if6xG-KSPljkhzGqf0MxA==/base.apk Binary XML file line #9
05-20 10:22:37.691   579   641 W PackageParsing: Unknown element under <manifest>: module at /data/app/~~_WjU3ZvHyh-AXH8E-GXk5Q==/com.google.android.inputmethod.latin-7if6xG-KSPljkhzGqf0MxA==/base.apk Binary XML file line #11
05-20 10:22:37.692   579   579 W PackageManager: Relax SCAN_REQUIRE_KNOWN requirement for package com.google.android.inputmethod.latin
05-20 10:22:37.698   579   579 W PackageManager: Relax SCAN_REQUIRE_KNOWN requirement for package com.google.android.as
05-20 10:22:37.700   579   579 I PackageManager: Finished scanning non-system apps. Time: 296 ms, packageCount: 29 , timePerPackage: 10 , cached: 3
05-20 10:22:37.703   579   579 E PackageManager: updateAllSharedLibrariesLPw failed: Package com.android.hotwordenrollment.okgoogle requires unavailable shared library com.android.hotwordenrollment.common.util; failing!
05-20 10:22:37.703   579   579 E PackageManager: updateAllSharedLibrariesLPw failed: Package com.android.hotwordenrollment.xgoogle requires unavailable shared library com.android.hotwordenrollment.common.util; failing!
05-20 10:22:37.706   579   579 I PackageManager: Time to scan packages: 0.52 seconds
05-20 10:22:37.723   579   579 W AppIdPermissionPolicy: Ignoring permission com.google.android.gtalkservice.permission.GTALK_SERVICE declared in system package com.google.android.gsf: already declared in another system package com.google.android.gms
05-20 10:22:37.723   579   579 W AppIdPermissionPolicy: Ignoring permission com.google.android.c2dm.permission.RECEIVE declared in system package com.google.android.gsf: already declared in another system package com.google.android.gms
05-20 10:22:37.723   579   579 W AppIdPermissionPolicy: Ignoring permission com.android.vending.INTENT_VENDING_ONLY declared in system package com.google.android.gsf: already declared in another system package com.google.android.gms
05-20 10:22:37.723   579   579 W AppIdPermissionPolicy: Ignoring permission com.google.android.providers.settings.permission.WRITE_GSETTINGS declared in system package com.google.android.gsf: already declared in another system package com.google.android.gms
05-20 10:22:37.723   579   579 W AppIdPermissionPolicy: Ignoring permission com.google.android.providers.gsf.permission.READ_GSERVICES declared in system package com.google.android.gsf: already declared in another system package com.google.android.gms
05-20 10:22:37.723   579   579 W AppIdPermissionPolicy: Ignoring permission com.google.android.providers.gsf.permission.WRITE_GSERVICES declared in system package com.google.android.gsf: already declared in another system package com.google.android.gms
05-20 10:22:37.723   579   579 W AppIdPermissionPolicy: Ignoring permission com.google.android.apps.wallpaper.DYNAMIC_RECEIVER_NOT_EXPORTED_PERMISSION declared in system package com.google.android.apps.wallpaper: already declared in another system package com.android.wallpaper
05-20 10:22:37.726   579   579 W AppIdPermissionPolicy: Ignoring permission com.google.android.c2dm.permission.SEND declared in system package com.google.android.gms: already declared in another system package com.google.android.gsf
05-20 10:22:37.734   579   579 V PackageManager: reconcileAppsData for null u0 0x1 migrateAppData=true
05-20 10:22:37.750   579   579 V PackageManager: reconcileAppsData finished 27 packages
05-20 10:22:37.750   579   579 D PackageManagerTiming: write settings
05-20 10:22:37.750   579   647 D SystemServerTimingAsync: InitThreadPoolExec:prepareAppData
05-20 10:22:37.786   579   579 I PackageManager: Fix for b/169414761 is applied
05-20 10:22:37.786   579   579 V UserSystemPackageInstaller: Checking that all system packages are whitelisted.
05-20 10:22:37.788   579   579 W UserSystemPackageInstaller: checkWhitelistedSystemPackages(mode=d) has 62 warnings:
05-20 10:22:37.788   579   579 W UserSystemPackageInstaller: com.android.theme.color.amethyst is allowlisted but not present.
05-20 10:22:37.788   579   579 W UserSystemPackageInstaller: com.android.theme.icon.pebble is allowlisted but not present.
05-20 10:22:37.788   579   579 W UserSystemPackageInstaller: com.android.internal.systemui.navbar.gestural_wide_back is allowlisted but not present.
05-20 10:22:37.788   579   579 W UserSystemPackageInstaller: com.android.theme.color.sand is allowlisted but not present.
05-20 10:22:37.788   579   579 W UserSystemPackageInstaller: com.android.theme.icon.vessel is allowlisted but not present.
05-20 10:22:37.788   579   579 W UserSystemPackageInstaller: com.android.theme.color.cinnamon is allowlisted but not present.
05-20 10:22:37.788   579   579 W UserSystemPackageInstaller: com.android.theme.icon_pack.victor.settings is allowlisted but not present.
05-20 10:22:37.788   579   579 W UserSystemPackageInstaller: com.android.theme.icon_pack.rounded.systemui is allowlisted but not present.
05-20 10:22:37.788   579   579 W UserSystemPackageInstaller: com.android.theme.icon.taperedrect is allowlisted but not present.
05-20 10:22:37.788   579   579 W UserSystemPackageInstaller: com.android.documentsui is allowlisted but not present.
05-20 10:22:37.788   579   579 W UserSystemPackageInstaller: com.android.quicksearchbox is allowlisted but not present.
05-20 10:22:37.788   579   579 W UserSystemPackageInstaller: com.android.theme.icon_pack.rounded.android is allowlisted but not present.
05-20 10:22:37.788   579   579 W UserSystemPackageInstaller: com.android.internal.systemui.onehanded.gestural is allowlisted but not present.
05-20 10:22:37.788   579   579 W UserSystemPackageInstaller: com.android.theme.icon_pack.victor.systemui is allowlisted but not present.
05-20 10:22:37.788   579   579 W UserSystemPackageInstaller: com.android.theme.icon_pack.circular.themepicker is allowlisted but not present.
05-20 10:22:37.788   579   579 W UserSystemPackageInstaller: com.android.avatarpicker is allowlisted but not present.
05-20 10:22:37.788   579   579 W UserSystemPackageInstaller: com.android.theme.color.tangerine is allowlisted but not present.
05-20 10:22:37.788   579   579 W UserSystemPackageInstaller: com.android.theme.color.aquamarine is allowlisted but not present.
05-20 10:22:37.788   579   579 W UserSystemPackageInstaller: com.android.theme.color.black is allowlisted but not present.
05-20 10:22:37.788   579   579 W UserSystemPackageInstaller: com.android.theme.color.green is allowlisted but not present.
05-20 10:22:37.788   579   579 W UserSystemPackageInstaller: com.android.theme.color.ocean is allowlisted but not present.
05-20 10:22:37.788   579   579 W UserSystemPackageInstaller: com.android.theme.color.space is allowlisted but not present.
05-20 10:22:37.788   579   579 W UserSystemPackageInstaller: com.android.contacts is allowlisted but not present.
05-20 10:22:37.788   579   579 W UserSystemPackageInstaller: com.android.theme.icon_pack.rounded.launcher is allowlisted but not present.
05-20 10:22:37.788   579   579 W UserSystemPackageInstaller: com.android.theme.icon_pack.kai.settings is allowlisted but not present.
05-20 10:22:37.788   579   579 W UserSystemPackageInstaller: com.android.theme.icon_pack.sam.settings is allowlisted but not present.
05-20 10:22:37.788   579   579 W UserSystemPackageInstaller: com.android.calendar is allowlisted but not present.
05-20 10:22:37.788   579   579 W UserSystemPackageInstaller: com.android.internal.systemui.navbar.gestural_extra_wide_back is allowlisted but not present.
05-20 10:22:37.788   579   579 W UserSystemPackageInstaller: com.android.theme.icon_pack.kai.themepicker is allowlisted but not present.
05-20 10:22:37.788   579   579 W UserSystemPackageInstaller: com.android.theme.icon_pack.victor.launcher is allowlisted but not present.
05-20 10:22:37.788   579   579 W UserSystemPackageInstaller: com.android.theme.icon_pack.filled.settings is allowlisted but not present.
05-20 10:22:37.788   579   579 W UserSystemPackageInstaller: com.android.theme.icon_pack.kai.systemui is allowlisted but not present.
05-20 10:22:37.788   579   579 W UserSystemPackageInstaller: com.android.theme.icon_pack.circular.settings is allowlisted but not present.
05-20 10:22:37.788   579   579 W UserSystemPackageInstaller: com.android.theme.icon_pack.sam.systemui is allowlisted but not present.
05-20 10:22:37.788   579   579 W UserSystemPackageInstaller: com.android.theme.icon.teardrop is allowlisted but not present.
05-20 10:22:37.788   579   579 W UserSystemPackageInstaller: com.android.theme.icon_pack.rounded.themepicker is allowlisted but not present.
05-20 10:22:37.788   579   579 W UserSystemPackageInstaller: com.android.gallery3d is allowlisted but not present.
