05-20 10:22:46.758   579  1751 D CompatChangeReporter: Compat change id reported: 296558535; UID 10129; state: ENABLED
05-20 10:22:46.758   579  1751 D CompatChangeReporter: Compat change id reported: 317799821; UID 10129; state: ENABLED
05-20 10:22:46.758   579  1751 D CompatChangeReporter: Compat change id reported: 313677553; UID 10129; state: ENABLED
05-20 10:22:46.759   579  1751 W ForegroundServiceTypeLoggerModule: Foreground service start for UID: 10129 does not have any types
05-20 10:22:46.791   579  1364 D BackupTransportManager: [UserID:0] Transport com.google.android.gms/.backup.component.D2dTransportService registered
05-20 10:22:46.791   579  1364 D BackupManagerService: [UserID:0] Transport com.google.android.gms/.backup.migrate.service.D2dTransport registered 4546ms after first request (delay = 3000ms)
05-20 10:22:46.805   579   613 I ActivityManager: Start proc 2278:com.android.traceur/u0a118 for broadcast {com.android.traceur/com.android.traceur.Receiver}
05-20 10:22:46.805   579  2078 D CompatChangeReporter: Compat change id reported: 229362273; UID 10143; state: ENABLED
05-20 10:22:46.833   579  2074 D CompatChangeReporter: Compat change id reported: 253665015; UID 10137; state: ENABLED
05-20 10:22:46.839   579  1727 W ForegroundServiceTypeLoggerModule: FGS stop call for: 10129 has no types!
05-20 10:22:46.856   579   781 D ShortcutService: Saving package item com.google.android.contacts to /data/system_ce/0/shortcut_service/packages/com.google.android.contacts.xml
05-20 10:22:46.877   579   953 D ShortcutService: Getting shortcuts for launcher= com.google.android.asuser=0 pkg=null
05-20 10:22:46.891   579   781 D ShortcutService: Saving package item com.android.chrome to /data/system_ce/0/shortcut_service/packages/com.android.chrome.xml
05-20 10:22:46.935   579   781 D ShortcutService: Saving package item com.google.android.gms to /data/system_ce/0/shortcut_service/packages/com.google.android.gms.xml
05-20 10:22:46.943  1546  1895 V ResourcesManager: The following library key has been added: ResourcesKey{ mHash=e0a19630 mResDir=null mSplitDirs=[] mOverlayDirs=[/product/overlay/NavigationBarModeGestural/NavigationBarModeGesturalOverlay.apk,/data/resource-cache/com.android.systemui-neutral-jVVD.frro,/data/resource-cache/com.android.systemui-accent-2Ik6.frro,/data/resource-cache/com.android.systemui-dynamic-m6fF.frro] mLibDirs=[/data/app/~~gf-6yMlvI22K0uMAaJlrJg==/com.google.android.webview-NGOG5Ta5iMXp-YmA156M4g==/base.apk,/system/framework/android.test.base.jar,/system_ext/framework/androidx.window.extensions.jar] mDisplayId=0 mOverrideConfig=v35 mCompatInfo={320dpi always-compat} mLoaders=[]}
05-20 10:22:47.004   579   652 D CompatChangeReporter: Compat change id reported: 151861875; UID 10193; state: ENABLED
05-20 10:22:47.032   579   579 I NotificationService: Cannot find enqueued record for key: 0|com.google.android.as|559|null|10129
05-20 10:22:47.044   579   781 D ShortcutService: Saving package item com.google.android.calendar to /data/system_ce/0/shortcut_service/packages/com.google.android.calendar.xml
05-20 10:22:47.071   579   613 W ActivityManager: Slow operation: 58ms so far, now at startProcess: done updating battery stats
05-20 10:22:47.072   579   613 W ActivityManager: Slow operation: 59ms so far, now at startProcess: building log message
05-20 10:22:47.072   579   613 I ActivityManager: Start proc 2324:com.google.android.adservices.api/u0a193 for service {com.google.android.adservices.api/com.android.adservices.measurement.MeasurementService}
05-20 10:22:47.072   579   613 W ActivityManager: Slow operation: 60ms so far, now at startProcess: starting to update pids map
05-20 10:22:47.078   579   613 W ActivityManager: Slow operation: 65ms so far, now at startProcess: done updating pids map
05-20 10:22:47.121   579  1751 W ActivityManager: Unable to start service Intent { cmp=com.google.android.grilservice/.GRilService } U=0: not found
05-20 10:22:47.122   579  1752 D OomAdjuster: Not killing cached processes
05-20 10:22:47.129   579  1751 W ActivityManager: Unbind failed: could not find connection for android.os.BinderProxy@5acc205
05-20 10:22:47.145   579   726 W ContextImpl: Calling a method in the system process without a qualified user: android.app.ContextImpl.sendStickyBroadcast:1655 com.android.server.wifi.ClientModeImpl.sendNetworkChangeBroadcast:3121 com.android.server.wifi.ClientModeImpl.lambda$sendNetworkChangeBroadcastWithCurrentState$14:3098 com.android.server.wifi.ClientModeImpl.$r8$lambda$mtuS9ulugUkTxNA_sDDnAioo66w:0 com.android.server.wifi.ClientModeImpl$$ExternalSyntheticLambda13.send:0 
05-20 10:22:47.217   579   781 D ShortcutService: Saving package item com.google.android.documentsui to /data/system_ce/0/shortcut_service/packages/com.google.android.documentsui.xml
05-20 10:22:47.235   579   781 D ShortcutService: Saving package item com.android.settings to /data/system_ce/0/shortcut_service/packages/com.android.settings.xml
05-20 10:22:47.239   579   781 D ShortcutService: Saving package item com.google.android.apps.books to /data/system_ce/0/shortcut_service/packages/com.google.android.apps.books.xml
05-20 10:22:47.260   579  1741 D CompatChangeReporter: Compat change id reported: 311402873; UID 10129; state: ENABLED
05-20 10:22:47.260   579  1741 D CompatChangeReporter: Compat change id reported: 323349338; UID 10129; state: ENABLED
05-20 10:22:47.264   579   781 D ShortcutService: Saving package item com.google.android.keep to /data/system_ce/0/shortcut_service/packages/com.google.android.keep.xml
05-20 10:22:47.265   579   649 W ActivityManager: Slow operation: 100ms so far, now at finishAttachApplicationInner: after mServices.attachApplicationLocked
05-20 10:22:47.268   579   649 W ActivityManager: Slow operation: 102ms so far, now at finishAttachApplicationInner: after dispatching broadcasts
05-20 10:22:47.268   579   612 D CompatChangeReporter: Compat change id reported: 151861875; UID 10089; state: ENABLED
05-20 10:22:47.275   579   579 I TransportConnection: BackupTransportService#2: Notifying [TransportManager.registerTransport()] transport = BackupTransportClient
05-20 10:22:47.290   579  1070 D CompatChangeReporter: Compat change id reported: 261072174; UID 10143; state: ENABLED
05-20 10:22:47.312   579   613 I ActivityManager: Start proc 2356:com.android.externalstorage/u0a89 for broadcast {com.android.externalstorage/com.android.externalstorage.MountReceiver}
05-20 10:22:47.366   579   652 W ActivityManager: Unable to start service Intent { cmp=com.google.android.grilservice/.GRilService } U=0: not found
05-20 10:22:47.367   579  2080 W ActivityManager: Unbind failed: could not find connection for android.os.BinderProxy@86b6ae8
05-20 10:22:47.403   579   613 I ActivityManager: Start proc 2375:com.google.android.googlequicksearchbox:train/u0a143 for service {com.google.android.googlequicksearchbox/com.google.frameworks.client.data.android.server.tiktok.TrainProcessEndpointService}
05-20 10:22:47.407   579   733 W BroadcastLoopers: Found previously unknown looper Thread[ConnectivityServiceThread,5,main]
05-20 10:22:47.430   579  1741 I BroadcastQueue: BOOT_COMPLETED_BROADCAST_COMPLETION_LATENCY_REPORTED action:android.intent.action.LOCKED_BOOT_COMPLETED dispatchLatency:14 completeLatency:5610 dispatchRealLatency:14 completeRealLatency:5610 receiversSize:17 userId:0 userType:android.os.usertype.full.SYSTEM
05-20 10:22:47.439   579   579 I DevicePolicyManager: Finished calculating hasIncompatibleAccountsTask
05-20 10:22:47.463   579  2080 D CompatChangeReporter: Compat change id reported: 311208629; UID 10116; state: ENABLED
05-20 10:22:47.467   579   726 W ContextImpl: Calling a method in the system process without a qualified user: android.app.ContextImpl.sendStickyBroadcast:1655 com.android.server.wifi.ClientModeImpl.sendNetworkChangeBroadcast:3121 com.android.server.wifi.ClientModeImpl.lambda$sendNetworkChangeBroadcastWithCurrentState$14:3098 com.android.server.wifi.ClientModeImpl.$r8$lambda$mtuS9ulugUkTxNA_sDDnAioo66w:0 com.android.server.wifi.ClientModeImpl$$ExternalSyntheticLambda13.send:0 
05-20 10:22:47.486   579   579 I Telecom : MissedCallNotifierImpl: reloadAfterBootComplete: user=0: TSBCR.oR@AA8
05-20 10:22:47.496   579  1364 D BackupTransportManager: [UserID:0] Transport com.google.android.gms/.backup.BackupTransportService registered
05-20 10:22:47.496   579  1364 D BackupManagerService: [UserID:0] Transport com.google.android.gms/.backup.BackupTransportService registered 5251ms after first request (delay = 3000ms)
05-20 10:22:47.500   579  1364 I BackupManagerService: [UserID:0] Found 2 stale backup journal(s), scheduling.
05-20 10:22:47.508   579  1070 D CompatChangeReporter: Compat change id reported: 311208629; UID 10208; state: ENABLED
05-20 10:22:47.529   579   596 D CompatChangeReporter: Compat change id reported: 161145287; UID 10143; state: ENABLED
05-20 10:22:47.561   579   612 I ActivityManager: reportOnUserCompletedEvent(0): stored=10, eligible=111
05-20 10:22:47.561   579   612 D SystemServerTimingAsync: ssm.CompletedEventUser-0
05-20 10:22:47.561   579   612 I SystemServiceManager: Calling onCompletedEventUser 0
05-20 10:22:47.562   579  2416 D SystemServerTimingAsync: ssm.onCompletedEventUser-0_{|Unlocked|}_com.android.server.os.DeviceIdentifiersPolicyService
05-20 10:22:47.562   579  2416 D SystemServerTimingAsync: ssm.onCompletedEventUser-0_{|Unlocked|}_com.android.server.flags.FeatureFlagsService
05-20 10:22:47.562   579  2416 D SystemServerTimingAsync: ssm.onCompletedEventUser-0_{|Unlocked|}_com.android.server.uri.UriGrantsManagerService$Lifecycle
05-20 10:22:47.562   579  2416 D SystemServerTimingAsync: ssm.onCompletedEventUser-0_{|Unlocked|}_com.android.server.powerstats.PowerStatsService
05-20 10:22:47.562   579  2416 D SystemServerTimingAsync: ssm.onCompletedEventUser-0_{|Unlocked|}_com.android.server.permission.access.AccessCheckingService
05-20 10:22:47.562   579  2416 D SystemServerTimingAsync: ssm.onCompletedEventUser-0_{|Unlocked|}_com.android.server.wm.ActivityTaskManagerService$Lifecycle
05-20 10:22:47.562   579  2416 D SystemServerTimingAsync: ssm.onCompletedEventUser-0_{|Unlocked|}_com.android.server.am.ActivityManagerService$Lifecycle
05-20 10:22:47.562   579  1364 I BackupManagerService: [UserID:0] Stale backup journals: Scheduled 32 package(s) total
05-20 10:22:47.562   579  2414 D SystemServerTimingAsync: ssm.onCompletedEventUser-0_{|Unlocked|}_com.android.server.security.FileIntegrityService
05-20 10:22:47.562   579  2414 D SystemServerTimingAsync: ssm.onCompletedEventUser-0_{|Unlocked|}_com.android.server.power.PowerManagerService
05-20 10:22:47.562   579  2414 D SystemServerTimingAsync: ssm.onCompletedEventUser-0_{|Unlocked|}_com.android.server.power.ThermalManagerService
05-20 10:22:47.562   579  2414 D SystemServerTimingAsync: ssm.onCompletedEventUser-0_{|Unlocked|}_com.android.server.recoverysystem.RecoverySystemService$Lifecycle
05-20 10:22:47.562   579  2414 D SystemServerTimingAsync: ssm.onCompletedEventUser-0_{|Unlocked|}_com.android.server.lights.LightsService
05-20 10:22:47.562   579  2414 D SystemServerTimingAsync: ssm.onCompletedEventUser-0_{|Unlocked|}_com.android.server.display.DisplayManagerService
05-20 10:22:47.562   579  2414 D SystemServerTimingAsync: ssm.onCompletedEventUser-0_{|Unlocked|}_com.android.server.pm.verify.domain.DomainVerificationService
05-20 10:22:47.562   579  2414 D SystemServerTimingAsync: ssm.onCompletedEventUser-0_{|Unlocked|}_com.android.server.pm.PackageInstallerService$Lifecycle
05-20 10:22:47.562   579  2414 D SystemServerTimingAsync: ssm.onCompletedEventUser-0_{|Unlocked|}_com.android.server.pm.UserManagerService$LifeCycle
05-20 10:22:47.562   579  2414 D SystemServerTimingAsync: ssm.onCompletedEventUser-0_{|Unlocked|}_com.android.server.om.OverlayManagerService
05-20 10:22:47.562   579  2414 D SystemServerTimingAsync: ssm.onCompletedEventUser-0_{|Unlocked|}_com.android.server.resources.ResourcesManagerService
05-20 10:22:47.562   579  2414 D SystemServerTimingAsync: ssm.onCompletedEventUser-0_{|Unlocked|}_com.android.server.sensorprivacy.SensorPrivacyService
05-20 10:22:47.562   579  2414 D SystemServerTimingAsync: ssm.onCompletedEventUser-0_{|Unlocked|}_com.android.server.sensors.SensorService
05-20 10:22:47.562   579  2414 D SystemServerTimingAsync: ssm.onCompletedEventUser-0_{|Unlocked|}_com.android.server.SystemConfigService
05-20 10:22:47.562   579  2414 D SystemServerTimingAsync: ssm.onCompletedEventUser-0_{|Unlocked|}_com.android.server.BatteryService
05-20 10:22:47.562   579  2414 D SystemServerTimingAsync: ssm.onCompletedEventUser-0_{|Unlocked|}_com.android.server.usage.UsageStatsService
05-20 10:22:47.562   579  2414 D SystemServerTimingAsync: ssm.onCompletedEventUser-0_{|Unlocked|}_com.android.server.webkit.WebViewUpdateService
05-20 10:22:47.562   579  2414 D SystemServerTimingAsync: ssm.onCompletedEventUser-0_{|Unlocked|}_com.android.server.CachedDeviceStateService
05-20 10:22:47.562   579  2414 D SystemServerTimingAsync: ssm.onCompletedEventUser-0_{|Unlocked|}_com.android.server.BinderCallsStatsService$LifeCycle
05-20 10:22:47.562   579  2414 D SystemServerTimingAsync: ssm.onCompletedEventUser-0_{|Unlocked|}_com.android.server.LooperStatsService$Lifecycle
05-20 10:22:47.562   579  2414 D SystemServerTimingAsync: ssm.onCompletedEventUser-0_{|Unlocked|}_com.android.server.rollback.RollbackManagerService
05-20 10:22:47.562   579  2414 D SystemServerTimingAsync: ssm.onCompletedEventUser-0_{|Unlocked|}_com.android.server.os.NativeTombstoneManagerService
05-20 10:22:47.562   579  2414 D SystemServerTimingAsync: ssm.onCompletedEventUser-0_{|Unlocked|}_com.android.server.os.BugreportManagerService
05-20 10:22:47.562   579  2414 D SystemServerTimingAsync: ssm.onCompletedEventUser-0_{|Unlocked|}_com.android.server.gpu.GpuService
05-20 10:22:47.562   579  2414 D SystemServerTimingAsync: ssm.onCompletedEventUser-0_{|Unlocked|}_com.android.server.security.rkp.RemoteProvisioningService
05-20 10:22:47.562   579  2414 D SystemServerTimingAsync: ssm.onCompletedEventUser-0_{|Unlocked|}_com.android.server.security.KeyChainSystemService
05-20 10:22:47.562   579  2414 D SystemServerTimingAsync: ssm.onCompletedEventUser-0_{|Unlocked|}_com.android.server.BinaryTransparencyService
05-20 10:22:47.562   579  2414 D SystemServerTimingAsync: ssm.onCompletedEventUser-0_{|Unlocked|}_com.android.server.telecom.TelecomLoaderService
05-20 10:22:47.562   579  2414 D SystemServerTimingAsync: ssm.onCompletedEventUser-0_{|Unlocked|}_com.android.server.accounts.AccountManagerService$Lifecycle
05-20 10:22:47.562   579  2414 D SystemServerTimingAsync: ssm.onCompletedEventUser-0_{|Unlocked|}_com.android.server.content.ContentService$Lifecycle
05-20 10:22:47.562   579  2414 D SystemServerTimingAsync: ssm.onCompletedEventUser-0_{|Unlocked|}_com.android.server.deviceconfig.DeviceConfigInit$Lifecycle
05-20 10:22:47.562   579  2414 D SystemServerTimingAsync: ssm.onCompletedEventUser-0_{|Unlocked|}_com.android.server.DropBoxManagerService
05-20 10:22:47.562   579  2414 D SystemServerTimingAsync: ssm.onCompletedEventUser-0_{|Unlocked|}_com.android.ecm.EnhancedConfirmationService
05-20 10:22:47.562   579  2414 D SystemServerTimingAsync: ssm.onCompletedEventUser-0_{|Unlocked|}_com.android.server.power.hint.HintManagerService
05-20 10:22:47.562   579  2414 D SystemServerTimingAsync: ssm.onCompletedEventUser-0_{|Unlocked|}_com.android.role.RoleService
05-20 10:22:47.562   579  2414 D SystemServerTimingAsync: ssm.onCompletedEventUser-0_{|Unlocked|}_com.android.server.vibrator.VibratorManagerService$Lifecycle
05-20 10:22:47.562   579  2414 D SystemServerTimingAsync: ssm.onCompletedEventUser-0_{|Unlocked|}_com.android.server.alarm.AlarmManagerService
05-20 10:22:47.562   579  2414 D SystemServerTimingAsync: ssm.onCompletedEventUser-0_{|Unlocked|}_com.android.server.devicestate.DeviceStateManagerService
05-20 10:22:47.562   579  2414 D SystemServerTimingAsync: ssm.onCompletedEventUser-0_{|Unlocked|}_com.android.server.camera.CameraServiceProxy
05-20 10:22:47.562   579  2414 D SystemServerTimingAsync: ssm.onCompletedEventUser-0_{|Unlocked|}_com.android.server.bluetooth.BluetoothService
05-20 10:22:47.562   579  2414 D SystemServerTimingAsync: ssm.onCompletedEventUser-0_{|Unlocked|}_com.android.server.connectivity.IpConnectivityMetrics
05-20 10:22:47.562   579  2414 D SystemServerTimingAsync: ssm.onCompletedEventUser-0_{|Unlocked|}_com.android.server.net.watchlist.NetworkWatchlistService$Lifecycle
05-20 10:22:47.562   579  2414 D SystemServerTimingAsync: ssm.onCompletedEventUser-0_{|Unlocked|}_com.android.server.PinnerService
05-20 10:22:47.562   579  2414 D SystemServerTimingAsync: ssm.onCompletedEventUser-0_{|Unlocked|}_com.android.server.integrity.AppIntegrityManagerService
05-20 10:22:47.562   579  2414 D SystemServerTimingAsync: ssm.onCompletedEventUser-0_{|Unlocked|}_com.android.server.logcat.LogcatManagerService
05-20 10:22:47.562   579  2414 D SystemServerTimingAsync: ssm.onCompletedEventUser-0_{|Unlocked|}_com.android.server.inputmethod.InputMethodManagerService$Lifecycle
05-20 10:22:47.562   579  2414 D SystemServerTimingAsync: ssm.onCompletedEventUser-0_{|Unlocked|}_com.android.server.accessibility.AccessibilityManagerService$Lifecycle
05-20 10:22:47.562   579  2414 D SystemServerTimingAsync: ssm.onCompletedEventUser-0_{|Unlocked|}_com.android.server.StorageManagerService$Lifecycle
05-20 10:22:47.562   579  2414 D SystemServerTimingAsync: ssm.onCompletedEventUser-0_{|Unlocked|}_com.android.server.usage.StorageStatsService$Lifecycle
05-20 10:22:47.562   579  2414 D SystemServerTimingAsync: ssm.onCompletedEventUser-0_{|Unlocked|}_com.android.server.UiModeManagerService
05-20 10:22:47.562   579  2414 D SystemServerTimingAsync: ssm.onCompletedEventUser-0_{|Unlocked|}_com.android.server.locales.LocaleManagerService
05-20 10:22:47.562   579  2414 D SystemServerTimingAsync: ssm.onCompletedEventUser-0_{|Unlocked|}_com.android.server.grammaticalinflection.GrammaticalInflectionService
05-20 10:22:47.562   579  2414 D SystemServerTimingAsync: ssm.onCompletedEventUser-0_{|Unlocked|}_com.android.server.apphibernation.AppHibernationService
05-20 10:22:47.562   579  2414 D SystemServerTimingAsync: ssm.onCompletedEventUser-0_{|Unlocked|}_com.android.server.locksettings.LockSettingsService$Lifecycle
05-20 10:22:47.562   579  2414 D SystemServerTimingAsync: ssm.onCompletedEventUser-0_{|Unlocked|}_com.android.server.testharness.TestHarnessModeService
05-20 10:22:47.562   579  2414 D SystemServerTimingAsync: ssm.onCompletedEventUser-0_{|Unlocked|}_com.android.server.DeviceIdleController
05-20 10:22:47.562   579  2414 D SystemServerTimingAsync: ssm.onCompletedEventUser-0_{|Unlocked|}_com.android.server.devicepolicy.DevicePolicyManagerService$Lifecycle
05-20 10:22:47.562   579  2414 D SystemServerTimingAsync: ssm.onCompletedEventUser-0_{|Unlocked|}_com.android.server.musicrecognition.MusicRecognitionManagerService
05-20 10:22:47.562   579  2414 D SystemServerTimingAsync: ssm.onCompletedEventUser-0_{|Unlocked|}_com.android.server.contentcapture.ContentCaptureManagerService
05-20 10:22:47.562   579  2414 D SystemServerTimingAsync: ssm.onCompletedEventUser-0_{|Unlocked|}_com.android.server.systemcaptions.SystemCaptionsManagerService
05-20 10:22:47.562   579  2414 D SystemServerTimingAsync: ssm.onCompletedEventUser-0_{|Unlocked|}_com.android.server.texttospeech.TextToSpeechManagerService
05-20 10:22:47.562   579  2414 D SystemServerTimingAsync: ssm.onCompletedEventUser-0_{|Unlocked|}_com.android.server.wearable.WearableSensingManagerService
05-20 10:22:47.562   579  2414 D SystemServerTimingAsync: ssm.onCompletedEventUser-0_{|Unlocked|}_com.android.server.ondeviceintelligence.OnDeviceIntelligenceManagerService
05-20 10:22:47.562   579  2414 D SystemServerTimingAsync: ssm.onCompletedEventUser-0_{|Unlocked|}_com.android.server.ambientcontext.AmbientContextManagerService
05-20 10:22:47.562   579  2414 D SystemServerTimingAsync: ssm.onCompletedEventUser-0_{|Unlocked|}_com.android.server.speech.SpeechRecognitionManagerService
05-20 10:22:47.562   579  2414 D SystemServerTimingAsync: ssm.onCompletedEventUser-0_{|Unlocked|}_com.android.server.appprediction.AppPredictionManagerService
05-20 10:22:47.562   579  2414 D SystemServerTimingAsync: ssm.onCompletedEventUser-0_{|Unlocked|}_com.android.server.contentsuggestions.ContentSuggestionsManagerService
05-20 10:22:47.562   579  2414 D SystemServerTimingAsync: ssm.onCompletedEventUser-0_{|Unlocked|}_com.android.server.searchui.SearchUiManagerService
05-20 10:22:47.562   579  2414 D SystemServerTimingAsync: ssm.onCompletedEventUser-0_{|Unlocked|}_com.android.server.smartspace.SmartspaceManagerService
05-20 10:22:47.562   579  2414 D SystemServerTimingAsync: ssm.onCompletedEventUser-0_{|Unlocked|}_com.android.server.contextualsearch.ContextualSearchManagerService
05-20 10:22:47.562   579  2414 D SystemServerTimingAsync: ssm.onCompletedEventUser-0_{|Unlocked|}_com.android.server.graphics.fonts.FontManagerService$Lifecycle
05-20 10:22:47.562   579  2414 D SystemServerTimingAsync: ssm.onCompletedEventUser-0_{|Unlocked|}_com.android.server.textservices.TextServicesManagerService$Lifecycle
05-20 10:22:47.562   579  2414 D SystemServerTimingAsync: ssm.onCompletedEventUser-0_{|Unlocked|}_com.android.server.textclassifier.TextClassificationManagerService$Lifecycle
05-20 10:22:47.562   579  2414 D SystemServerTimingAsync: ssm.onCompletedEventUser-0_{|Unlocked|}_com.android.server.NetworkScoreService$Lifecycle
05-20 10:22:47.562   579  2414 D SystemServerTimingAsync: ssm.onCompletedEventUser-0_{|Unlocked|}_com.android.server.NetworkStatsServiceInitializer
05-20 10:22:47.562   579  2414 D SystemServerTimingAsync: ssm.onCompletedEventUser-0_{|Unlocked|}_com.android.server.wifi.WifiService
05-20 10:22:47.562   579  2414 D SystemServerTimingAsync: ssm.onCompletedEventUser-0_{|Unlocked|}_com.android.server.wifi.scanner.WifiScanningService
05-20 10:22:47.562   579  2414 D SystemServerTimingAsync: ssm.onCompletedEventUser-0_{|Unlocked|}_com.android.server.wifi.p2p.WifiP2pService
05-20 10:22:47.562   579  2414 D SystemServerTimingAsync: ssm.onCompletedEventUser-0_{|Unlocked|}_com.android.server.ConnectivityServiceInitializer
05-20 10:22:47.562   579  2414 D SystemServerTimingAsync: ssm.onCompletedEventUser-0_{|Unlocked|}_com.android.server.notification.NotificationManagerService
05-20 10:22:47.562   579  2414 D SystemServerTimingAsync: ssm.onCompletedEventUser-0_{|Unlocked|}_com.android.server.storage.DeviceStorageMonitorService
05-20 10:22:47.562   579  2414 D SystemServerTimingAsync: ssm.onCompletedEventUser-0_{|Unlocked|}_com.android.server.timedetector.TimeDetectorService$Lifecycle
05-20 10:22:47.562   579  2414 D SystemServerTimingAsync: ssm.onCompletedEventUser-0_{|Unlocked|}_com.android.server.location.LocationManagerService$Lifecycle
05-20 10:22:47.563   579  2414 D SystemServerTimingAsync: ssm.onCompletedEventUser-0_{|Unlocked|}_com.android.server.timezonedetector.TimeZoneDetectorService$Lifecycle
05-20 10:22:47.563   579  2414 D SystemServerTimingAsync: ssm.onCompletedEventUser-0_{|Unlocked|}_com.android.server.location.altitude.AltitudeService$Lifecycle
05-20 10:22:47.563   579  2414 D SystemServerTimingAsync: ssm.onCompletedEventUser-0_{|Unlocked|}_com.android.server.timezonedetector.location.LocationTimeZoneManagerService$Lifecycle
05-20 10:22:47.563   579  2414 D SystemServerTimingAsync: ssm.onCompletedEventUser-0_{|Unlocked|}_com.android.server.search.SearchManagerService$Lifecycle
05-20 10:22:47.563   579  2414 D SystemServerTimingAsync: ssm.onCompletedEventUser-0_{|Unlocked|}_com.android.server.wallpaper.WallpaperManagerService$Lifecycle
05-20 10:22:47.563   579  2414 D SystemServerTimingAsync: ssm.onCompletedEventUser-0_{|Unlocked|}_com.android.server.wallpapereffectsgeneration.WallpaperEffectsGenerationManagerService
05-20 10:22:47.563   579  2414 D SystemServerTimingAsync: ssm.onCompletedEventUser-0_{|Unlocked|}_com.android.server.audio.AudioService$Lifecycle
05-20 10:22:47.563   579  2414 D SystemServerTimingAsync: ssm.onCompletedEventUser-0_{|Unlocked|}_com.android.server.soundtrigger_middleware.SoundTriggerMiddlewareService$Lifecycle
05-20 10:22:47.563   579  2414 D SystemServerTimingAsync: ssm.onCompletedEventUser-0_{|Unlocked|}_com.android.server.DockObserver
05-20 10:22:47.563   579  2414 D SystemServerTimingAsync: ssm.onCompletedEventUser-0_{|Unlocked|}_com.android.server.midi.MidiService$Lifecycle
05-20 10:22:47.563   579  2414 D SystemServerTimingAsync: ssm.onCompletedEventUser-0_{|Unlocked|}_com.android.server.adb.AdbService$Lifecycle
05-20 10:22:47.563   579  2414 D SystemServerTimingAsync: ssm.onCompletedEventUser-0_{|Unlocked|}_com.android.server.usb.UsbService$Lifecycle
05-20 10:22:47.563   579  2414 D SystemServerTimingAsync: ssm.onCompletedEventUser-0_{|Unlocked|}_com.android.server.SerialService$Lifecycle
05-20 10:22:47.563   579  2414 D SystemServerTimingAsync: ssm.onCompletedEventUser-0_{|Unlocked|}_com.android.server.twilight.TwilightService
05-20 10:22:47.563   579  2414 D SystemServerTimingAsync: ssm.onCompletedEventUser-0_{|Unlocked|}_com.android.server.display.color.ColorDisplayService
05-20 10:22:47.563   579  2414 D SystemServerTimingAsync: ssm.onCompletedEventUser-0_{|Unlocked|}_com.android.server.job.JobSchedulerService
05-20 10:22:47.563   579  2414 D SystemServerTimingAsync: ssm.onCompletedEventUser-0_{|Unlocked|}_com.android.server.soundtrigger.SoundTriggerService
05-20 10:22:47.563   579  2414 D SystemServerTimingAsync: ssm.onCompletedEventUser-0_{|Unlocked|}_com.android.server.trust.TrustManagerService
05-20 10:22:47.563   579  2414 D SystemServerTimingAsync: ssm.onCompletedEventUser-0_{|Unlocked|}_com.android.server.backup.BackupManagerService$Lifecycle
05-20 10:22:47.563   579  2414 D SystemServerTimingAsync: ssm.onCompletedEventUser-0_{|Unlocked|}_com.android.server.appwidget.AppWidgetService
05-20 10:22:47.563   579  2414 D SystemServerTimingAsync: ssm.onCompletedEventUser-0_{|Unlocked|}_com.android.server.voiceinteraction.VoiceInteractionManagerService
05-20 10:22:47.563   579  2414 D SystemServerTimingAsync: ssm.onCompletedEventUser-0_{|Unlocked|}_com.android.server.GestureLauncherService
05-20 10:22:47.563   579  2414 D SystemServerTimingAsync: ssm.onCompletedEventUser-0_{|Unlocked|}_com.android.server.SensorNotificationService
05-20 10:22:47.563   579  2414 D SystemServerTimingAsync: ssm.onCompletedEventUser-0_{|Unlocked|}_com.android.server.emergency.EmergencyAffordanceService
05-20 10:22:47.563   579  2414 D SystemServerTimingAsync: ssm.onCompletedEventUser-0_{|Unlocked|}_com.android.server.blob.BlobStoreManagerService
05-20 10:22:47.563   579  2414 D SystemServerTimingAsync: ssm.onCompletedEventUser-0_{|Unlocked|}_com.android.server.dreams.DreamManagerService
05-20 10:22:47.563   579  2414 D SystemServerTimingAsync: ssm.onCompletedEventUser-0_{|Unlocked|}_com.android.server.print.PrintManagerService
05-20 10:22:47.563   579  2414 D SystemServerTimingAsync: ssm.onCompletedEventUser-0_{|Unlocked|}_com.android.server.security.AttestationVerificationManagerService
05-20 10:22:47.563   579  2414 D SystemServerTimingAsync: ssm.onCompletedEventUser-0_{|Unlocked|}_com.android.server.companion.CompanionDeviceManagerService
05-20 10:22:47.563   579  2414 D SystemServerTimingAsync: ssm.onCompletedEventUser-0_{|Unlocked|}_com.android.server.companion.virtual.VirtualDeviceManagerService
05-20 10:22:47.563   579  2414 D SystemServerTimingAsync: ssm.onCompletedEventUser-0_{|Unlocked|}_com.android.server.restrictions.RestrictionsManagerService
05-20 10:22:47.563   579  2414 D SystemServerTimingAsync: ssm.onCompletedEventUser-0_{|Unlocked|}_com.android.server.media.MediaSessionService
05-20 10:22:47.563   579  2414 D SystemServerTimingAsync: ssm.onCompletedEventUser-0_{|Unlocked|}_com.android.server.media.MediaResourceMonitorService
05-20 10:22:47.563   579  2414 D SystemServerTimingAsync: ssm.onCompletedEventUser-0_{|Unlocked|}_com.android.server.biometrics.sensors.face.FaceService
05-20 10:22:47.563   579  2414 D SystemServerTimingAsync: ssm.onCompletedEventUser-0_{|Unlocked|}_com.android.server.biometrics.sensors.fingerprint.FingerprintService
05-20 10:22:47.563   579  2414 D SystemServerTimingAsync: ssm.onCompletedEventUser-0_{|Unlocked|}_com.android.server.biometrics.BiometricService
05-20 10:22:47.563   579  2414 D SystemServerTimingAsync: ssm.onCompletedEventUser-0_{|Unlocked|}_com.android.server.biometrics.AuthService
05-20 10:22:47.563   579  2414 D SystemServerTimingAsync: ssm.onCompletedEventUser-0_{|Unlocked|}_com.android.server.adaptiveauth.AdaptiveAuthService
05-20 10:22:47.563   579  2414 D SystemServerTimingAsync: ssm.onCompletedEventUser-0_{|Unlocked|}_com.android.server.pm.ShortcutService$Lifecycle
05-20 10:22:47.563   579  2414 D SystemServerTimingAsync: ssm.onCompletedEventUser-0_{|Unlocked|}_com.android.server.pm.LauncherAppsService
05-20 10:22:47.563   579  2414 D SystemServerTimingAsync: ssm.onCompletedEventUser-0_{|Unlocked|}_com.android.server.pm.CrossProfileAppsService
05-20 10:22:47.563   579  2414 D SystemServerTimingAsync: ssm.onCompletedEventUser-0_{|Unlocked|}_com.android.server.people.PeopleService
05-20 10:22:47.563   579  2414 D SystemServerTimingAsync: ssm.onCompletedEventUser-0_{|Unlocked|}_com.android.server.media.metrics.MediaMetricsManagerService
05-20 10:22:47.563   579  2414 D SystemServerTimingAsync: ssm.onCompletedEventUser-0_{|Unlocked|}_com.android.server.pm.BackgroundInstallControlService
05-20 10:22:47.563   579  2414 D SystemServerTimingAsync: ssm.onCompletedEventUser-0_{|Unlocked|}_com.android.server.media.projection.MediaProjectionManagerService
05-20 10:22:47.563   579  2414 D SystemServerTimingAsync: ssm.onCompletedEventUser-0_{|Unlocked|}_com.android.server.slice.SliceManagerService$Lifecycle
05-20 10:22:47.563   579  2414 D SystemServerTimingAsync: ssm.onCompletedEventUser-0_{|Unlocked|}_com.android.server.stats.StatsCompanion$Lifecycle
05-20 10:22:47.563   579  2414 D SystemServerTimingAsync: ssm.onCompletedEventUser-0_{|Unlocked|}_com.android.server.scheduling.RebootReadinessManagerService$Lifecycle
05-20 10:22:47.563   579  2414 D SystemServerTimingAsync: ssm.onCompletedEventUser-0_{|Unlocked|}_com.android.server.stats.pull.StatsPullAtomService
05-20 10:22:47.563   579  2414 D SystemServerTimingAsync: ssm.onCompletedEventUser-0_{|Unlocked|}_com.android.server.stats.bootstrap.StatsBootstrapAtomService$Lifecycle
05-20 10:22:47.563   579  2414 D SystemServerTimingAsync: ssm.onCompletedEventUser-0_{|Unlocked|}_com.android.server.incident.IncidentCompanionService
05-20 10:22:47.563   579  2414 D SystemServerTimingAsync: ssm.onCompletedEventUser-0_{|Unlocked|}_com.android.server.sdksandbox.SdkSandboxManagerService$Lifecycle
05-20 10:22:47.563   579  2414 D SystemServerTimingAsync: ssm.onCompletedEventUser-0_{|Unlocked|}_com.android.server.adservices.AdServicesManagerService$Lifecycle
05-20 10:22:47.563   579  2414 D SystemServerTimingAsync: ssm.onCompletedEventUser-0_{|Unlocked|}_com.android.server.ondevicepersonalization.OnDevicePersonalizationSystemService$Lifecycle
05-20 10:22:47.563   579  2414 D SystemServerTimingAsync: ssm.onCompletedEventUser-0_{|Unlocked|}_android.os.profiling.ProfilingService$Lifecycle
05-20 10:22:47.563   579  2414 D SystemServerTimingAsync: ssm.onCompletedEventUser-0_{|Unlocked|}_com.android.server.autofill.AutofillManagerService
05-20 10:22:47.563   579  2414 D SystemServerTimingAsync: ssm.onCompletedEventUser-0_{|Unlocked|}_com.android.server.credentials.CredentialManagerService
05-20 10:22:47.563   579  2414 D SystemServerTimingAsync: ssm.onCompletedEventUser-0_{|Unlocked|}_com.android.server.translation.TranslationManagerService
05-20 10:22:47.563   579  2414 D SystemServerTimingAsync: ssm.onCompletedEventUser-0_{|Unlocked|}_com.android.server.clipboard.ClipboardService
05-20 10:22:47.563   579  2414 D SystemServerTimingAsync: ssm.onCompletedEventUser-0_{|Unlocked|}_com.android.server.appbinding.AppBindingService$Lifecycle
05-20 10:22:47.563   579  2414 D SystemServerTimingAsync: ssm.onCompletedEventUser-0_{|Unlocked|}_com.android.server.tracing.TracingServiceProxy
05-20 10:22:47.563   579  2414 D SystemServerTimingAsync: ssm.onCompletedEventUser-0_{|Unlocked|}_com.android.server.policy.PermissionPolicyService
05-20 10:22:47.563   579  2414 D SystemServerTimingAsync: ssm.onCompletedEventUser-0_{|Unlocked|}_com.android.server.pm.StagingManager$Lifecycle
05-20 10:22:47.563   579  2414 D SystemServerTimingAsync: ssm.onCompletedEventUser-0_{|Unlocked|}_com.android.server.app.GameManagerService$Lifecycle
05-20 10:22:47.563   579  2414 D SystemServerTimingAsync: ssm.onCompletedEventUser-0_{|Unlocked|}_com.android.safetycenter.SafetyCenterService
05-20 10:22:47.563   579  2414 D SystemServerTimingAsync: ssm.onCompletedEventUser-0_{|Unlocked|}_com.android.server.appsearch.AppSearchModule$Lifecycle
05-20 10:22:47.563   579  2414 D SystemServerTimingAsync: ssm.onCompletedEventUser-0_{|Unlocked|}_com.android.server.media.MediaCommunicationService
05-20 10:22:47.563   579  2414 D SystemServerTimingAsync: ssm.onCompletedEventUser-0_{|Unlocked|}_com.android.server.compat.overrides.AppCompatOverridesService$Lifecycle
05-20 10:22:47.566   579  2415 D SystemServerTimingAsync: ssm.onCompletedEventUser-0_{|Unlocked|}_com.android.server.pm.Installer
05-20 10:22:47.574   579  2418 I DropBoxManagerService: add tag=SYSTEM_BOOT isTagEnabled=true flags=0x2
05-20 10:22:47.576   579  2414 D SystemServerTimingAsync: ssm.onCompletedEventUser-0_{|Unlocked|}_com.android.server.healthconnect.HealthConnectManagerService
05-20 10:22:47.577   579  2414 D SystemServerTimingAsync: ssm.onCompletedEventUser-0_{|Unlocked|}_com.android.server.devicelock.DeviceLockService
05-20 10:22:47.577   579  2414 D SystemServerTimingAsync: ssm.onCompletedEventUser-0_{|Unlocked|}_com.android.server.SensitiveContentProtectionManagerService
05-20 10:22:47.585   579  2416 D SystemServerTimingAsync: ssm.onCompletedEventUser-0_{|Unlocked|}_com.android.server.pm.DataLoaderManagerService
05-20 10:22:47.614   579  2418 I BootReceiver: Copying audit failures to DropBox
05-20 10:22:47.620   579  2418 I BootReceiver: Checking for fsck errors
05-20 10:22:47.620   579  2418 I BootReceiver: fs_stat, partition:vdc found tree optimization:Inode 353060 extent tree (at level 1) could be shorter.  Optimize? yes
05-20 10:22:47.620   579  2418 I BootReceiver: fs_stat, partition:vdc found quota warning:[QUOTA WARNING] Usage inconsistent for ID 10141:actual (9588736, 428) != expected (9592832, 428)
05-20 10:22:47.620   579  2418 I BootReceiver: fs_stat, partition:vdc found quota warning:[QUOTA WARNING] Usage inconsistent for ID 10141:actual (8228864, 368) != expected (8232960, 368)
05-20 10:22:47.620   579  2418 I BootReceiver: fs_stat, partition:vdc found quota warning:[QUOTA WARNING] Usage inconsistent for ID 0:actual (4607909888, 9779) != expected (4607913984, 9779)
05-20 10:22:47.620   579  2418 I BootReceiver: fs_stat, partition:vdc fix ignored
05-20 10:22:47.620   579  2418 I BootReceiver: fs_stat, partition:vdc stat:0xb
05-20 10:22:47.620   579  2418 I BootReceiver: Copying /dev/fscklogs/log to DropBox (SYSTEM_FSCK)
05-20 10:22:47.620   579  2418 I DropBoxManagerService: add tag=SYSTEM_FSCK isTagEnabled=true flags=0x2
05-20 10:22:47.647   579   613 W ActivityManager: Slow operation: 54ms so far, now at startProcess: done updating battery stats
05-20 10:22:47.647   579   613 W ActivityManager: Slow operation: 54ms so far, now at startProcess: building log message
05-20 10:22:47.647   579   613 I ActivityManager: Start proc 2424:com.google.android.webview:sandboxed_process0:org.chromium.content.app.SandboxedProcessService0:0/u0ai9000 for  {com.google.android.googlequicksearchbox/org.chromium.content.app.SandboxedProcessService0:0}
05-20 10:22:47.647   579   613 W ActivityManager: Slow operation: 54ms so far, now at startProcess: starting to update pids map
05-20 10:22:47.647   579   613 W ActivityManager: Slow operation: 54ms so far, now at startProcess: done updating pids map
05-20 10:22:47.663   579  2418 D CompatChangeReporter: Compat change id reported: 151861875; UID 10088; state: ENABLED
05-20 10:22:47.667   579   612 D CompatChangeReporter: Compat change id reported: 151861875; UID 10126; state: ENABLED
05-20 10:22:47.675   579   613 I ActivityManager: Start proc 2436:android.process.media/u0a88 for content provider {com.android.providers.downloads/com.android.providers.downloads.DownloadProvider}
05-20 10:22:47.681   367   416 E NetlinkEvent: NetlinkEvent::FindParam(): Parameter 'INTERFACE' not found
05-20 10:22:47.681   367   416 E NetlinkEvent: NetlinkEvent::FindParam(): Parameter 'STATE' not found
05-20 10:22:47.681   367   416 E NetlinkEvent: NetlinkEvent::FindParam(): Parameter 'TIME_NS' not found
05-20 10:22:47.681   367   416 E NetlinkEvent: NetlinkEvent::FindParam(): Parameter 'UID' not found
05-20 10:22:47.693   579   613 I ActivityManager: Start proc 2441:com.google.android.onetimeinitializer/u0a126 for broadcast {com.google.android.onetimeinitializer/com.google.android.onetimeinitializer.OneTimeInitializerReceiver}
05-20 10:22:47.730   579   733 W ContextImpl: Calling a method in the system process without a qualified user: android.app.ContextImpl.sendStickyBroadcast:1655 android.net.connectivity.com.android.server.ConnectivityService.sendStickyBroadcast:3944 android.net.connectivity.com.android.server.ConnectivityService.sendGeneralBroadcast:3914 android.net.connectivity.com.android.server.ConnectivityService.sendConnectedBroadcast:3887 android.net.connectivity.com.android.server.ConnectivityService.sendLegacyNetworkBroadcast:11497 
05-20 10:22:47.916   579  2079 W OverlayManager: service 'idmap' died
05-20 10:22:47.974   579   652 W JobScheduler: Job didn't exist in JobStore: 9a8a5e8 {androidx.work.systemjobscheduler} #u0a143/660 @androidx.work.systemjobscheduler@com.google.android.googlequicksearchbox/androidx.work.impl.background.systemjob.SystemJobService
05-20 10:22:48.115   579   613 W ActivityManager: Slow operation: 80ms so far, now at startProcess: done updating battery stats
05-20 10:22:48.115   579   613 W ActivityManager: Slow operation: 80ms so far, now at startProcess: building log message
05-20 10:22:48.115   579   613 I ActivityManager: Start proc 2532:com.android.camera2/u0a146 for broadcast {com.android.camera2/com.android.camera.SetActivitiesCameraReceiver}
05-20 10:22:48.115   579   613 W ActivityManager: Slow operation: 80ms so far, now at startProcess: starting to update pids map
05-20 10:22:48.115   579   613 W ActivityManager: Slow operation: 80ms so far, now at startProcess: done updating pids map
05-20 10:22:48.121   579   908 D CompatChangeReporter: Compat change id reported: 311208629; UID 1001; state: ENABLED
05-20 10:22:48.177   579  2079 D CompatChangeReporter: Compat change id reported: 311208629; UID 10193; state: ENABLED
05-20 10:22:48.332   579   612 D CompatChangeReporter: Compat change id reported: 151861875; UID 1000; state: ENABLED
05-20 10:22:48.365   579   613 I ActivityManager: Start proc 2571:com.android.dynsystem/1000 for broadcast {com.android.dynsystem/com.android.dynsystem.BootCompletedReceiver}
05-20 10:22:48.382   579   596 W AppOpService: Ignored setUidMode call for runtime permission app op: uid = 10170, code = RECEIVE_WAP_PUSH, mode = allow, callingUid = 1000, oldMode = allow
05-20 10:22:48.383   579  2075 W AppOpService: Ignored setUidMode call for runtime permission app op: uid = 10170, code = READ_CELL_BROADCASTS, mode = allow, callingUid = 1000, oldMode = allow
05-20 10:22:48.395   579  2079 W AppOpService: Ignored setUidMode call for runtime permission app op: uid = 1001, code = READ_SMS, mode = allow, callingUid = 1000, oldMode = allow
05-20 10:22:48.395   579  2075 W AppOpService: Ignored setUidMode call for runtime permission app op: uid = 1001, code = RECEIVE_SMS, mode = allow, callingUid = 1000, oldMode = allow
05-20 10:22:48.396   579   596 W AppOpService: Ignored setUidMode call for runtime permission app op: uid = 1001, code = RECEIVE_WAP_PUSH, mode = allow, callingUid = 1000, oldMode = allow
05-20 10:22:48.398   579   895 W AppOpService: Ignored setUidMode call for runtime permission app op: uid = 1001, code = SEND_SMS, mode = allow, callingUid = 1000, oldMode = allow
05-20 10:22:48.400   579   908 W AppOpService: Ignored setUidMode call for runtime permission app op: uid = 1001, code = READ_CELL_BROADCASTS, mode = allow, callingUid = 1000, oldMode = allow
05-20 10:22:48.422   579  2080 W AppOpService: Ignored setUidMode call for runtime permission app op: uid = 10170, code = RECEIVE_WAP_PUSH, mode = allow, callingUid = 1000, oldMode = allow
05-20 10:22:48.423   579  1740 W AppOpService: Ignored setUidMode call for runtime permission app op: uid = 10170, code = READ_CELL_BROADCASTS, mode = allow, callingUid = 1000, oldMode = allow
05-20 10:22:48.425   579  1748 W AppOpService: Ignored setUidMode call for runtime permission app op: uid = 1001, code = READ_SMS, mode = allow, callingUid = 1000, oldMode = allow
05-20 10:22:48.425   579  1069 W AppOpService: Ignored setUidMode call for runtime permission app op: uid = 1001, code = RECEIVE_SMS, mode = allow, callingUid = 1000, oldMode = allow
05-20 10:22:48.425   579  1752 W AppOpService: Ignored setUidMode call for runtime permission app op: uid = 1001, code = RECEIVE_WAP_PUSH, mode = allow, callingUid = 1000, oldMode = allow
05-20 10:22:48.425   579  1752 W AppOpService: Ignored setUidMode call for runtime permission app op: uid = 1001, code = SEND_SMS, mode = allow, callingUid = 1000, oldMode = allow
05-20 10:22:48.433   579   603 D ColorDisplayService: GlobalSaturationTintController Animation cancelled: false to matrix: 
05-20 10:22:48.433   579   603 D ColorDisplayService:        1.000000 0.000000 0.000000 0.000000 0.000000 1.000000 0.000000 0.000000 0.000000 0.000000 1.000000 0.000000 0.000000 0.000000 0.000000 1.000000 min matrix coefficients: 
05-20 10:22:48.433   579   603 D ColorDisplayService:        1.000000 0.000000 0.000000 0.000000 0.000000 1.000000 0.000000 0.000000 0.000000 0.000000 1.000000 0.000000 0.000000 0.000000 0.000000 1.000000 max matrix coefficients: 
05-20 10:22:48.433   579   603 D ColorDisplayService:        1.000000 0.000000 0.000000 0.000000 0.000000 1.000000 0.000000 0.000000 0.000000 0.000000 1.000000 0.000000 0.000000 0.000000 0.000000 1.000000
05-20 10:22:48.438   579   596 D CompatChangeReporter: Compat change id reported: 253665015; UID 10143; state: ENABLED
05-20 10:22:48.445   579  1544 W AppOpService: Ignored setUidMode call for runtime permission app op: uid = 1001, code = READ_CELL_BROADCASTS, mode = allow, callingUid = 1000, oldMode = allow
05-20 10:22:48.462   579   596 D CompatChangeReporter: Compat change id reported: 311402873; UID 10088; state: ENABLED
05-20 10:22:48.462   579   596 D CompatChangeReporter: Compat change id reported: 323349338; UID 10088; state: ENABLED
05-20 10:22:48.531   579   652 D CompatChangeReporter: Compat change id reported: 271850009; UID 10143; state: ENABLED
05-20 10:22:48.555   579   613 I ActivityManager: Start proc 2599:com.android.dynsystem:dynsystem/1000 for service {com.android.dynsystem/com.android.dynsystem.DynamicSystemInstallationService}
05-20 10:22:48.572   579   613 I ActivityManager: Start proc 2609:com.android.hotwordenrollment.okgoogle/u0a128 for broadcast {com.android.hotwordenrollment.okgoogle/com.android.hotwordenrollment.okgoogle.StartupReceiver}
05-20 10:22:48.575   579   908 W JobScheduler: Job didn't exist in JobStore: 3856314 #u0a145/54 com.android.chrome/org.chromium.components.background_task_scheduler.internal.BackgroundTaskJobService
05-20 10:22:48.595   579   665 E JobScheduler.Quota: <0>com.google.android.apps.photos has 0 EJ quota without running anything
05-20 10:22:48.601   579   579 D TextToSpeechManagerPerUserService: Connected successfully to TTS engine: com.google.android.tts
05-20 10:22:48.611   579   596 I DynamicSystemService: isInstalled(): false
05-20 10:22:48.611   579   596 D CompatChangeReporter: Compat change id reported: 311208629; UID 1000; state: ENABLED
--------- beginning of crash
05-20 10:22:48.621  2609  2629 E AndroidRuntime: FATAL EXCEPTION: Thread-2
05-20 10:22:48.621  2609  2629 E AndroidRuntime: Process: com.android.hotwordenrollment.okgoogle, PID: 2609
05-20 10:22:48.621  2609  2629 E AndroidRuntime: java.lang.NoClassDefFoundError: Failed resolution of: Lcom/android/hotwordenrollment/common/EnrollmentUtil;
05-20 10:22:48.621  2609  2629 E AndroidRuntime: 	at com.android.hotwordenrollment.common.StartupReceiver.updateSoundModel(StartupReceiver.java:56)
05-20 10:22:48.621  2609  2629 E AndroidRuntime: 	at com.android.hotwordenrollment.common.StartupReceiver.-$$Nest$smupdateSoundModel(StartupReceiver.java:0)
05-20 10:22:48.621  2609  2629 E AndroidRuntime: 	at com.android.hotwordenrollment.common.StartupReceiver$1.run(StartupReceiver.java:48)
05-20 10:22:48.621  2609  2629 E AndroidRuntime: Caused by: java.lang.ClassNotFoundException: com.android.hotwordenrollment.common.EnrollmentUtil
05-20 10:22:48.621  2609  2629 E AndroidRuntime: 	... 3 more
05-20 10:22:48.623   579  2630 I DropBoxManagerService: add tag=system_app_crash isTagEnabled=true flags=0x2
05-20 10:22:48.644   579   613 I ActivityManager: Start proc 2638:com.android.hotwordenrollment.xgoogle/u0a130 for broadcast {com.android.hotwordenrollment.xgoogle/com.android.hotwordenrollment.xgoogle.StartupReceiver}
05-20 10:22:48.650   579   908 I ActivityManager: Process com.android.hotwordenrollment.okgoogle (pid 2609) has died: fg  RCVR
05-20 10:22:48.651   579   601 D DisplayManagerService: Drop pending events for gone uid 10128
05-20 10:22:48.697   579  2075 E JobScheduler.JobStatus: App com.google.android.apps.photos became active but still in NEVER bucket
05-20 10:22:48.703   579  2075 E JobScheduler.JobStatus: App com.google.android.apps.photos became active but still in NEVER bucket
05-20 10:22:48.706   579   895 E JobScheduler.JobStatus: App com.google.android.apps.photos became active but still in NEVER bucket
05-20 10:22:48.711   579  2080 W ActivityManager: Unable to start service Intent { cmp=com.google.android.grilservice/.GRilService } U=0: not found
05-20 10:22:48.711   579  2079 W ActivityManager: Unbind failed: could not find connection for android.os.BinderProxy@f54e6c
05-20 10:22:48.723  2638  2656 E AndroidRuntime: FATAL EXCEPTION: Thread-2
05-20 10:22:48.723  2638  2656 E AndroidRuntime: Process: com.android.hotwordenrollment.xgoogle, PID: 2638
05-20 10:22:48.723  2638  2656 E AndroidRuntime: java.lang.NoClassDefFoundError: Failed resolution of: Lcom/android/hotwordenrollment/common/EnrollmentUtil;
05-20 10:22:48.723  2638  2656 E AndroidRuntime: 	at com.android.hotwordenrollment.common.StartupReceiver.updateSoundModel(StartupReceiver.java:56)
05-20 10:22:48.723  2638  2656 E AndroidRuntime: 	at com.android.hotwordenrollment.common.StartupReceiver.-$$Nest$smupdateSoundModel(StartupReceiver.java:0)
05-20 10:22:48.723  2638  2656 E AndroidRuntime: 	at com.android.hotwordenrollment.common.StartupReceiver$1.run(StartupReceiver.java:48)
05-20 10:22:48.723  2638  2656 E AndroidRuntime: Caused by: java.lang.ClassNotFoundException: com.android.hotwordenrollment.common.EnrollmentUtil
05-20 10:22:48.723  2638  2656 E AndroidRuntime: 	... 3 more
05-20 10:22:48.730   579   596 E JobScheduler.JobStatus: App com.google.android.apps.photos became active but still in NEVER bucket
05-20 10:22:48.731   579   612 D CompatChangeReporter: Compat change id reported: 151861875; UID 10133; state: ENABLED
05-20 10:22:48.745   579   613 I ActivityManager: Start proc 2664:com.android.imsserviceentitlement/u0a133 for broadcast {com.android.imsserviceentitlement/com.android.imsserviceentitlement.fcm.FcmRegistrationReceiver}
05-20 10:22:48.759   579  1740 I ActivityManager: Process com.android.hotwordenrollment.xgoogle (pid 2638) has died: fg  RCVR
05-20 10:22:48.764   579  1544 E JobScheduler.JobStatus: App com.google.android.apps.photos became active but still in NEVER bucket
05-20 10:22:48.764   579   601 D DisplayManagerService: Drop pending events for gone uid 10130
05-20 10:22:48.768   579  2658 I DropBoxManagerService: add tag=system_app_crash isTagEnabled=true flags=0x2
05-20 10:22:48.847   579  1544 D CompatChangeReporter: Compat change id reported: 311402873; UID 10133; state: ENABLED
05-20 10:22:48.847   579  1544 D CompatChangeReporter: Compat change id reported: 323349338; UID 10133; state: ENABLED
05-20 10:22:48.850   579   612 D CompatChangeReporter: Compat change id reported: 151861875; UID 10095; state: ENABLED
05-20 10:22:48.860   579   613 I ActivityManager: Start proc 2679:com.android.managedprovisioning/u0a95 for broadcast {com.android.managedprovisioning/com.android.managedprovisioning.BootReminder}
05-20 10:22:48.904   579  1544 E JobScheduler.JobStatus: App com.google.android.apps.photos became active but still in NEVER bucket
05-20 10:22:48.941   579  2079 W UriGrantsManagerService: No permission grants found for com.google.android.apps.photos
05-20 10:22:48.941   579  2079 W UriGrantsManagerService: No permission grants found for com.google.android.apps.photos
05-20 10:22:48.954   579  1544 E JobScheduler.JobStatus: App com.google.android.apps.photos became active but still in NEVER bucket
05-20 10:22:48.964   579  2079 E JobScheduler.JobStatus: App com.google.android.apps.photos became active but still in NEVER bucket
05-20 10:22:48.966   579   895 E JobScheduler.JobStatus: App com.google.android.apps.photos became active but still in NEVER bucket
